000
CDUS44 KOUN 010636 RRA
CLISPS

CLIMATE REPORT
NATIONAL WEATHER SERVICE NORMAN OK
136 AM CDT SUN MAY 1 2016

...................................

...THE WICHITA FALLS CLIMATE SUMMARY FOR APRIL 30 2016...

CLIMATE NORMAL PERIOD 1981 TO 2010
CLIMATE RECORD PERIOD 1897 TO 2016


WEATHER ITEM   OBSERVED TIME   RECORD YEAR NORMAL DEPARTURE LAST
                VALUE   (LST)  VALUE       VALUE  FROM      YEAR
                                                  NORMAL
..................................................................
TEMPERATURE (F)
 YESTERDAY
  MAXIMUM         75    356 PM  98    1948  80     -5       78
  MINIMUM         48    623 AM  37    1984  54     -6       52
  AVERAGE         62                        67     -5       65

PRECIPITATION (IN)
  YESTERDAY        0.00          1.64 1951   0.12  -0.12     0.00
  MONTH TO DATE    7.31                      2.61   4.70     3.73
  SINCE JAN 1     10.36                      7.70   2.66     8.11

DEGREE DAYS
 HEATING
  YESTERDAY        3                         2      1        0
  MONTH TO DATE   81                       143    -62       94
  SINCE JUL 1   2271                      2945   -674     2876

 COOLING
  YESTERDAY        0                         4     -4        0
  MONTH TO DATE   47                        70    -23       63
  SINCE JAN 1     68                        92    -24       80
..................................................................


WIND (MPH)
  HIGHEST WIND SPEED    17   HIGHEST WIND DIRECTION     N (340)
  HIGHEST GUST SPEED    21   HIGHEST GUST DIRECTION     N (340)
  AVERAGE WIND SPEED     9.5


SKY COVER
  AVERAGE SKY COVER 0.3


WEATHER CONDITIONS
 THE FOLLOWING WEATHER WAS RECORDED YESTERDAY.
  NO SIGNIFICANT WEATHER WAS OBSERVED.


RELATIVE HUMIDITY (PERCENT)
 HIGHEST    93          1200 AM
 LOWEST     38           400 PM
 AVERAGE    66

..........................................................


THE WICHITA FALLS CLIMATE NORMALS FOR TODAY
                         NORMAL    RECORD    YEAR
 MAXIMUM TEMPERATURE (F)   80        99      1948
 MINIMUM TEMPERATURE (F)   55        35      2014


SUNRISE AND SUNSET
MAY  1 2016...........SUNRISE   644 AM CDT   SUNSET   818 PM CDT
MAY  2 2016...........SUNRISE   643 AM CDT   SUNSET   819 PM CDT


-  INDICATES NEGATIVE NUMBERS.
R  INDICATES RECORD WAS SET OR TIED.
MM INDICATES DATA IS MISSING.
T  INDICATES TRACE AMOUNT.

$$
