000
CDUS44 KOUN 300642
CLISPS

CLIMATE REPORT
NATIONAL WEATHER SERVICE NORMAN OK
142 AM CDT THU OCT 30 2014


...................................

...THE WICHITA FALLS CLIMATE SUMMARY FOR OCTOBER 29 2014...

CLIMATE NORMAL PERIOD 1981 TO 2010
CLIMATE RECORD PERIOD 1897 TO 2014


WEATHER ITEM   OBSERVED TIME   RECORD YEAR NORMAL DEPARTURE LAST
                VALUE   (LST)  VALUE       VALUE  FROM      YEAR
                                                  NORMAL
..................................................................
TEMPERATURE (F)
 YESTERDAY
  MAXIMUM         75    429 PM  92    1937  73      2       82
  MINIMUM         43    700 AM  30    1993  48     -5       68
  AVERAGE         59                        60     -1       75

PRECIPITATION (IN)
  YESTERDAY        0.00          1.89 1989   0.09  -0.09     0.00
  MONTH TO DATE    1.30                      2.94  -1.64     1.95
  SINCE JAN 1     18.58                     25.48  -6.90    19.40

SNOWFALL (IN)
  YESTERDAY        0.0                       0.0    0.0      0.0
  MONTH TO DATE    0.0                       0.0    0.0      0.0
  SINCE JUL 1      T                         0.0    0.0      0.0
  SNOW DEPTH       0

DEGREE DAYS
 HEATING
  YESTERDAY        6                         6      0        0
  MONTH TO DATE   25                        98    -73       97
  SINCE JUL 1     33                       111    -78       97

 COOLING
  YESTERDAY        0                         2     -2       10
  MONTH TO DATE  172                        97     75      107
  SINCE JAN 1   2558                      2376    182     2612
..................................................................


WIND (MPH)
  HIGHEST WIND SPEED    13   HIGHEST WIND DIRECTION     E (110)
  HIGHEST GUST SPEED    16   HIGHEST GUST DIRECTION     E (110)
  AVERAGE WIND SPEED     5.8


SKY COVER
  AVERAGE SKY COVER 0.0


WEATHER CONDITIONS
 THE FOLLOWING WEATHER WAS RECORDED YESTERDAY.
  NO SIGNIFICANT WEATHER WAS OBSERVED.


RELATIVE HUMIDITY (PERCENT)
 HIGHEST    76           500 AM
 LOWEST     23           200 PM
 AVERAGE    50

..........................................................


THE WICHITA FALLS CLIMATE NORMALS FOR TODAY
                         NORMAL    RECORD    YEAR
 MAXIMUM TEMPERATURE (F)   72        91      2003
                                             1968
 MINIMUM TEMPERATURE (F)   47        24      1993


SUNRISE AND SUNSET
OCTOBER 30 2014.......SUNRISE   752 AM CDT   SUNSET   643 PM CDT
OCTOBER 31 2014.......SUNRISE   753 AM CDT   SUNSET   642 PM CDT


-  INDICATES NEGATIVE NUMBERS.
R  INDICATES RECORD WAS SET OR TIED.
MM INDICATES DATA IS MISSING.
T  INDICATES TRACE AMOUNT.




$$
