000
CDUS44 KOUN 010628
CLISPS

CLIMATE REPORT
NATIONAL WEATHER SERVICE NORMAN OK
126 AM CDT MON SEP 1 2014


...................................

...THE WICHITA FALLS CLIMATE SUMMARY FOR AUGUST 31 2014...

CLIMATE NORMAL PERIOD 1981 TO 2010
CLIMATE RECORD PERIOD 1897 TO 2014


WEATHER ITEM   OBSERVED TIME   RECORD YEAR NORMAL DEPARTURE LAST
                VALUE   (LST)  VALUE       VALUE  FROM      YEAR
                                                  NORMAL
..................................................................
TEMPERATURE (F)
 YESTERDAY
  MAXIMUM         99    325 PM 108    1939  94      5      106
  MINIMUM         73    633 AM  57    1988  69      4       74
  AVERAGE         86                        81      5       90

PRECIPITATION (IN)
  YESTERDAY        0.00          1.45 1916   0.10  -0.10     0.00
  MONTH TO DATE    2.04                      2.50  -0.46     1.49
  SINCE JAN 1     15.81                     19.73  -3.92    15.48

DEGREE DAYS
 COOLING
  YESTERDAY       21                        16      5       25
  MONTH TO DATE  604                       589     15      613
  SINCE JAN 1   1994                      1945     49     2059
..................................................................


WIND (MPH)
  HIGHEST WIND SPEED    23   HIGHEST WIND DIRECTION     S (170)
  HIGHEST GUST SPEED    28   HIGHEST GUST DIRECTION     S (170)
  AVERAGE WIND SPEED    14.3


SKY COVER
  AVERAGE SKY COVER 0.0


WEATHER CONDITIONS
 THE FOLLOWING WEATHER WAS RECORDED YESTERDAY.
  NO SIGNIFICANT WEATHER WAS OBSERVED.


RELATIVE HUMIDITY (PERCENT)
 HIGHEST    87           300 AM
 LOWEST     33           500 PM
 AVERAGE    60

..........................................................


THE WICHITA FALLS CLIMATE NORMALS FOR TODAY
                         NORMAL    RECORD    YEAR
 MAXIMUM TEMPERATURE (F)   93       108      2000
                                             1939
 MINIMUM TEMPERATURE (F)   69        56      1967


SUNRISE AND SUNSET
SEPTEMBER  1 2014.....SUNRISE   708 AM CDT   SUNSET   800 PM CDT
SEPTEMBER  2 2014.....SUNRISE   708 AM CDT   SUNSET   758 PM CDT


-  INDICATES NEGATIVE NUMBERS.
R  INDICATES RECORD WAS SET OR TIED.
MM INDICATES DATA IS MISSING.
T  INDICATES TRACE AMOUNT.




$$
