000
CDUS44 KOUN 030643 RRA
CLISPS

CLIMATE REPORT
NATIONAL WEATHER SERVICE NORMAN OK
137 AM CDT THU SEP 3 2015


...................................

...THE WICHITA FALLS CLIMATE SUMMARY FOR SEPTEMBER 2 2015...

CLIMATE NORMAL PERIOD 1981 TO 2010
CLIMATE RECORD PERIOD 1897 TO 2015


WEATHER ITEM   OBSERVED TIME   RECORD YEAR NORMAL DEPARTURE LAST
                VALUE   (LST)  VALUE       VALUE  FROM      YEAR
                                                  NORMAL
..................................................................
TEMPERATURE (F)
 YESTERDAY
  MAXIMUM         97    221 PM 108    2000  93      4       99
                                      1939
  MINIMUM         70    619 AM  56    1974  68      2       78
                                      1952
  AVERAGE         84                        81      3       89

PRECIPITATION (IN)
  YESTERDAY        0.00          2.05 1918   0.10  -0.10     0.00
  MONTH TO DATE    0.00                      0.20  -0.20     0.00
  SINCE JAN 1     33.58                     19.93  13.65    15.81

DEGREE DAYS
 HEATING
  YESTERDAY        0                         0      0        0
  MONTH TO DATE    0                         0      0        0
  SINCE JUL 1      0                         0      0        0

 COOLING
  YESTERDAY       19                        16      3       24
  MONTH TO DATE   37                        32      5       49
  SINCE JAN 1   1922                      1977    -55     2043
..................................................................


WIND (MPH)
  HIGHEST WIND SPEED    17   HIGHEST WIND DIRECTION     S (160)
  HIGHEST GUST SPEED    22   HIGHEST GUST DIRECTION     S (160)
  AVERAGE WIND SPEED    11.2


SKY COVER
  AVERAGE SKY COVER 0.1


WEATHER CONDITIONS
 THE FOLLOWING WEATHER WAS RECORDED YESTERDAY.
  NO SIGNIFICANT WEATHER WAS OBSERVED.


RELATIVE HUMIDITY (PERCENT)
 HIGHEST    84           500 AM
 LOWEST     33           300 PM
 AVERAGE    59

..........................................................


THE WICHITA FALLS CLIMATE NORMALS FOR TODAY
                         NORMAL    RECORD    YEAR
 MAXIMUM TEMPERATURE (F)   93       108      2000
 MINIMUM TEMPERATURE (F)   68        52      1974


SUNRISE AND SUNSET
SEPTEMBER  3 2015.....SUNRISE   709 AM CDT   SUNSET   757 PM CDT
SEPTEMBER  4 2015.....SUNRISE   709 AM CDT   SUNSET   756 PM CDT


-  INDICATES NEGATIVE NUMBERS.
R  INDICATES RECORD WAS SET OR TIED.
MM INDICATES DATA IS MISSING.
T  INDICATES TRACE AMOUNT.




$$
