000
CDUS44 KOUN 250636 RRA
CLISPS

CLIMATE REPORT
NATIONAL WEATHER SERVICE NORMAN OK
135 AM CDT SAT MAR 25 2017


...................................

...THE WICHITA FALLS CLIMATE SUMMARY FOR MARCH 24 2017...

CLIMATE NORMAL PERIOD 1981 TO 2010
CLIMATE RECORD PERIOD 1897 TO 2017


WEATHER ITEM   OBSERVED TIME   RECORD YEAR NORMAL DEPARTURE LAST
                VALUE   (LST)  VALUE       VALUE  FROM      YEAR
                                                  NORMAL
..................................................................
TEMPERATURE (F)
 YESTERDAY
  MAXIMUM         79    317 PM  95    1929  70      9       61
  MINIMUM         54   1159 PM  27    2013  43     11       41
                                      2006
  AVERAGE         67                        56     11       51

PRECIPITATION (IN)
  YESTERDAY        0.02          1.32 1943   0.07  -0.05     0.00
  MONTH TO DATE    0.11                      1.75  -1.64     0.82
  SINCE JAN 1      4.08                      4.64  -0.56     2.52

SNOWFALL (IN)
  YESTERDAY        0.0                       0.0    0.0      0.0
  MONTH TO DATE    0.0                       0.5   -0.5      0.0
  SINCE JUL 1      T                         3.9   -3.9      2.6
  SNOW DEPTH       0

DEGREE DAYS
 HEATING
  YESTERDAY        0                        10    -10       14
  MONTH TO DATE  175                       298   -123      176
  SINCE JUL 1   2019                      2744   -725     2138

 COOLING
  YESTERDAY        2                         1      1        0
  MONTH TO DATE   57                        10     47        3
  SINCE JAN 1     75                        13     62       12
..................................................................


WIND (MPH)
  HIGHEST WIND SPEED    39   HIGHEST WIND DIRECTION    SW (240)
  HIGHEST GUST SPEED    51   HIGHEST GUST DIRECTION    SW (230)
  AVERAGE WIND SPEED    22.7


SKY COVER
  AVERAGE SKY COVER 0.4


WEATHER CONDITIONS
 THE FOLLOWING WEATHER WAS RECORDED YESTERDAY.
  LIGHT RAIN


RELATIVE HUMIDITY (PERCENT)
 HIGHEST    84           700 AM
 LOWEST     15           100 PM
 AVERAGE    50

..........................................................


THE WICHITA FALLS CLIMATE NORMALS FOR TODAY
                         NORMAL    RECORD    YEAR
 MAXIMUM TEMPERATURE (F)   70        91      1976
 MINIMUM TEMPERATURE (F)   43        23      2013


SUNRISE AND SUNSET
MARCH 25 2017.........SUNRISE   730 AM CDT   SUNSET   750 PM CDT
MARCH 26 2017.........SUNRISE   729 AM CDT   SUNSET   750 PM CDT


-  INDICATES NEGATIVE NUMBERS.
R  INDICATES RECORD WAS SET OR TIED.
MM INDICATES DATA IS MISSING.
T  INDICATES TRACE AMOUNT.




$$
