000
CDUS44 KOUN 280715 RRA
CLISPS

OUNCLISPS 000
TTAA00 KOUN 280635


CLIMATE REPORT
NATIONAL WEATHER SERVICE NORMAN OK
1235 AM CST WED JAN 28 2015


...................................

...THE WICHITA FALLS CLIMATE SUMMARY FOR JANUARY 27 2015...

CLIMATE NORMAL PERIOD 1981 TO 2010
CLIMATE RECORD PERIOD 1897 TO 2015


WEATHER ITEM   OBSERVED TIME   RECORD YEAR NORMAL DEPARTURE LAST
                VALUE   (LST)  VALUE       VALUE  FROM      YEAR
                                                  NORMAL
..................................................................
TEMPERATURE (F)
 YESTERDAY
  MAXIMUM         77    425 PM  80    1969  55     22       48
  MINIMUM         39    645 AM  10    1963  30      9       19
  AVERAGE         58                        43     15       34

PRECIPITATION (IN)
  YESTERDAY        0.00          0.42 1945   0.04  -0.04     0.00
  MONTH TO DATE    1.44                      0.98   0.46      T
  SINCE JAN 1      1.44                      0.98   0.46      T

SNOWFALL (IN)
  YESTERDAY        0.0                       0.0    0.0      0.0
  MONTH TO DATE    T                         1.2   -1.2      0.0
  SINCE JUL 1      2.3                       2.5   -0.2      0.7
  SNOW DEPTH       0

DEGREE DAYS
 HEATING
  YESTERDAY        7                        22    -15       31
  MONTH TO DATE  657                       626     31      614
  SINCE JUL 1   1759                      1823    -64     1987
..................................................................


WIND (MPH)
  HIGHEST WIND SPEED    13   HIGHEST WIND DIRECTION     S (190)
  HIGHEST GUST SPEED    14   HIGHEST GUST DIRECTION     S (200)
  AVERAGE WIND SPEED     6.5


SKY COVER
  AVERAGE SKY COVER 0.1


WEATHER CONDITIONS
 THE FOLLOWING WEATHER WAS RECORDED YESTERDAY.
  NO SIGNIFICANT WEATHER WAS OBSERVED.


RELATIVE HUMIDITY (PERCENT)
 HIGHEST    79           700 AM
 LOWEST     27           400 PM
 AVERAGE    53

..........................................................


THE WICHITA FALLS CLIMATE NORMALS FOR TODAY
                         NORMAL    RECORD    YEAR
 MAXIMUM TEMPERATURE (F)   55        81      2013
 MINIMUM TEMPERATURE (F)   30         8      1948


SUNRISE AND SUNSET
JANUARY 28 2015.......SUNRISE   734 AM CST   SUNSET   600 PM CST
JANUARY 29 2015.......SUNRISE   733 AM CST   SUNSET   601 PM CST


-  INDICATES NEGATIVE NUMBERS.
R  INDICATES RECORD WAS SET OR TIED.
MM INDICATES DATA IS MISSING.
T  INDICATES TRACE AMOUNT.




$$
