000
CDUS44 KOUN 040636
CLISPS

CLIMATE REPORT
NATIONAL WEATHER SERVICE NORMAN OK
134 AM CDT SAT JUL 4 2015


...................................

...THE WICHITA FALLS CLIMATE SUMMARY FOR JULY 3 2015...

CLIMATE NORMAL PERIOD 1981 TO 2010
CLIMATE RECORD PERIOD 1897 TO 2015


WEATHER ITEM   OBSERVED TIME   RECORD YEAR NORMAL DEPARTURE LAST
                VALUE   (LST)  VALUE       VALUE  FROM      YEAR
                                                  NORMAL
..................................................................
TEMPERATURE (F)
 YESTERDAY
  MAXIMUM         93    234 PM 114    1980  95     -2       82
  MINIMUM         74   1159 PM  57    1924  71      3       68
  AVERAGE         84                        83      1       75

PRECIPITATION (IN)
  YESTERDAY        0.03          1.50 1905   0.06  -0.03     0.13
  MONTH TO DATE    0.03                      0.18  -0.15     2.13
  SINCE JAN 1     29.33                     15.82  13.51    10.37

DEGREE DAYS
 COOLING
  YESTERDAY       19                        18      1       10
  MONTH TO DATE   58                        54      4       41
  SINCE JAN 1    750                       809    -59      931
..................................................................


WIND (MPH)
  HIGHEST WIND SPEED    22   HIGHEST WIND DIRECTION     S (200)
  HIGHEST GUST SPEED    27   HIGHEST GUST DIRECTION     S (200)
  AVERAGE WIND SPEED    11.6


SKY COVER
  AVERAGE SKY COVER 0.4


WEATHER CONDITIONS
 THE FOLLOWING WEATHER WAS RECORDED YESTERDAY.
  THUNDERSTORM
  LIGHT RAIN


RELATIVE HUMIDITY (PERCENT)
 HIGHEST    82          1100 PM
 LOWEST     52           100 PM
 AVERAGE    67

..........................................................


THE WICHITA FALLS CLIMATE NORMALS FOR TODAY
                         NORMAL    RECORD    YEAR
 MAXIMUM TEMPERATURE (F)   96       108      1980
 MINIMUM TEMPERATURE (F)   71        61      1940
                                             1924


SUNRISE AND SUNSET
JULY  4 2015..........SUNRISE   628 AM CDT   SUNSET   849 PM CDT
JULY  5 2015..........SUNRISE   628 AM CDT   SUNSET   849 PM CDT


-  INDICATES NEGATIVE NUMBERS.
R  INDICATES RECORD WAS SET OR TIED.
MM INDICATES DATA IS MISSING.
T  INDICATES TRACE AMOUNT.




$$
