000
CDUS44 KOUN 200648 RRA
CLISPS

CLIMATE REPORT
NATIONAL WEATHER SERVICE NORMAN OK
147 AM CDT FRI OCT 20 2017


...................................

...THE WICHITA FALLS CLIMATE SUMMARY FOR OCTOBER 19 2017...

CLIMATE NORMAL PERIOD 1981 TO 2010
CLIMATE RECORD PERIOD 1897 TO 2017


WEATHER ITEM   OBSERVED TIME   RECORD YEAR NORMAL DEPARTURE LAST
                VALUE   (LST)  VALUE       VALUE  FROM      YEAR
                                                  NORMAL
..................................................................
TEMPERATURE (F)
 YESTERDAY
  MAXIMUM         82    253 PM  95    1936  76      6       88
  MINIMUM         49    603 AM  30    1989  51     -2       58
  AVERAGE         66                        64      2       73

PRECIPITATION (IN)
  YESTERDAY        0.00          1.34 1971   0.12  -0.12     0.29
  MONTH TO DATE    0.80                      1.90  -1.10     2.32
  SINCE SEP 1      3.87                      4.71  -0.84    12.14
  SINCE JAN 1     23.95                     24.44  -0.49    34.52

SNOWFALL (IN)
  YESTERDAY        0.0

DEGREE DAYS
 HEATING
  YESTERDAY        0                         4     -4        0
  MONTH TO DATE   30                        47    -17       18
  SINCE SEP 1     34                        60    -26       20
  SINCE JUL 1     34                        60    -26       20

 COOLING
  YESTERDAY        1                         2     -1        8
  MONTH TO DATE  111                        77     34      121
  SINCE SEP 1    444                       411     33      521
  SINCE JAN 1   2286                      2356    -70     2457
..................................................................


WIND (MPH)
  HIGHEST WIND SPEED    20   HIGHEST WIND DIRECTION     S (160)
  HIGHEST GUST SPEED    25   HIGHEST GUST DIRECTION     S (170)
  AVERAGE WIND SPEED    10.4


SKY COVER
  AVERAGE SKY COVER 0.3


WEATHER CONDITIONS
 THE FOLLOWING WEATHER WAS RECORDED YESTERDAY.
  NO SIGNIFICANT WEATHER WAS OBSERVED.


RELATIVE HUMIDITY (PERCENT)
 HIGHEST    83           700 AM
 LOWEST     28           300 PM
 AVERAGE    56

..........................................................


THE WICHITA FALLS CLIMATE NORMALS FOR TODAY
                         NORMAL    RECORD    YEAR
 MAXIMUM TEMPERATURE (F)   76        94      2007
                                             1979
 MINIMUM TEMPERATURE (F)   51        29      1989


SUNRISE AND SUNSET
OCTOBER 20 2017.......SUNRISE   743 AM CDT   SUNSET   654 PM CDT
OCTOBER 21 2017.......SUNRISE   744 AM CDT   SUNSET   652 PM CDT


-  INDICATES NEGATIVE NUMBERS.
R  INDICATES RECORD WAS SET OR TIED.
MM INDICATES DATA IS MISSING.
T  INDICATES TRACE AMOUNT.




$$
