000
CDUS42 KTBW 010837
CLISRQ


CLIMATE REPORT
NATIONAL WEATHER SERVICE TAMPA BAY FL
436 AM EDT FRI AUG 1 2014


...................................

...THE SARASOTA BRADENTON CLIMATE SUMMARY FOR JULY 31 2014...

CLIMATE NORMAL PERIOD 1981 TO 2010
CLIMATE RECORD PERIOD 1911 TO 2014


WEATHER ITEM   OBSERVED TIME   RECORD YEAR NORMAL DEPARTURE LAST
                VALUE   (LST)  VALUE       VALUE  FROM      YEAR
                                                  NORMAL
..................................................................
TEMPERATURE (F)
 YESTERDAY
  MAXIMUM         91   1135 AM  97    1927  90      1       92
  MINIMUM         74    557 AM  65    1976  75     -1       77
  AVERAGE         83                        82      1       85

PRECIPITATION (IN)
  YESTERDAY        0.00          4.35 1965   0.27  -0.27      T
  MONTH TO DATE    2.15                      7.98  -5.83    10.41
  SINCE JUN 1      9.13                     15.49  -6.36    19.15
  SINCE JAN 1     27.51                     29.19  -1.68    27.29

DEGREE DAYS
 HEATING
  YESTERDAY        0                         0      0        0
  MONTH TO DATE    0                         0      0        0
  SINCE JUN 1      0                         0      0        0
  SINCE JUL 1      0                         0      0        0

 COOLING
  YESTERDAY       18                        17      1       20
  MONTH TO DATE  597                       539     58      549
  SINCE JUN 1   1107                      1011     96     1062
  SINCE JAN 1   1919                      1762    157     1930
..................................................................


WIND (MPH)
  HIGHEST WIND SPEED    14   HIGHEST WIND DIRECTION    NW (300)
  HIGHEST GUST SPEED    18   HIGHEST GUST DIRECTION    NW (300)
  AVERAGE WIND SPEED     5.1


SKY COVER
  POSSIBLE SUNSHINE  MM
  AVERAGE SKY COVER 0.1


WEATHER CONDITIONS
 THE FOLLOWING WEATHER WAS RECORDED YESTERDAY.
  NO SIGNIFICANT WEATHER WAS OBSERVED.


RELATIVE HUMIDITY (PERCENT)
 HIGHEST    84           600 AM
 LOWEST     44           400 PM

..........................................................


THE SARASOTA BRADENTON CLIMATE NORMALS FOR TODAY
                         NORMAL    RECORD    YEAR
 MAXIMUM TEMPERATURE (F)   90       101      1972
 MINIMUM TEMPERATURE (F)   75        65      1968


SUNRISE AND SUNSET
AUGUST  1 2014........SUNRISE   654 AM EDT   SUNSET   819 PM EDT
AUGUST  2 2014........SUNRISE   654 AM EDT   SUNSET   818 PM EDT


-  INDICATES NEGATIVE NUMBERS.
R  INDICATES RECORD WAS SET OR TIED.
MM INDICATES DATA IS MISSING.
T  INDICATES TRACE AMOUNT.




$$


&&
------------------------------------------------------------------
******************** SUPPLEMENTAL DATA ***************************

...GULF WATER TEMPERATURE AT NEW PASS 89
