000
CDUS42 KTBW 152215
CLISRQ


CLIMATE REPORT
NATIONAL WEATHER SERVICE TAMPA BAY FL
514 PM EST FRI DEC 15 2017


...................................

...THE SARASOTA BRADENTON CLIMATE SUMMARY FOR DECEMBER 15 2017...
VALID TODAY AS OF 0500 PM LOCAL TIME.

CLIMATE NORMAL PERIOD 1981 TO 2010
CLIMATE RECORD PERIOD 1911 TO 2017


WEATHER ITEM   OBSERVED TIME   RECORD YEAR NORMAL DEPARTURE LAST
                VALUE   (LST)  VALUE       VALUE  FROM      YEAR
                                                  NORMAL
..................................................................
TEMPERATURE (F)
 TODAY
  MAXIMUM         74    327 PM  86    1923  73      1       75
  MINIMUM         60    155 AM  31    2010  54      6       59
                                      1915
  AVERAGE         67                        64      3       67

PRECIPITATION (IN)
  TODAY            0.01          2.24 1983   0.09  -0.08     0.00
  MONTH TO DATE    1.05                      1.11  -0.06     1.22
  SINCE DEC 1      1.05                      1.11  -0.06     1.22
  SINCE JAN 1     65.24                     51.59  13.65    49.08

DEGREE DAYS
 HEATING
  TODAY            0                         4     -4        0
  MONTH TO DATE   51                        47      4        9
  SINCE DEC 1     51                        47      4        9
  SINCE JUL 1     64                        80    -16       20

 COOLING
  TODAY            2                         2      0        2
  MONTH TO DATE   56                        44     12       69
  SINCE DEC 1     56                        44     12       69
  SINCE JAN 1   3759                      3344    415     4095
..................................................................


WIND (MPH)
  RESULTANT WIND SPEED   9   RESULTANT WIND DIRECTION   S (170)
  HIGHEST WIND SPEED    17   HIGHEST WIND DIRECTION     S (180)
  HIGHEST GUST SPEED    22   HIGHEST GUST DIRECTION     S (170)
  AVERAGE WIND SPEED     9.9


SKY COVER
  POSSIBLE SUNSHINE  MM
  AVERAGE SKY COVER 0.4


WEATHER CONDITIONS
 THE FOLLOWING WEATHER WAS RECORDED TODAY.
  LIGHT RAIN


RELATIVE HUMIDITY (PERCENT)
 HIGHEST    97           200 AM
 LOWEST     68          1200 PM

..........................................................


THE SARASOTA BRADENTON CLIMATE NORMALS FOR TOMORROW
                         NORMAL    RECORD    YEAR
 MAXIMUM TEMPERATURE (F)   73        86      2001
 MINIMUM TEMPERATURE (F)   54        27      1968


SUNRISE AND SUNSET
DECEMBER 15 2017......SUNRISE   713 AM EST   SUNSET   538 PM EST
DECEMBER 16 2017......SUNRISE   713 AM EST   SUNSET   539 PM EST


-  INDICATES NEGATIVE NUMBERS.
R  INDICATES RECORD WAS SET OR TIED.
MM INDICATES DATA IS MISSING.
T  INDICATES TRACE AMOUNT.




$$


&&
------------------------------------------------------------------
******************** SUPPLEMENTAL DATA ***************************

...GULF WATER TEMPERATURE AT VENICE 67 DEGREES
