000
CDUS42 KTBW 262121
CLISRQ


CLIMATE REPORT
NATIONAL WEATHER SERVICE TAMPA BAY FL
519 PM EDT WED APR 26 2017


...................................

...THE SARASOTA BRADENTON CLIMATE SUMMARY FOR APRIL 26 2017...
VALID TODAY AS OF 0500 PM LOCAL TIME.

CLIMATE NORMAL PERIOD 1981 TO 2010
CLIMATE RECORD PERIOD 1911 TO 2017


WEATHER ITEM   OBSERVED TIME   RECORD YEAR NORMAL DEPARTURE LAST
                VALUE   (LST)  VALUE       VALUE  FROM      YEAR
                                                  NORMAL
..................................................................
TEMPERATURE (F)
 TODAY
  MAXIMUM         84    359 PM  91    1958  82      2       84
  MINIMUM         65    623 AM  47    1983  63      2       68
  AVERAGE         75                        73      2       76

PRECIPITATION (IN)
  TODAY            0.00          3.16 2003   0.08  -0.08     0.00
  MONTH TO DATE    T                         2.21  -2.21     0.91
  SINCE MAR 1      0.74                      6.07  -5.33     1.83
  SINCE JAN 1      3.23                     11.26  -8.03     7.51

DEGREE DAYS
 HEATING
  TODAY            0                         0      0        0
  MONTH TO DATE    1                         8     -7        0
  SINCE MAR 1     54                        57     -3       14
  SINCE JUL 1    202                       475   -273      320

 COOLING
  TODAY           10                         8      2       11
  MONTH TO DATE  242                       161     81      224
  SINCE MAR 1    359                       261     98      427
  SINCE JAN 1    533                       365    168      493
..................................................................


WIND (MPH)
  RESULTANT WIND SPEED   7   RESULTANT WIND DIRECTION   S (200)
  HIGHEST WIND SPEED    16   HIGHEST WIND DIRECTION    SW (210)
  HIGHEST GUST SPEED    21   HIGHEST GUST DIRECTION     S (200)
  AVERAGE WIND SPEED     9.0


SKY COVER
  POSSIBLE SUNSHINE  MM
  AVERAGE SKY COVER 0.5


WEATHER CONDITIONS
 THE FOLLOWING WEATHER WAS RECORDED TODAY.
  NO SIGNIFICANT WEATHER WAS OBSERVED.


RELATIVE HUMIDITY (PERCENT)
 HIGHEST    67           600 AM
 LOWEST     45          1100 AM

..........................................................


THE SARASOTA BRADENTON CLIMATE NORMALS FOR TOMORROW
                         NORMAL    RECORD    YEAR
 MAXIMUM TEMPERATURE (F)   83        91      1971
 MINIMUM TEMPERATURE (F)   63        45      1926


SUNRISE AND SUNSET
APRIL 26 2017.........SUNRISE   655 AM EDT   SUNSET   801 PM EDT
APRIL 27 2017.........SUNRISE   654 AM EDT   SUNSET   802 PM EDT


-  INDICATES NEGATIVE NUMBERS.
R  INDICATES RECORD WAS SET OR TIED.
MM INDICATES DATA IS MISSING.
T  INDICATES TRACE AMOUNT.




$$


&&
------------------------------------------------------------------
******************** SUPPLEMENTAL DATA ***************************

...GULF WATER TEMPERATURE AT VENICE 78 DEGREES
