000
CDUS42 KTBW 262219
CLISRQ


CLIMATE REPORT
NATIONAL WEATHER SERVICE TAMPA BAY FL
517 PM EST SUN FEB 26 2017


...................................

...THE SARASOTA BRADENTON CLIMATE SUMMARY FOR FEBRUARY 26 2017...
VALID TODAY AS OF 0500 PM LOCAL TIME.

CLIMATE NORMAL PERIOD 1981 TO 2010
CLIMATE RECORD PERIOD 1911 TO 2017


WEATHER ITEM   OBSERVED TIME   RECORD YEAR NORMAL DEPARTURE LAST
                VALUE   (LST)  VALUE       VALUE  FROM      YEAR
                                                  NORMAL
..................................................................
TEMPERATURE (F)
 TODAY
  MAXIMUM         81    422 PM  87    1962  74      7       66
  MINIMUM         60    829 AM  27    1967  55      5       45
  AVERAGE         71                        64      7       56

PRECIPITATION (IN)
  TODAY            0.00          3.19 1992   0.15  -0.15     0.00
  MONTH TO DATE    0.72                      2.40  -1.68     1.27
  SINCE DEC 1      3.67                      7.42  -3.75     6.97
  SINCE JAN 1      2.42                      4.89  -2.47     5.68

DEGREE DAYS
 HEATING
  TODAY            0                         3     -3        9
  MONTH TO DATE   26                        92    -66      116
  SINCE DEC 1    137                       379   -242      286
  SINCE JUL 1    148                       412   -264      290

 COOLING
  TODAY            6                         2      4        0
  MONTH TO DATE   73                        48     25       40
  SINCE DEC 1    322                       174    148      324
  SINCE JAN 1    159                       100     59       65
..................................................................


WIND (MPH)
  RESULTANT WIND SPEED   6   RESULTANT WIND DIRECTION  NE (50)
  HIGHEST WIND SPEED    17   HIGHEST WIND DIRECTION     E (70)
  HIGHEST GUST SPEED    23   HIGHEST GUST DIRECTION     N (20)
  AVERAGE WIND SPEED     8.2


SKY COVER
  POSSIBLE SUNSHINE  MM
  AVERAGE SKY COVER 0.0


WEATHER CONDITIONS
 THE FOLLOWING WEATHER WAS RECORDED TODAY.
  NO SIGNIFICANT WEATHER WAS OBSERVED.


RELATIVE HUMIDITY (PERCENT)
 HIGHEST    93           300 AM
 LOWEST     21           200 PM

..........................................................


THE SARASOTA BRADENTON CLIMATE NORMALS FOR TOMORROW
                         NORMAL    RECORD    YEAR
 MAXIMUM TEMPERATURE (F)   74        86      1927
 MINIMUM TEMPERATURE (F)   55        31      1974


SUNRISE AND SUNSET
FEBRUARY 26 2017......SUNRISE   657 AM EST   SUNSET   629 PM EST
FEBRUARY 27 2017......SUNRISE   656 AM EST   SUNSET   630 PM EST


-  INDICATES NEGATIVE NUMBERS.
R  INDICATES RECORD WAS SET OR TIED.
MM INDICATES DATA IS MISSING.
T  INDICATES TRACE AMOUNT.




$$


&&
------------------------------------------------------------------
******************** SUPPLEMENTAL DATA ***************************

...GULF WATER TEMPERATURE AT VENICE 71 DEGREES
