000
CDUS42 KTBW 252119
CLISRQ


CLIMATE REPORT
NATIONAL WEATHER SERVICE TAMPA BAY FL
517 PM EDT SAT MAR 25 2017


...................................

...THE SARASOTA BRADENTON CLIMATE SUMMARY FOR MARCH 25 2017...
VALID TODAY AS OF 0500 PM LOCAL TIME.

CLIMATE NORMAL PERIOD 1981 TO 2010
CLIMATE RECORD PERIOD 1911 TO 2017


WEATHER ITEM   OBSERVED TIME   RECORD YEAR NORMAL DEPARTURE LAST
                VALUE   (LST)  VALUE       VALUE  FROM      YEAR
                                                  NORMAL
..................................................................
TEMPERATURE (F)
 TODAY
  MAXIMUM         82   1251 PM  90    1929  77      5       82
  MINIMUM         60    625 AM  32    1915  58      2       62
  AVERAGE         71                        68      3       72

PRECIPITATION (IN)
  TODAY            0.00          1.88 1952   0.11  -0.11     0.06
  MONTH TO DATE    0.48                      3.13  -2.65     0.56
  SINCE MAR 1      0.48                      3.13  -2.65     0.56
  SINCE JAN 1      2.97                      8.32  -5.35     6.24

DEGREE DAYS
 HEATING
  TODAY            0                         1     -1        0
  MONTH TO DATE   53                        44      9       14
  SINCE MAR 1     53                        44      9       14
  SINCE JUL 1    201                       462   -261      320

 COOLING
  TODAY            6                         4      2        7
  MONTH TO DATE   78                        78      0      138
  SINCE MAR 1     78                        78      0      138
  SINCE JAN 1    252                       182     70      204
..................................................................


WIND (MPH)
  RESULTANT WIND SPEED   4   RESULTANT WIND DIRECTION   E (90)
  HIGHEST WIND SPEED    16   HIGHEST WIND DIRECTION     E (100)
  HIGHEST GUST SPEED    21   HIGHEST GUST DIRECTION     E (100)
  AVERAGE WIND SPEED     8.6


SKY COVER
  POSSIBLE SUNSHINE  MM
  AVERAGE SKY COVER 0.1


WEATHER CONDITIONS
 THE FOLLOWING WEATHER WAS RECORDED TODAY.
  NO SIGNIFICANT WEATHER WAS OBSERVED.


RELATIVE HUMIDITY (PERCENT)
 HIGHEST    90           600 AM
 LOWEST     42           100 PM

..........................................................


THE SARASOTA BRADENTON CLIMATE NORMALS FOR TOMORROW
                         NORMAL    RECORD    YEAR
 MAXIMUM TEMPERATURE (F)   78        88      2007
                                             1997
 MINIMUM TEMPERATURE (F)   59        41      1956


SUNRISE AND SUNSET
MARCH 25 2017.........SUNRISE   728 AM EDT   SUNSET   744 PM EDT
MARCH 26 2017.........SUNRISE   727 AM EDT   SUNSET   745 PM EDT


-  INDICATES NEGATIVE NUMBERS.
R  INDICATES RECORD WAS SET OR TIED.
MM INDICATES DATA IS MISSING.
T  INDICATES TRACE AMOUNT.




$$


&&
------------------------------------------------------------------
******************** SUPPLEMENTAL DATA ***************************

...GULF WATER TEMPERATURE AT VENICE 70 DEGREES
