000
CDUS42 KJAX 010531
CLISSI


CLIMATE REPORT
NATIONAL WEATHER SERVICE JACKSONVILLE FL
1230 AM EST SUN MAR 1 2015


...................................

...THE ST SIMONS ISLAND CLIMATE SUMMARY FOR FEBRUARY 28 2015...

CLIMATE NORMAL PERIOD 1981 TO 2010
CLIMATE RECORD PERIOD 1948 TO 2015


WEATHER ITEM   OBSERVED TIME   RECORD YEAR NORMAL DEPARTURE LAST
                VALUE   (LST)  VALUE       VALUE  FROM      YEAR
                                                  NORMAL
..................................................................
TEMPERATURE (F)
 YESTERDAY
  MAXIMUM         50    911 AM  85    1962  66    -16       61
  MINIMUM         45    527 PM  26    2002  48     -3       34
  AVERAGE         48                        57     -9       48

PRECIPITATION (IN)
  YESTERDAY        0.01          1.59 1966   0.13  -0.12     0.00
  MONTH TO DATE    2.69                      3.47  -0.78     1.89
  SINCE DEC 1      7.04                      9.33  -2.29     8.36
  SINCE JAN 1      5.72                      6.69  -0.97     6.48

SNOWFALL (IN)
  YESTERDAY        0.0           0.0    MM                   0.0
  MONTH TO DATE    0.0                                       0.0
  SINCE DEC 1      0.0                                        T
  SINCE JUL 1      0.0                                        T
  SNOW DEPTH       0

DEGREE DAYS
 HEATING
  YESTERDAY       17                         8      9       17
  MONTH TO DATE  437                       301    136      278
  SINCE DEC 1   1094                      1071     23     1038
  SINCE JUL 1   1380                      1251    129     1228

 COOLING
  YESTERDAY        0                         0      0        0
  MONTH TO DATE    0                         6     -6        8
  SINCE DEC 1     12                        22    -10       26
  SINCE JAN 1      6                         9     -3        8
..................................................................


WIND (MPH)
  HIGHEST WIND SPEED    26   HIGHEST WIND DIRECTION    NE (30)
  HIGHEST GUST SPEED    37   HIGHEST GUST DIRECTION    NE (40)
  AVERAGE WIND SPEED    18.7


SKY COVER
  POSSIBLE SUNSHINE  MM
  AVERAGE SKY COVER 1.0


WEATHER CONDITIONS
 THE FOLLOWING WEATHER WAS RECORDED YESTERDAY.
  LIGHT RAIN
  FOG
  HAZE


RELATIVE HUMIDITY (PERCENT)
 HIGHEST    93          1200 PM
 LOWEST     66          1200 AM
 AVERAGE    80

..........................................................


THE ST SIMONS ISLAND CLIMATE NORMALS FOR TODAY
                         NORMAL    RECORD    YEAR
 MAXIMUM TEMPERATURE (F)   66        82      1971
 MINIMUM TEMPERATURE (F)   49        29      1968


SUNRISE AND SUNSET
MARCH  1 2015.........SUNRISE   653 AM EST   SUNSET   624 PM EST
MARCH  2 2015.........SUNRISE   651 AM EST   SUNSET   624 PM EST


-  INDICATES NEGATIVE NUMBERS.
R  INDICATES RECORD WAS SET OR TIED.
MM INDICATES DATA IS MISSING.
T  INDICATES TRACE AMOUNT.




$$
