000
CDUS42 KJAX 310531
CLISSI


CLIMATE REPORT
NATIONAL WEATHER SERVICE JACKSONVILLE FL
131 AM EDT FRI OCT 31 2014


...................................

...THE ST SIMONS ISLAND CLIMATE SUMMARY FOR OCTOBER 30 2014...

CLIMATE NORMAL PERIOD 1981 TO 2010
CLIMATE RECORD PERIOD 1948 TO 2014


WEATHER ITEM   OBSERVED TIME   RECORD YEAR NORMAL DEPARTURE LAST
                VALUE   (LST)  VALUE       VALUE  FROM      YEAR
                                                  NORMAL
..................................................................
TEMPERATURE (F)
 YESTERDAY
  MAXIMUM         76   1227 PM  83    1998  75      1       77
                                      1996
  MINIMUM         63   1159 PM  37    1952  58      5       57
  AVERAGE         70                        66      4       67

PRECIPITATION (IN)
  YESTERDAY        0.00          4.79 1985   0.09  -0.09     0.00
  MONTH TO DATE    2.83                      4.37  -1.54     1.17
  SINCE SEP 1      8.47                     10.13  -1.66    12.06
  SINCE JAN 1     39.22                     40.24  -1.02    47.00

SNOWFALL (IN)
  YESTERDAY        0.0           0.0    MM                   0.0
  MONTH TO DATE    0.0                                       0.0
  SINCE SEP 1      0.0                                       0.0
  SINCE JUL 1      0.0                                       0.0
  SNOW DEPTH       0

DEGREE DAYS
 HEATING
  YESTERDAY        0                         2     -2        0
  MONTH TO DATE   17                        27    -10       22
  SINCE SEP 1     17                        27    -10       22
  SINCE JUL 1     17                        27    -10       22

 COOLING
  YESTERDAY        5                         3      2        2
  MONTH TO DATE  178                       186     -8      179
  SINCE SEP 1    562                       581    -19      591
  SINCE JAN 1   2567                      2557     10     2536
..................................................................


WIND (MPH)
  HIGHEST WIND SPEED    12   HIGHEST WIND DIRECTION    NE (50)
  HIGHEST GUST SPEED    16   HIGHEST GUST DIRECTION    SE (130)
  AVERAGE WIND SPEED     6.5


SKY COVER
  POSSIBLE SUNSHINE  MM
  AVERAGE SKY COVER 0.3


WEATHER CONDITIONS
 THE FOLLOWING WEATHER WAS RECORDED YESTERDAY.
  NO SIGNIFICANT WEATHER WAS OBSERVED.


RELATIVE HUMIDITY (PERCENT)
 HIGHEST   100           700 AM
 LOWEST     60          1100 AM
 AVERAGE    80

..........................................................


THE ST SIMONS ISLAND CLIMATE NORMALS FOR TODAY
                         NORMAL    RECORD    YEAR
 MAXIMUM TEMPERATURE (F)   74        85      1961
 MINIMUM TEMPERATURE (F)   58        38      1954


SUNRISE AND SUNSET
OCTOBER 31 2014.......SUNRISE   740 AM EDT   SUNSET   638 PM EDT
NOVEMBER  1 2014......SUNRISE   741 AM EDT   SUNSET   637 PM EDT


-  INDICATES NEGATIVE NUMBERS.
R  INDICATES RECORD WAS SET OR TIED.
MM INDICATES DATA IS MISSING.
T  INDICATES TRACE AMOUNT.




$$
