000
CDUS42 KJAX 262129
CLISSI


CLIMATE REPORT
NATIONAL WEATHER SERVICE JACKSONVILLE FL
528 PM EDT THU MAR 26 2015


...................................

...THE ST SIMONS ISLAND CLIMATE SUMMARY FOR MARCH 26 2015...
VALID TODAY AS OF 0500 PM LOCAL TIME.

CLIMATE NORMAL PERIOD 1981 TO 2010
CLIMATE RECORD PERIOD 1948 TO 2015


WEATHER ITEM   OBSERVED TIME   RECORD YEAR NORMAL DEPARTURE LAST
                VALUE   (LST)  VALUE       VALUE  FROM      YEAR
                                                  NORMAL
..................................................................
TEMPERATURE (F)
 TODAY
  MAXIMUM         75    303 PM  84    1955  71      4       53
  MINIMUM         59    528 AM  38    2013  54      5       39
  AVERAGE         67                        62      5       46

PRECIPITATION (IN)
  TODAY            0.02          1.71 2000   0.12  -0.10     0.00
  MONTH TO DATE    2.09                      3.27  -1.18     2.12
  SINCE MAR 1      2.09                      3.27  -1.18     2.12
  SINCE JAN 1      7.81                      9.96  -2.15     8.60

SNOWFALL (IN)
  TODAY            0.0           0.0    MM                   0.0
  MONTH TO DATE    0.0                                       0.0
  SINCE MAR 1      0.0                                       0.0
  SINCE JUL 1      0.0                                        T

DEGREE DAYS
 HEATING
  TODAY            0                         4     -4       19
  MONTH TO DATE   82                       159    -77      206
  SINCE MAR 1     82                       159    -77      206
  SINCE JUL 1   1462                      1410     52     1434

 COOLING
  TODAY            2                         1      1        0
  MONTH TO DATE   27                        25      2        9
  SINCE MAR 1     27                        25      2        9
  SINCE JAN 1     33                        34     -1       17
..................................................................


WIND (MPH)
  HIGHEST WIND SPEED    10   HIGHEST WIND DIRECTION    SW (210)
  HIGHEST GUST SPEED    17   HIGHEST GUST DIRECTION     S (190)
  AVERAGE WIND SPEED     5.1


SKY COVER
  POSSIBLE SUNSHINE  MM
  AVERAGE SKY COVER 0.3


WEATHER CONDITIONS
 THE FOLLOWING WEATHER WAS RECORDED TODAY.
  LIGHT RAIN
  FOG
  FOG W/VISIBILITY <= 1/4 MILE


RELATIVE HUMIDITY (PERCENT)
 HIGHEST   100          1200 AM
 LOWEST     64           300 PM
 AVERAGE    82

..........................................................


THE ST SIMONS ISLAND CLIMATE NORMALS FOR TOMORROW
                         NORMAL    RECORD    YEAR
 MAXIMUM TEMPERATURE (F)   71        88      2011
 MINIMUM TEMPERATURE (F)   54        30      1955


SUNRISE AND SUNSET
MARCH 26 2015.........SUNRISE   722 AM EDT   SUNSET   741 PM EDT
MARCH 27 2015.........SUNRISE   721 AM EDT   SUNSET   741 PM EDT


-  INDICATES NEGATIVE NUMBERS.
R  INDICATES RECORD WAS SET OR TIED.
MM INDICATES DATA IS MISSING.
T  INDICATES TRACE AMOUNT.




$$
