000
CDUS42 KJAX 230531
CLISSI


CLIMATE REPORT
NATIONAL WEATHER SERVICE JACKSONVILLE FL
130 AM EDT TUE SEP 23 2014


...................................

...THE ST SIMONS ISLAND CLIMATE SUMMARY FOR SEPTEMBER 22 2014...

CLIMATE NORMAL PERIOD 1981 TO 2010
CLIMATE RECORD PERIOD 1948 TO 2014


WEATHER ITEM   OBSERVED TIME   RECORD YEAR NORMAL DEPARTURE LAST
                VALUE   (LST)  VALUE       VALUE  FROM      YEAR
                                                  NORMAL
..................................................................
TEMPERATURE (F)
 YESTERDAY
  MAXIMUM         86    322 PM  95    1990  84      2       83
  MINIMUM         68    630 AM  56    1983  70     -2       73
  AVERAGE         77                        77      0       78

PRECIPITATION (IN)
  YESTERDAY        0.22          3.01 1952   0.18   0.04     0.19
  MONTH TO DATE    4.24                      4.32  -0.08     6.04
  SINCE SEP 1      4.24                      4.32  -0.08     6.04
  SINCE JAN 1     34.99                     34.43   0.56    40.98

SNOWFALL (IN)
  YESTERDAY        0.0           0.0    MM                   0.0
  MONTH TO DATE    0.0                                       0.0
  SINCE SEP 1      0.0                                       0.0
  SINCE JUL 1      0.0                                       0.0
  SNOW DEPTH       0

DEGREE DAYS
 HEATING
  YESTERDAY        0                         0      0        0
  MONTH TO DATE    0                         0      0        0
  SINCE SEP 1      0                         0      0        0
  SINCE JUL 1      0                         0      0        0

 COOLING
  YESTERDAY       12                        12      0       13
  MONTH TO DATE  322                       308     14      344
  SINCE SEP 1    322                       308     14      344
  SINCE JAN 1   2327                      2284     43     2289
..................................................................


WIND (MPH)
  HIGHEST WIND SPEED    18   HIGHEST WIND DIRECTION     N (20)
  HIGHEST GUST SPEED    23   HIGHEST GUST DIRECTION     N (20)
  AVERAGE WIND SPEED     9.2


SKY COVER
  POSSIBLE SUNSHINE  MM
  AVERAGE SKY COVER 0.1


WEATHER CONDITIONS
 THE FOLLOWING WEATHER WAS RECORDED YESTERDAY.
  THUNDERSTORM
  RAIN
  LIGHT RAIN


RELATIVE HUMIDITY (PERCENT)
 HIGHEST    84           600 AM
 LOWEST     51          1200 PM
 AVERAGE    68

..........................................................


THE ST SIMONS ISLAND CLIMATE NORMALS FOR TODAY
                         NORMAL    RECORD    YEAR
 MAXIMUM TEMPERATURE (F)   83        91      1980
 MINIMUM TEMPERATURE (F)   70        56      1982


SUNRISE AND SUNSET
SEPTEMBER 23 2014.....SUNRISE   714 AM EDT   SUNSET   721 PM EDT
SEPTEMBER 24 2014.....SUNRISE   715 AM EDT   SUNSET   720 PM EDT


-  INDICATES NEGATIVE NUMBERS.
R  INDICATES RECORD WAS SET OR TIED.
MM INDICATES DATA IS MISSING.
T  INDICATES TRACE AMOUNT.




$$
