000
CDUS42 KJAX 020536
CLISSI


CLIMATE REPORT
NATIONAL WEATHER SERVICE JACKSONVILLE FL
136 AM EDT SAT AUG 2 2014


...................................

...THE ST SIMONS ISLAND CLIMATE SUMMARY FOR AUGUST 1 2014...

CLIMATE NORMAL PERIOD 1981 TO 2010
CLIMATE RECORD PERIOD 1948 TO 2014


WEATHER ITEM   OBSERVED TIME   RECORD YEAR NORMAL DEPARTURE LAST
                VALUE   (LST)  VALUE       VALUE  FROM      YEAR
                                                  NORMAL
..................................................................
TEMPERATURE (F)
 YESTERDAY
  MAXIMUM         90   1158 AM 100    1999  90      0       87
  MINIMUM         80    742 AM  69    1997  76      4       75
  AVERAGE         85                        83      2       81

PRECIPITATION (IN)
  YESTERDAY        T             3.10 1959   0.16  -0.16     0.74
  MONTH TO DATE    T                         0.16  -0.16     0.74
  SINCE JUN 1      7.46                      9.08  -1.62    15.36
  SINCE JAN 1     25.95                     24.00   1.95    27.78

SNOWFALL (IN)
  YESTERDAY        0.0           0.0    MM                   0.0
  MONTH TO DATE    0.0                                       0.0
  SINCE JUN 1      0.0                                       0.0
  SINCE JUL 1      0.0                                       0.0
  SNOW DEPTH       0

DEGREE DAYS
 HEATING
  YESTERDAY        0                         0      0        0
  MONTH TO DATE    0                         0      0        0
  SINCE JUN 1      0                         0      0        0
  SINCE JUL 1      0                         0      0        0

 COOLING
  YESTERDAY       20                        18      2       16
  MONTH TO DATE   20                        18      2       16
  SINCE JUN 1   1026                      1030     -4     1026
  SINCE JAN 1   1469                      1472     -3     1427
..................................................................


WIND (MPH)
  HIGHEST WIND SPEED    16   HIGHEST WIND DIRECTION     E (80)
  HIGHEST GUST SPEED    22   HIGHEST GUST DIRECTION    NE (60)
  AVERAGE WIND SPEED     7.5


SKY COVER
  POSSIBLE SUNSHINE  MM
  AVERAGE SKY COVER 0.3


WEATHER CONDITIONS
 THE FOLLOWING WEATHER WAS RECORDED YESTERDAY.
  THUNDERSTORM
  LIGHT RAIN


RELATIVE HUMIDITY (PERCENT)
 HIGHEST    85           800 AM
 LOWEST     64          1200 PM
 AVERAGE    75

..........................................................


THE ST SIMONS ISLAND CLIMATE NORMALS FOR TODAY
                         NORMAL    RECORD    YEAR
 MAXIMUM TEMPERATURE (F)   90        98      1950
 MINIMUM TEMPERATURE (F)   76        69      1997


SUNRISE AND SUNSET
AUGUST  2 2014........SUNRISE   643 AM EDT   SUNSET   820 PM EDT
AUGUST  3 2014........SUNRISE   644 AM EDT   SUNSET   819 PM EDT


-  INDICATES NEGATIVE NUMBERS.
R  INDICATES RECORD WAS SET OR TIED.
MM INDICATES DATA IS MISSING.
T  INDICATES TRACE AMOUNT.




$$
