000
CDUS42 KJAX 210526
CLISSI


CLIMATE REPORT
NATIONAL WEATHER SERVICE JACKSONVILLE FL
125 AM EDT MON AUG 21 2017


...................................

...THE ST SIMONS ISLAND CLIMATE SUMMARY FOR AUGUST 20 2017...

CLIMATE NORMAL PERIOD 1981 TO 2010
CLIMATE RECORD PERIOD 1948 TO 2017


WEATHER ITEM   OBSERVED TIME   RECORD YEAR NORMAL DEPARTURE LAST
                VALUE   (LST)  VALUE       VALUE  FROM      YEAR
                                                  NORMAL
..................................................................
TEMPERATURE (F)
 YESTERDAY
  MAXIMUM         91   1153 AM 100    1983  88      3       94
  MINIMUM         79    627 AM  67    1981  75      4       78
  AVERAGE         85                        82      3       86

PRECIPITATION (IN)
  YESTERDAY        0.00          3.68 1953   0.21  -0.21     0.00
  MONTH TO DATE    2.61                      3.66  -1.05     1.39
  SINCE JUN 1     14.58                     12.58   2.00     8.37
  SINCE JAN 1     26.72                     27.50  -0.78    21.40

SNOWFALL (IN)
  YESTERDAY        0.0           0.0    MM                   0.0
  MONTH TO DATE    0.0                                       0.0
  SINCE JUN 1      0.0                                       0.0
  SINCE JUL 1      0.0                                       0.0
  SNOW DEPTH       0

DEGREE DAYS
 HEATING
  YESTERDAY        0                         0      0        0
  MONTH TO DATE    0                         0      0        0
  SINCE JUN 1      0                         0      0        0
  SINCE JUL 1      0                         0      0        0

 COOLING
  YESTERDAY       20                        17      3       21
  MONTH TO DATE  381                       347     34      380
  SINCE JUN 1   1434                      1359     75     1536
  SINCE JAN 1   2142                      1801    341     2060
..................................................................


WIND (MPH)
  HIGHEST WIND SPEED    17   HIGHEST WIND DIRECTION    SE (120)
  HIGHEST GUST SPEED    20   HIGHEST GUST DIRECTION    SE (130)
  AVERAGE WIND SPEED     7.0


SKY COVER
  POSSIBLE SUNSHINE  MM
  AVERAGE SKY COVER 0.2


WEATHER CONDITIONS
 THE FOLLOWING WEATHER WAS RECORDED YESTERDAY.
  NO SIGNIFICANT WEATHER WAS OBSERVED.


RELATIVE HUMIDITY (PERCENT)
 HIGHEST    91           600 AM
 LOWEST     66          1200 PM
 AVERAGE    79

..........................................................


THE ST SIMONS ISLAND CLIMATE NORMALS FOR TODAY
                         NORMAL    RECORD    YEAR
 MAXIMUM TEMPERATURE (F)   88        98      2014
                                             1983
 MINIMUM TEMPERATURE (F)   75        65      1961


SUNRISE AND SUNSET
AUGUST 21 2017........SUNRISE   655 AM EDT   SUNSET   802 PM EDT
AUGUST 22 2017........SUNRISE   656 AM EDT   SUNSET   800 PM EDT


-  INDICATES NEGATIVE NUMBERS.
R  INDICATES RECORD WAS SET OR TIED.
MM INDICATES DATA IS MISSING.
T  INDICATES TRACE AMOUNT.




$$
