000
CDUS42 KJAX 270527
CLISSI


CLIMATE REPORT
NATIONAL WEATHER SERVICE JACKSONVILLE FL
127 AM EDT MON MAR 27 2017


...................................

...THE ST SIMONS ISLAND CLIMATE SUMMARY FOR MARCH 26 2017...

CLIMATE NORMAL PERIOD 1981 TO 2010
CLIMATE RECORD PERIOD 1948 TO 2017


WEATHER ITEM   OBSERVED TIME   RECORD YEAR NORMAL DEPARTURE LAST
                VALUE   (LST)  VALUE       VALUE  FROM      YEAR
                                                  NORMAL
..................................................................
TEMPERATURE (F)
 YESTERDAY
  MAXIMUM         75    151 PM  84    1955  71      4       79
  MINIMUM         59    540 AM  38    2013  54      5       66
  AVERAGE         67                        62      5       73

PRECIPITATION (IN)
  YESTERDAY        0.00          1.71 2000   0.12  -0.12     0.08
  MONTH TO DATE    0.66                      3.27  -2.61     0.88
  SINCE MAR 1      0.66                      3.27  -2.61     0.88
  SINCE JAN 1      6.52                      9.96  -3.44     8.02

SNOWFALL (IN)
  YESTERDAY        0.0           0.0    MM                   0.0
  MONTH TO DATE    0.0                                       0.0
  SINCE MAR 1      0.0                                       0.0
  SINCE JUL 1      0.0                                       0.0
  SNOW DEPTH       0

DEGREE DAYS
 HEATING
  YESTERDAY        0                         4     -4        0
  MONTH TO DATE  154                       159     -5       81
  SINCE MAR 1    154                       159     -5       81
  SINCE JUL 1    769                      1410   -641      987

 COOLING
  YESTERDAY        2                         1      1        8
  MONTH TO DATE   41                        25     16       66
  SINCE MAR 1     41                        25     16       66
  SINCE JAN 1     93                        34     59       70
..................................................................


WIND (MPH)
  HIGHEST WIND SPEED    17   HIGHEST WIND DIRECTION    SE (120)
  HIGHEST GUST SPEED    MM   HIGHEST GUST DIRECTION    MM
  AVERAGE WIND SPEED     7.6


SKY COVER
  POSSIBLE SUNSHINE  MM
  AVERAGE SKY COVER 0.1


WEATHER CONDITIONS
 THE FOLLOWING WEATHER WAS RECORDED YESTERDAY.
  NO SIGNIFICANT WEATHER WAS OBSERVED.


RELATIVE HUMIDITY (PERCENT)
 HIGHEST    97           700 AM
 LOWEST     64          1000 AM
 AVERAGE    81

..........................................................


THE ST SIMONS ISLAND CLIMATE NORMALS FOR TODAY
                         NORMAL    RECORD    YEAR
 MAXIMUM TEMPERATURE (F)   71        88      2011
 MINIMUM TEMPERATURE (F)   54        30      1955


SUNRISE AND SUNSET
MARCH 27 2017.........SUNRISE   720 AM EDT   SUNSET   742 PM EDT
MARCH 28 2017.........SUNRISE   719 AM EDT   SUNSET   742 PM EDT


-  INDICATES NEGATIVE NUMBERS.
R  INDICATES RECORD WAS SET OR TIED.
MM INDICATES DATA IS MISSING.
T  INDICATES TRACE AMOUNT.




$$
