000
CDUS42 KJAX 280532
CLISSI


CLIMATE REPORT
NATIONAL WEATHER SERVICE JACKSONVILLE FL
1231 AM EST WED JAN 28 2015


...................................

...THE ST SIMONS ISLAND CLIMATE SUMMARY FOR JANUARY 27 2015...

CLIMATE NORMAL PERIOD 1981 TO 2010
CLIMATE RECORD PERIOD 1948 TO 2015


WEATHER ITEM   OBSERVED TIME   RECORD YEAR NORMAL DEPARTURE LAST
                VALUE   (LST)  VALUE       VALUE  FROM      YEAR
                                                  NORMAL
..................................................................
TEMPERATURE (F)
 YESTERDAY
  MAXIMUM         58    407 PM  78    1974  61     -3       68
  MINIMUM         39    758 AM  20    1986  43     -4       45
  AVERAGE         49                        52     -3       57

PRECIPITATION (IN)
  YESTERDAY        0.00          1.47 1998   0.12  -0.12     0.00
  MONTH TO DATE    3.03                      2.76   0.27     3.56
  SINCE DEC 1      4.35                      5.40  -1.05     5.44
  SINCE JAN 1      3.03                      2.76   0.27     3.56

SNOWFALL (IN)
  YESTERDAY        0.0           0.0    MM                   0.0
  MONTH TO DATE    0.0                                       0.0
  SINCE DEC 1      0.0                                       0.0
  SINCE JUL 1      0.0                                       0.0
  SNOW DEPTH       0

DEGREE DAYS
 HEATING
  YESTERDAY       16                        13      3        8
  MONTH TO DATE  332                       372    -40      433
  SINCE DEC 1    588                       723   -135      662
  SINCE JUL 1    874                       903    -29      852

 COOLING
  YESTERDAY        0                         0      0        0
  MONTH TO DATE    6                         0      6        0
  SINCE DEC 1     12                        13     -1       18
  SINCE JAN 1      6                         0      6        0
..................................................................


WIND (MPH)
  HIGHEST WIND SPEED    17   HIGHEST WIND DIRECTION    NW (300)
  HIGHEST GUST SPEED    27   HIGHEST GUST DIRECTION     W (290)
  AVERAGE WIND SPEED     9.0


SKY COVER
  POSSIBLE SUNSHINE  MM
  AVERAGE SKY COVER 0.1


WEATHER CONDITIONS
 THE FOLLOWING WEATHER WAS RECORDED YESTERDAY.
  NO SIGNIFICANT WEATHER WAS OBSERVED.


RELATIVE HUMIDITY (PERCENT)
 HIGHEST    79           800 AM
 LOWEST     41           500 PM
 AVERAGE    60

..........................................................


THE ST SIMONS ISLAND CLIMATE NORMALS FOR TODAY
                         NORMAL    RECORD    YEAR
 MAXIMUM TEMPERATURE (F)   61        81      1972
 MINIMUM TEMPERATURE (F)   43        17      1986


SUNRISE AND SUNSET
JANUARY 28 2015.......SUNRISE   720 AM EST   SUNSET   557 PM EST
JANUARY 29 2015.......SUNRISE   720 AM EST   SUNSET   558 PM EST


-  INDICATES NEGATIVE NUMBERS.
R  INDICATES RECORD WAS SET OR TIED.
MM INDICATES DATA IS MISSING.
T  INDICATES TRACE AMOUNT.




$$
