000
CDUS43 KMPX 250740
CLISTC


CLIMATE REPORT
NATIONAL WEATHER SERVICE CHANHASSEN MN
239 AM CDT MON MAY 25 2015


...................................

...THE ST CLOUD MN CLIMATE SUMMARY FOR MAY 24 2015...

CLIMATE NORMAL PERIOD 1981 TO 2010
CLIMATE RECORD PERIOD 1893 TO 2015


WEATHER ITEM   OBSERVED TIME   RECORD YEAR NORMAL DEPARTURE LAST
                VALUE   (LST)  VALUE       VALUE  FROM      YEAR
                                                  NORMAL
..................................................................
TEMPERATURE (F)
 YESTERDAY
  MAXIMUM         63    144 PM  94    2010  71     -8       82
  MINIMUM         57   1159 PM  30    1949  47     10       62
  AVERAGE         60                        59      1       72

PRECIPITATION (IN)
  YESTERDAY        0.51          1.29 1973   0.10   0.41     0.00
  MONTH TO DATE    5.70                      2.25   3.45     4.15
  SINCE MAR 1      7.75                      6.37   1.38    11.25
  SINCE JAN 1      8.34                      7.61   0.73    13.76

SNOWFALL (IN)
  YESTERDAY        0.0           0.0    MM   0.0    0.0      0.0
  MONTH TO DATE    0.0                       0.0    0.0      0.0
  SINCE MAR 1      4.3                      11.5   -7.2     21.2
  SINCE JUL 1     31.1                      45.7  -14.6     75.5
  SNOW DEPTH       0

DEGREE DAYS
 HEATING
  YESTERDAY        5                         7     -2        0
  MONTH TO DATE  261                       244     17      266
  SINCE MAR 1   1813                      1965   -152     2289
  SINCE JUL 1   8071                      8411   -340     9498

 COOLING
  YESTERDAY        0                         1     -1        7
  MONTH TO DATE    0                        16    -16        9
  SINCE MAR 1      0                        18    -18        9
  SINCE JAN 1      0                        18    -18        9
..................................................................


WIND (MPH)
  HIGHEST WIND SPEED    14   HIGHEST WIND DIRECTION     E (90)
  HIGHEST GUST SPEED    20   HIGHEST GUST DIRECTION     E (80)
  AVERAGE WIND SPEED     6.4


SKY COVER
  POSSIBLE SUNSHINE  MM
  AVERAGE SKY COVER 1.0


WEATHER CONDITIONS
 THE FOLLOWING WEATHER WAS RECORDED YESTERDAY.
  LIGHT RAIN
  FOG


RELATIVE HUMIDITY (PERCENT)
 HIGHEST   100           700 PM
 LOWEST     62          1200 AM
 AVERAGE    81

..........................................................


THE ST CLOUD MN CLIMATE NORMALS FOR TODAY
                         NORMAL    RECORD    YEAR
 MAXIMUM TEMPERATURE (F)   71        93      1978
 MINIMUM TEMPERATURE (F)   47        31      1913


SUNRISE AND SUNSET
MAY 25 2015...........SUNRISE   536 AM CDT   SUNSET   851 PM CDT
MAY 26 2015...........SUNRISE   535 AM CDT   SUNSET   852 PM CDT


-  INDICATES NEGATIVE NUMBERS.
R  INDICATES RECORD WAS SET OR TIED.
MM INDICATES DATA IS MISSING.
T  INDICATES TRACE AMOUNT.




$$
