000
CDUS43 KMPX 290040
CLISTC


CLIMATE REPORT
NATIONAL WEATHER SERVICE CHANHASSEN MN
740 PM CDT WED JUN 28 2017


...................................

...THE ST CLOUD MN CLIMATE SUMMARY FOR JUNE 28 2017...
VALID TODAY AS OF 0700 PM LOCAL TIME.

CLIMATE NORMAL PERIOD 1981 TO 2010
CLIMATE RECORD PERIOD 1893 TO 2017


WEATHER ITEM   OBSERVED TIME   RECORD YEAR NORMAL DEPARTURE LAST
                VALUE   (LST)  VALUE       VALUE  FROM      YEAR
                                                  NORMAL
..................................................................
TEMPERATURE (F)
 TODAY
  MAXIMUM         76    429 PM 102    1931  81     -5       74
  MINIMUM         60   1241 AM  44    1911  57      3       50
                                      1895
  AVERAGE         68                        69     -1       62

PRECIPITATION (IN)
  TODAY            0.48          2.61 1990   0.14   0.34     0.00
  MONTH TO DATE    1.91                      3.90  -1.99     3.28
  SINCE JUN 1      1.91                      3.90  -1.99     3.28
  SINCE JAN 1     11.61                     12.21  -0.60     9.63

SNOWFALL (IN)
  TODAY            0.0           0.0    MM   0.0    0.0      0.0
  MONTH TO DATE    0.0                       0.0    0.0      0.0
  SINCE JUN 1      0.0                       0.0    0.0      0.0
  SINCE JUL 1     31.9                      45.7  -13.8     30.3
  SNOW DEPTH       0

DEGREE DAYS
 HEATING
  TODAY            0                         1     -1        3
  MONTH TO DATE   41                        76    -35       33
  SINCE JUN 1     41                        76    -35       33
  SINCE JUL 1   7327                      8530  -1203     7170

 COOLING
  TODAY            3                         5     -2        0
  MONTH TO DATE   77                        85     -8      108
  SINCE JUN 1     77                        85     -8      108
  SINCE JAN 1     80                       110    -30      139
..................................................................


WIND (MPH)
  HIGHEST WIND SPEED    22   HIGHEST WIND DIRECTION     W (270)
  HIGHEST GUST SPEED    30   HIGHEST GUST DIRECTION     W (270)
  AVERAGE WIND SPEED    11.8


SKY COVER
  POSSIBLE SUNSHINE  MM
  AVERAGE SKY COVER 0.9


WEATHER CONDITIONS
 THE FOLLOWING WEATHER WAS RECORDED TODAY.
  THUNDERSTORM
  RAIN
  LIGHT RAIN
  FOG


RELATIVE HUMIDITY (PERCENT)
 HIGHEST   100           500 AM
 LOWEST     63           200 AM
 AVERAGE    82

..........................................................


THE ST CLOUD MN CLIMATE NORMALS FOR TOMORROW
                         NORMAL    RECORD    YEAR
 MAXIMUM TEMPERATURE (F)   81       100      1931
 MINIMUM TEMPERATURE (F)   57        43      1895


SUNRISE AND SUNSET
JUNE 28 2017..........SUNRISE   530 AM CDT   SUNSET   909 PM CDT
JUNE 29 2017..........SUNRISE   530 AM CDT   SUNSET   909 PM CDT


-  INDICATES NEGATIVE NUMBERS.
R  INDICATES RECORD WAS SET OR TIED.
MM INDICATES DATA IS MISSING.
T  INDICATES TRACE AMOUNT.




$$
