000
CDUS43 KMPX 180808
CLISTC


CLIMATE REPORT
NATIONAL WEATHER SERVICE CHANHASSEN MN
206 AM CST MON DEC 18 2017


...................................

...THE ST CLOUD MN CLIMATE SUMMARY FOR DECEMBER 17 2017...

CLIMATE NORMAL PERIOD 1981 TO 2010
CLIMATE RECORD PERIOD 1893 TO 2017


WEATHER ITEM   OBSERVED TIME   RECORD YEAR NORMAL DEPARTURE LAST
                VALUE   (LST)  VALUE       VALUE  FROM      YEAR
                                                  NORMAL
..................................................................
TEMPERATURE (F)
 YESTERDAY
  MAXIMUM         27    204 PM  54    1939  24      3        9
  MINIMUM         17    153 AM -24    1983   6     11      -17
                                      1953
  AVERAGE         22                        15      7       -4

PRECIPITATION (IN)
  YESTERDAY        0.00          0.60 1977   0.03  -0.03     0.05
  MONTH TO DATE    0.25                      0.47  -0.22     0.74
  SINCE DEC 1      0.25                      0.47  -0.22     0.74
  SINCE JAN 1     30.01                     27.38   2.63    33.01

SNOWFALL (IN)
  YESTERDAY        0.0           5.5  1908   0.3   -0.3      0.3
  MONTH TO DATE    1.8                       5.2   -3.4      8.7
  SINCE DEC 1      1.8                       5.2   -3.4      8.7
  SINCE JUL 1      8.9                      14.4   -5.5     16.0
  SNOW DEPTH       1

DEGREE DAYS
 HEATING
  YESTERDAY       43                        50     -7       69
  MONTH TO DATE  715                       800    -85      867
  SINCE DEC 1    715                       800    -85      867
  SINCE JUL 1   2481                      2725   -244     2241

 COOLING
  YESTERDAY        0                         0      0        0
  MONTH TO DATE    0                         0      0        0
  SINCE DEC 1      0                         0      0        0
  SINCE JAN 1    361                       465   -104      506
..................................................................


WIND (MPH)
  HIGHEST WIND SPEED     7   HIGHEST WIND DIRECTION     S (170)
  HIGHEST GUST SPEED     8   HIGHEST GUST DIRECTION     S (180)
  AVERAGE WIND SPEED     2.3


SKY COVER
  POSSIBLE SUNSHINE  MM
  AVERAGE SKY COVER 0.7


WEATHER CONDITIONS
 THE FOLLOWING WEATHER WAS RECORDED YESTERDAY.
  NO SIGNIFICANT WEATHER WAS OBSERVED.


RELATIVE HUMIDITY (PERCENT)
 HIGHEST    96           800 PM
 LOWEST     81          1200 PM
 AVERAGE    89

..........................................................


THE ST CLOUD MN CLIMATE NORMALS FOR TODAY
                         NORMAL    RECORD    YEAR
 MAXIMUM TEMPERATURE (F)   24        47      2011
 MINIMUM TEMPERATURE (F)    6       -30      1983


SUNRISE AND SUNSET
DECEMBER 18 2017......SUNRISE   752 AM CST   SUNSET   434 PM CST
DECEMBER 19 2017......SUNRISE   752 AM CST   SUNSET   435 PM CST


-  INDICATES NEGATIVE NUMBERS.
R  INDICATES RECORD WAS SET OR TIED.
MM INDICATES DATA IS MISSING.
T  INDICATES TRACE AMOUNT.




$$
