758
CDUS43 KEAX 120634
CLISTJ


CLIMATE REPORT
NATIONAL WEATHER SERVICE KANSAS CITY/PLEASANT HILL MO
1234 AM CST FRI FEB 12 2016


...................................

...THE ST. JOSEPH MO CLIMATE SUMMARY FOR FEBRUARY 11 2016...

CLIMATE NORMAL PERIOD 1981 TO 2010
CLIMATE RECORD PERIOD 1892 TO 2016


WEATHER ITEM   OBSERVED TIME   RECORD YEAR NORMAL DEPARTURE LAST
                VALUE   (LST)  VALUE       VALUE  FROM      YEAR
                                                  NORMAL
..................................................................
TEMPERATURE (F)
 YESTERDAY
  MAXIMUM         35    540 PM  71    1951  41     -6       39
  MINIMUM         20    719 AM -14    1981  21     -1       23
  AVERAGE         28                        31     -3       31

PRECIPITATION (IN)
  YESTERDAY        0.00          0.85 1983   0.03  -0.03     0.00
  MONTH TO DATE    0.32                      0.33  -0.01     0.25
  SINCE DEC 1      3.16                      2.41   0.75     2.36
  SINCE JAN 1      0.91                      0.89   0.02     1.40

DEGREE DAYS
 HEATING
  YESTERDAY       37                        34      3       34
  MONTH TO DATE  361                       387    -26      412
  SINCE DEC 1   2350                      2659   -309     2503
  SINCE JUL 1   3186                      3770   -584     3749

 COOLING
  YESTERDAY        0                         0      0        0
  MONTH TO DATE    0                         0      0        0
  SINCE DEC 1      0                         0      0        0
  SINCE JAN 1      0                         0      0        0
..................................................................


WIND (MPH)
  HIGHEST WIND SPEED    15   HIGHEST WIND DIRECTION    NE (40)
  HIGHEST GUST SPEED    19   HIGHEST GUST DIRECTION    NE (50)
  AVERAGE WIND SPEED     6.5


SKY COVER
  POSSIBLE SUNSHINE  MM
  AVERAGE SKY COVER 0.5


WEATHER CONDITIONS
 THE FOLLOWING WEATHER WAS RECORDED YESTERDAY.
  NO SIGNIFICANT WEATHER WAS OBSERVED.


RELATIVE HUMIDITY (PERCENT)
 HIGHEST    91           600 AM
 LOWEST     56           300 PM
 AVERAGE    74

..........................................................


THE ST. JOSEPH MO CLIMATE NORMALS FOR TODAY
                         NORMAL    RECORD    YEAR
 MAXIMUM TEMPERATURE (F)   41        71      1990
 MINIMUM TEMPERATURE (F)   21       -10      1944


SUNRISE AND SUNSET
FEBRUARY 12 2016......SUNRISE   716 AM CST   SUNSET   552 PM CST
FEBRUARY 13 2016......SUNRISE   715 AM CST   SUNSET   553 PM CST


-  INDICATES NEGATIVE NUMBERS.
R  INDICATES RECORD WAS SET OR TIED.
MM INDICATES DATA IS MISSING.
T  INDICATES TRACE AMOUNT.




$$
