000
CDUS43 KEAX 180044
CLISTJ


CLIMATE REPORT
NATIONAL WEATHER SERVICE KANSAS CITY/PLEASANT HILL MO
744 PM CDT THU APR 17 2014


...................................

...THE ST. JOSEPH MO CLIMATE SUMMARY FOR APRIL 17 2014...
VALID TODAY AS OF 0700 PM LOCAL TIME.

CLIMATE NORMAL PERIOD 1981 TO 2010
CLIMATE RECORD PERIOD 1892 TO 2014


WEATHER ITEM   OBSERVED TIME   RECORD YEAR NORMAL DEPARTURE LAST
                VALUE   (LST)  VALUE       VALUE  FROM      YEAR
                                                  NORMAL
..................................................................
TEMPERATURE (F)
 TODAY
  MAXIMUM         56    448 PM  90    1975  66    -10       49
  MINIMUM         36    630 AM  24    1921  43     -7       43
  AVERAGE         46                        55     -9       46

PRECIPITATION (IN)
  TODAY            0.00          2.38 1941   0.12  -0.12     0.82
  MONTH TO DATE    2.04                      1.78   0.26     2.69
  SINCE MAR 1      2.45                      4.03  -1.58     4.77
  SINCE JAN 1      3.27                      5.52  -2.25     5.78

DEGREE DAYS
 HEATING
  TODAY           19                        11      8       19
  MONTH TO DATE  286                       227     59      287
  SINCE MAR 1   1112                       912    200     1136
  SINCE JUL 1   6052                      5220    832     5240

 COOLING
  TODAY            0                         1     -1        0
  MONTH TO DATE    3                        10     -7        0
  SINCE MAR 1      3                        12     -9        0
  SINCE JAN 1      3                        12     -9        0
..................................................................


WIND (MPH)
  HIGHEST WIND SPEED    20   HIGHEST WIND DIRECTION    NW (330)
  HIGHEST GUST SPEED    24   HIGHEST GUST DIRECTION    NW (330)
  AVERAGE WIND SPEED    10.2


SKY COVER
  AVERAGE SKY COVER 0.6


WEATHER CONDITIONS
 THE FOLLOWING WEATHER WAS RECORDED TODAY.
  NO SIGNIFICANT WEATHER WAS OBSERVED.


RELATIVE HUMIDITY (PERCENT)
 HIGHEST    70          1200 AM
 LOWEST     41           400 PM
 AVERAGE    56

..........................................................


THE ST. JOSEPH MO CLIMATE NORMALS FOR TOMORROW
                         NORMAL    RECORD    YEAR
 MAXIMUM TEMPERATURE (F)   67        90      1972
 MINIMUM TEMPERATURE (F)   43        29      1953


SUNRISE AND SUNSET
APRIL 17 2014.........SUNRISE   639 AM CDT   SUNSET   800 PM CDT
APRIL 18 2014.........SUNRISE   638 AM CDT   SUNSET   801 PM CDT


-  INDICATES NEGATIVE NUMBERS.
R  INDICATES RECORD WAS SET OR TIED.
MM INDICATES DATA IS MISSING.
T  INDICATES TRACE AMOUNT.




$$
