000
CDUS43 KEAX 250635
CLISTJ


CLIMATE REPORT
NATIONAL WEATHER SERVICE KANSAS CITY/PLEASANT HILL MO
135 AM CDT FRI JUL 25 2014


...................................

...THE ST. JOSEPH MO CLIMATE SUMMARY FOR JULY 24 2014...

CLIMATE NORMAL PERIOD 1981 TO 2010
CLIMATE RECORD PERIOD 1892 TO 2014


WEATHER ITEM   OBSERVED TIME   RECORD YEAR NORMAL DEPARTURE LAST
                VALUE   (LST)  VALUE       VALUE  FROM      YEAR
                                                  NORMAL
..................................................................
TEMPERATURE (F)
 YESTERDAY
  MAXIMUM         83    328 PM 108    1934  87     -4       85
  MINIMUM         65    540 AM  54    2003  67     -2       57
  AVERAGE         74                        77     -3       71

PRECIPITATION (IN)
  YESTERDAY        0.00          1.56 1979   0.19  -0.19     0.00
  MONTH TO DATE    4.41                      3.96   0.45     0.19
  SINCE JUN 1     12.32                      8.14   4.18     2.28
  SINCE JAN 1     20.09                     21.09  -1.00    16.33

DEGREE DAYS
 HEATING
  YESTERDAY        0                         0      0        0
  MONTH TO DATE    6                         0      6        0
  SINCE JUN 1      7                         8     -1       15
  SINCE JUL 1      6                         0      6        0

 COOLING
  YESTERDAY        9                        12     -3        6
  MONTH TO DATE  204                       286    -82      313
  SINCE JUN 1    483                       553    -70      588
  SINCE JAN 1    644                       666    -22      714
..................................................................


WIND (MPH)
  HIGHEST WIND SPEED    18   HIGHEST WIND DIRECTION     S (170)
  HIGHEST GUST SPEED    24   HIGHEST GUST DIRECTION     S (160)
  AVERAGE WIND SPEED     9.8


SKY COVER
  POSSIBLE SUNSHINE  MM
  AVERAGE SKY COVER 0.0


WEATHER CONDITIONS
 THE FOLLOWING WEATHER WAS RECORDED YESTERDAY.
  NO SIGNIFICANT WEATHER WAS OBSERVED.


RELATIVE HUMIDITY (PERCENT)
 HIGHEST    78           400 AM
 LOWEST     51          1200 PM
 AVERAGE    65

..........................................................


THE ST. JOSEPH MO CLIMATE NORMALS FOR TODAY
                         NORMAL    RECORD    YEAR
 MAXIMUM TEMPERATURE (F)   87       108      1936
 MINIMUM TEMPERATURE (F)   67        53      1975


SUNRISE AND SUNSET
JULY 25 2014..........SUNRISE   612 AM CDT   SUNSET   839 PM CDT
JULY 26 2014..........SUNRISE   613 AM CDT   SUNSET   839 PM CDT


-  INDICATES NEGATIVE NUMBERS.
R  INDICATES RECORD WAS SET OR TIED.
MM INDICATES DATA IS MISSING.
T  INDICATES TRACE AMOUNT.




$$
