425
CDUS43 KEAX 290035
CLISTJ


CLIMATE REPORT
NATIONAL WEATHER SERVICE KANSAS CITY/PLEASANT HILL MO
734 PM CDT SUN AUG 28 2016


...................................

...THE ST. JOSEPH MO CLIMATE SUMMARY FOR AUGUST 28 2016...
VALID TODAY AS OF 0700 PM LOCAL TIME.

CLIMATE NORMAL PERIOD 1981 TO 2010
CLIMATE RECORD PERIOD 1892 TO 2016


WEATHER ITEM   OBSERVED TIME   RECORD YEAR NORMAL DEPARTURE LAST
                VALUE   (LST)  VALUE       VALUE  FROM      YEAR
                                                  NORMAL
..................................................................
TEMPERATURE (F)
 TODAY
  MAXIMUM         89   1150 AM 104    1984  85      4       82
  MINIMUM         67    534 AM  41    1986  61      6       69
  AVERAGE         78                        73      5       76

PRECIPITATION (IN)
  TODAY            0.00          1.80 1977   0.14  -0.14     0.02
  MONTH TO DATE    6.50                      3.55   2.95     0.22
  SINCE JUN 1     15.75                     12.92   2.83    12.91
  SINCE JAN 1     29.88                     25.87   4.01    28.60

DEGREE DAYS
 HEATING
  TODAY            0                         0      0        0
  MONTH TO DATE    0                         0      0        4
  SINCE JUN 1      2                         9     -7        5
  SINCE JUL 1      2                         1      1        4

 COOLING
  TODAY           13                         8      5       11
  MONTH TO DATE  314                       300     14      238
  SINCE JUN 1   1156                       941    215      937
  SINCE JAN 1   1239                      1054    185     1005
..................................................................


WIND (MPH)
  HIGHEST WIND SPEED    16   HIGHEST WIND DIRECTION     N (20)
  HIGHEST GUST SPEED    21   HIGHEST GUST DIRECTION     N (10)
  AVERAGE WIND SPEED     4.1


SKY COVER
  AVERAGE SKY COVER 0.1


WEATHER CONDITIONS
 THE FOLLOWING WEATHER WAS RECORDED TODAY.
  THUNDERSTORM
  HAZE


RELATIVE HUMIDITY (PERCENT)
 HIGHEST    97           100 AM
 LOWEST     59          1200 PM
 AVERAGE    78

..........................................................


THE ST. JOSEPH MO CLIMATE NORMALS FOR TOMORROW
                         NORMAL    RECORD    YEAR
 MAXIMUM TEMPERATURE (F)   85       106      1984
 MINIMUM TEMPERATURE (F)   61        45      1988


SUNRISE AND SUNSET
AUGUST 28 2016........SUNRISE   644 AM CDT   SUNSET   756 PM CDT
AUGUST 29 2016........SUNRISE   645 AM CDT   SUNSET   755 PM CDT


-  INDICATES NEGATIVE NUMBERS.
R  INDICATES RECORD WAS SET OR TIED.
MM INDICATES DATA IS MISSING.
T  INDICATES TRACE AMOUNT.




$$
