000
CDUS43 KEAX 250032
CLISTJ


CLIMATE REPORT
NATIONAL WEATHER SERVICE KANSAS CITY/PLEASANT HILL MO
732 PM CDT THU APR 24 2014


...................................

...THE ST. JOSEPH MO CLIMATE SUMMARY FOR APRIL 24 2014...
VALID TODAY AS OF 0700 PM LOCAL TIME.

CLIMATE NORMAL PERIOD 1981 TO 2010
CLIMATE RECORD PERIOD 1892 TO 2014


WEATHER ITEM   OBSERVED TIME   RECORD YEAR NORMAL DEPARTURE LAST
                VALUE   (LST)  VALUE       VALUE  FROM      YEAR
                                                  NORMAL
..................................................................
TEMPERATURE (F)
 TODAY
  MAXIMUM         68    300 AM  92    1989  68      0       56
  MINIMUM         54   1227 PM  27    2013  45      9       27
                                      1967
  AVERAGE         61                        57      4       42

PRECIPITATION (IN)
  TODAY            1.01R         0.82 1976   0.16   0.85     0.00
                                      1953
  MONTH TO DATE    3.38                      2.77   0.61     3.42
  SINCE MAR 1      3.79                      5.02  -1.23     5.50
  SINCE JAN 1      4.61                      6.51  -1.90     6.51

DEGREE DAYS
 HEATING
  TODAY            4                         9     -5       23
  MONTH TO DATE  324                       297     27      433
  SINCE MAR 1   1150                       982    168     1282
  SINCE JUL 1   6090                      5290    800     5386

 COOLING
  TODAY            0                         1     -1        0
  MONTH TO DATE    6                        17    -11        0
  SINCE MAR 1      6                        19    -13        0
  SINCE JAN 1      6                        19    -13        0
..................................................................


WIND (MPH)
  HIGHEST WIND SPEED    28   HIGHEST WIND DIRECTION    NW (300)
  HIGHEST GUST SPEED    35   HIGHEST GUST DIRECTION    NW (310)
  AVERAGE WIND SPEED    11.4


SKY COVER
  AVERAGE SKY COVER 0.7


WEATHER CONDITIONS
 THE FOLLOWING WEATHER WAS RECORDED TODAY.
  THUNDERSTORM
  HEAVY RAIN
  RAIN
  LIGHT RAIN
  FOG


RELATIVE HUMIDITY (PERCENT)
 HIGHEST    93           700 AM
 LOWEST     43          1200 AM
 AVERAGE    68

..........................................................


THE ST. JOSEPH MO CLIMATE NORMALS FOR TOMORROW
                         NORMAL    RECORD    YEAR
 MAXIMUM TEMPERATURE (F)   68        96      2012
 MINIMUM TEMPERATURE (F)   46        31      2013


SUNRISE AND SUNSET
APRIL 24 2014.........SUNRISE   629 AM CDT   SUNSET   807 PM CDT
APRIL 25 2014.........SUNRISE   628 AM CDT   SUNSET   808 PM CDT


-  INDICATES NEGATIVE NUMBERS.
R  INDICATES RECORD WAS SET OR TIED.
MM INDICATES DATA IS MISSING.
T  INDICATES TRACE AMOUNT.




$$
