000
CDUS43 KEAX 020039
CLISTJ


CLIMATE REPORT
NATIONAL WEATHER SERVICE KANSAS CITY/PLEASANT HILL MO
639 PM CST SUN MAR 1 2015


...................................

...THE ST. JOSEPH MO CLIMATE SUMMARY FOR MARCH 1 2015...
VALID TODAY AS OF 0600 PM LOCAL TIME.

CLIMATE NORMAL PERIOD 1981 TO 2010
CLIMATE RECORD PERIOD 1892 TO 2015


WEATHER ITEM   OBSERVED TIME   RECORD YEAR NORMAL DEPARTURE LAST
                VALUE   (LST)  VALUE       VALUE  FROM      YEAR
                                                  NORMAL
..................................................................
TEMPERATURE (F)
 TODAY
  MAXIMUM         33    500 PM  85    1992  47    -14       29
  MINIMUM         22    853 AM  -9    1962  26     -4        3
  AVERAGE         28                        36     -8       16

PRECIPITATION (IN)
  TODAY            T             1.14 1991   0.06  -0.06     0.01
  MONTH TO DATE    T                         0.06  -0.06     0.01
  SINCE MAR 1      T                         0.06  -0.06     0.01
  SINCE JAN 1      1.75                      1.55   0.20     0.83

DEGREE DAYS
 HEATING
  TODAY           37                        28      9       49
  MONTH TO DATE   37                        28      9       49
  SINCE MAR 1     37                        28      9       49
  SINCE JUL 1   4561                      4336    225     4989

 COOLING
  TODAY            0                         0      0        0
  MONTH TO DATE    0                         0      0        0
  SINCE MAR 1      0                         0      0        0
  SINCE JAN 1      0                         0      0        0
..................................................................


WIND (MPH)
  HIGHEST WIND SPEED    10   HIGHEST WIND DIRECTION    NW (330)
  HIGHEST GUST SPEED    13   HIGHEST GUST DIRECTION     W (290)
  AVERAGE WIND SPEED     2.4


SKY COVER
  AVERAGE SKY COVER 0.7


WEATHER CONDITIONS
 THE FOLLOWING WEATHER WAS RECORDED TODAY.
  LIGHT SNOW
  FOG


RELATIVE HUMIDITY (PERCENT)
 HIGHEST    92           300 AM
 LOWEST     63           400 PM
 AVERAGE    78

..........................................................


THE ST. JOSEPH MO CLIMATE NORMALS FOR TOMORROW
                         NORMAL    RECORD    YEAR
 MAXIMUM TEMPERATURE (F)   48        82      1992
 MINIMUM TEMPERATURE (F)   26        -7      1980


SUNRISE AND SUNSET
MARCH  1 2015.........SUNRISE   653 AM CST   SUNSET   611 PM CST
MARCH  2 2015.........SUNRISE   652 AM CST   SUNSET   613 PM CST


-  INDICATES NEGATIVE NUMBERS.
R  INDICATES RECORD WAS SET OR TIED.
MM INDICATES DATA IS MISSING.
T  INDICATES TRACE AMOUNT.




$$
