000
CDUS43 KEAX 210634
CLISTJ


CLIMATE REPORT
NATIONAL WEATHER SERVICE KANSAS CITY/PLEASANT HILL MO
134 AM CDT THU SEP 21 2017


...................................

...THE ST. JOSEPH MO CLIMATE SUMMARY FOR SEPTEMBER 20 2017...

CLIMATE NORMAL PERIOD 1981 TO 2010
CLIMATE RECORD PERIOD 1892 TO 2017


WEATHER ITEM   OBSERVED TIME   RECORD YEAR NORMAL DEPARTURE LAST
                VALUE   (LST)  VALUE       VALUE  FROM      YEAR
                                                  NORMAL
..................................................................
TEMPERATURE (F)
 YESTERDAY
  MAXIMUM         90    218 PM  95    1980  78     12       93
  MINIMUM         73   1103 PM  32    1991  52     21       68
  AVERAGE         82                        65     17       81

PRECIPITATION (IN)
  YESTERDAY        0.00          2.20 1931   0.11  -0.11     0.00
  MONTH TO DATE    0.30                      2.50  -2.20     7.48
  SINCE SEP 1      0.30                      2.50  -2.20     7.48
  SINCE JAN 1     20.55                     28.80  -8.25    37.60

DEGREE DAYS
 HEATING
  YESTERDAY        0                         3     -3        0
  MONTH TO DATE   14                        29    -15        1
  SINCE SEP 1     14                        29    -15        1
  SINCE JUL 1     20                        34    -14        3

 COOLING
  YESTERDAY       17                         3     14       16
  MONTH TO DATE  112                        97     15      159
  SINCE SEP 1    112                        97     15      159
  SINCE JAN 1   1156                      1174    -18     1431
..................................................................


WIND (MPH)
  HIGHEST WIND SPEED    22   HIGHEST WIND DIRECTION     S (180)
  HIGHEST GUST SPEED    29   HIGHEST GUST DIRECTION     S (190)
  AVERAGE WIND SPEED     9.6


SKY COVER
  POSSIBLE SUNSHINE  MM
  AVERAGE SKY COVER 0.4


WEATHER CONDITIONS
 THE FOLLOWING WEATHER WAS RECORDED YESTERDAY.
  NO SIGNIFICANT WEATHER WAS OBSERVED.


RELATIVE HUMIDITY (PERCENT)
 HIGHEST   100          1000 PM
 LOWEST     56           200 PM
 AVERAGE    78

..........................................................


THE ST. JOSEPH MO CLIMATE NORMALS FOR TODAY
                         NORMAL    RECORD    YEAR
 MAXIMUM TEMPERATURE (F)   77        98      1956
 MINIMUM TEMPERATURE (F)   52        31      1999


SUNRISE AND SUNSET
SEPTEMBER 21 2017.....SUNRISE   707 AM CDT   SUNSET   718 PM CDT
SEPTEMBER 22 2017.....SUNRISE   708 AM CDT   SUNSET   716 PM CDT


-  INDICATES NEGATIVE NUMBERS.
R  INDICATES RECORD WAS SET OR TIED.
MM INDICATES DATA IS MISSING.
T  INDICATES TRACE AMOUNT.




$$
