000
CDUS43 KEAX 200638
CLISTJ


CLIMATE REPORT
NATIONAL WEATHER SERVICE KANSAS CITY/PLEASANT HILL MO
1237 AM CST MON NOV 20 2017


...................................

...THE ST. JOSEPH MO CLIMATE SUMMARY FOR NOVEMBER 19 2017...

CLIMATE NORMAL PERIOD 1981 TO 2010
CLIMATE RECORD PERIOD 1892 TO 2017


WEATHER ITEM   OBSERVED TIME   RECORD YEAR NORMAL DEPARTURE LAST
                VALUE   (LST)  VALUE       VALUE  FROM      YEAR
                                                  NORMAL
..................................................................
TEMPERATURE (F)
 YESTERDAY
  MAXIMUM         53    406 PM  78    1942  51      2       46
  MINIMUM         22    700 AM   7    1914  30     -8       23
  AVERAGE         38                        40     -2       35

PRECIPITATION (IN)
  YESTERDAY        0.00          1.85 1930   0.05  -0.05     0.00
  MONTH TO DATE    0.46                      1.11  -0.65     0.08
  SINCE SEP 1      5.61                      7.34  -1.73    10.40
  SINCE JAN 1     25.86                     33.64  -7.78    40.52

DEGREE DAYS
 HEATING
  YESTERDAY       27                        25      2       30
  MONTH TO DATE  448                       388     60      237
  SINCE SEP 1    756                       802    -46      431
  SINCE JUL 1    762                       807    -45      433

 COOLING
  YESTERDAY        0                         0      0        0
  MONTH TO DATE    0                         0      0        9
  SINCE SEP 1    227                       143     84      275
  SINCE JAN 1   1271                      1220     51     1547
..................................................................


WIND (MPH)
  HIGHEST WIND SPEED    17   HIGHEST WIND DIRECTION    SW (210)
  HIGHEST GUST SPEED    21   HIGHEST GUST DIRECTION    SW (210)
  AVERAGE WIND SPEED     7.7


SKY COVER
  POSSIBLE SUNSHINE  MM
  AVERAGE SKY COVER 0.0


WEATHER CONDITIONS
 THE FOLLOWING WEATHER WAS RECORDED YESTERDAY.
  FOG
  HAZE


RELATIVE HUMIDITY (PERCENT)
 HIGHEST    81           500 AM
 LOWEST     35           300 PM
 AVERAGE    58

..........................................................


THE ST. JOSEPH MO CLIMATE NORMALS FOR TODAY
                         NORMAL    RECORD    YEAR
 MAXIMUM TEMPERATURE (F)   51        76      1933
 MINIMUM TEMPERATURE (F)   29         8      1937


SUNRISE AND SUNSET
NOVEMBER 20 2017......SUNRISE   710 AM CST   SUNSET   500 PM CST
NOVEMBER 21 2017......SUNRISE   711 AM CST   SUNSET   500 PM CST


-  INDICATES NEGATIVE NUMBERS.
R  INDICATES RECORD WAS SET OR TIED.
MM INDICATES DATA IS MISSING.
T  INDICATES TRACE AMOUNT.




$$
