000
CDUS43 KEAX 290632
CLISTJ


CLIMATE REPORT
NATIONAL WEATHER SERVICE KANSAS CITY/PLEASANT HILL MO
131 AM CDT SAT AUG 29 2015


...................................

...THE ST. JOSEPH MO CLIMATE SUMMARY FOR AUGUST 28 2015...

CLIMATE NORMAL PERIOD 1981 TO 2010
CLIMATE RECORD PERIOD 1892 TO 2015


WEATHER ITEM   OBSERVED TIME   RECORD YEAR NORMAL DEPARTURE LAST
                VALUE   (LST)  VALUE       VALUE  FROM      YEAR
                                                  NORMAL
..................................................................
TEMPERATURE (F)
 YESTERDAY
  MAXIMUM         82    146 PM 104    1984  85     -3       91
  MINIMUM         69    722 AM  41    1986  61      8       73
  AVERAGE         76                        73      3       82

PRECIPITATION (IN)
  YESTERDAY        0.02          1.80 1977   0.14  -0.12      T
  MONTH TO DATE    0.22                      3.55  -3.33     1.49
  SINCE JUN 1     12.91                     12.92  -0.01    13.81
  SINCE JAN 1     28.60                     25.87   2.73    21.58

DEGREE DAYS
 HEATING
  YESTERDAY        0                         0      0        0
  MONTH TO DATE    4                         0      4        0
  SINCE JUN 1      5                         9     -4        7
  SINCE JUL 1      4                         1      3        6

 COOLING
  YESTERDAY       11                         8      3       17
  MONTH TO DATE  238                       300    -62      316
  SINCE JUN 1    937                       941     -4      854
  SINCE JAN 1   1005                      1054    -49     1015
..................................................................


WIND (MPH)
  HIGHEST WIND SPEED    22   HIGHEST WIND DIRECTION     S (170)
  HIGHEST GUST SPEED    25   HIGHEST GUST DIRECTION     S (170)
  AVERAGE WIND SPEED    10.7


SKY COVER
  POSSIBLE SUNSHINE  MM
  AVERAGE SKY COVER 0.4


WEATHER CONDITIONS
 THE FOLLOWING WEATHER WAS RECORDED YESTERDAY.
  THUNDERSTORM
  LIGHT RAIN
  FOG


RELATIVE HUMIDITY (PERCENT)
 HIGHEST    90           100 AM
 LOWEST     67           100 PM
 AVERAGE    79

..........................................................


THE ST. JOSEPH MO CLIMATE NORMALS FOR TODAY
                         NORMAL    RECORD    YEAR
 MAXIMUM TEMPERATURE (F)   85       106      1984
 MINIMUM TEMPERATURE (F)   61        45      1988


SUNRISE AND SUNSET
AUGUST 29 2015........SUNRISE   645 AM CDT   SUNSET   756 PM CDT
AUGUST 30 2015........SUNRISE   646 AM CDT   SUNSET   754 PM CDT


-  INDICATES NEGATIVE NUMBERS.
R  INDICATES RECORD WAS SET OR TIED.
MM INDICATES DATA IS MISSING.
T  INDICATES TRACE AMOUNT.




$$
