000
CDUS43 KLSX 290731
CLISTL


CLIMATE REPORT
NATIONAL WEATHER SERVICE ST LOUIS MO
230 AM CDT SAT AUG 29 2015


...................................

...THE ST. LOUIS CLIMATE SUMMARY FOR AUGUST 28 2015...

CLIMATE NORMAL PERIOD 1981 TO 2010
CLIMATE RECORD PERIOD 1874 TO 2015


WEATHER ITEM   OBSERVED TIME   RECORD YEAR NORMAL DEPARTURE LAST
                VALUE   (LST)  VALUE       VALUE  FROM      YEAR
                                                  NORMAL
..................................................................
TEMPERATURE (F)
 YESTERDAY
  MAXIMUM         83    213 PM 101    1990  87     -4       92
                                      1913
  MINIMUM         63    529 AM  48    1986  68     -5       72
  AVERAGE         73                        77     -4       82

PRECIPITATION (IN)
  YESTERDAY        0.00          2.53 1974   0.09  -0.09     0.19
  MONTH TO DATE    6.67                      2.71   3.96     4.90
  SINCE JUN 1     23.94                     11.10  12.84    11.75
  SINCE JAN 1     38.93                     27.47  11.46    28.81

SNOWFALL (IN)
  YESTERDAY        0.0           0.0  2013   0.0    0.0      0.0
  MONTH TO DATE    0.0                       0.0    0.0      0.0
  SINCE JUN 1      0.0                       0.0    0.0      0.0
  SINCE JUL 1      0.0                       0.0    0.0      0.0
  SNOW DEPTH       0

DEGREE DAYS
 HEATING
  YESTERDAY        0                         0      0        0
  MONTH TO DATE    0                         0      0        0
  SINCE JUN 1      3                         5     -2        0
  SINCE JUL 1      0                         0      0        0

 COOLING
  YESTERDAY        8                        12     -4       17
  MONTH TO DATE  356                       390    -34      429
  SINCE JUN 1   1236                      1191     45     1189
  SINCE JAN 1   1460                      1365     95     1451
..................................................................


WIND (MPH)
  HIGHEST WIND SPEED    17   HIGHEST WIND DIRECTION    SE (140)
  HIGHEST GUST SPEED    23   HIGHEST GUST DIRECTION     S (170)
  AVERAGE WIND SPEED     9.7


SKY COVER
  AVERAGE SKY COVER 0.8


WEATHER CONDITIONS
 THE FOLLOWING WEATHER WAS RECORDED YESTERDAY.
  NO SIGNIFICANT WEATHER WAS OBSERVED.


RELATIVE HUMIDITY (PERCENT)
 HIGHEST    84           500 AM
 LOWEST     45          1200 PM
 AVERAGE    65

..........................................................


THE ST. LOUIS CLIMATE NORMALS FOR TODAY
                         NORMAL    RECORD    YEAR
 MAXIMUM TEMPERATURE (F)   86       107      1984
 MINIMUM TEMPERATURE (F)   67        47      1986
                                             1965


SUNRISE AND SUNSET
AUGUST 29 2015........SUNRISE   628 AM CDT   SUNSET   737 PM CDT
AUGUST 30 2015........SUNRISE   629 AM CDT   SUNSET   735 PM CDT


-  INDICATES NEGATIVE NUMBERS.
R  INDICATES RECORD WAS SET OR TIED.
MM INDICATES DATA IS MISSING.
T  INDICATES TRACE AMOUNT.




$$
