000
CDUS43 KLSX 240728
CLISTL


CLIMATE REPORT
NATIONAL WEATHER SERVICE ST LOUIS MO
228 AM CDT FRI MAR 24 2017


...................................

...THE ST. LOUIS CLIMATE SUMMARY FOR MARCH 23 2017...

CLIMATE NORMAL PERIOD 1981 TO 2010
CLIMATE RECORD PERIOD 1874 TO 2017


WEATHER ITEM   OBSERVED TIME   RECORD YEAR NORMAL DEPARTURE LAST
                VALUE   (LST)  VALUE       VALUE  FROM      YEAR
                                                  NORMAL
..................................................................
TEMPERATURE (F)
 YESTERDAY
  MAXIMUM         62    710 PM  87    1910  59      3       69
  MINIMUM         39    911 AM   7    1974  39      0       58
  AVERAGE         51                        49      2       64

PRECIPITATION (IN)
  YESTERDAY        0.11          1.35 1969   0.11   0.00     0.00
  MONTH TO DATE    1.54                      2.33  -0.79     0.94
  SINCE MAR 1      1.54                      2.33  -0.79     0.94
  SINCE JAN 1      3.83                      6.97  -3.14     2.54

SNOWFALL (IN)
  YESTERDAY        0.0           6.5  1974   0.0    0.0      0.0
  MONTH TO DATE    1.8                       2.0   -0.2      0.3
  SINCE MAR 1      1.8                       2.0   -0.2      0.3
  SINCE JUL 1      3.2                      17.0  -13.8     10.9
  SNOW DEPTH       0

DEGREE DAYS
 HEATING
  YESTERDAY       14                        16     -2        1
  MONTH TO DATE  410                       468    -58      282
  SINCE MAR 1    410                       468    -58      282
  SINCE JUL 1   3143                      4066   -923     3112

 COOLING
  YESTERDAY        0                         0      0        0
  MONTH TO DATE    3                         0      3        8
  SINCE MAR 1      3                         0      3        8
  SINCE JAN 1      5                         0      5        8
..................................................................


WIND (MPH)
  HIGHEST WIND SPEED    24   HIGHEST WIND DIRECTION     S (160)
  HIGHEST GUST SPEED    29   HIGHEST GUST DIRECTION     S (160)
  AVERAGE WIND SPEED    15.0


SKY COVER
  AVERAGE SKY COVER 0.7


WEATHER CONDITIONS
 THE FOLLOWING WEATHER WAS RECORDED YESTERDAY.
  THUNDERSTORM
  LIGHT RAIN


RELATIVE HUMIDITY (PERCENT)
 HIGHEST    86          1100 AM
 LOWEST     37          1200 AM
 AVERAGE    62

..........................................................


THE ST. LOUIS CLIMATE NORMALS FOR TODAY
                         NORMAL    RECORD    YEAR
 MAXIMUM TEMPERATURE (F)   59        92      1929
 MINIMUM TEMPERATURE (F)   39         3      1974


SUNRISE AND SUNSET
MARCH 24 2017.........SUNRISE   658 AM CDT   SUNSET   718 PM CDT
MARCH 25 2017.........SUNRISE   657 AM CDT   SUNSET   719 PM CDT


-  INDICATES NEGATIVE NUMBERS.
R  INDICATES RECORD WAS SET OR TIED.
MM INDICATES DATA IS MISSING.
T  INDICATES TRACE AMOUNT.




$$
