000
CDUS46 KMTR 030028
CLISTS


CLIMATE REPORT
NATIONAL WEATHER SERVICE SAN FRANCISCO BAY AREA
528 PM PDT SUN AUG 2 2015


...................................

...THE SANTA ROSA AIRPORT CLIMATE SUMMARY FOR AUGUST 2 2015...
VALID TODAY AS OF 0500 PM LOCAL TIME.

CLIMATE NORMAL PERIOD 1981 TO 2010
CLIMATE RECORD PERIOD 1998 TO 2015


WEATHER ITEM   OBSERVED TIME   RECORD YEAR NORMAL DEPARTURE LAST
                VALUE   (LST)  VALUE       VALUE  FROM      YEAR
                                                  NORMAL
..................................................................
TEMPERATURE (F)
 TODAY
  MAXIMUM         81    334 PM 100    1998  83     -2       79
  MINIMUM         61    540 AM  46    2013  52      9       54
                                      2012
  AVERAGE         71                        67      4       67

PRECIPITATION (IN)
  TODAY            T   R         0.00 2000   0.00   0.00     0.00
  MONTH TO DATE    T                         0.00   0.00     0.00
  SINCE OCT 1     24.56                     35.85 -11.29    14.07
  SINCE JAN 1      6.01                     22.10 -16.09    12.57

DEGREE DAYS
 HEATING
  TODAY            0                                         0
  MONTH TO DATE    0                                         0
  SINCE JUN 1     23                                        29
  SINCE JUL 1      4                                         0

 COOLING
  TODAY            6                                         2
  MONTH TO DATE   12                                         6
  SINCE JUN 1    236                                       195
  SINCE JAN 1    248                                       253
..................................................................


WIND (MPH)
  RESULTANT WIND SPEED   3   RESULTANT WIND DIRECTION   S (160)
  HIGHEST WIND SPEED    13   HIGHEST WIND DIRECTION     S (160)
  HIGHEST GUST SPEED    17   HIGHEST GUST DIRECTION    SE (150)
  AVERAGE WIND SPEED     3.9


SKY COVER
  POSSIBLE SUNSHINE  MM
  AVERAGE SKY COVER 0.8


WEATHER CONDITIONS
 THE FOLLOWING WEATHER WAS RECORDED TODAY.
  LIGHT RAIN


RELATIVE HUMIDITY (PERCENT)
 HIGHEST    90           100 AM
 LOWEST     48          1200 PM
 AVERAGE    69

..........................................................


THE SANTA ROSA AIRPORT CLIMATE NORMALS FOR TOMORROW
                         NORMAL    RECORD    YEAR
 MAXIMUM TEMPERATURE (F)   83       106      1998
 MINIMUM TEMPERATURE (F)   51        47      2008


SUNRISE AND SUNSET
AUGUST  2 2015........SUNRISE   614 AM PDT   SUNSET   821 PM PDT
AUGUST  3 2015........SUNRISE   615 AM PDT   SUNSET   820 PM PDT


-  INDICATES NEGATIVE NUMBERS.
R  INDICATES RECORD WAS SET OR TIED.
MM INDICATES DATA IS MISSING.
T  INDICATES TRACE AMOUNT.




$$
