000
CDUS46 KMTR 240832
CLISTS


CLIMATE REPORT
NATIONAL WEATHER SERVICE SAN FRANCISCO BAY AREA
132 AM PDT SUN MAY 24 2015


...................................

...THE SANTA ROSA AIRPORT CLIMATE SUMMARY FOR MAY 23 2015...

CLIMATE NORMAL PERIOD 1981 TO 2010
CLIMATE RECORD PERIOD 1998 TO 2015


WEATHER ITEM   OBSERVED TIME   RECORD YEAR NORMAL DEPARTURE LAST
                VALUE   (LST)  VALUE       VALUE  FROM      YEAR
                                                  NORMAL
..................................................................
TEMPERATURE (F)
 YESTERDAY
  MAXIMUM         75    410 PM  97    2000  76     -1       80
  MINIMUM         51   1148 PM  40    2002  47      4       50
  AVERAGE         63                        62      1       65

PRECIPITATION (IN)
  YESTERDAY        0.00          0.02 2006   0.02  -0.02     0.00
  MONTH TO DATE    T                         1.14  -1.14     0.02
  SINCE OCT 1     24.49                     35.41 -10.92    14.07
  SINCE JAN 1      5.94                     21.66 -15.72    12.57

DEGREE DAYS
 HEATING
  YESTERDAY        2                                         0
  MONTH TO DATE  126                                        62
  SINCE MAR 1    549                                       536
  SINCE JUL 1   2005                                      2473

 COOLING
  YESTERDAY        0                                         0
  MONTH TO DATE    1                                        23
  SINCE MAR 1     12                                        32
  SINCE JAN 1     12                                        32
..................................................................


WIND (MPH)
  RESULTANT WIND SPEED   4   RESULTANT WIND DIRECTION   S (170)
  HIGHEST WIND SPEED    14   HIGHEST WIND DIRECTION     S (170)
  HIGHEST GUST SPEED    20   HIGHEST GUST DIRECTION     S (160)
  AVERAGE WIND SPEED     4.7


SKY COVER
  POSSIBLE SUNSHINE  MM
  AVERAGE SKY COVER 0.6


WEATHER CONDITIONS
 THE FOLLOWING WEATHER WAS RECORDED YESTERDAY.
  FOG


RELATIVE HUMIDITY (PERCENT)
 HIGHEST    89          1200 AM
 LOWEST     43           400 PM
 AVERAGE    66

..........................................................


THE SANTA ROSA AIRPORT CLIMATE NORMALS FOR TODAY
                         NORMAL    RECORD    YEAR
 MAXIMUM TEMPERATURE (F)   76        85      2001
 MINIMUM TEMPERATURE (F)   48        39      2013


SUNRISE AND SUNSET
MAY 24 2015...........SUNRISE   553 AM PDT   SUNSET   824 PM PDT
MAY 25 2015...........SUNRISE   552 AM PDT   SUNSET   824 PM PDT


-  INDICATES NEGATIVE NUMBERS.
R  INDICATES RECORD WAS SET OR TIED.
MM INDICATES DATA IS MISSING.
T  INDICATES TRACE AMOUNT.




$$
