000
CDUS43 KFSD 230628
CLISUX


CLIMATE REPORT
NATIONAL WEATHER SERVICE SIOUX FALLS SD
126 AM CDT WED JUL 23 2014


...................................

...THE SIOUX CITY IA CLIMATE SUMMARY FOR JULY 22 2014...

CLIMATE NORMAL PERIOD 1981 TO 2010
CLIMATE RECORD PERIOD 1889 TO 2014


WEATHER ITEM   OBSERVED TIME   RECORD YEAR NORMAL DEPARTURE LAST
                VALUE   (LST)  VALUE       VALUE  FROM      YEAR
                                                  NORMAL
..................................................................
TEMPERATURE (F)
 YESTERDAY
  MAXIMUM         87    133 PM 107    1936  85      2       94
  MINIMUM         68   1159 PM  50    1925  63      5       65
  AVERAGE         78                        74      4       80

PRECIPITATION (IN)
  YESTERDAY        T             2.75 2010   0.11  -0.11      T
  MONTH TO DATE    3.51                      2.48   1.03     0.19
  SINCE JUN 1     20.16                      6.37  13.79     3.32
  SINCE JAN 1     25.41                     16.35   9.06    16.55

SNOWFALL (IN)
  YESTERDAY        0.0           0.0    MM   0.0    0.0      0.0
  MONTH TO DATE    0.0                       0.0    0.0      0.0
  SINCE JUN 1      0.0                       0.0    0.0      0.0
  SINCE JUL 1      0.0                       0.0    0.0      0.0
  SNOW DEPTH       0

DEGREE DAYS
 HEATING
  YESTERDAY        0                         0      0        0
  MONTH TO DATE    6                         0      6        0
  SINCE JUN 1     26                        27     -1       40
  SINCE JUL 1      6                         0      6        0

 COOLING
  YESTERDAY       13                        10      3       15
  MONTH TO DATE  140                       214    -74      253
  SINCE JUN 1    335                       402    -67      448
  SINCE JAN 1    456                       466    -10      504
..................................................................


WIND (MPH)
  HIGHEST WIND SPEED    24   HIGHEST WIND DIRECTION     N (360)
  HIGHEST GUST SPEED    31   HIGHEST GUST DIRECTION     N (360)
  AVERAGE WIND SPEED     9.6


SKY COVER
  POSSIBLE SUNSHINE  MM
  AVERAGE SKY COVER 0.0


WEATHER CONDITIONS
 THE FOLLOWING WEATHER WAS RECORDED YESTERDAY.
  NO SIGNIFICANT WEATHER WAS OBSERVED.


RELATIVE HUMIDITY (PERCENT)
 HIGHEST    88           400 AM
 LOWEST     54           700 AM
 AVERAGE    71

..........................................................


THE SIOUX CITY IA CLIMATE NORMALS FOR TODAY
                         NORMAL    RECORD    YEAR
 MAXIMUM TEMPERATURE (F)   85       105      1934
 MINIMUM TEMPERATURE (F)   63        49      1904


SUNRISE AND SUNSET
JULY 23 2014..........SUNRISE   609 AM CDT   SUNSET   854 PM CDT
JULY 24 2014..........SUNRISE   610 AM CDT   SUNSET   853 PM CDT


-  INDICATES NEGATIVE NUMBERS.
R  INDICATES RECORD WAS SET OR TIED.
MM INDICATES DATA IS MISSING.
T  INDICATES TRACE AMOUNT.




$$
