000
CDUS43 KFSD 010046
CLISUX

CLIMATE REPORT
NATIONAL WEATHER SERVICE SIOUX FALLS SD
746 PM CDT THU JUL 31 2014


...................................

...THE SIOUX CITY IA CLIMATE SUMMARY FOR JULY 31 2014...
VALID AS OF 0700 PM LOCAL TIME.

CLIMATE NORMAL PERIOD 1981 TO 2010
CLIMATE RECORD PERIOD 1889 TO 2014


WEATHER ITEM   OBSERVED TIME   RECORD YEAR NORMAL DEPARTURE LAST
                VALUE   (LST)  VALUE       VALUE  FROM      YEAR
                                                  NORMAL
..................................................................
TEMPERATURE (F)
 TODAY
  MAXIMUM         77    337 PM 107    1955  85     -8       87
  MINIMUM         54    522 AM  49    2009  63     -9       57
                                      1971
  AVERAGE         66                        74     -8       72

PRECIPITATION (IN)
  TODAY            0.01          1.40 1896   0.10  -0.09     0.00
  MONTH TO DATE    3.61                      3.44   0.17     0.60
  SINCE JUN 1     20.26                      7.33  12.93     3.73
  SINCE JAN 1     25.51                     17.31   8.20    16.96

SNOWFALL (IN)
  TODAY            0.0           0.0    MM   0.0    0.0      0.0
  MONTH TO DATE    0.0                       0.0    0.0      0.0
  SINCE JUN 1      0.0                       0.0    0.0      0.0
  SINCE JUL 1      0.0                       0.0    0.0      0.0
  SNOW DEPTH       0

DEGREE DAYS
 HEATING
  TODAY            0                         0      0        0
  MONTH TO DATE    6                         0      6       15
  SINCE JUN 1     26                        30     -4       55
  SINCE JUL 1      6                         3      3       15

 COOLING
  TODAY            1                         9     -8        7
  MONTH TO DATE  193                       293   -100      286
  SINCE JUN 1    388                       481    -93      481
  SINCE JAN 1    509                       545    -36      537
..................................................................


WIND (MPH)
  HIGHEST WIND SPEED    10   HIGHEST WIND DIRECTION     E (90)
  HIGHEST GUST SPEED    14   HIGHEST GUST DIRECTION     E (90)
  AVERAGE WIND SPEED     3.3


SKY COVER
  POSSIBLE SUNSHINE  MM
  AVERAGE SKY COVER 0.5


WEATHER CONDITIONS
 THE FOLLOWING WEATHER WAS RECORDED TODAY.
  LIGHT RAIN
  FOG


RELATIVE HUMIDITY (PERCENT)
 HIGHEST    93           100 AM
 LOWEST     68           100 PM
 AVERAGE    81

..........................................................


THE SIOUX CITY IA CLIMATE NORMALS FOR TOMORROW
                         NORMAL    RECORD    YEAR
 MAXIMUM TEMPERATURE (F)   85       102      1901
 MINIMUM TEMPERATURE (F)   63        51      1995
                                             1977


SUNRISE AND SUNSET
JULY 31 2014..........SUNRISE   617 AM CDT   SUNSET   846 PM CDT
AUGUST  1 2014........SUNRISE   618 AM CDT   SUNSET   845 PM CDT


-  INDICATES NEGATIVE NUMBERS.
R  INDICATES RECORD WAS SET OR TIED.
MM INDICATES DATA IS MISSING.
T  INDICATES TRACE AMOUNT.




&&
.........................................................

ADDITIONAL WEATHER INFORMATION FOR TODAY
        TEMPERATURE / HUMIDITY
AT  4 AM      55    /    89%
AT  7 AM      56    /    92%
AT 10 AM      67    /    78%
AT  1 PM      72    /    71%
AT  4 PM      73    /    68%
AT  7 PM      73    /    68%

THE CURRENT MISSOURI RIVER STAGE... 13.22 FEET

$$
