894
CDUS43 KFSD 312220
CLISUX


CLIMATE REPORT
NATIONAL WEATHER SERVICE SIOUX FALLS SD
520 PM CDT WED AUG 31 2016


...................................

...THE SIOUX CITY IA CLIMATE SUMMARY FOR AUGUST 31 2016...
VALID TODAY AS OF 0500 PM LOCAL TIME.

CLIMATE NORMAL PERIOD 1981 TO 2010
CLIMATE RECORD PERIOD 1889 TO 2016


WEATHER ITEM   OBSERVED TIME   RECORD YEAR NORMAL DEPARTURE LAST
                VALUE   (LST)  VALUE       VALUE  FROM      YEAR
                                                  NORMAL
..................................................................
TEMPERATURE (F)
 TODAY
  MAXIMUM         83    339 PM  96    1948  81      2       84
  MINIMUM         60    620 AM  43    1967  57      3       63
  AVERAGE         72                        69      3       74

PRECIPITATION (IN)
  TODAY            0.00          1.24 1921   0.11  -0.11     0.00
  MONTH TO DATE    5.05                      3.23   1.82     5.97
  SINCE JUN 1      8.62                     10.56  -1.94    15.84
  SINCE JAN 1     24.35                     20.54   3.81    23.74

SNOWFALL (IN)
  TODAY            0.0           0.0    MM   0.0    0.0      0.0
  MONTH TO DATE    0.0                       0.0    0.0      0.0
  SINCE JUN 1      0.0                       0.0    0.0      0.0
  SINCE JUL 1      0.0                       0.0    0.0      0.0
  SNOW DEPTH       0

DEGREE DAYS
 HEATING
  TODAY            0                         1     -1        0
  MONTH TO DATE    0                         9     -9       20
  SINCE JUN 1      0                        42    -42       25
  SINCE JUL 1      0                        15    -15       23

 COOLING
  TODAY            7                         5      2        9
  MONTH TO DATE  288                       232     56      194
  SINCE JUN 1    970                       713    257      691
  SINCE JAN 1   1022                       777    245      720
..................................................................


WIND (MPH)
  HIGHEST WIND SPEED    10   HIGHEST WIND DIRECTION    NE (60)
  HIGHEST GUST SPEED    13   HIGHEST GUST DIRECTION     N (20)
  AVERAGE WIND SPEED     3.5


SKY COVER
  POSSIBLE SUNSHINE  MM
  AVERAGE SKY COVER 0.1


WEATHER CONDITIONS
 THE FOLLOWING WEATHER WAS RECORDED TODAY.
  FOG
  FOG W/VISIBILITY <= 1/4 MILE


RELATIVE HUMIDITY (PERCENT)
 HIGHEST    93           100 AM
 LOWEST     46           200 PM
 AVERAGE    70

..........................................................


THE SIOUX CITY IA CLIMATE NORMALS FOR TOMORROW
                         NORMAL    RECORD    YEAR
 MAXIMUM TEMPERATURE (F)   81        98      1970
                                             1913
 MINIMUM TEMPERATURE (F)   57        38      1949


SUNRISE AND SUNSET
AUGUST 31 2016........SUNRISE   650 AM CDT   SUNSET   800 PM CDT
SEPTEMBER  1 2016.....SUNRISE   651 AM CDT   SUNSET   759 PM CDT


-  INDICATES NEGATIVE NUMBERS.
R  INDICATES RECORD WAS SET OR TIED.
MM INDICATES DATA IS MISSING.
T  INDICATES TRACE AMOUNT.




$$
