000
CDUS43 KFSD 260621
CLISUX


CLIMATE REPORT
NATIONAL WEATHER SERVICE SIOUX FALLS SD
120 AM CDT MON SEP 26 2016


...................................

...THE SIOUX CITY IA CLIMATE SUMMARY FOR SEPTEMBER 25 2016...

CLIMATE NORMAL PERIOD 1981 TO 2010
CLIMATE RECORD PERIOD 1889 TO 2016


WEATHER ITEM   OBSERVED TIME   RECORD YEAR NORMAL DEPARTURE LAST
                VALUE   (LST)  VALUE       VALUE  FROM      YEAR
                                                  NORMAL
..................................................................
TEMPERATURE (F)
 YESTERDAY
  MAXIMUM         71   1217 AM  93    1998  73     -2       82
                                      1897
  MINIMUM         49   1159 PM  29    1926  46      3       58
                                      1893
  AVERAGE         60                        59      1       70

PRECIPITATION (IN)
  YESTERDAY        T             2.14 2005   0.09  -0.09     0.17
  MONTH TO DATE    2.78                      2.50   0.28     2.71
  SINCE SEP 1      2.78                      2.50   0.28     2.71
  SINCE JAN 1     27.13                     23.04   4.09    26.45

SNOWFALL (IN)
  YESTERDAY        0.0           T    1939   0.0    0.0      0.0
  MONTH TO DATE    0.0                       0.0    0.0      0.0
  SINCE SEP 1      0.0                       0.0    0.0      0.0
  SINCE JUL 1      0.0                       0.0    0.0      0.0
  SNOW DEPTH       0

DEGREE DAYS
 HEATING
  YESTERDAY        5                         7     -2        0
  MONTH TO DATE   18                        93    -75       38
  SINCE SEP 1     18                        93    -75       38
  SINCE JUL 1     18                       108    -90       61

 COOLING
  YESTERDAY        0                         1     -1        5
  MONTH TO DATE  143                        77     66      153
  SINCE SEP 1    143                        77     66      153
  SINCE JAN 1   1165                       854    311      873
..................................................................


WIND (MPH)
  HIGHEST WIND SPEED    31   HIGHEST WIND DIRECTION    NW (310)
  HIGHEST GUST SPEED    40   HIGHEST GUST DIRECTION    NW (310)
  AVERAGE WIND SPEED    13.3


SKY COVER
  POSSIBLE SUNSHINE  MM
  AVERAGE SKY COVER 0.3


WEATHER CONDITIONS
 THE FOLLOWING WEATHER WAS RECORDED YESTERDAY.
  LIGHT RAIN


RELATIVE HUMIDITY (PERCENT)
 HIGHEST    87           200 AM
 LOWEST     37           500 PM
 AVERAGE    62

..........................................................


THE SIOUX CITY IA CLIMATE NORMALS FOR TODAY
                         NORMAL    RECORD    YEAR
 MAXIMUM TEMPERATURE (F)   72        93      1956
 MINIMUM TEMPERATURE (F)   46        25      1984


SUNRISE AND SUNSET
SEPTEMBER 26 2016.....SUNRISE   718 AM CDT   SUNSET   715 PM CDT
SEPTEMBER 27 2016.....SUNRISE   719 AM CDT   SUNSET   713 PM CDT


-  INDICATES NEGATIVE NUMBERS.
R  INDICATES RECORD WAS SET OR TIED.
MM INDICATES DATA IS MISSING.
T  INDICATES TRACE AMOUNT.




$$
