000
CDUS41 KBGM 300536
CLISYR


CLIMATE REPORT
NATIONAL WEATHER SERVICE BINGHAMTON NY
136 AM EDT TUE AUG 30 2016


...................................

...THE SYRACUSE NY CLIMATE SUMMARY FOR AUGUST 29 2016...

CLIMATE NORMAL PERIOD 1981 TO 2010
CLIMATE RECORD PERIOD 1902 TO 2016


WEATHER ITEM   OBSERVED TIME   RECORD YEAR NORMAL DEPARTURE LAST
                VALUE   (LST)  VALUE       VALUE  FROM      YEAR
                                                  NORMAL
..................................................................
TEMPERATURE (F)
 YESTERDAY
  MAXIMUM         79    220 PM  93    1953  78      1       82
  MINIMUM         61   1159 PM  42    1986  58      3       54
  AVERAGE         70                        68      2       68

PRECIPITATION (IN)
  YESTERDAY        0.00          1.73 1975   0.12  -0.12     0.00
  MONTH TO DATE    4.05                      3.34   0.71     1.91
  SINCE JUN 1      8.65                     10.43  -1.78    15.20
  SINCE JAN 1     23.21                     24.36  -1.15    27.32

SNOWFALL (IN)
  YESTERDAY        0.0           0.0  2002   0.0    0.0      0.0
  MONTH TO DATE    0.0                       0.0    0.0      0.0
  SINCE JUN 1      T                         0.0    0.0      0.0
  SINCE JUL 1      0.0                       0.0    0.0      0.0
  SNOW DEPTH       0

DEGREE DAYS
 HEATING
  YESTERDAY        0                         1     -1        0
  MONTH TO DATE    1                        16    -15        3
  SINCE JUN 1     54                        85    -31       61
  SINCE JUL 1      1                        24    -23        8

 COOLING
  YESTERDAY        5                         4      1        3
  MONTH TO DATE  281                       157    124      167
  SINCE JUN 1    647                       473    174      453
  SINCE JAN 1    703                       503    200      558
..................................................................


WIND (MPH)
  HIGHEST WIND SPEED    16   HIGHEST WIND DIRECTION    NW (310)
  HIGHEST GUST SPEED    20   HIGHEST GUST DIRECTION    NW (310)
  AVERAGE WIND SPEED     7.6


SKY COVER
  POSSIBLE SUNSHINE  MM
  AVERAGE SKY COVER 0.5


WEATHER CONDITIONS
 THE FOLLOWING WEATHER WAS RECORDED YESTERDAY.
  NO SIGNIFICANT WEATHER WAS OBSERVED.


RELATIVE HUMIDITY (PERCENT)
 HIGHEST    97          1100 PM
 LOWEST     48           200 PM
 AVERAGE    73

..........................................................


THE SYRACUSE NY CLIMATE NORMALS FOR TODAY
                         NORMAL    RECORD    YEAR
 MAXIMUM TEMPERATURE (F)   78        96      1953
 MINIMUM TEMPERATURE (F)   57        40      1965


SUNRISE AND SUNSET
AUGUST 30 2016........SUNRISE   627 AM EDT   SUNSET   742 PM EDT
AUGUST 31 2016........SUNRISE   628 AM EDT   SUNSET   740 PM EDT


-  INDICATES NEGATIVE NUMBERS.
R  INDICATES RECORD WAS SET OR TIED.
MM INDICATES DATA IS MISSING.
T  INDICATES TRACE AMOUNT.




$$
