000
CDUS41 KBGM 190522
CLISYR


CLIMATE REPORT
NATIONAL WEATHER SERVICE BINGHAMTON NY
120 AM EDT THU OCT 19 2017


...................................

...THE SYRACUSE NY CLIMATE SUMMARY FOR OCTOBER 18 2017...

CLIMATE NORMAL PERIOD 1981 TO 2010
CLIMATE RECORD PERIOD 1902 TO 2017


WEATHER ITEM   OBSERVED TIME   RECORD YEAR NORMAL DEPARTURE LAST
                VALUE   (LST)  VALUE       VALUE  FROM      YEAR
                                                  NORMAL
..................................................................
TEMPERATURE (F)
 YESTERDAY
  MAXIMUM         71    254 PM  83    1947  59     12       82
  MINIMUM         48    558 AM  26    1939  40      8       61
  AVERAGE         60                        50     10       72

PRECIPITATION (IN)
  YESTERDAY        0.00          1.27 1928   0.10  -0.10     0.28
  MONTH TO DATE    1.88                      2.01  -0.13     2.29
  SINCE SEP 1      3.26                      5.70  -2.44     5.99
  SINCE JAN 1     35.78                     30.29   5.49    29.20

SNOWFALL (IN)
  YESTERDAY        0.0           T    1976   0.1   -0.1      0.0
  MONTH TO DATE    0.0                       0.1   -0.1      0.0
  SINCE SEP 1      0.0                       0.1   -0.1      0.0
  SINCE JUL 1      0.0                       0.1   -0.1      0.0
  SNOW DEPTH       0

DEGREE DAYS
 HEATING
  YESTERDAY        5                        15    -10        0
  MONTH TO DATE  113                       225   -112      147
  SINCE SEP 1    216                       366   -150      235
  SINCE JUL 1    252                       392   -140      236

 COOLING
  YESTERDAY        0                         0      0        7
  MONTH TO DATE   17                         0     17        7
  SINCE SEP 1    112                        52     60       97
  SINCE JAN 1    562                       565     -3      809
..................................................................


WIND (MPH)
  HIGHEST WIND SPEED    13   HIGHEST WIND DIRECTION     W (260)
  HIGHEST GUST SPEED    17   HIGHEST GUST DIRECTION     W (280)
  AVERAGE WIND SPEED     6.8


SKY COVER
  POSSIBLE SUNSHINE  MM
  AVERAGE SKY COVER 0.2


WEATHER CONDITIONS
 THE FOLLOWING WEATHER WAS RECORDED YESTERDAY.
  NO SIGNIFICANT WEATHER WAS OBSERVED.


RELATIVE HUMIDITY (PERCENT)
 HIGHEST    80           600 AM
 LOWEST     38           300 PM
 AVERAGE    59

..........................................................


THE SYRACUSE NY CLIMATE NORMALS FOR TODAY
                         NORMAL    RECORD    YEAR
 MAXIMUM TEMPERATURE (F)   59        81      1953
 MINIMUM TEMPERATURE (F)   40        22      1922


SUNRISE AND SUNSET
OCTOBER 19 2017.......SUNRISE   723 AM EDT   SUNSET   615 PM EDT
OCTOBER 20 2017.......SUNRISE   724 AM EDT   SUNSET   613 PM EDT


-  INDICATES NEGATIVE NUMBERS.
R  INDICATES RECORD WAS SET OR TIED.
MM INDICATES DATA IS MISSING.
T  INDICATES TRACE AMOUNT.

$$
