000
CDUS41 KBGM 030616
CLISYR


CLIMATE REPORT
NATIONAL WEATHER SERVICE BINGHAMTON NY
215 AM EDT MON AUG 3 2015


...................................

...THE SYRACUSE NY CLIMATE SUMMARY FOR AUGUST 2 2015...

CLIMATE NORMAL PERIOD 1981 TO 2010
CLIMATE RECORD PERIOD 1902 TO 2015


WEATHER ITEM   OBSERVED TIME   RECORD YEAR NORMAL DEPARTURE LAST
                VALUE   (LST)  VALUE       VALUE  FROM      YEAR
                                                  NORMAL
..................................................................
TEMPERATURE (F)
 YESTERDAY
  MAXIMUM         84    427 PM  98    2002  81      3       85
  MINIMUM         60    536 AM  45    1947  61     -1       64
  AVERAGE         72                        71      1       75

PRECIPITATION (IN)
  YESTERDAY        0.00          1.23 2009   0.12  -0.12     0.05
  MONTH TO DATE    0.01                      0.24  -0.23     0.05
  SINCE JUN 1     13.30                      7.33   5.97     7.97
  SINCE JAN 1     25.42                     21.26   4.16    25.35

SNOWFALL (IN)
  YESTERDAY        0.0           0.0  2002   0.0    0.0      0.0
                                      2000
                                      2001
  MONTH TO DATE    0.0                       0.0    0.0      0.0
  SINCE JUN 1      0.0                       0.0    0.0      0.0
  SINCE JUL 1      0.0                       0.0    0.0      0.0
  SNOW DEPTH       0

DEGREE DAYS
 HEATING
  YESTERDAY        0                         0      0        0
  MONTH TO DATE    0                         0      0        0
  SINCE JUN 1     58                        69    -11       25
  SINCE JUL 1      5                         8     -3        2

 COOLING
  YESTERDAY        7                         6      1       10
  MONTH TO DATE   14                        12      2       16
  SINCE JUN 1    300                       328    -28      373
  SINCE JAN 1    405                       358     47      429
..................................................................


WIND (MPH)
  HIGHEST WIND SPEED    20   HIGHEST WIND DIRECTION    SW (230)
  HIGHEST GUST SPEED    26   HIGHEST GUST DIRECTION     S (200)
  AVERAGE WIND SPEED     7.3


SKY COVER
  POSSIBLE SUNSHINE  MM
  AVERAGE SKY COVER 0.5


WEATHER CONDITIONS
 THE FOLLOWING WEATHER WAS RECORDED YESTERDAY.
  NO SIGNIFICANT WEATHER WAS OBSERVED.


RELATIVE HUMIDITY (PERCENT)
 HIGHEST    90           200 AM
 LOWEST     37           400 PM
 AVERAGE    64

..........................................................


THE SYRACUSE NY CLIMATE NORMALS FOR TODAY
                         NORMAL    RECORD    YEAR
 MAXIMUM TEMPERATURE (F)   81        96      1995
                                             1930
 MINIMUM TEMPERATURE (F)   61        46      1976
                                             1953


SUNRISE AND SUNSET
AUGUST  3 2015........SUNRISE   557 AM EDT   SUNSET   824 PM EDT
AUGUST  4 2015........SUNRISE   558 AM EDT   SUNSET   823 PM EDT


-  INDICATES NEGATIVE NUMBERS.
R  INDICATES RECORD WAS SET OR TIED.
MM INDICATES DATA IS MISSING.
T  INDICATES TRACE AMOUNT.




$$
