000
CDUS41 KBGM 300549
CLISYR


CLIMATE REPORT
NATIONAL WEATHER SERVICE BINGHAMTON NY
1248 AM EST FRI JAN 30 2015


...................................

...THE SYRACUSE NY CLIMATE SUMMARY FOR JANUARY 29 2015...

CLIMATE NORMAL PERIOD 1981 TO 2010
CLIMATE RECORD PERIOD 1902 TO 2015


WEATHER ITEM   OBSERVED TIME   RECORD YEAR NORMAL DEPARTURE LAST
                VALUE   (LST)  VALUE       VALUE  FROM      YEAR
                                                  NORMAL
..................................................................
TEMPERATURE (F)
 YESTERDAY
  MAXIMUM         35    513 PM  58    1950  32      3       17
  MINIMUM          0    719 AM  -6    1934  16    -16       -3
  AVERAGE         18                        24     -6        7

PRECIPITATION (IN)
  YESTERDAY        0.09          2.20 1925   0.07   0.02     0.00
  MONTH TO DATE    1.49                      2.36  -0.87     2.20
  SINCE DEC 1      4.51                      5.58  -1.07     5.09
  SINCE JAN 1      1.49                      2.36  -0.87     2.20

SNOWFALL (IN)
  YESTERDAY        1.1           8.5  1990   1.1    0.0      0.0
  MONTH TO DATE   14.9                      31.8  -16.9     25.3
  SINCE DEC 1     32.4                      64.5  -32.1     54.3
  SINCE JUL 1     43.4                      74.4  -31.0     68.6
  SNOW DEPTH       2

DEGREE DAYS
 HEATING
  YESTERDAY       47                        41      6       58
  MONTH TO DATE 1362                      1204    158     1309
  SINCE DEC 1   2370                      2308     62     2451
  SINCE JUL 1   3555                      3657   -102     3784

 COOLING
  YESTERDAY        0                         0      0        0
  MONTH TO DATE    0                         0      0        0
  SINCE DEC 1      0                         0      0        0
  SINCE JAN 1      0                         0      0        0
..................................................................


WIND (MPH)
  HIGHEST WIND SPEED    31   HIGHEST WIND DIRECTION     S (180)
  HIGHEST GUST SPEED    37   HIGHEST GUST DIRECTION     S (190)
  AVERAGE WIND SPEED     9.6


SKY COVER
  POSSIBLE SUNSHINE  MM
  AVERAGE SKY COVER 0.8


WEATHER CONDITIONS
 THE FOLLOWING WEATHER WAS RECORDED YESTERDAY.
  LIGHT SNOW
  FOG
  BLOWING SNOW


RELATIVE HUMIDITY (PERCENT)
 HIGHEST   100           800 PM
 LOWEST     29           500 PM
 AVERAGE    65

..........................................................


THE SYRACUSE NY CLIMATE NORMALS FOR TODAY
                         NORMAL    RECORD    YEAR
 MAXIMUM TEMPERATURE (F)   32        63      2013
 MINIMUM TEMPERATURE (F)   16       -16      1948


SUNRISE AND SUNSET
JANUARY 30 2015.......SUNRISE   722 AM EST   SUNSET   514 PM EST
JANUARY 31 2015.......SUNRISE   721 AM EST   SUNSET   515 PM EST


-  INDICATES NEGATIVE NUMBERS.
R  INDICATES RECORD WAS SET OR TIED.
MM INDICATES DATA IS MISSING.
T  INDICATES TRACE AMOUNT.




$$
