000
CDUS41 KBGM 190550
CLISYR


CLIMATE REPORT
NATIONAL WEATHER SERVICE BINGHAMTON NY
150 AM EDT SAT AUG 19 2017


...................................

...THE SYRACUSE NY CLIMATE SUMMARY FOR AUGUST 18 2017...

CLIMATE NORMAL PERIOD 1981 TO 2010
CLIMATE RECORD PERIOD 1902 TO 2017


WEATHER ITEM   OBSERVED TIME   RECORD YEAR NORMAL DEPARTURE LAST
                VALUE   (LST)  VALUE       VALUE  FROM      YEAR
                                                  NORMAL
..................................................................
TEMPERATURE (F)
 YESTERDAY
  MAXIMUM         88    307 PM  93    1913  80      8       83
  MINIMUM         68   1145 PM  46    1918  60      8       65
  AVERAGE         78                        70      8       74

PRECIPITATION (IN)
  YESTERDAY        0.10          1.16 1973   0.12  -0.02      T
  MONTH TO DATE    0.98                      2.08  -1.10     3.39
  SINCE JUN 1      9.86                      9.17   0.69     7.99
  SINCE JAN 1     31.70                     23.10   8.60    22.55

SNOWFALL (IN)
  YESTERDAY        0.0           0.0  2002   0.0    0.0      0.0
                                      2000
                                      2001
  MONTH TO DATE    0.0                       0.0    0.0      0.0
  SINCE JUN 1      0.0                       0.0    0.0       T
  SINCE JUL 1      0.0                       0.0    0.0      0.0
  SNOW DEPTH       0

DEGREE DAYS
 HEATING
  YESTERDAY        0                         1     -1        0
  MONTH TO DATE    0                         5     -5        0
  SINCE JUN 1     73                        74     -1       53
  SINCE JUL 1      2                        13    -11        0

 COOLING
  YESTERDAY       13                         5      8        9
  MONTH TO DATE  100                       106     -6      197
  SINCE JUN 1    378                       422    -44      563
  SINCE JAN 1    410                       452    -42      619
..................................................................


WIND (MPH)
  HIGHEST WIND SPEED    20   HIGHEST WIND DIRECTION    NW (310)
  HIGHEST GUST SPEED    28   HIGHEST GUST DIRECTION    NW (310)
  AVERAGE WIND SPEED     8.6


SKY COVER
  POSSIBLE SUNSHINE  MM
  AVERAGE SKY COVER 0.8


WEATHER CONDITIONS
 THE FOLLOWING WEATHER WAS RECORDED YESTERDAY.
  LIGHT RAIN
  FOG


RELATIVE HUMIDITY (PERCENT)
 HIGHEST    93           500 AM
 LOWEST     51           100 PM
 AVERAGE    72

..........................................................


THE SYRACUSE NY CLIMATE NORMALS FOR TODAY
                         NORMAL    RECORD    YEAR
 MAXIMUM TEMPERATURE (F)   80        94      1936
 MINIMUM TEMPERATURE (F)   60        46      1988
                                             1977


SUNRISE AND SUNSET
AUGUST 19 2017........SUNRISE   615 AM EDT   SUNSET   800 PM EDT
AUGUST 20 2017........SUNRISE   616 AM EDT   SUNSET   759 PM EDT


-  INDICATES NEGATIVE NUMBERS.
R  INDICATES RECORD WAS SET OR TIED.
MM INDICATES DATA IS MISSING.
T  INDICATES TRACE AMOUNT.




$$
