000
CDKA40 PTYA 240700
CLIT11
DAILY CLIMATE REPORT
NATIONAL WEATHER SERVICE YAP FM
5PM LST SAT FEB 24 2018
THE YAP FM CLIMATE SUMMARY FOR FEBRUARY 24 2018
CLIMATE NORMAL PERIOD  1981  TO 2010
CLIMATE RECORD PERIOD  1951  TO 2017
WEATHER ITEM OBSERVED TIME  RECORD YEAR NORMAL DEPARTURE LAST
              VALUE   (LST) VALUE       VALUE    FROM    YEAR
                                                NORMAL
TEMPERATURE   (F)
TODAY
MAXIMUM       87  1445        97  2014     87      0        86
MINIMUM       81  0245        63  1999     77      4        78
AVERAGE       84                           82      2        82
PRECIPITATION INCHES
TODAY           TRACE        164.24/1996   0.19    -0.19    0.15
MONTH TO DATE   6.04                       5.23     0.81    18.07
SINCE 01 DEC   28.97                      21.82     7.15    39.29
SINCE JAN 01   17.70                      12.54     5.16    30.74
