000
CDKA40 PTYA 020700
CLIT11
DAILY CLIMATE REPORT
NATIONAL WEATHER SERVICE YAP FM
5PM LST FRI DEC 02 2016
THE YAP FM CLIMATE SUMMARY FOR DECEMBER 02 2016
CLIMATE NORMAL PERIOD  1981  TO 2010
CLIMATE RECORD PERIOD  1951  TO 2016
WEATHER ITEM OBSERVED TIME  RECORD YEAR NORMAL DEPARTURE LAST
              VALUE   (LST) VALUE       VALUE    FROM    YEAR
                                                NORMAL
TEMPERATURE   (F)
TODAY
MAXIMUM       86  1445        97  2014     88      -2        89
MINIMUM       78  0245        63  1999     78       0        78
AVERAGE       82                           83      -1        84
PRECIPITATION INCHES
TODAY           0.02   164.24 1996   0.29     0.27    0.00
MONTH TO DATE   0.08                 0.60    -0.52    0.11
SINCE 01 DEC    0.08                 0.60    -0.52    0.11
SINCE JAN 01   13.86               112.25   -98.39   88.92
