000
CDUS45 KPUB 301050
CLITAD


CLIMATE REPORT
NATIONAL WEATHER SERVICE PUEBLO
449 AM MDT THU MAR 30 2017


...................................

...THE TRINIDAD CO CLIMATE SUMMARY FOR MARCH 29 2017...

CLIMATE NORMAL PERIOD 1981 TO 2010
CLIMATE RECORD PERIOD 9999 TO 9999


WEATHER ITEM   OBSERVED TIME   NORMAL DEPARTURE LAST
                VALUE   (LST)  VALUE  FROM      YEAR
                                      NORMAL
......................................................
TEMPERATURE (F)
 YESTERDAY
  MAXIMUM         48    521 PM  61    -13       70
  MINIMUM         33    753 AM  29      4       37
  AVERAGE         41            45     -4       54

PRECIPITATION (IN)
  YESTERDAY        0.14          0.03   0.11     0.00
  MONTH TO DATE    1.76          0.83   0.93     0.40
  SINCE MAR 1      1.76          0.83   0.93     0.40
  SINCE JAN 1      3.32          1.72   1.60     0.81

DEGREE DAYS
 HEATING
  YESTERDAY       24            20      4       11
  MONTH TO DATE  433           668   -235      601
  SINCE MAR 1    433           668   -235      601
  SINCE JUL 1   3889          4790   -901     4099

 COOLING
  YESTERDAY        0             0      0        0
  MONTH TO DATE    1             0      1        0
  SINCE MAR 1      1             0      1        0
  SINCE JAN 1      1             0      1        0
......................................................


WIND (MPH)
  HIGHEST WIND SPEED    26   HIGHEST WIND DIRECTION     N (360)
  HIGHEST GUST SPEED    35   HIGHEST GUST DIRECTION     N (350)
  AVERAGE WIND SPEED    14.3


SKY COVER
  POSSIBLE SUNSHINE  MM
  AVERAGE SKY COVER 0.7


WEATHER CONDITIONS
 THE FOLLOWING WEATHER WAS RECORDED YESTERDAY.
  LIGHT RAIN
  LIGHT SNOW
  FOG


RELATIVE HUMIDITY (PERCENT)
 HIGHEST   100           300 AM
 LOWEST     60           400 PM
 AVERAGE    80

..........................................................




SUNRISE AND SUNSET
MARCH 30 2017.........SUNRISE   645 AM MDT   SUNSET   718 PM MDT
MARCH 31 2017.........SUNRISE   644 AM MDT   SUNSET   719 PM MDT


-  INDICATES NEGATIVE NUMBERS.
R  INDICATES RECORD WAS SET OR TIED.
MM INDICATES DATA IS MISSING.
T  INDICATES TRACE AMOUNT.




$$
