000
CDUS45 KPUB 271056
CLITAD


CLIMATE REPORT
NATIONAL WEATHER SERVICE PUEBLO
455 AM MDT SAT MAY 27 2017


...................................

...THE TRINIDAD CO CLIMATE SUMMARY FOR MAY 26 2017...

CLIMATE NORMAL PERIOD 1981 TO 2010
CLIMATE RECORD PERIOD 9999 TO 9999


WEATHER ITEM   OBSERVED TIME   NORMAL DEPARTURE LAST
                VALUE   (LST)  VALUE  FROM      YEAR
                                      NORMAL
......................................................
TEMPERATURE (F)
 YESTERDAY
  MAXIMUM         81    319 PM  78      3       74
  MINIMUM         42    454 AM  47     -5       39
  AVERAGE         62            62      0       57

PRECIPITATION (IN)
  YESTERDAY        0.00          0.06  -0.06      T
  MONTH TO DATE    2.27          1.31   0.96     0.32
  SINCE MAR 1      6.59          3.33   3.26     3.59
  SINCE JAN 1      8.15          4.22   3.93     4.00

DEGREE DAYS
 HEATING
  YESTERDAY        3             4     -1        8
  MONTH TO DATE  229           186     43      223
  SINCE MAR 1   1115          1354   -239     1347
  SINCE JUL 1   4571          5476   -905     4845

 COOLING
  YESTERDAY        0             1     -1        0
  MONTH TO DATE   12            15     -3       10
  SINCE MAR 1     15            17     -2       11
  SINCE JAN 1     15            17     -2       11
......................................................


WIND (MPH)
  HIGHEST WIND SPEED    31   HIGHEST WIND DIRECTION     S (180)
  HIGHEST GUST SPEED    39   HIGHEST GUST DIRECTION     S (180)
  AVERAGE WIND SPEED    12.1


SKY COVER
  POSSIBLE SUNSHINE  MM
  AVERAGE SKY COVER 0.1


WEATHER CONDITIONS
 THE FOLLOWING WEATHER WAS RECORDED YESTERDAY.
  NO SIGNIFICANT WEATHER WAS OBSERVED.


RELATIVE HUMIDITY (PERCENT)
 HIGHEST    89           500 AM
 LOWEST     11           700 PM
 AVERAGE    50

..........................................................




SUNRISE AND SUNSET
MAY 27 2017...........SUNRISE   541 AM MDT   SUNSET   809 PM MDT
MAY 28 2017...........SUNRISE   540 AM MDT   SUNSET   810 PM MDT


-  INDICATES NEGATIVE NUMBERS.
R  INDICATES RECORD WAS SET OR TIED.
MM INDICATES DATA IS MISSING.
T  INDICATES TRACE AMOUNT.




$$
