312
CDUS45 KPUB 231139
CLITAD


CLIMATE REPORT
NATIONAL WEATHER SERVICE PUEBLO
438 AM MST TUE JAN 23 2018


...................................

...THE TRINIDAD CO CLIMATE SUMMARY FOR JANUARY 22 2018...

CLIMATE NORMAL PERIOD 1981 TO 2010
CLIMATE RECORD PERIOD 9999 TO 9999


WEATHER ITEM   OBSERVED TIME   NORMAL DEPARTURE LAST
                VALUE   (LST)  VALUE  FROM      YEAR
                                      NORMAL
......................................................
TEMPERATURE (F)
 YESTERDAY
  MAXIMUM         46    324 PM  47     -1       43
  MINIMUM         12    652 AM  18     -6       21
  AVERAGE         29            32     -3       32

PRECIPITATION (IN)
  YESTERDAY        0.00          0.01  -0.01     0.00
  MONTH TO DATE    0.13          0.28  -0.15     1.40
  SINCE DEC 1      0.14          0.82  -0.68     1.70
  SINCE JAN 1      0.13          0.28  -0.15     1.40

DEGREE DAYS
 HEATING
  YESTERDAY       36            32      4       33
  MONTH TO DATE  652           724    -72      763
  SINCE DEC 1   1532          1759   -227     1789
  SINCE JUL 1   2499          2992   -493     2555

 COOLING
  YESTERDAY        0             0      0        0
  MONTH TO DATE    0             0      0        0
  SINCE DEC 1      0             0      0        0
  SINCE JAN 1      0             0      0        0
......................................................


WIND (MPH)
  HIGHEST WIND SPEED    24   HIGHEST WIND DIRECTION    NW (300)
  HIGHEST GUST SPEED    32   HIGHEST GUST DIRECTION     N (340)
  AVERAGE WIND SPEED    11.0


SKY COVER
  POSSIBLE SUNSHINE  MM
  AVERAGE SKY COVER 0.1


WEATHER CONDITIONS
 THE FOLLOWING WEATHER WAS RECORDED YESTERDAY.
  NO SIGNIFICANT WEATHER WAS OBSERVED.


RELATIVE HUMIDITY (PERCENT)
 HIGHEST    88           100 AM
 LOWEST     16           200 PM
 AVERAGE    52

..........................................................




SUNRISE AND SUNSET
JANUARY 23 2018.......SUNRISE   707 AM MST   SUNSET   512 PM MST
JANUARY 24 2018.......SUNRISE   706 AM MST   SUNSET   513 PM MST


-  INDICATES NEGATIVE NUMBERS.
R  INDICATES RECORD WAS SET OR TIED.
MM INDICATES DATA IS MISSING.
T  INDICATES TRACE AMOUNT.




$$
