000
CDUS45 KPUB 201037
CLITAD


CLIMATE REPORT
NATIONAL WEATHER SERVICE PUEBLO
437 AM MDT WED SEP 20 2017


...................................

...THE TRINIDAD CO CLIMATE SUMMARY FOR SEPTEMBER 19 2017...

CLIMATE NORMAL PERIOD 1981 TO 2010
CLIMATE RECORD PERIOD 9999 TO 9999


WEATHER ITEM   OBSERVED TIME   NORMAL DEPARTURE LAST
                VALUE   (LST)  VALUE  FROM      YEAR
                                      NORMAL
......................................................
TEMPERATURE (F)
 YESTERDAY
  MAXIMUM         81   1015 AM  79      2       89
  MINIMUM         54    329 AM  48      6       53
  AVERAGE         68            63      5       71

PRECIPITATION (IN)
  YESTERDAY        0.00          0.04  -0.04     0.00
  MONTH TO DATE    0.97          0.88   0.09     1.01
  SINCE SEP 1      0.97          0.88   0.09     1.01
  SINCE JAN 1     17.17         11.34   5.83     7.24

DEGREE DAYS
 HEATING
  YESTERDAY        0             4     -4        0
  MONTH TO DATE    8            39    -31       16
  SINCE SEP 1      8            39    -31       16
  SINCE JUL 1     11            49    -38       23

 COOLING
  YESTERDAY        3             2      1        6
  MONTH TO DATE   95            64     31       98
  SINCE SEP 1     95            64     31       98
  SINCE JAN 1    780           706     74      513
......................................................


WIND (MPH)
  HIGHEST WIND SPEED    37   HIGHEST WIND DIRECTION     W (260)
  HIGHEST GUST SPEED    47   HIGHEST GUST DIRECTION     W (270)
  AVERAGE WIND SPEED    14.7


SKY COVER
  POSSIBLE SUNSHINE  MM
  AVERAGE SKY COVER 0.0


WEATHER CONDITIONS
 THE FOLLOWING WEATHER WAS RECORDED YESTERDAY.
  NO SIGNIFICANT WEATHER WAS OBSERVED.


RELATIVE HUMIDITY (PERCENT)
 HIGHEST    40          1200 AM
 LOWEST     10          1000 AM
 AVERAGE    25

..........................................................




SUNRISE AND SUNSET
SEPTEMBER 20 2017.....SUNRISE   644 AM MDT   SUNSET   657 PM MDT
SEPTEMBER 21 2017.....SUNRISE   645 AM MDT   SUNSET   655 PM MDT


-  INDICATES NEGATIVE NUMBERS.
R  INDICATES RECORD WAS SET OR TIED.
MM INDICATES DATA IS MISSING.
T  INDICATES TRACE AMOUNT.




$$
