000
CDUS44 KBMX 260755
CLITCL


CLIMATE REPORT
NATIONAL WEATHER SERVICE BIRMINGHAM, AL
254 AM CDT FRI AUG 26 2016


...................................

...THE TUSCALOOSA CLIMATE SUMMARY FOR AUGUST 25 2016...

CLIMATE NORMAL PERIOD 1994 TO 1994
CLIMATE RECORD PERIOD 1948 TO 2016


WEATHER ITEM   OBSERVED TIME   RECORD YEAR NORMAL DEPARTURE LAST
                VALUE   (LST)  VALUE       VALUE  FROM      YEAR
                                                  NORMAL
..................................................................
TEMPERATURE (F)
 YESTERDAY
  MAXIMUM         95    400 PM 100    2011  92      3       85
  MINIMUM         74    407 AM  58    1984  70      4       62
  AVERAGE         85                        81      4       74

PRECIPITATION (IN)
  YESTERDAY        T             1.21 1967   0.10  -0.10     0.00
  MONTH TO DATE    2.88                      2.70   0.18     4.24
  SINCE JUN 1     11.33                     11.87  -0.54     8.86
  SINCE JAN 1     31.74                     35.27  -3.53    34.44

..................................................................


WIND (MPH)
  HIGHEST WIND SPEED    12   HIGHEST WIND DIRECTION     N (350)
  HIGHEST GUST SPEED    14   HIGHEST GUST DIRECTION    NE (30)
  AVERAGE WIND SPEED     2.1


SKY COVER
  AVERAGE SKY COVER 0.2


WEATHER CONDITIONS
 THE FOLLOWING WEATHER WAS RECORDED YESTERDAY.
  THUNDERSTORM
  LIGHT RAIN
  FOG
  HAZE


RELATIVE HUMIDITY (PERCENT)
 HIGHEST   100           300 AM
 LOWEST     49           300 PM
 AVERAGE    75

..........................................................


THE TUSCALOOSA CLIMATE NORMALS FOR TODAY
                         NORMAL    RECORD    YEAR
 MAXIMUM TEMPERATURE (F)   92       102      2011
 MINIMUM TEMPERATURE (F)   70        59      2015
                                             1966
                                             1952


SUNRISE AND SUNSET
AUGUST 26 2016........SUNRISE   621 AM CDT   SUNSET   723 PM CDT
AUGUST 27 2016........SUNRISE   622 AM CDT   SUNSET   721 PM CDT


-  INDICATES NEGATIVE NUMBERS.
R  INDICATES RECORD WAS SET OR TIED.
MM INDICATES DATA IS MISSING.
T  INDICATES TRACE AMOUNT.




$$
