000
CDUS44 KBMX 102112
CLITCL


CLIMATE REPORT
NATIONAL WEATHER SERVICE BIRMINGHAM, AL
412 PM CDT THU JUL 10 2014


...................................

...THE TUSCALOOSA CLIMATE SUMMARY FOR JULY 10 2014...
VALID AS OF 0400 PM LOCAL TIME.

CLIMATE NORMAL PERIOD 1981 TO 2010
CLIMATE RECORD PERIOD 1948 TO 2014


WEATHER ITEM   OBSERVED TIME   RECORD YEAR NORMAL DEPARTURE LAST
                VALUE   (LST)  VALUE       VALUE  FROM      YEAR
                                                  NORMAL
..................................................................
TEMPERATURE (F)
 TODAY
  MAXIMUM         89    259 PM 101    2000  92     -3       93
  MINIMUM         70    429 AM  61    1963  71     -1       73
                                      1961
  AVERAGE         80                        82     -2       83

PRECIPITATION (IN)
  TODAY            0.00          3.51 2005   0.15  -0.15      T
  MONTH TO DATE    0.02                      1.53  -1.51     2.74
  SINCE JUN 1      5.17                      6.30  -1.13     8.42
  SINCE JAN 1     30.21                     29.70   0.51    30.38

DEGREE DAYS
 COOLING
  TODAY           15                        17     -2
  MONTH TO DATE  145                       163    -18
  SINCE JUN 1    579                       566     13
  SINCE JAN 1    869                       877     -8
..................................................................


WIND (MPH)
  HIGHEST WIND SPEED    10   HIGHEST WIND DIRECTION    NW (310)
  HIGHEST GUST SPEED    14   HIGHEST GUST DIRECTION     W (290)
  AVERAGE WIND SPEED     2.2


SKY COVER
  AVERAGE SKY COVER 0.2


WEATHER CONDITIONS
 THE FOLLOWING WEATHER WAS RECORDED TODAY.
  FOG


RELATIVE HUMIDITY (PERCENT)
 HIGHEST   100           100 AM
 LOWEST     52           200 PM
 AVERAGE    76

..........................................................


THE TUSCALOOSA CLIMATE NORMALS FOR TOMORROW
                         NORMAL    RECORD    YEAR
 MAXIMUM TEMPERATURE (F)   92       102      2000
                                             1980
 MINIMUM TEMPERATURE (F)   71        58      1963
                                             1952


SUNRISE AND SUNSET
JULY 10 2014..........SUNRISE   549 AM CDT   SUNSET   802 PM CDT
JULY 11 2014..........SUNRISE   550 AM CDT   SUNSET   802 PM CDT


-  INDICATES NEGATIVE NUMBERS.
R  INDICATES RECORD WAS SET OR TIED.
MM INDICATES DATA IS MISSING.
T  INDICATES TRACE AMOUNT.




$$
