000
CDUS44 KBMX 280833
CLITCL


CLIMATE REPORT
NATIONAL WEATHER SERVICE BIRMINGHAM, AL
333 AM CDT THU JUL 28 2016


...................................

...THE TUSCALOOSA CLIMATE SUMMARY FOR JULY 27 2016...

CLIMATE NORMAL PERIOD 1994 TO 1994
CLIMATE RECORD PERIOD 1948 TO 2016


WEATHER ITEM   OBSERVED TIME   RECORD YEAR NORMAL DEPARTURE LAST
                VALUE   (LST)  VALUE       VALUE  FROM      YEAR
                                                  NORMAL
..................................................................
TEMPERATURE (F)
 YESTERDAY
  MAXIMUM         89    141 PM 104    1952  92     -3       95
  MINIMUM         75   1159 PM  64    1962  72      3       73
  AVERAGE         82                        82      0       84

PRECIPITATION (IN)
  YESTERDAY        T             1.40 1985   0.13  -0.13     0.00
  MONTH TO DATE    4.14                      3.90   0.24     2.18
  SINCE JUN 1      8.44                      8.67  -0.23     3.88
  SINCE JAN 1     28.85                     32.07  -3.22    29.46

..................................................................


WIND (MPH)
  HIGHEST WIND SPEED    18   HIGHEST WIND DIRECTION     S (180)
  HIGHEST GUST SPEED    24   HIGHEST GUST DIRECTION     S (180)
  AVERAGE WIND SPEED     6.7


SKY COVER
  AVERAGE SKY COVER 0.7


WEATHER CONDITIONS
 THE FOLLOWING WEATHER WAS RECORDED YESTERDAY.
  THUNDERSTORM
  LIGHT RAIN
  FOG


RELATIVE HUMIDITY (PERCENT)
 HIGHEST    97           800 PM
 LOWEST     68           100 PM
 AVERAGE    83

..........................................................


THE TUSCALOOSA CLIMATE NORMALS FOR TODAY
                         NORMAL    RECORD    YEAR
 MAXIMUM TEMPERATURE (F)   92       107      1952
 MINIMUM TEMPERATURE (F)   72        62      1994


SUNRISE AND SUNSET
JULY 28 2016..........SUNRISE   601 AM CDT   SUNSET   752 PM CDT
JULY 29 2016..........SUNRISE   602 AM CDT   SUNSET   752 PM CDT


-  INDICATES NEGATIVE NUMBERS.
R  INDICATES RECORD WAS SET OR TIED.
MM INDICATES DATA IS MISSING.
T  INDICATES TRACE AMOUNT.




$$
