000
CDUS44 KBMX 012206
CLITCL


CLIMATE REPORT
NATIONAL WEATHER SERVICE BIRMINGHAM, AL
506 PM CDT SUN MAY 1 2016


...................................

...THE TUSCALOOSA CLIMATE SUMMARY FOR MAY 1 2016...
VALID AS OF 0400 PM LOCAL TIME.

CLIMATE NORMAL PERIOD 1994 TO 1994
CLIMATE RECORD PERIOD 1948 TO 2016


WEATHER ITEM   OBSERVED TIME   RECORD YEAR NORMAL DEPARTURE LAST
                VALUE   (LST)  VALUE       VALUE  FROM      YEAR
                                                  NORMAL
..................................................................
TEMPERATURE (F)
 TODAY
  MAXIMUM         73   1222 PM  92    1959  80     -7       74
                                      1951
  MINIMUM         62    127 AM  42    1996  55      7       48
                                      1988
  AVERAGE         68                        68      0       61

PRECIPITATION (IN)
  TODAY            0.03          3.91 1958   0.12  -0.09     0.00
  MONTH TO DATE    0.03                      0.12  -0.09     0.00
  SINCE MAR 1     10.14                      8.87   1.27    12.51
  SINCE JAN 1     19.74                     19.54   0.20    23.26

SNOWFALL (IN)
  TODAY            0.0                       0.0    0.0
  MONTH TO DATE    0.0                       0.0    0.0
  SINCE MAR 1      0.0                       0.3   -0.3
  SINCE JUL 1      T                         0.7   -0.7
  SNOW DEPTH       0

DEGREE DAYS

 COOLING
  TODAY            3                         4     -1
  MONTH TO DATE    3                         4     -1
  SINCE MAR 1     83                        87     -4
  SINCE JAN 1     90                        92     -2
..................................................................


WIND (MPH)
  HIGHEST WIND SPEED    18   HIGHEST WIND DIRECTION     W (270)
  HIGHEST GUST SPEED    23   HIGHEST GUST DIRECTION     W (260)
  AVERAGE WIND SPEED     2.3


SKY COVER
  AVERAGE SKY COVER 0.8


WEATHER CONDITIONS
 THE FOLLOWING WEATHER WAS RECORDED TODAY.
  THUNDERSTORM
  LIGHT RAIN
  FOG


RELATIVE HUMIDITY (PERCENT)
 HIGHEST   100          1200 AM
 LOWEST     90           700 AM
 AVERAGE    95

..........................................................


THE TUSCALOOSA CLIMATE NORMALS FOR TOMORROW
                         NORMAL    RECORD    YEAR
 MAXIMUM TEMPERATURE (F)   80        92      1952
 MINIMUM TEMPERATURE (F)   56        40      1963


SUNRISE AND SUNSET
MAY  1 2016...........SUNRISE   602 AM CDT   SUNSET   733 PM CDT
MAY  2 2016...........SUNRISE   601 AM CDT   SUNSET   734 PM CDT


-  INDICATES NEGATIVE NUMBERS.
R  INDICATES RECORD WAS SET OR TIED.
MM INDICATES DATA IS MISSING.
T  INDICATES TRACE AMOUNT.




$$
