000
CDUS44 KBMX 030930
CLITCL


CLIMATE REPORT
NATIONAL WEATHER SERVICE BIRMINGHAM, AL
322 AM CST TUE MAR 3 2015


...................................

...THE TUSCALOOSA CLIMATE SUMMARY FOR MARCH 2 2015...

CLIMATE NORMAL PERIOD 1994 TO 1994
CLIMATE RECORD PERIOD 1994 TO 2015


WEATHER ITEM   OBSERVED TIME   RECORD YEAR NORMAL DEPARTURE LAST
                VALUE   (LST)  VALUE       VALUE  FROM      YEAR
                                                  NORMAL
..................................................................
TEMPERATURE (F)
 YESTERDAY
  MAXIMUM         57   1115 AM  82    2012  65     -8       77
                                      1992
                                      1955
  MINIMUM         50   1147 PM  19    1980  41      9       53
  AVERAGE         54                        53      1       65

PRECIPITATION (IN)
  YESTERDAY        0.07          2.73 1960   0.17  -0.10     0.00
  MONTH TO DATE    0.12                      0.34  -0.22      T
  SINCE MAR 1      0.12                      0.34  -0.22      T
  SINCE JAN 1     10.87                     11.01  -0.14     7.72

SNOWFALL (IN)
  YESTERDAY        0.0                       0.0    0.0
  MONTH TO DATE    0.0                       0.0    0.0
  SINCE MAR 1      0.0                       0.0    0.0
  SINCE JUL 1      0.0                       0.4   -0.4

DEGREE DAYS
 HEATING
  YESTERDAY       11                        12     -1
  MONTH TO DATE   22                        25     -3
  SINCE MAR 1     22                        25     -3
  SINCE JUL 1   2317                      2115    202
..................................................................


WIND (MPH)
  HIGHEST WIND SPEED    13   HIGHEST WIND DIRECTION     N (10)
  HIGHEST GUST SPEED    16   HIGHEST GUST DIRECTION     N (360)
  AVERAGE WIND SPEED     4.5


SKY COVER
  AVERAGE SKY COVER 1.0


WEATHER CONDITIONS
 THE FOLLOWING WEATHER WAS RECORDED YESTERDAY.
  LIGHT RAIN
  FOG


RELATIVE HUMIDITY (PERCENT)
 HIGHEST   100          1200 AM
 LOWEST     83           200 PM
 AVERAGE    92

..........................................................


THE TUSCALOOSA CLIMATE NORMALS FOR TODAY
                         NORMAL    RECORD    YEAR
 MAXIMUM TEMPERATURE (F)   65        84      1951
 MINIMUM TEMPERATURE (F)   41        15      1980


SUNRISE AND SUNSET
MARCH  3 2015.........SUNRISE   616 AM CST   SUNSET   549 PM CST
MARCH  4 2015.........SUNRISE   615 AM CST   SUNSET   550 PM CST


-  INDICATES NEGATIVE NUMBERS.
R  INDICATES RECORD WAS SET OR TIED.
MM INDICATES DATA IS MISSING.
T  INDICATES TRACE AMOUNT.




$$
