000
CDUS44 KBMX 270736
CLITCL


CLIMATE REPORT
NATIONAL WEATHER SERVICE BIRMINGHAM, AL
233 AM CDT FRI MAR 27 2015


...................................

...THE TUSCALOOSA CLIMATE SUMMARY FOR MARCH 26 2015...

CLIMATE NORMAL PERIOD 1994 TO 1994
CLIMATE RECORD PERIOD 1994 TO 2015


WEATHER ITEM   OBSERVED TIME   RECORD YEAR NORMAL DEPARTURE LAST
                VALUE   (LST)  VALUE       VALUE  FROM      YEAR
                                                  NORMAL
..................................................................
TEMPERATURE (F)
 YESTERDAY
  MAXIMUM         78    133 PM  87    2005  71      7       59
  MINIMUM         50   1159 PM  24    1955  45      5       27
  AVERAGE         64                        58      6       43

PRECIPITATION (IN)
  YESTERDAY        0.01          2.17 1976   0.15  -0.14     0.00
  MONTH TO DATE    3.11                      3.82  -0.71     2.69
  SINCE MAR 1      3.11                      3.82  -0.71     2.69
  SINCE JAN 1     13.86                     14.49  -0.63    10.41

SNOWFALL (IN)
  YESTERDAY        0.0                       0.0    0.0
  MONTH TO DATE    T                         0.3   -0.3
  SINCE MAR 1      T                         0.3   -0.3
  SINCE JUL 1      T                         0.7   -0.7

DEGREE DAYS
 HEATING
  YESTERDAY        1                         7     -6
  MONTH TO DATE  169                       259    -90
  SINCE MAR 1    169                       259    -90
  SINCE JUL 1   2464                      2349    115
..................................................................


WIND (MPH)
  HIGHEST WIND SPEED    21   HIGHEST WIND DIRECTION     N (350)
  HIGHEST GUST SPEED    27   HIGHEST GUST DIRECTION     N (350)
  AVERAGE WIND SPEED     7.4


SKY COVER
  AVERAGE SKY COVER 0.6


WEATHER CONDITIONS
 THE FOLLOWING WEATHER WAS RECORDED YESTERDAY.
  LIGHT RAIN
  FOG
  HAZE


RELATIVE HUMIDITY (PERCENT)
 HIGHEST    93           500 AM
 LOWEST     50           200 PM
 AVERAGE    72

..........................................................


THE TUSCALOOSA CLIMATE NORMALS FOR TODAY
                         NORMAL    RECORD    YEAR
 MAXIMUM TEMPERATURE (F)   72        85      2012
                                             2007
                                             1991
 MINIMUM TEMPERATURE (F)   45        20      1955


SUNRISE AND SUNSET
MARCH 27 2015.........SUNRISE   645 AM CDT   SUNSET   707 PM CDT
MARCH 28 2015.........SUNRISE   644 AM CDT   SUNSET   708 PM CDT


-  INDICATES NEGATIVE NUMBERS.
R  INDICATES RECORD WAS SET OR TIED.
MM INDICATES DATA IS MISSING.
T  INDICATES TRACE AMOUNT.




$$
