000
CDUS44 KBMX 220739
CLITCL


CLIMATE REPORT
NATIONAL WEATHER SERVICE BIRMINGHAM, AL
239 AM CDT THU JUN 22 2017


...................................

...THE TUSCALOOSA CLIMATE SUMMARY FOR JUNE 21 2017...

CLIMATE NORMAL PERIOD 1981 TO 2010
CLIMATE RECORD PERIOD 1948 TO 2017


WEATHER ITEM   OBSERVED TIME   RECORD YEAR NORMAL DEPARTURE LAST
                VALUE   (LST)  VALUE       VALUE  FROM      YEAR
                                                  NORMAL
..................................................................
TEMPERATURE (F)
 YESTERDAY
  MAXIMUM         75    932 PM 100    2006  90    -15       90
                                      1964
  MINIMUM         72   1157 AM  59    1985  69      3       65
  AVERAGE         74                        80     -6       78

PRECIPITATION (IN)
  YESTERDAY        1.57          2.78 1989   0.17   1.40     0.00
  MONTH TO DATE    7.09                      3.25   3.84     4.30
  SINCE JUN 1      7.09                      3.25   3.84     4.30
  SINCE JAN 1     33.08                     26.65   6.43    24.71

..................................................................


WIND (MPH)
  HIGHEST WIND SPEED    15   HIGHEST WIND DIRECTION     E (90)
  HIGHEST GUST SPEED    20   HIGHEST GUST DIRECTION     E (90)
  AVERAGE WIND SPEED     7.4


SKY COVER
  AVERAGE SKY COVER 0.8


WEATHER CONDITIONS
 THE FOLLOWING WEATHER WAS RECORDED YESTERDAY.
  HEAVY RAIN
  RAIN
  LIGHT RAIN
  FOG


RELATIVE HUMIDITY (PERCENT)
 HIGHEST   100           100 AM
 LOWEST     93          1200 AM
 AVERAGE    97

..........................................................


THE TUSCALOOSA CLIMATE NORMALS FOR TODAY
                         NORMAL    RECORD    YEAR
 MAXIMUM TEMPERATURE (F)   90       101      1964
 MINIMUM TEMPERATURE (F)   69        58      1992


SUNRISE AND SUNSET
JUNE 22 2017..........SUNRISE   542 AM CDT   SUNSET   803 PM CDT
JUNE 23 2017..........SUNRISE   542 AM CDT   SUNSET   803 PM CDT


-  INDICATES NEGATIVE NUMBERS.
R  INDICATES RECORD WAS SET OR TIED.
MM INDICATES DATA IS MISSING.
T  INDICATES TRACE AMOUNT.




$$
