000
CDUS44 KBMX 012218
CLITCL


CLIMATE REPORT
NATIONAL WEATHER SERVICE BIRMINGHAM, AL
417 PM CST SUN FEB 1 2015


...................................

...THE TUSCALOOSA CLIMATE SUMMARY FOR FEBRUARY 1 2015...
VALID AS OF 0400 PM LOCAL TIME.

CLIMATE NORMAL PERIOD 1981 TO 2010
CLIMATE RECORD PERIOD 1948 TO 2015


WEATHER ITEM   OBSERVED TIME   RECORD YEAR NORMAL DEPARTURE LAST
                VALUE   (LST)  VALUE       VALUE  FROM      YEAR
                                                  NORMAL
..................................................................
TEMPERATURE (F)
 TODAY
  MAXIMUM         58    241 PM  81    1989  57      1       69
                                      1950
  MINIMUM         42    200 AM  11    1951  35      7       28
  AVERAGE         50                        46      4       49

PRECIPITATION (IN)
  TODAY            0.12          4.07 1983   0.19  -0.07     0.00
  MONTH TO DATE    0.12                      0.19  -0.07     0.00
  SINCE DEC 1     13.29                     10.16   3.13     9.50
  SINCE JAN 1      6.29                      5.54   0.75     2.09

SNOWFALL (IN)
  TODAY            0.0                       0.0    0.0
  MONTH TO DATE    0.0                       0.0    0.0
  SINCE DEC 1      0.0                       0.3   -0.3
  SINCE JUL 1      0.0                       0.3   -0.3
  SNOW DEPTH       0

..................................................................


WIND (MPH)
  HIGHEST WIND SPEED    16   HIGHEST WIND DIRECTION     S (170)
  HIGHEST GUST SPEED    21   HIGHEST GUST DIRECTION     S (160)
  AVERAGE WIND SPEED     6.4


SKY COVER
  AVERAGE SKY COVER 0.7


WEATHER CONDITIONS
 THE FOLLOWING WEATHER WAS RECORDED TODAY.
  LIGHT RAIN
  FOG


RELATIVE HUMIDITY (PERCENT)
 HIGHEST    93           400 PM
 LOWEST     32          1200 AM
 AVERAGE    63

..........................................................


THE TUSCALOOSA CLIMATE NORMALS FOR TOMORROW
                         NORMAL    RECORD    YEAR
 MAXIMUM TEMPERATURE (F)   57        80      1989
 MINIMUM TEMPERATURE (F)   35         5      1951


SUNRISE AND SUNSET
FEBRUARY  1 2015......SUNRISE   646 AM CST   SUNSET   522 PM CST
FEBRUARY  2 2015......SUNRISE   646 AM CST   SUNSET   523 PM CST


-  INDICATES NEGATIVE NUMBERS.
R  INDICATES RECORD WAS SET OR TIED.
MM INDICATES DATA IS MISSING.
T  INDICATES TRACE AMOUNT.




$$
