000
CDUS44 KBMX 200836
CLITCL


CLIMATE REPORT
NATIONAL WEATHER SERVICE BIRMINGHAM, AL
234 AM CST FRI JAN 20 2017


...................................

...THE TUSCALOOSA CLIMATE SUMMARY FOR JANUARY 19 2017...

CLIMATE NORMAL PERIOD 1981 TO 2010
CLIMATE RECORD PERIOD 1948 TO 2017


WEATHER ITEM   OBSERVED TIME   RECORD YEAR NORMAL DEPARTURE LAST
                VALUE   (LST)  VALUE       VALUE  FROM      YEAR
                                                  NORMAL
..................................................................
TEMPERATURE (F)
 YESTERDAY
  MAXIMUM         66    404 PM  79    1982  56     10       39
  MINIMUM         57   1243 AM  -1    1977  34     23       21
  AVERAGE         62                        44     18       30

PRECIPITATION (IN)
  YESTERDAY        1.35          2.29 1988   0.18   1.17     0.00
  MONTH TO DATE    4.76                      3.08   1.68     0.40
  SINCE DEC 1      7.67                      7.70  -0.03     8.67
  SINCE JAN 1      4.76                      3.08   1.68     0.40

SNOWFALL (IN)
  YESTERDAY        0.0                       0.0    0.0
  MONTH TO DATE    0.0                       0.2   -0.2
  SINCE DEC 1      0.0                       0.2   -0.2
  SINCE JUL 1      0.0                       0.2   -0.2

DEGREE DAYS
 HEATING
  YESTERDAY        3                        21    -18
  MONTH TO DATE  225                       394   -169
  SINCE DEC 1    615                       958   -343
  SINCE JUL 1    874                      1395   -521
..................................................................


WIND (MPH)
  HIGHEST WIND SPEED    13   HIGHEST WIND DIRECTION     S (190)
  HIGHEST GUST SPEED    17   HIGHEST GUST DIRECTION     S (180)
  AVERAGE WIND SPEED     5.8


SKY COVER
  AVERAGE SKY COVER 0.9


WEATHER CONDITIONS
 THE FOLLOWING WEATHER WAS RECORDED YESTERDAY.
  THUNDERSTORM
  HEAVY RAIN
  RAIN
  LIGHT RAIN
  FOG


RELATIVE HUMIDITY (PERCENT)
 HIGHEST   100          1200 AM
 LOWEST     93           400 PM
 AVERAGE    97

..........................................................


THE TUSCALOOSA CLIMATE NORMALS FOR TODAY
                         NORMAL    RECORD    YEAR
 MAXIMUM TEMPERATURE (F)   56        72      2010
                                             1954
                                             1951
 MINIMUM TEMPERATURE (F)   34         1      1985


SUNRISE AND SUNSET
JANUARY 20 2017.......SUNRISE   652 AM CST   SUNSET   511 PM CST
JANUARY 21 2017.......SUNRISE   652 AM CST   SUNSET   512 PM CST


-  INDICATES NEGATIVE NUMBERS.
R  INDICATES RECORD WAS SET OR TIED.
MM INDICATES DATA IS MISSING.
T  INDICATES TRACE AMOUNT.




$$
