000
CDUS42 KTAE 210638
CLITLH


CLIMATE REPORT
NATIONAL WEATHER SERVICE TALLAHASSEE FL
238 AM EDT THU AUG 21 2014


...................................

...THE TALLAHASSEE CLIMATE SUMMARY FOR AUGUST 20 2014...

CLIMATE NORMAL PERIOD 1981 TO 2010
CLIMATE RECORD PERIOD 1896 TO 2014


WEATHER ITEM   OBSERVED TIME   RECORD YEAR NORMAL DEPARTURE LAST
                VALUE   (LST)  VALUE       VALUE  FROM      YEAR
                                                  NORMAL
..................................................................
TEMPERATURE (F)
 YESTERDAY
  MAXIMUM         97    400 PM 100    1972  91      6
                                      1925
  MINIMUM         73    604 AM  66    1991  72      1
  AVERAGE         85                        82      3

PRECIPITATION (IN)
  YESTERDAY        T             3.27 1953   0.23  -0.23     0.54
  MONTH TO DATE    1.93                      5.07  -3.14     6.72
  SINCE JUN 1      8.66                     19.97 -11.31    29.00
  SINCE JAN 1     40.75                     41.63  -0.88    51.39

SNOWFALL (IN)
  YESTERDAY        0.0                       0.0    0.0

DEGREE DAYS
 HEATING
  YESTERDAY        0                                0
  MONTH TO DATE    0                                0
  SINCE JUN 1      0                                0
  SINCE JUL 1      0                                0

 COOLING
  YESTERDAY       20                                3
  MONTH TO DATE  391                               51
  SINCE JUN 1   1457                              131
  SINCE JAN 1   1946                              174
..................................................................


WIND (MPH)
  HIGHEST WIND SPEED    16   HIGHEST WIND DIRECTION     W (260)
  HIGHEST GUST SPEED    35   HIGHEST GUST DIRECTION     S (180)
  AVERAGE WIND SPEED     4.5




RELATIVE HUMIDITY (PERCENT)
 HIGHEST    94
 LOWEST     45
 AVERAGE    70

..........................................................


THE TALLAHASSEE CLIMATE NORMALS FOR TODAY
                         NORMAL    RECORD    YEAR
 MAXIMUM TEMPERATURE (F)   91        99      1968
 MINIMUM TEMPERATURE (F)   72        60      1991


SUNRISE AND SUNSET
AUGUST 21 2014........SUNRISE   708 AM EDT   SUNSET   813 PM EDT
AUGUST 22 2014........SUNRISE   708 AM EDT   SUNSET   812 PM EDT


-  INDICATES NEGATIVE NUMBERS.
R  INDICATES RECORD WAS SET OR TIED.
MM INDICATES DATA IS MISSING.
T  INDICATES TRACE AMOUNT.




$$
