000
CDUS42 KTAE 230639
CLITLH


CLIMATE REPORT
NATIONAL WEATHER SERVICE TALLAHASSEE FL
235 AM EDT SUN JUL 23 2017

...................................

...THE TALLAHASSEE CLIMATE SUMMARY FOR JULY 22 2017...

CLIMATE NORMAL PERIOD 1981 TO 2010
CLIMATE RECORD PERIOD 1896 TO 2017


WEATHER ITEM   OBSERVED TIME   RECORD YEAR NORMAL DEPARTURE LAST
                VALUE   (LST)  VALUE       VALUE  FROM      YEAR
                                                  NORMAL
..................................................................
TEMPERATURE (F)
 YESTERDAY
  MAXIMUM         91   1149 AM 100    1942  92     -1       94
  MINIMUM         73    420 AM  64    2009  72      1       75
                                      1929
  AVERAGE         82                        82      0       85

PRECIPITATION (IN)
  YESTERDAY        0.84          7.64 1970   0.22   0.62     0.09
  MONTH TO DATE    4.32                      5.00  -0.68     6.86
  SINCE JUN 1     17.06                     12.73   4.33    15.24
  SINCE JAN 1     36.86                     34.39   2.47    38.64

SNOWFALL (IN)
  YESTERDAY        0.0                       0.0    0.0

DEGREE DAYS
 HEATING
  YESTERDAY        0                                0
  MONTH TO DATE    0                                0
  SINCE JUN 1      0                                0
  SINCE JUL 1      0                                0

 COOLING
  YESTERDAY       17                                0
  MONTH TO DATE  397                               23
  SINCE JUN 1    835                                4
  SINCE JAN 1   1462                              185
..................................................................


WIND (MPH)
  HIGHEST WIND SPEED    22   HIGHEST WIND DIRECTION     W (260)
  HIGHEST GUST SPEED    31   HIGHEST GUST DIRECTION     W (280)
  AVERAGE WIND SPEED     3.4




RELATIVE HUMIDITY (PERCENT)
 HIGHEST   100
 LOWEST     68
 AVERAGE    84

..........................................................


THE TALLAHASSEE CLIMATE NORMALS FOR TODAY
                         NORMAL    RECORD    YEAR
 MAXIMUM TEMPERATURE (F)   92       100      1932
 MINIMUM TEMPERATURE (F)   72        64      1947


SUNRISE AND SUNSET
JULY 23 2017..........SUNRISE   651 AM EDT   SUNSET   837 PM EDT
JULY 24 2017..........SUNRISE   651 AM EDT   SUNSET   837 PM EDT


-  INDICATES NEGATIVE NUMBERS.
R  INDICATES RECORD WAS SET OR TIED.
MM INDICATES DATA IS MISSING.
T  INDICATES TRACE AMOUNT.

$$
