000
CDUS42 KTAE 250633
CLITLH


CLIMATE REPORT
NATIONAL WEATHER SERVICE TALLAHASSEE FL
233 AM EDT MON SEP 25 2017


...................................

...THE TALLAHASSEE CLIMATE SUMMARY FOR SEPTEMBER 24 2017...

CLIMATE NORMAL PERIOD 1981 TO 2010
CLIMATE RECORD PERIOD 1896 TO 2017


WEATHER ITEM   OBSERVED TIME   RECORD YEAR NORMAL DEPARTURE LAST
                VALUE   (LST)  VALUE       VALUE  FROM      YEAR
                                                  NORMAL
..................................................................
TEMPERATURE (F)
 YESTERDAY
  MAXIMUM         89    242 PM  96    1933  87      2       91
                                      1931
  MINIMUM         73    658 AM  50    1990  66      7       72
  AVERAGE         81                        76      5       82

PRECIPITATION (IN)
  YESTERDAY        0.00          4.09 1956   0.15  -0.15      T
  MONTH TO DATE    3.43                      3.88  -0.45     7.34
  SINCE SEP 1      3.43                      3.88  -0.45     7.34
  SINCE JAN 1     48.70                     47.79   0.91    54.65

SNOWFALL (IN)
  YESTERDAY        0.0                       0.0    0.0

DEGREE DAYS
 HEATING
  YESTERDAY        0                                0
  MONTH TO DATE    1                                1
  SINCE SEP 1      1                                1
  SINCE JUL 1      1                                1

 COOLING
  YESTERDAY       16                                5
  MONTH TO DATE  322                              -13
  SINCE SEP 1    322                              -13
  SINCE JAN 1   2500                              212
..................................................................


WIND (MPH)
  HIGHEST WIND SPEED    17   HIGHEST WIND DIRECTION     E (80)
  HIGHEST GUST SPEED    21   HIGHEST GUST DIRECTION     E (80)
  AVERAGE WIND SPEED     6.7




RELATIVE HUMIDITY (PERCENT)
 HIGHEST    93
 LOWEST     55
 AVERAGE    74

..........................................................


THE TALLAHASSEE CLIMATE NORMALS FOR TODAY
                         NORMAL    RECORD    YEAR
 MAXIMUM TEMPERATURE (F)   87        96      1931
 MINIMUM TEMPERATURE (F)   66        45      1990


SUNRISE AND SUNSET
SEPTEMBER 25 2017.....SUNRISE   728 AM EDT   SUNSET   730 PM EDT
SEPTEMBER 26 2017.....SUNRISE   728 AM EDT   SUNSET   729 PM EDT


-  INDICATES NEGATIVE NUMBERS.
R  INDICATES RECORD WAS SET OR TIED.
MM INDICATES DATA IS MISSING.
T  INDICATES TRACE AMOUNT.




$$
