000
CDUS42 KTAE 040634
CLITLH


CLIMATE REPORT
NATIONAL WEATHER SERVICE TALLAHASSEE FL
132 AM EST SUN DEC 4 2016


...................................

...THE TALLAHASSEE CLIMATE SUMMARY FOR DECEMBER 3 2016...

CLIMATE NORMAL PERIOD 1981 TO 2010
CLIMATE RECORD PERIOD 1896 TO 2016


WEATHER ITEM   OBSERVED TIME   RECORD YEAR NORMAL DEPARTURE LAST
                VALUE   (LST)  VALUE       VALUE  FROM      YEAR
                                                  NORMAL
..................................................................
TEMPERATURE (F)
 YESTERDAY
  MAXIMUM         70    323 PM  81    2014  68      2       60
                                      1982
  MINIMUM         47    112 AM  23    1988  43      4       51
  AVERAGE         59                        56      3       56

PRECIPITATION (IN)
  YESTERDAY        0.00          5.04 1964   0.13  -0.13     0.00
  MONTH TO DATE    0.03                      0.39  -0.36     0.85
  SINCE DEC 1      0.03                      0.39  -0.36     0.85
  SINCE JAN 1     55.65                     55.72  -0.07    50.46

SNOWFALL (IN)
  YESTERDAY        0.0                       0.0    0.0

DEGREE DAYS
 HEATING
  YESTERDAY        6                               -4
  MONTH TO DATE   24                               -6
  SINCE DEC 1     24                               -6
  SINCE JUL 1    137                             -129

 COOLING
  YESTERDAY        0                               -1
  MONTH TO DATE    0                               -3
  SINCE DEC 1      0                               -3
  SINCE JAN 1   3263                              680
..................................................................


WIND (MPH)
  HIGHEST WIND SPEED    22   HIGHEST WIND DIRECTION    SW (240)
  HIGHEST GUST SPEED    28   HIGHEST GUST DIRECTION    SW (210)
  AVERAGE WIND SPEED     7.4




RELATIVE HUMIDITY (PERCENT)
 HIGHEST    76
 LOWEST     26
 AVERAGE    51

..........................................................


THE TALLAHASSEE CLIMATE NORMALS FOR TODAY
                         NORMAL    RECORD    YEAR
 MAXIMUM TEMPERATURE (F)   68        82      1982
                                             1978
 MINIMUM TEMPERATURE (F)   43        19      1974


SUNRISE AND SUNSET
DECEMBER  4 2016......SUNRISE   719 AM EST   SUNSET   536 PM EST
DECEMBER  5 2016......SUNRISE   720 AM EST   SUNSET   537 PM EST


-  INDICATES NEGATIVE NUMBERS.
R  INDICATES RECORD WAS SET OR TIED.
MM INDICATES DATA IS MISSING.
T  INDICATES TRACE AMOUNT.




$$
