000
CDUS42 KTAE 270635
CLITLH


CLIMATE REPORT
NATIONAL WEATHER SERVICE TALLAHASSEE FL
134 AM EST MON FEB 27 2017


...................................

...THE TALLAHASSEE CLIMATE SUMMARY FOR FEBRUARY 26 2017...

CLIMATE NORMAL PERIOD 1981 TO 2010
CLIMATE RECORD PERIOD 1896 TO 2017


WEATHER ITEM   OBSERVED TIME   RECORD YEAR NORMAL DEPARTURE LAST
                VALUE   (LST)  VALUE       VALUE  FROM      YEAR
                                                  NORMAL
..................................................................
TEMPERATURE (F)
 YESTERDAY
  MAXIMUM         72    528 PM  84    1930  70      2       60
  MINIMUM         40    509 AM  21    1967  44     -4       36
  AVERAGE         56                        57     -1       48

PRECIPITATION (IN)
  YESTERDAY        0.00          2.05 1939   0.19  -0.19     0.00
  MONTH TO DATE    2.72                      4.48  -1.76     4.45
  SINCE DEC 1     14.13                     12.72   1.41    13.47
  SINCE JAN 1      9.93                      8.82   1.11     8.70

SNOWFALL (IN)
  YESTERDAY        0.0                       0.0    0.0

DEGREE DAYS
 HEATING
  YESTERDAY        9                                0
  MONTH TO DATE   99                             -182
  SINCE DEC 1    529                             -562
  SINCE JUL 1    642                             -685

 COOLING
  YESTERDAY        0                               -1
  MONTH TO DATE   26                               24
  SINCE DEC 1     99                               79
  SINCE JAN 1     56                               49
..................................................................


WIND (MPH)
  HIGHEST WIND SPEED    15   HIGHEST WIND DIRECTION    NW (330)
  HIGHEST GUST SPEED    18   HIGHEST GUST DIRECTION    NW (320)
  AVERAGE WIND SPEED     4.9




RELATIVE HUMIDITY (PERCENT)
 HIGHEST    76
 LOWEST     14
 AVERAGE    45

..........................................................


THE TALLAHASSEE CLIMATE NORMALS FOR TODAY
                         NORMAL    RECORD    YEAR
 MAXIMUM TEMPERATURE (F)   70        84      1962
 MINIMUM TEMPERATURE (F)   44        17      1974


SUNRISE AND SUNSET
FEBRUARY 27 2017......SUNRISE   706 AM EST   SUNSET   635 PM EST
FEBRUARY 28 2017......SUNRISE   704 AM EST   SUNSET   636 PM EST


-  INDICATES NEGATIVE NUMBERS.
R  INDICATES RECORD WAS SET OR TIED.
MM INDICATES DATA IS MISSING.
T  INDICATES TRACE AMOUNT.




$$
