193
CDUS42 KTAE 270633
CLITLH


CLIMATE REPORT
NATIONAL WEATHER SERVICE TALLAHASSEE FL
233 AM EDT WED JUL 27 2016


...................................

...THE TALLAHASSEE CLIMATE SUMMARY FOR JULY 26 2016...

CLIMATE NORMAL PERIOD 1981 TO 2010
CLIMATE RECORD PERIOD 1896 TO 2016


WEATHER ITEM   OBSERVED TIME   RECORD YEAR NORMAL DEPARTURE LAST
                VALUE   (LST)  VALUE       VALUE  FROM      YEAR
                                                  NORMAL
..................................................................
TEMPERATURE (F)
 YESTERDAY
  MAXIMUM         93    215 PM  99    1983  92      1       97
  MINIMUM         77    624 AM  66    1915  72      5       74
  AVERAGE         85                        82      3       86

PRECIPITATION (IN)
  YESTERDAY        T             2.39 1954   0.24  -0.24     0.00
  MONTH TO DATE    7.31                      5.95   1.36     5.75
  SINCE JUN 1     15.69                     13.68   2.01    12.74
  SINCE JAN 1     39.09                     35.34   3.75    31.27

SNOWFALL (IN)
  YESTERDAY        0.0                       0.0    0.0

DEGREE DAYS
 HEATING
  YESTERDAY        0                                0
  MONTH TO DATE    0                                0
  SINCE JUN 1      0                                0
  SINCE JUL 1      0                                0

 COOLING
  YESTERDAY       20                                3
  MONTH TO DATE  524                               82
  SINCE JUN 1   1072                              173
  SINCE JAN 1   1682                              337
..................................................................


WIND (MPH)
  HIGHEST WIND SPEED    21   HIGHEST WIND DIRECTION    SW (210)
  HIGHEST GUST SPEED    25   HIGHEST GUST DIRECTION     S (170)
  AVERAGE WIND SPEED     6.5




RELATIVE HUMIDITY (PERCENT)
 HIGHEST    94
 LOWEST     52
 AVERAGE    73

..........................................................


THE TALLAHASSEE CLIMATE NORMALS FOR TODAY
                         NORMAL    RECORD    YEAR
 MAXIMUM TEMPERATURE (F)   92        99      2006
                                             1936
 MINIMUM TEMPERATURE (F)   72        65      1911


SUNRISE AND SUNSET
JULY 27 2016..........SUNRISE   653 AM EDT   SUNSET   835 PM EDT
JULY 28 2016..........SUNRISE   654 AM EDT   SUNSET   834 PM EDT


-  INDICATES NEGATIVE NUMBERS.
R  INDICATES RECORD WAS SET OR TIED.
MM INDICATES DATA IS MISSING.
T  INDICATES TRACE AMOUNT.




$$
