000
CDUS42 KTAE 250636
CLITLH


CLIMATE REPORT
NATIONAL WEATHER SERVICE TALLAHASSEE FL
233 AM EDT THU MAY 25 2017


...................................

...THE TALLAHASSEE CLIMATE SUMMARY FOR MAY 24 2017...

CLIMATE NORMAL PERIOD 1981 TO 2010
CLIMATE RECORD PERIOD 1896 TO 2017


WEATHER ITEM   OBSERVED TIME   RECORD YEAR NORMAL DEPARTURE LAST
                VALUE   (LST)  VALUE       VALUE  FROM      YEAR
                                                  NORMAL
..................................................................
TEMPERATURE (F)
 YESTERDAY
  MAXIMUM         77    315 PM 100    1941  89    -12       92
  MINIMUM         62   1159 PM  52    2001  64     -2       60
                                      1892
  AVERAGE         70                        76     -6       76

PRECIPITATION (IN)
  YESTERDAY        1.52R         1.45 1935   0.14   1.38     0.00
  MONTH TO DATE    5.50                      2.40   3.10     1.63
  SINCE MAR 1      9.86                     11.40  -1.54    14.62
  SINCE JAN 1     19.79                     20.59  -0.80    23.32

SNOWFALL (IN)
  YESTERDAY        0.0                       0.0    0.0

DEGREE DAYS
 HEATING
  YESTERDAY        0                                0
  MONTH TO DATE    5                                2
  SINCE MAR 1    157                              -93
  SINCE JUL 1    805                             -788

 COOLING
  YESTERDAY        5                               -7
  MONTH TO DATE  219                               12
  SINCE MAR 1    475                              129
  SINCE JAN 1    535                              175
..................................................................


WIND (MPH)
  HIGHEST WIND SPEED    28   HIGHEST WIND DIRECTION     W (280)
  HIGHEST GUST SPEED    39   HIGHEST GUST DIRECTION     W (290)
  AVERAGE WIND SPEED     8.9




RELATIVE HUMIDITY (PERCENT)
 HIGHEST   100
 LOWEST     76
 AVERAGE    88

..........................................................


THE TALLAHASSEE CLIMATE NORMALS FOR TODAY
                         NORMAL    RECORD    YEAR
 MAXIMUM TEMPERATURE (F)   89       100      1953
 MINIMUM TEMPERATURE (F)   65        48      1979


SUNRISE AND SUNSET
MAY 25 2017...........SUNRISE   638 AM EDT   SUNSET   831 PM EDT
MAY 26 2017...........SUNRISE   638 AM EDT   SUNSET   832 PM EDT


-  INDICATES NEGATIVE NUMBERS.
R  INDICATES RECORD WAS SET OR TIED.
MM INDICATES DATA IS MISSING.
T  INDICATES TRACE AMOUNT.




$$
