000
CDUS44 KBMX 012250
CLITOI


CLIMATE REPORT
NATIONAL WEATHER SERVICE BIRMINGHAM, AL
450 PM CST SUN MAR 1 2015


...................................

...THE TROY CLIMATE SUMMARY FOR MARCH 1 2015...
VALID TODAY AS OF 0400 PM LOCAL TIME.

CLIMATE NORMAL PERIOD 1981 TO 2010
CLIMATE RECORD PERIOD 9999 TO 9999


WEATHER ITEM   OBSERVED TIME   RECORD YEAR NORMAL DEPARTURE LAST
                VALUE   (LST)  VALUE       VALUE  FROM      YEAR
                                                  NORMAL
..................................................................
TEMPERATURE (F)
 TODAY
  MAXIMUM         52    247 PM  MM      MM  66    -14       72
  MINIMUM         45    731 AM  MM      MM  40      5       46
  AVERAGE         49                        53     -4       59

PRECIPITATION (IN)
  TODAY            0.09                      0.16  -0.07      T
  MONTH TO DATE    0.09                      0.16  -0.07      T
  SINCE MAR 1      0.09                      0.16  -0.07      T
  SINCE JAN 1      7.00                      9.29  -2.29     9.06

SNOWFALL (IN)
  TODAY           MM                        MM     MM        0.0
  MONTH TO DATE   MM                        MM     MM        0.0
  SINCE MAR 1     MM                        MM     MM        0.0
  SINCE JUL 1      0.0                      MM     MM        0.3
  SNOW DEPTH       0

DEGREE DAYS
 HEATING
  TODAY           16                        12      4        6
  MONTH TO DATE   16                        12      4        6
  SINCE MAR 1     16                        12      4        6
  SINCE JUL 1   2017                      1931     86     1946
..................................................................


WIND (MPH)
  HIGHEST WIND SPEED    10   HIGHEST WIND DIRECTION     E (100)
  HIGHEST GUST SPEED    15   HIGHEST GUST DIRECTION     E (100)
  AVERAGE WIND SPEED     5.5


SKY COVER
  AVERAGE SKY COVER 1.0


WEATHER CONDITIONS
 THE FOLLOWING WEATHER WAS RECORDED TODAY.
  LIGHT RAIN
  FOG


RELATIVE HUMIDITY (PERCENT)
 HIGHEST   100           600 AM
 LOWEST     86          1200 AM
 AVERAGE    93

..........................................................


THE TROY CLIMATE NORMALS FOR TOMORROW
                         NORMAL    RECORD    YEAR
 MAXIMUM TEMPERATURE (F)   66        MM        MM
 MINIMUM TEMPERATURE (F)   40        MM        MM


SUNRISE AND SUNSET
MARCH  1 2015.........SUNRISE   611 AM CST   SUNSET   542 PM CST
MARCH  2 2015.........SUNRISE   610 AM CST   SUNSET   542 PM CST


-  INDICATES NEGATIVE NUMBERS.
R  INDICATES RECORD WAS SET OR TIED.
MM INDICATES DATA IS MISSING.
T  INDICATES TRACE AMOUNT.




$$
