000
CDUS44 KBMX 030706
CLITOI


CLIMATE REPORT
NATIONAL WEATHER SERVICE BIRMINGHAM, AL
204 AM CDT WED JUN 3 2015


...................................

...THE TROY CLIMATE SUMMARY FOR JUNE 2 2015...

CLIMATE NORMAL PERIOD 1981 TO 2010
CLIMATE RECORD PERIOD 9999 TO 9999


WEATHER ITEM   OBSERVED TIME   RECORD YEAR NORMAL DEPARTURE LAST
                VALUE   (LST)  VALUE       VALUE  FROM      YEAR
                                                  NORMAL
..................................................................
TEMPERATURE (F)
 YESTERDAY
  MAXIMUM         87    321 PM  MM      MM  87      0       79
  MINIMUM         67    456 AM  MM      MM  64      3       68
  AVERAGE         77                        76      1       74

PRECIPITATION (IN)
  YESTERDAY        0.00                      0.15  -0.15      T
  MONTH TO DATE    0.05                      0.31  -0.26     0.54
  SINCE JUN 1      0.05                      0.31  -0.26     0.54
  SINCE JAN 1     19.87                     23.14  -3.27    30.60

DEGREE DAYS
 COOLING
  YESTERDAY       12                        10      2        9
  MONTH TO DATE   21                        20      1       22
  SINCE JUN 1     21                        20      1       22
  SINCE JAN 1    504                       307    197      344
..................................................................


WIND (MPH)
  HIGHEST WIND SPEED     9   HIGHEST WIND DIRECTION     N (350)
  HIGHEST GUST SPEED    14   HIGHEST GUST DIRECTION    SE (140)
  AVERAGE WIND SPEED     1.8


SKY COVER
  AVERAGE SKY COVER 0.7


WEATHER CONDITIONS
 THE FOLLOWING WEATHER WAS RECORDED YESTERDAY.
  FOG
  FOG W/VISIBILITY <= 1/4 MILE


RELATIVE HUMIDITY (PERCENT)
 HIGHEST   100           300 AM
 LOWEST     51           500 PM
 AVERAGE    76

..........................................................


THE TROY CLIMATE NORMALS FOR TODAY
                         NORMAL    RECORD    YEAR
 MAXIMUM TEMPERATURE (F)   88        MM        MM
 MINIMUM TEMPERATURE (F)   64        MM        MM


SUNRISE AND SUNSET
JUNE  3 2015..........SUNRISE   539 AM CDT   SUNSET   746 PM CDT
JUNE  4 2015..........SUNRISE   539 AM CDT   SUNSET   746 PM CDT


-  INDICATES NEGATIVE NUMBERS.
R  INDICATES RECORD WAS SET OR TIED.
MM INDICATES DATA IS MISSING.
T  INDICATES TRACE AMOUNT.




$$
