000
CDUS44 KBMX 220735
CLITOI


CLIMATE REPORT
NATIONAL WEATHER SERVICE BIRMINGHAM, AL
234 AM CDT TUE AUG 22 2017


...................................

...THE TROY CLIMATE SUMMARY FOR AUGUST 21 2017...

CLIMATE NORMAL PERIOD 1981 TO 2010
CLIMATE RECORD PERIOD 9999 TO 9999


WEATHER ITEM   OBSERVED TIME   RECORD YEAR NORMAL DEPARTURE LAST
                VALUE   (LST)  VALUE       VALUE  FROM      YEAR
                                                  NORMAL
..................................................................
TEMPERATURE (F)
 YESTERDAY
  MAXIMUM         94   1135 AM  MM      MM  91      3       91
  MINIMUM         70    514 AM  MM      MM  70      0       72
  AVERAGE         82                        80      2       82

PRECIPITATION (IN)
  YESTERDAY        0.00                      0.12  -0.12     0.00
  MONTH TO DATE    5.65                      3.50   2.15     3.04
  SINCE JUN 1     19.03                     14.00   5.03    13.09
  SINCE JAN 1     51.53                     36.83  14.70    32.43

DEGREE DAYS
 COOLING
  YESTERDAY       17                        15      2       17
  MONTH TO DATE  321                       330     -9      361
  SINCE JUN 1   1166                      1203    -37     1321
  SINCE JAN 1   1570                      1490     80     1736
..................................................................


WIND (MPH)
  HIGHEST WIND SPEED    13   HIGHEST WIND DIRECTION    SE (140)
  HIGHEST GUST SPEED    16   HIGHEST GUST DIRECTION    SE (140)
  AVERAGE WIND SPEED     2.5


SKY COVER
  AVERAGE SKY COVER 0.0


WEATHER CONDITIONS
 THE FOLLOWING WEATHER WAS RECORDED YESTERDAY.
  THUNDERSTORM
  FOG


RELATIVE HUMIDITY (PERCENT)
 HIGHEST   100          1200 AM
 LOWEST     52          1100 AM
 AVERAGE    76

..........................................................


THE TROY CLIMATE NORMALS FOR TODAY
                         NORMAL    RECORD    YEAR
 MAXIMUM TEMPERATURE (F)   91        MM        MM
 MINIMUM TEMPERATURE (F)   69        MM        MM


SUNRISE AND SUNSET
AUGUST 22 2017........SUNRISE   613 AM CDT   SUNSET   720 PM CDT
AUGUST 23 2017........SUNRISE   614 AM CDT   SUNSET   719 PM CDT


-  INDICATES NEGATIVE NUMBERS.
R  INDICATES RECORD WAS SET OR TIED.
MM INDICATES DATA IS MISSING.
T  INDICATES TRACE AMOUNT.




$$
