000
CDUS44 KBMX 232222
CLITOI


CLIMATE REPORT
NATIONAL WEATHER SERVICE BIRMINGHAM, AL
422 PM CST TUE JAN 23 2018


...................................

...THE TROY CLIMATE SUMMARY FOR JANUARY 23 2018...
VALID TODAY AS OF 0400 PM LOCAL TIME.

CLIMATE NORMAL PERIOD 1981 TO 2010
CLIMATE RECORD PERIOD 9999 TO 9999


WEATHER ITEM   OBSERVED TIME   RECORD YEAR NORMAL DEPARTURE LAST
                VALUE   (LST)  VALUE       VALUE  FROM      YEAR
                                                  NORMAL
..................................................................
TEMPERATURE (F)
 TODAY
  MAXIMUM         64   1208 AM  MM      MM  59      5       68
  MINIMUM         39    729 AM  MM      MM  35      4       49
  AVERAGE         52                        47      5       59

PRECIPITATION (IN)
  TODAY            T                         0.16  -0.16      T
  MONTH TO DATE    0.42                      3.25  -2.83    13.38
  SINCE DEC 1      3.14                      8.09  -4.95    18.05
  SINCE JAN 1      0.42                      3.25  -2.83    13.38

SNOWFALL (IN)
  TODAY           MM                        MM     MM        0.0
  MONTH TO DATE    0.0                      MM     MM        0.0
  SINCE DEC 1      T                        MM     MM        0.0
  SINCE JUL 1      T                        MM     MM        0.0
  SNOW DEPTH       0

DEGREE DAYS
 HEATING
  TODAY           13                        18     -5        6
  MONTH TO DATE  544                       434    110      212
  SINCE DEC 1   1019                       958     61      573
  SINCE JUL 1   1373                      1351     22      825
..................................................................


WIND (MPH)
  HIGHEST WIND SPEED    16   HIGHEST WIND DIRECTION    NW (310)
  HIGHEST GUST SPEED    23   HIGHEST GUST DIRECTION    NW (320)
  AVERAGE WIND SPEED     8.7


SKY COVER
  AVERAGE SKY COVER 0.0


WEATHER CONDITIONS
 THE FOLLOWING WEATHER WAS RECORDED TODAY.
  LIGHT RAIN


RELATIVE HUMIDITY (PERCENT)
 HIGHEST    79           700 AM
 LOWEST     32           200 PM
 AVERAGE    56

..........................................................


THE TROY CLIMATE NORMALS FOR TOMORROW
                         NORMAL    RECORD    YEAR
 MAXIMUM TEMPERATURE (F)   59        MM        MM
 MINIMUM TEMPERATURE (F)   35        MM        MM


SUNRISE AND SUNSET
JANUARY 23 2018.......SUNRISE   642 AM CST   SUNSET   510 PM CST
JANUARY 24 2018.......SUNRISE   642 AM CST   SUNSET   511 PM CST


-  INDICATES NEGATIVE NUMBERS.
R  INDICATES RECORD WAS SET OR TIED.
MM INDICATES DATA IS MISSING.
T  INDICATES TRACE AMOUNT.




$$
