000
CDUS41 KCLE 242120
CLITOL


CLIMATE REPORT
NATIONAL WEATHER SERVICE CLEVELAND OH
510 PM EDT SUN SEP 24 2017


...................................

...THE TOLEDO OH CLIMATE SUMMARY FOR SEPTEMBER 24 2017...
VALID TODAY AS OF 0500 PM LOCAL TIME.

CLIMATE NORMAL PERIOD 1981 TO 2010
CLIMATE RECORD PERIOD 1873 TO 2017


WEATHER ITEM   OBSERVED TIME   RECORD YEAR NORMAL DEPARTURE LAST
                VALUE   (LST)  VALUE       VALUE  FROM      YEAR
                                                  NORMAL
..................................................................
TEMPERATURE (F)
 TODAY
  MAXIMUM         92R   303 PM  92    1891  72     20       71
  MINIMUM         62    659 AM  30    1976  49     13       54
  AVERAGE         77                        61     16       63

PRECIPITATION (IN)
  TODAY            0.00                      0.09  -0.09     0.00
  MONTH TO DATE    2.64                      2.25   0.39     2.19
  SINCE SEP 1      2.64                      2.25   0.39     2.19
  SINCE JAN 1     29.44                     25.57   3.87    25.50

SNOWFALL (IN)
  TODAY            0.0                       0.0    0.0      0.0
  MONTH TO DATE    0.0                       0.0    0.0      0.0
  SINCE SEP 1      0.0                       0.0    0.0      0.0
  SINCE JUL 1      0.0                       0.0    0.0      0.0
  SNOW DEPTH       0

DEGREE DAYS
 HEATING
  TODAY            0                         6     -6        2
  MONTH TO DATE   61                        68     -7        5
  SINCE SEP 1     61                        68     -7        5
  SINCE JUL 1     75                        82     -7        6

 COOLING
  TODAY           12                         1     11        0
  MONTH TO DATE   90                        75     15      119
  SINCE SEP 1     90                        75     15      119
  SINCE JAN 1    683                       777    -94     1008
..................................................................


WIND (MPH)
  HIGHEST WIND SPEED    14   HIGHEST WIND DIRECTION    NE (60)
  HIGHEST GUST SPEED    16   HIGHEST GUST DIRECTION     E (80)


SKY COVER
  POSSIBLE SUNSHINE  MM
  AVERAGE SKY COVER 0.0


WEATHER CONDITIONS
 THE FOLLOWING WEATHER WAS RECORDED TODAY.
  NO SIGNIFICANT WEATHER WAS OBSERVED.


RELATIVE HUMIDITY (PERCENT)
 HIGHEST   100           500 AM
 LOWEST     34           100 PM
 AVERAGE    67

..........................................................


THE TOLEDO OH CLIMATE NORMALS FOR TOMORROW
                         NORMAL    RECORD    YEAR
 MAXIMUM TEMPERATURE (F)   72        91      1891
 MINIMUM TEMPERATURE (F)   49        32      1976


SUNRISE AND SUNSET
SEPTEMBER 24 2017.....SUNRISE   725 AM EDT   SUNSET   728 PM EDT
SEPTEMBER 25 2017.....SUNRISE   726 AM EDT   SUNSET   727 PM EDT


-  INDICATES NEGATIVE NUMBERS.
R  INDICATES RECORD WAS SET OR TIED.
MM INDICATES DATA IS MISSING.
T  INDICATES TRACE AMOUNT.




$$
