000
CDUS41 KCLE 260527
CLITOL


CLIMATE REPORT
NATIONAL WEATHER SERVICE CLEVELAND OH
1227 AM EST WED NOV 26 2014


...................................

...THE TOLEDO OH CLIMATE SUMMARY FOR NOVEMBER 25 2014...

CLIMATE NORMAL PERIOD 1981 TO 2010
CLIMATE RECORD PERIOD 1873 TO 2014


WEATHER ITEM   OBSERVED TIME   RECORD YEAR NORMAL DEPARTURE LAST
                VALUE   (LST)  VALUE       VALUE  FROM      YEAR
                                                  NORMAL
..................................................................
TEMPERATURE (F)
 YESTERDAY
  MAXIMUM         35   1216 AM  65    1908  45    -10       31
  MINIMUM         27   1127 PM   8    1950  30     -3       19
  AVERAGE         31                        37     -6       25

PRECIPITATION (IN)
  YESTERDAY        T                         0.10  -0.10      T
  MONTH TO DATE    1.81                      2.37  -0.56     1.36
  SINCE SEP 1      9.40                      7.75   1.65     6.97
  SINCE JAN 1     30.59                     31.07  -0.48    33.76

SNOWFALL (IN)
  YESTERDAY        T                         0.1   -0.1       T
  MONTH TO DATE    2.6                       1.3    1.3      0.5
  SINCE SEP 1      2.6                       1.5    1.1      0.5
  SINCE JUL 1      2.6                       1.5    1.1      0.5
  SNOW DEPTH       0

DEGREE DAYS
 HEATING
  YESTERDAY       34                        28      6       40
  MONTH TO DATE  735                       563    172      631
  SINCE SEP 1   1272                      1075    197     1139
  SINCE JUL 1   1286                      1089    197     1168

 COOLING
  YESTERDAY        0                         0      0        0
  MONTH TO DATE    0                         0      0        0
  SINCE SEP 1     56                        91    -35      111
  SINCE JAN 1    654                       793   -139      793
..................................................................


WIND (MPH)
  HIGHEST WIND SPEED    33   HIGHEST WIND DIRECTION    SW (240)
  HIGHEST GUST SPEED    44   HIGHEST GUST DIRECTION    SW (240)
  AVERAGE WIND SPEED    15.2


SKY COVER
  POSSIBLE SUNSHINE  MM
  AVERAGE SKY COVER 1.0


WEATHER CONDITIONS
 THE FOLLOWING WEATHER WAS RECORDED YESTERDAY.
  LIGHT SNOW
  HAZE


RELATIVE HUMIDITY (PERCENT)
 HIGHEST    78          1200 PM
 LOWEST     63           300 PM
 AVERAGE    71

..........................................................


THE TOLEDO OH CLIMATE NORMALS FOR TODAY
                         NORMAL    RECORD    YEAR
 MAXIMUM TEMPERATURE (F)   44        68      1896
 MINIMUM TEMPERATURE (F)   30        10      1974


SUNRISE AND SUNSET
NOVEMBER 26 2014......SUNRISE   737 AM EST   SUNSET   508 PM EST
NOVEMBER 27 2014......SUNRISE   738 AM EST   SUNSET   507 PM EST


-  INDICATES NEGATIVE NUMBERS.
R  INDICATES RECORD WAS SET OR TIED.
MM INDICATES DATA IS MISSING.
T  INDICATES TRACE AMOUNT.




$$
