000
CDUS41 KCLE 210545
CLITOL


CLIMATE REPORT
NATIONAL WEATHER SERVICE CLEVELAND OH
145 AM EDT TUE OCT 21 2014


...................................

...THE TOLEDO OH CLIMATE SUMMARY FOR OCTOBER 20 2014...

CLIMATE NORMAL PERIOD 1981 TO 2010
CLIMATE RECORD PERIOD 1873 TO 2014


WEATHER ITEM   OBSERVED TIME   RECORD YEAR NORMAL DEPARTURE LAST
                VALUE   (LST)  VALUE       VALUE  FROM      YEAR
                                                  NORMAL
..................................................................
TEMPERATURE (F)
 YESTERDAY
  MAXIMUM         56   1129 AM  82    1920  61     -5       61
  MINIMUM         46    550 AM  18    1972  41      5       41
  AVERAGE         51                        51      0       51

PRECIPITATION (IN)
  YESTERDAY        0.05                      0.08  -0.03     0.00
  MONTH TO DATE    1.72                      1.70   0.02     2.26
  SINCE SEP 1      7.09                      4.48   2.61     4.23
  SINCE JAN 1     28.28                     27.80   0.48    31.02

SNOWFALL (IN)
  YESTERDAY       MM                         0.0   MM        0.0
  MONTH TO DATE    0.0                       0.1   -0.1      0.0
  SINCE SEP 1      0.0                       0.1   -0.1      0.0
  SINCE JUL 1      0.0                       0.1   -0.1      0.0
  SNOW DEPTH       0

DEGREE DAYS
 HEATING
  YESTERDAY       14                        14      0       14
  MONTH TO DATE  232                       227      5      162
  SINCE SEP 1    357                       337     20      280
  SINCE JUL 1    371                       351     20      309

 COOLING
  YESTERDAY        0                         0      0        0
  MONTH TO DATE    0                         8     -8       21
  SINCE SEP 1     56                        90    -34      111
  SINCE JAN 1    654                       792   -138      793
..................................................................


WIND (MPH)
  HIGHEST WIND SPEED    18   HIGHEST WIND DIRECTION    SW (240)
  HIGHEST GUST SPEED    24   HIGHEST GUST DIRECTION    SW (240)
  AVERAGE WIND SPEED     6.9


SKY COVER
  POSSIBLE SUNSHINE  MM
  AVERAGE SKY COVER 1.0


WEATHER CONDITIONS
 THE FOLLOWING WEATHER WAS RECORDED YESTERDAY.
  LIGHT RAIN
  FOG


RELATIVE HUMIDITY (PERCENT)
 HIGHEST   100           800 PM
 LOWEST     61          1200 AM
 AVERAGE    81

..........................................................


THE TOLEDO OH CLIMATE NORMALS FOR TODAY
                         NORMAL    RECORD    YEAR
 MAXIMUM TEMPERATURE (F)   61        82      1920
 MINIMUM TEMPERATURE (F)   40        16      1974


SUNRISE AND SUNSET
OCTOBER 21 2014.......SUNRISE   754 AM EDT   SUNSET   645 PM EDT
OCTOBER 22 2014.......SUNRISE   755 AM EDT   SUNSET   643 PM EDT


-  INDICATES NEGATIVE NUMBERS.
R  INDICATES RECORD WAS SET OR TIED.
MM INDICATES DATA IS MISSING.
T  INDICATES TRACE AMOUNT.




$$
