000
CDUS43 KTOP 210633
CLITOP


CLIMATE REPORT
NATIONAL WEATHER SERVICE TOPEKA KS
133 AM CDT SUN SEP 21 2014


...................................

...THE TOPEKA KS CLIMATE SUMMARY FOR SEPTEMBER 20 2014...

CLIMATE NORMAL PERIOD 1981 TO 2010
CLIMATE RECORD PERIOD 1887 TO 2014


WEATHER ITEM   OBSERVED TIME   RECORD YEAR NORMAL DEPARTURE LAST
                VALUE   (LST)  VALUE       VALUE  FROM      YEAR
                                                  NORMAL
..................................................................
TEMPERATURE (F)
 YESTERDAY
  MAXIMUM         90    142 PM  98    1980  79     11       74
                                      1944
  MINIMUM         64   1142 PM  36    1991  54     10       53
                                      1918
  AVERAGE         77                        66     11       64

PRECIPITATION (IN)
  YESTERDAY        0.03          2.09 1965   0.13  -0.10     0.00
  MONTH TO DATE    4.10                      2.45   1.65     3.09
  SINCE SEP 1      4.10                      2.45   1.65     3.09
  SINCE JAN 1     23.94                     29.02  -5.08    27.56

SNOWFALL (IN)
  YESTERDAY        0.0           0.0    MM   0.0    0.0      0.0
  MONTH TO DATE    0.0                       0.0    0.0      0.0
  SINCE JAN 1     23.1                      11.3   11.8     24.2
  SINCE JUL 1      T                         0.0    0.0      0.0
  SNOW DEPTH       0

DEGREE DAYS
 HEATING
  YESTERDAY        0                         3     -3        1
  MONTH TO DATE   46                        24     22        4
  SINCE SEP 1     46                        24     22        4
  SINCE JUL 1     46                        26     20        4

 COOLING
  YESTERDAY       12                         4      8        0
  MONTH TO DATE  127                       133     -6      225
  SINCE SEP 1    127                       133     -6      225
  SINCE JAN 1   1537                      1361    176     1519
..................................................................


WIND (MPH)
  HIGHEST WIND SPEED    17   HIGHEST WIND DIRECTION     N (360)
  HIGHEST GUST SPEED    24   HIGHEST GUST DIRECTION     N (360)
  AVERAGE WIND SPEED     5.5


SKY COVER
  AVERAGE SKY COVER 0.0


WEATHER CONDITIONS
 THE FOLLOWING WEATHER WAS RECORDED YESTERDAY.
  LIGHT RAIN
  FOG
  FOG W/VISIBILITY <= 1/4 MILE


RELATIVE HUMIDITY (PERCENT)
 HIGHEST   100           300 AM
 LOWEST     50           200 PM
 AVERAGE    75

..........................................................


THE TOPEKA KS CLIMATE NORMALS FOR TODAY
                         NORMAL    RECORD    YEAR
 MAXIMUM TEMPERATURE (F)   78        98      1956
 MINIMUM TEMPERATURE (F)   54        36      1999
                                             1995
                                             1982


SUNRISE AND SUNSET
SEPTEMBER 21 2014.....SUNRISE   709 AM CDT   SUNSET   721 PM CDT
SEPTEMBER 22 2014.....SUNRISE   710 AM CDT   SUNSET   720 PM CDT


-  INDICATES NEGATIVE NUMBERS.
R  INDICATES RECORD WAS SET OR TIED.
MM INDICATES DATA IS MISSING.
T  INDICATES TRACE AMOUNT.




$$
