483
CDUS43 KTOP 070632
CLITOP


CLIMATE REPORT
NATIONAL WEATHER SERVICE TOPEKA KS
1231 AM CST SUN FEB 7 2016


...................................

...THE TOPEKA KS CLIMATE SUMMARY FOR FEBRUARY 6 2016...

CLIMATE NORMAL PERIOD 1981 TO 2010
CLIMATE RECORD PERIOD 1887 TO 2016


WEATHER ITEM   OBSERVED TIME   RECORD YEAR NORMAL DEPARTURE LAST
                VALUE   (LST)  VALUE       VALUE  FROM      YEAR
                                                  NORMAL
..................................................................
TEMPERATURE (F)
 YESTERDAY
  MAXIMUM         50    446 PM  71    2009  42      8       60
                                      1904
  MINIMUM         25    522 AM -21    1982  21      4       28
  AVERAGE         38                        32      6       44

PRECIPITATION (IN)
  YESTERDAY        0.00          2.10 1928   0.04  -0.04     0.00
  MONTH TO DATE    0.35                      0.24   0.11     0.35
  SINCE DEC 1      3.96                      2.45   1.51     3.74
  SINCE JAN 1      1.25                      1.10   0.15     1.47

SNOWFALL (IN)
  YESTERDAY        0.0           4.9  2008   0.2   -0.2      0.0
  MONTH TO DATE    T                         1.1   -1.1      1.5
  SINCE JAN 1      2.1                       6.0   -3.9      2.9
  SINCE JUL 1      3.3                      12.5   -9.2      5.3
  SNOW DEPTH       0

DEGREE DAYS
 HEATING
  YESTERDAY       27                        33     -6       21
  MONTH TO DATE  170                       202    -32      231
  SINCE DEC 1   1990                      2318   -328     2143
  SINCE JUL 1   2726                      3312   -586     3174

 COOLING
  YESTERDAY        0                         0      0        0
  MONTH TO DATE    0                         0      0        0
  SINCE DEC 1      0                         0      0        0
  SINCE JAN 1      0                         0      0        0
..................................................................


WIND (MPH)
  HIGHEST WIND SPEED    17   HIGHEST WIND DIRECTION    SW (230)
  HIGHEST GUST SPEED    24   HIGHEST GUST DIRECTION    SW (210)
  AVERAGE WIND SPEED     6.3


SKY COVER
  AVERAGE SKY COVER 0.1


WEATHER CONDITIONS
 THE FOLLOWING WEATHER WAS RECORDED YESTERDAY.
  NO SIGNIFICANT WEATHER WAS OBSERVED.


RELATIVE HUMIDITY (PERCENT)
 HIGHEST    85           800 AM
 LOWEST     39           300 PM
 AVERAGE    62

..........................................................


THE TOPEKA KS CLIMATE NORMALS FOR TODAY
                         NORMAL    RECORD    YEAR
 MAXIMUM TEMPERATURE (F)   43        71      2009
 MINIMUM TEMPERATURE (F)   22       -14      1895


SUNRISE AND SUNSET
FEBRUARY  7 2016......SUNRISE   724 AM CST   SUNSET   550 PM CST
FEBRUARY  8 2016......SUNRISE   723 AM CST   SUNSET   551 PM CST


-  INDICATES NEGATIVE NUMBERS.
R  INDICATES RECORD WAS SET OR TIED.
MM INDICATES DATA IS MISSING.
T  INDICATES TRACE AMOUNT.




$$
