000
CDUS45 KCYS 132245
CLITOR


CLIMATE REPORT
NATIONAL WEATHER SERVICE CHEYENNE WY
344 PM MST SAT FEB 13 2016


...................................

...THE TORRINGTON WY AIRPORT CLIMATE SUMMARY FOR FEBRUARY 13 2016...
VALID AS OF 0300 PM LOCAL TIME.

CLIMATE NORMAL PERIOD 1981 TO 2010
CLIMATE RECORD PERIOD 1998 TO 2016


WEATHER ITEM   OBSERVED TIME   RECORD YEAR NORMAL DEPARTURE LAST
                VALUE   (LST)  VALUE       VALUE  FROM      YEAR
                                                  NORMAL
..................................................................
TEMPERATURE (F)
 TODAY
  MAXIMUM         61    328 PM  63    2015  45     16       63
  MINIMUM         25    605 AM   2    2007  17      8       30
                                      2002
  AVERAGE         43                        31     12       47

PRECIPITATION (IN)
  TODAY            0.00          0.07 2014   0.01  -0.01     0.00
  MONTH TO DATE    0.01                      0.15  -0.14     0.38
  SINCE JAN 1      0.15                      0.41  -0.26     0.62

DEGREE DAYS
 HEATING
  TODAY           22                        34    -12       18
  MONTH TO DATE  421                       458    -37      312
  SINCE DEC 1   2649                      2770   -121     2605
  SINCE JUL 1   3940                      4353   -413     4137

 COOLING
  TODAY            0                         0      0        0
  MONTH TO DATE    0                         0      0        0
  SINCE DEC 1      0                         0      0        0
  SINCE JAN 1      0                         0      0        0
..................................................................


WIND (MPH)
  HIGHEST WIND SPEED    31   HIGHEST WIND DIRECTION     W (280)
  HIGHEST GUST SPEED    44   HIGHEST GUST DIRECTION     W (270)
  AVERAGE WIND SPEED     7.8


SKY COVER
  AVERAGE SKY COVER 0.3


WEATHER CONDITIONS
 THE FOLLOWING WEATHER WAS RECORDED TODAY.
  FOG
  FOG W/VISIBILITY <= 1/4 MILE


RELATIVE HUMIDITY (PERCENT)
 HIGHEST   100           600 AM
 LOWEST     21           200 PM
 AVERAGE    61

..........................................................


THE TORRINGTON WY AIRPORT CLIMATE NORMALS FOR TOMORROW
                         NORMAL    RECORD    YEAR
 MAXIMUM TEMPERATURE (F)   45        58      2011
 MINIMUM TEMPERATURE (F)   17        -2      2007


SUNRISE AND SUNSET
FEBRUARY 13 2016......SUNRISE   656 AM MST   SUNSET   526 PM MST
FEBRUARY 14 2016......SUNRISE   655 AM MST   SUNSET   528 PM MST


-  INDICATES NEGATIVE NUMBERS.
R  INDICATES RECORD WAS SET OR TIED.
MM INDICATES DATA IS MISSING.
T  INDICATES TRACE AMOUNT.




$$
