000
CDUS45 KCYS 010738
CLITOR


CLIMATE REPORT
NATIONAL WEATHER SERVICE CHEYENNE WY
137 AM MDT SUN MAY 1 2016


...................................

...THE TORRINGTON WY AIRPORT CLIMATE SUMMARY FOR APRIL 30 2016...

CLIMATE NORMAL PERIOD 1981 TO 2010
CLIMATE RECORD PERIOD 1998 TO 2016


WEATHER ITEM   OBSERVED TIME   RECORD YEAR NORMAL DEPARTURE LAST
                VALUE   (LST)  VALUE       VALUE  FROM      YEAR
                                                  NORMAL
..................................................................
TEMPERATURE (F)
 YESTERDAY
  MAXIMUM         40    626 PM  82    2007  66    -26       75
  MINIMUM         32    118 AM  23    2005  37     -5       42
  AVERAGE         36                        52    -16       59

PRECIPITATION (IN)
  YESTERDAY        0.39          0.63 2008   0.07   0.32     0.12
  MONTH TO DATE    2.90                      1.66   1.24     3.19
  SINCE JAN 1      5.41                      3.01   2.40     4.10

DEGREE DAYS
 HEATING
  YESTERDAY       29                        14     15        6
  MONTH TO DATE  521                       546    -25      512
  SINCE MAR 1   1244                      1388   -144     1158
  SINCE JUL 1   5561                      6232   -671     5872

 COOLING
  YESTERDAY        0                         0      0        0
  MONTH TO DATE    0                         1     -1        0
  SINCE MAR 1      0                         1     -1        0
  SINCE JAN 1      0                         1     -1        0
..................................................................


WIND (MPH)
  HIGHEST WIND SPEED    23   HIGHEST WIND DIRECTION     N (360)
  HIGHEST GUST SPEED    26   HIGHEST GUST DIRECTION     N (360)
  AVERAGE WIND SPEED    10.4


SKY COVER
  AVERAGE SKY COVER 1.0


WEATHER CONDITIONS
 THE FOLLOWING WEATHER WAS RECORDED YESTERDAY.
  LIGHT RAIN
  LIGHT SNOW
  FOG


RELATIVE HUMIDITY (PERCENT)
 HIGHEST   100           100 AM
 LOWEST     85          1200 PM
 AVERAGE    93

..........................................................


THE TORRINGTON WY AIRPORT CLIMATE NORMALS FOR TODAY
                         NORMAL    RECORD    YEAR
 MAXIMUM TEMPERATURE (F)   67        75      2012
 MINIMUM TEMPERATURE (F)   37        24      2011
                                             2005


SUNRISE AND SUNSET
MAY  1 2016...........SUNRISE   552 AM MDT   SUNSET   756 PM MDT
MAY  2 2016...........SUNRISE   550 AM MDT   SUNSET   757 PM MDT


-  INDICATES NEGATIVE NUMBERS.
R  INDICATES RECORD WAS SET OR TIED.
MM INDICATES DATA IS MISSING.
T  INDICATES TRACE AMOUNT.




$$
