000
CDUS45 KCYS 310727
CLITOR


CLIMATE REPORT
NATIONAL WEATHER SERVICE CHEYENNE WY
127 AM MDT FRI JUL 31 2015


...................................

...THE TORRINGTON WY AIRPORT CLIMATE SUMMARY FOR JULY 30 2015...

CLIMATE NORMAL PERIOD 1981 TO 2010
CLIMATE RECORD PERIOD 1998 TO 2015


WEATHER ITEM   OBSERVED TIME   RECORD YEAR NORMAL DEPARTURE LAST
                VALUE   (LST)  VALUE       VALUE  FROM      YEAR
                                                  NORMAL
..................................................................
TEMPERATURE (F)
 YESTERDAY
  MAXIMUM         90    313 PM 101    2006  90      0       78
  MINIMUM         52    445 AM  42    2009  59     -7       59
  AVERAGE         71                        74     -3       69

PRECIPITATION (IN)
  YESTERDAY        0.00          0.16 2001   0.06  -0.06     0.00
  MONTH TO DATE    1.92                      1.74   0.18     1.35
  SINCE JAN 1     15.43                      9.63   5.80    11.46

DEGREE DAYS
 HEATING
  YESTERDAY        0                         0      0        0
  MONTH TO DATE    8                         0      8        7
  SINCE JUN 1     11                        75    -64       85
  SINCE JUL 1      8                         0      8        7

 COOLING
  YESTERDAY        6                        10     -4        4
  MONTH TO DATE  212                       273    -61      253
  SINCE JUN 1    362                       389    -27      315
  SINCE JAN 1    362                       407    -45      331
..................................................................


WIND (MPH)
  HIGHEST WIND SPEED    16   HIGHEST WIND DIRECTION    SE (150)
  HIGHEST GUST SPEED    21   HIGHEST GUST DIRECTION    SE (140)
  AVERAGE WIND SPEED     7.0


SKY COVER
  AVERAGE SKY COVER 0.0


WEATHER CONDITIONS
 THE FOLLOWING WEATHER WAS RECORDED YESTERDAY.
  NO SIGNIFICANT WEATHER WAS OBSERVED.


RELATIVE HUMIDITY (PERCENT)
 HIGHEST    77           500 AM
 LOWEST     19           100 PM
 AVERAGE    48

..........................................................


THE TORRINGTON WY AIRPORT CLIMATE NORMALS FOR TODAY
                         NORMAL    RECORD    YEAR
 MAXIMUM TEMPERATURE (F)   90       105      2002
 MINIMUM TEMPERATURE (F)   58        48      2009


SUNRISE AND SUNSET
JULY 31 2015..........SUNRISE   549 AM MDT   SUNSET   817 PM MDT
AUGUST  1 2015........SUNRISE   550 AM MDT   SUNSET   816 PM MDT


-  INDICATES NEGATIVE NUMBERS.
R  INDICATES RECORD WAS SET OR TIED.
MM INDICATES DATA IS MISSING.
T  INDICATES TRACE AMOUNT.




$$
