000
CDUS45 KCYS 232122
CLITOR


CLIMATE REPORT
NATIONAL WEATHER SERVICE CHEYENNE WY
322 PM MDT WED JUL 23 2014


...................................

...THE TORRINGTON WY AIRPORT CLIMATE SUMMARY FOR JULY 23 2014...
VALID AS OF 0300 PM LOCAL TIME.

CLIMATE NORMAL PERIOD 1981 TO 2010
CLIMATE RECORD PERIOD 1998 TO 2014


WEATHER ITEM   OBSERVED TIME   RECORD YEAR NORMAL DEPARTURE LAST
                VALUE   (LST)  VALUE       VALUE  FROM      YEAR
                                                  NORMAL
..................................................................
TEMPERATURE (F)
 TODAY
  MAXIMUM         90    158 PM 103    2005  91     -1       89
  MINIMUM         66    529 AM  50    2004  59      7       60
  AVERAGE         78                        75      3       75

PRECIPITATION (IN)
  TODAY            0.00          1.01 2004   0.08  -0.08     0.00
  MONTH TO DATE    1.17                      1.33  -0.16     0.42
  SINCE JAN 1     11.28                      9.22   2.06     5.84

DEGREE DAYS
 HEATING
  TODAY            0                         0      0        0
  MONTH TO DATE    7                         0      7        0
  SINCE JUN 1     85                        75     10       34
  SINCE JUL 1      7                         0      7        0

 COOLING
  TODAY           13                        10      3       10
  MONTH TO DATE  186                       203    -17      240
  SINCE JUN 1    248                       319    -71      400
  SINCE JAN 1    264                       337    -73      439
..................................................................


WIND (MPH)
  HIGHEST WIND SPEED    24   HIGHEST WIND DIRECTION     S (160)
  HIGHEST GUST SPEED    31   HIGHEST GUST DIRECTION     S (160)
  AVERAGE WIND SPEED    15.9


SKY COVER
  AVERAGE SKY COVER 0.6


WEATHER CONDITIONS
 THE FOLLOWING WEATHER WAS RECORDED TODAY.
  NO SIGNIFICANT WEATHER WAS OBSERVED.


RELATIVE HUMIDITY (PERCENT)
 HIGHEST    87           300 AM
 LOWEST     41           200 PM
 AVERAGE    64

..........................................................


THE TORRINGTON WY AIRPORT CLIMATE NORMALS FOR TOMORROW
                         NORMAL    RECORD    YEAR
 MAXIMUM TEMPERATURE (F)   91       105      2003
 MINIMUM TEMPERATURE (F)   59        50      2004


SUNRISE AND SUNSET
JULY 23 2014..........SUNRISE   541 AM MDT   SUNSET   824 PM MDT
JULY 24 2014..........SUNRISE   542 AM MDT   SUNSET   824 PM MDT


-  INDICATES NEGATIVE NUMBERS.
R  INDICATES RECORD WAS SET OR TIED.
MM INDICATES DATA IS MISSING.
T  INDICATES TRACE AMOUNT.




$$
