000
CDUS45 KCYS 110729
CLITOR


CLIMATE REPORT
NATIONAL WEATHER SERVICE CHEYENNE WY
128 AM MDT FRI JUL 11 2014


...................................

...THE TORRINGTON WY AIRPORT CLIMATE SUMMARY FOR JULY 10 2014...

CLIMATE NORMAL PERIOD 1981 TO 2010
CLIMATE RECORD PERIOD 1998 TO 2014


WEATHER ITEM   OBSERVED TIME   RECORD YEAR NORMAL DEPARTURE LAST
                VALUE   (LST)  VALUE       VALUE  FROM      YEAR
                                                  NORMAL
..................................................................
TEMPERATURE (F)
 YESTERDAY
  MAXIMUM         98R   152 PM  96    2008  90      8       92
  MINIMUM         54R   415 AM  55    2010  57     -3       63
                                      2008
                                      1998
  AVERAGE         76                        74      2       78

PRECIPITATION (IN)
  YESTERDAY        0.15          0.79 2001   0.03   0.12     0.04
  MONTH TO DATE    0.24                      0.37  -0.13     0.40
  SINCE JAN 1     10.35                      8.26   2.09     5.82

DEGREE DAYS
 HEATING
  YESTERDAY        0                         0      0        0
  MONTH TO DATE    4                         0      4        0
  SINCE JUN 1     82                        75      7       34
  SINCE JUL 1      4                         0      4        0

 COOLING
  YESTERDAY       11                         9      2       13
  MONTH TO DATE   78                        79     -1       99
  SINCE JUN 1    140                       195    -55      259
  SINCE JAN 1    156                       213    -57      298
..................................................................


WIND (MPH)
  HIGHEST WIND SPEED    33   HIGHEST WIND DIRECTION     S (190)
  HIGHEST GUST SPEED    44   HIGHEST GUST DIRECTION     S (190)
  AVERAGE WIND SPEED     8.0


SKY COVER
  AVERAGE SKY COVER 0.3


WEATHER CONDITIONS
 THE FOLLOWING WEATHER WAS RECORDED YESTERDAY.
  THUNDERSTORM
  LIGHT RAIN
  FOG


RELATIVE HUMIDITY (PERCENT)
 HIGHEST   100           300 AM
 LOWEST     20           200 PM
 AVERAGE    60

..........................................................


THE TORRINGTON WY AIRPORT CLIMATE NORMALS FOR TODAY
                         NORMAL    RECORD    YEAR
 MAXIMUM TEMPERATURE (F)   90       100      2013
                                             2004
 MINIMUM TEMPERATURE (F)   58        53      2010
                                             2002


SUNRISE AND SUNSET
JULY 11 2014..........SUNRISE   531 AM MDT   SUNSET   833 PM MDT
JULY 12 2014..........SUNRISE   532 AM MDT   SUNSET   832 PM MDT


-  INDICATES NEGATIVE NUMBERS.
R  INDICATES RECORD WAS SET OR TIED.
MM INDICATES DATA IS MISSING.
T  INDICATES TRACE AMOUNT.




$$
