000
CDUS42 KTBW 212116
CLITPA


CLIMATE REPORT
NATIONAL WEATHER SERVICE TAMPA BAY FL
512 PM EDT THU AUG 21 2014


...................................

...THE TAMPA CLIMATE SUMMARY FOR AUGUST 21 2014...
VALID TODAY AS OF 0500 PM LOCAL TIME.

CLIMATE NORMAL PERIOD 1981 TO 2010
CLIMATE RECORD PERIOD 1890 TO 2014


WEATHER ITEM   OBSERVED TIME   RECORD YEAR NORMAL DEPARTURE LAST
                VALUE   (LST)  VALUE       VALUE  FROM      YEAR
                                                  NORMAL
..................................................................
TEMPERATURE (F)
 TODAY
  MAXIMUM         95    328 PM  96    2007  90      5       93
  MINIMUM         74    851 AM  70    1948  76     -2       76
                                      1937
                                      1918
  AVERAGE         85                        83      2       85

PRECIPITATION (IN)
  TODAY            0.00          2.27 1917   0.26  -0.26     0.04
  MONTH TO DATE    3.04                      5.25  -2.21    10.68
  SINCE JUN 1     17.49                     19.00  -1.51    32.17
  SINCE JAN 1     36.82                     31.20   5.62    41.29

DEGREE DAYS
 HEATING
  TODAY            0                         0      0        0
  MONTH TO DATE    0                         0      0        0
  SINCE JUN 1      0                         0      0        0
  SINCE JUL 1      0                         0      0        0

 COOLING
  TODAY           20                        18      2       20
  MONTH TO DATE  402                       378     24      409
  SINCE JUN 1   1492                      1452     40     1481
  SINCE JAN 1   2315                      2329    -14     2456
..................................................................


WIND (MPH)
  RESULTANT WIND SPEED   2   RESULTANT WIND DIRECTION   W (290)
  HIGHEST WIND SPEED    14   HIGHEST WIND DIRECTION     W (260)
  HIGHEST GUST SPEED    24   HIGHEST GUST DIRECTION     W (270)
  AVERAGE WIND SPEED     4.9


SKY COVER
  POSSIBLE SUNSHINE  MM
  AVERAGE SKY COVER 0.2


WEATHER CONDITIONS
 THE FOLLOWING WEATHER WAS RECORDED TODAY.
  NO SIGNIFICANT WEATHER WAS OBSERVED.


RELATIVE HUMIDITY (PERCENT)
 HIGHEST    85          1200 AM
 LOWEST     49           200 PM

..........................................................


THE TAMPA CLIMATE NORMALS FOR TOMORROW
                         NORMAL    RECORD    YEAR
 MAXIMUM TEMPERATURE (F)   90        98      1975
 MINIMUM TEMPERATURE (F)   76        66      1911


SUNRISE AND SUNSET
AUGUST 21 2014........SUNRISE   703 AM EDT   SUNSET   803 PM EDT
AUGUST 22 2014........SUNRISE   704 AM EDT   SUNSET   802 PM EDT


-  INDICATES NEGATIVE NUMBERS.
R  INDICATES RECORD WAS SET OR TIED.
MM INDICATES DATA IS MISSING.
T  INDICATES TRACE AMOUNT.




$$


&&
------------------------------------------------------------------
******************** SUPPLEMENTAL DATA ***************************

...RUSKIN                HIGH 97    LOW 76    PCPN 0.00
...SARASOTA/BRADENTON    HIGH 98    LOW 79    PCPN 0.00
...LAKELAND              HIGH 96    LOW 77    PCPN 0.00
...ST. PETERSBURG        HIGH 93    LOW 83    PCPN T
...GULF WATER TEMPERATURE AT CLEARWATER BEACH 91
