000
CDUS42 KTBW 311245
CLITPA


CLIMATE REPORT
NATIONAL WEATHER SERVICE TAMPA BAY FL
845 AM EDT FRI JUL 31 2015


...................................

...THE TAMPA CLIMATE SUMMARY FOR JULY 30 2015...

CLIMATE NORMAL PERIOD 1981 TO 2010
CLIMATE RECORD PERIOD 1890 TO 2015


WEATHER ITEM   OBSERVED TIME   RECORD YEAR NORMAL DEPARTURE LAST
                VALUE   (LST)  VALUE       VALUE  FROM      YEAR
                                                  NORMAL
..................................................................
TEMPERATURE (F)
 YESTERDAY
  MAXIMUM         90    232 PM  96    1961  90      0       92
                                      1949
  MINIMUM         76    433 AM  69    1904  76      0       79
  AVERAGE         83                        83      0       86

PRECIPITATION (IN)
  YESTERDAY        0.02          2.16 2013   0.22  -0.20     0.00
  MONTH TO DATE   11.59                      6.85   4.74    12.68
  SINCE JUN 1     17.82                     13.53   4.29    14.45
  SINCE JAN 1     38.71                     25.73  12.98    33.78

DEGREE DAYS
 HEATING
  YESTERDAY        0                         0      0        0
  MONTH TO DATE    0                         0      0        0
  SINCE JUN 1      0                         0      0        0
  SINCE JUL 1      0                         0      0        0

 COOLING
  YESTERDAY       18                        18      0       21
  MONTH TO DATE  556                       540     16      546
  SINCE JUN 1   1099                      1056     43     1072
  SINCE JAN 1   2320                      1933    387     1895
..................................................................


WIND (MPH)
  RESULTANT WIND SPEED   3   RESULTANT WIND DIRECTION  SW (220)
  HIGHEST WIND SPEED    22   HIGHEST WIND DIRECTION     W (280)
  HIGHEST GUST SPEED    28   HIGHEST GUST DIRECTION     W (280)
  AVERAGE WIND SPEED     5.3


SKY COVER
  POSSIBLE SUNSHINE  MM
  AVERAGE SKY COVER 0.7


WEATHER CONDITIONS
 THE FOLLOWING WEATHER WAS RECORDED YESTERDAY.
  THUNDERSTORM
  LIGHT RAIN
  FOG


RELATIVE HUMIDITY (PERCENT)
 HIGHEST    91          1100 PM
 LOWEST     64           300 PM
 AVERAGE    78

..........................................................


THE TAMPA CLIMATE NORMALS FOR TODAY
                         NORMAL    RECORD    YEAR
 MAXIMUM TEMPERATURE (F)   90        96      1958
 MINIMUM TEMPERATURE (F)   76        70      1952
                                             1947


SUNRISE AND SUNSET
JULY 31 2015..........SUNRISE   652 AM EDT   SUNSET   821 PM EDT
AUGUST  1 2015........SUNRISE   653 AM EDT   SUNSET   820 PM EDT


-  INDICATES NEGATIVE NUMBERS.
R  INDICATES RECORD WAS SET OR TIED.
MM INDICATES DATA IS MISSING.
T  INDICATES TRACE AMOUNT.




$$
