000
CDUS42 KTBW 122232
CLITPA


CLIMATE REPORT
NATIONAL WEATHER SERVICE TAMPA BAY FL
526 PM EST FRI FEB 12 2016


...................................

...THE TAMPA CLIMATE SUMMARY FOR FEBRUARY 12 2016...
VALID TODAY AS OF 0500 PM LOCAL TIME.

CLIMATE NORMAL PERIOD 1981 TO 2010
CLIMATE RECORD PERIOD 1890 TO 2016


WEATHER ITEM   OBSERVED TIME   RECORD YEAR NORMAL DEPARTURE LAST
                VALUE   (LST)  VALUE       VALUE  FROM      YEAR
                                                  NORMAL
..................................................................
TEMPERATURE (F)
 TODAY
  MAXIMUM         70    234 PM  87    1959  72     -2       68
  MINIMUM         50    320 AM  33    1973  54     -4       47
                                      1964
                                      1955
  AVERAGE         60                        63     -3       58

PRECIPITATION (IN)
  TODAY            0.00          1.66 2008   0.10  -0.10     0.00
  MONTH TO DATE    1.31                      1.22   0.09     2.80
  SINCE DEC 1      7.98                      5.92   2.06     6.12
  SINCE JAN 1      7.49                      3.45   4.04     4.55

DEGREE DAYS
 HEATING
  TODAY            5                         4      1        7
  MONTH TO DATE   81                        55     26       54
  SINCE DEC 1    260                       376   -116      270
  SINCE JUL 1    265                       420   -155      358

 COOLING
  TODAY            0                         2     -2        0
  MONTH TO DATE   29                        24      5        1
  SINCE DEC 1    334                       154    180      152
  SINCE JAN 1     59                        74    -15       57
..................................................................


WIND (MPH)
  RESULTANT WIND SPEED   5   RESULTANT WIND DIRECTION  SW (210)
  HIGHEST WIND SPEED    13   HIGHEST WIND DIRECTION     S (180)
  HIGHEST GUST SPEED    16   HIGHEST GUST DIRECTION     S (190)
  AVERAGE WIND SPEED     5.9


SKY COVER
  POSSIBLE SUNSHINE  MM
  AVERAGE SKY COVER 0.1


WEATHER CONDITIONS
 THE FOLLOWING WEATHER WAS RECORDED TODAY.
  NO SIGNIFICANT WEATHER WAS OBSERVED.


RELATIVE HUMIDITY (PERCENT)
 HIGHEST    93          1200 AM
 LOWEST     61           100 PM

..........................................................


THE TAMPA CLIMATE NORMALS FOR TOMORROW
                         NORMAL    RECORD    YEAR
 MAXIMUM TEMPERATURE (F)   72        85      1959
 MINIMUM TEMPERATURE (F)   54        26      1899


SUNRISE AND SUNSET
FEBRUARY 12 2016......SUNRISE   710 AM EST   SUNSET   619 PM EST
FEBRUARY 13 2016......SUNRISE   710 AM EST   SUNSET   619 PM EST


-  INDICATES NEGATIVE NUMBERS.
R  INDICATES RECORD WAS SET OR TIED.
MM INDICATES DATA IS MISSING.
T  INDICATES TRACE AMOUNT.




$$


&&
------------------------------------------------------------------
******************** SUPPLEMENTAL DATA ***************************

...RUSKIN                HIGH 71    LOW 44    PCPN 0.00
...SARASOTA/BRADENTON    HIGH 68    LOW 42    PCPN 0.00
...ST. PETERSBURG        HIGH 67    LOW 54    PCPN 0.00
...GULF WATER TEMPERATURE AT CLEARWATER BEACH 58 DEGREES
