000
CDUS42 KTBW 252119
CLITPA


CLIMATE REPORT
NATIONAL WEATHER SERVICE TAMPA BAY FL
517 PM EDT SAT MAR 25 2017


...................................

...THE TAMPA CLIMATE SUMMARY FOR MARCH 25 2017...
VALID TODAY AS OF 0500 PM LOCAL TIME.

CLIMATE NORMAL PERIOD 1981 TO 2010
CLIMATE RECORD PERIOD 1890 TO 2017


WEATHER ITEM   OBSERVED TIME   RECORD YEAR NORMAL DEPARTURE LAST
                VALUE   (LST)  VALUE       VALUE  FROM      YEAR
                                                  NORMAL
..................................................................
TEMPERATURE (F)
 TODAY
  MAXIMUM         83    355 PM  92    1907  77      6       76
  MINIMUM         65    534 AM  36    1968  59      6       63
  AVERAGE         74                        68      6       70

PRECIPITATION (IN)
  TODAY            0.00          3.17 1973   0.09  -0.09     0.72
  MONTH TO DATE    0.97                      2.45  -1.48     1.35
  SINCE MAR 1      0.97                      2.45  -1.48     1.35
  SINCE JAN 1      3.93                      7.49  -3.56    10.06

DEGREE DAYS
 HEATING
  TODAY            0                         1     -1        0
  MONTH TO DATE   28                        51    -23       15
  SINCE MAR 1     28                        51    -23       15
  SINCE JUL 1    164                       522   -358      323

 COOLING
  TODAY            9                         5      4        5
  MONTH TO DATE  123                        95     28      152
  SINCE MAR 1    123                        95     28      152
  SINCE JAN 1    376                       208    168      230
..................................................................


WIND (MPH)
  RESULTANT WIND SPEED   2   RESULTANT WIND DIRECTION  SE (120)
  HIGHEST WIND SPEED    13   HIGHEST WIND DIRECTION    SW (240)
  HIGHEST GUST SPEED    16   HIGHEST GUST DIRECTION    SE (130)
  AVERAGE WIND SPEED     4.9


SKY COVER
  POSSIBLE SUNSHINE  MM
  AVERAGE SKY COVER 0.5


WEATHER CONDITIONS
 THE FOLLOWING WEATHER WAS RECORDED TODAY.
  NO SIGNIFICANT WEATHER WAS OBSERVED.


RELATIVE HUMIDITY (PERCENT)
 HIGHEST    73           200 AM
 LOWEST     37           100 PM

..........................................................


THE TAMPA CLIMATE NORMALS FOR TOMORROW
                         NORMAL    RECORD    YEAR
 MAXIMUM TEMPERATURE (F)   78        90      1949
 MINIMUM TEMPERATURE (F)   60        42      1956


SUNRISE AND SUNSET
MARCH 25 2017.........SUNRISE   728 AM EDT   SUNSET   744 PM EDT
MARCH 26 2017.........SUNRISE   727 AM EDT   SUNSET   745 PM EDT


-  INDICATES NEGATIVE NUMBERS.
R  INDICATES RECORD WAS SET OR TIED.
MM INDICATES DATA IS MISSING.
T  INDICATES TRACE AMOUNT.




$$


&&
------------------------------------------------------------------
******************** SUPPLEMENTAL DATA ***************************

...RUSKIN                HIGH 84    LOW 61    PCPN 0.00
...SARASOTA/BRADENTON    HIGH 82    LOW 60    PCPN 0.00
...LAKELAND*             HIGH MM    LOW MM    PCPN MM
...ST. PETERSBURG        HIGH 82    LOW 65    PCPN 0.00

*LAKELAND DATA IS FROM 4:30 PM FRIDAY TO 4:30 PM SATURDAY
AND MAY REFLECT YESTERDAYS RAINFALL AND HIGH TEMPERATURE.
