000
CDUS42 KTBW 312133
CLITPA


CLIMATE REPORT
NATIONAL WEATHER SERVICE TAMPA BAY FL
529 PM EDT MON AUG 31 2015


...................................

...THE TAMPA CLIMATE SUMMARY FOR AUGUST 31 2015...
VALID TODAY AS OF 0500 PM LOCAL TIME.

CLIMATE NORMAL PERIOD 1981 TO 2010
CLIMATE RECORD PERIOD 1890 TO 2015


WEATHER ITEM   OBSERVED TIME   RECORD YEAR NORMAL DEPARTURE LAST
                VALUE   (LST)  VALUE       VALUE  FROM      YEAR
                                                  NORMAL
..................................................................
TEMPERATURE (F)
 TODAY
  MAXIMUM         89    257 PM  95    1947  90     -1       94
  MINIMUM         78    529 AM  69    1935  76      2       76
                                      1926
  AVERAGE         84                        83      1       85

PRECIPITATION (IN)
  TODAY            0.01          3.02 1960   0.25  -0.24     0.60
  MONTH TO DATE   16.44                      7.77   8.67     6.17
  SINCE JUN 1     34.51                     21.52  12.99    20.62
  SINCE JAN 1     55.40                     33.72  21.68    39.95

DEGREE DAYS
 HEATING
  TODAY            0                         0      0        0
  MONTH TO DATE    0                         0      0        0
  SINCE JUN 1      0                         0      0        0
  SINCE JUL 1      0                         0      0        0

 COOLING
  TODAY           19                        18      1       20
  MONTH TO DATE  577                       564     13      604
  SINCE JUN 1   1693                      1638     55     1694
  SINCE JAN 1   2914                      2515    399     2517
..................................................................


WIND (MPH)
  RESULTANT WIND SPEED   4   RESULTANT WIND DIRECTION  SE (140)
  HIGHEST WIND SPEED    13   HIGHEST WIND DIRECTION    SE (150)
  HIGHEST GUST SPEED    17   HIGHEST GUST DIRECTION    SE (150)
  AVERAGE WIND SPEED     5.4


SKY COVER
  POSSIBLE SUNSHINE  MM
  AVERAGE SKY COVER 0.8


WEATHER CONDITIONS
 THE FOLLOWING WEATHER WAS RECORDED TODAY.
  THUNDERSTORM
  LIGHT RAIN


RELATIVE HUMIDITY (PERCENT)
 HIGHEST    91          1200 AM
 LOWEST     63           100 PM

..........................................................


THE TAMPA CLIMATE NORMALS FOR TOMORROW
                         NORMAL    RECORD    YEAR
 MAXIMUM TEMPERATURE (F)   90        96      1963
 MINIMUM TEMPERATURE (F)   76        68      1914


SUNRISE AND SUNSET
AUGUST 31 2015........SUNRISE   708 AM EDT   SUNSET   752 PM EDT
SEPTEMBER  1 2015.....SUNRISE   709 AM EDT   SUNSET   751 PM EDT


-  INDICATES NEGATIVE NUMBERS.
R  INDICATES RECORD WAS SET OR TIED.
MM INDICATES DATA IS MISSING.
T  INDICATES TRACE AMOUNT.




$$


&&
------------------------------------------------------------------
******************** SUPPLEMENTAL DATA ***************************

...RUSKIN                HIGH 90    LOW 75    PCPN 0.02
...SARASOTA/BRADENTON    HIGH 87    LOW 77    PCPN 0.00
...LAKELAND              HIGH 88    LOW 77    PCPN 0.02
...ST. PETERSBURG        HIGH 87    LOW 79    PCPN T
...GULF WATER TEMPERATURE AT CLEARWATER BEACH 86
