000
CDUS42 KTBW 192214
CLITPA


CLIMATE REPORT
NATIONAL WEATHER SERVICE TAMPA BAY FL
511 PM EST FRI DEC 19 2014


...................................

...THE TAMPA CLIMATE SUMMARY FOR DECEMBER 19 2014...
VALID TODAY AS OF 0500 PM LOCAL TIME.

CLIMATE NORMAL PERIOD 1981 TO 2010
CLIMATE RECORD PERIOD 1890 TO 2014


WEATHER ITEM   OBSERVED TIME   RECORD YEAR NORMAL DEPARTURE LAST
                VALUE   (LST)  VALUE       VALUE  FROM      YEAR
                                                  NORMAL
..................................................................
TEMPERATURE (F)
 TODAY
  MAXIMUM         73    437 PM  84    1956  71      2       76
  MINIMUM         51    550 AM  30    1981  54     -3       48
                                      1975
                                      1901
  AVERAGE         62                        62      0       62

PRECIPITATION (IN)
  TODAY            0.00          1.72 1961   0.09  -0.09     0.00
  MONTH TO DATE    0.18                      1.49  -1.31     0.25
  SINCE DEC 1      0.18                      1.49  -1.31     0.25
  SINCE JAN 1     56.48                     45.32  11.16    51.92

DEGREE DAYS
 HEATING
  TODAY            3                         5     -2        3
  MONTH TO DATE   81                        73      8       27
  SINCE DEC 1     81                        73      8       27
  SINCE JUL 1    169                       117     52       57

 COOLING
  TODAY            0                         2     -2        0
  MONTH TO DATE   44                        54    -10       97
  SINCE DEC 1     44                        54    -10       97
  SINCE JAN 1   3469                      3584   -115     3833
..................................................................


WIND (MPH)
  RESULTANT WIND SPEED   2   RESULTANT WIND DIRECTION  NE (50)
  HIGHEST WIND SPEED    10   HIGHEST WIND DIRECTION     W (250)
  HIGHEST GUST SPEED    12   HIGHEST GUST DIRECTION     W (260)
  AVERAGE WIND SPEED     3.6


SKY COVER
  POSSIBLE SUNSHINE  MM
  AVERAGE SKY COVER 0.7


WEATHER CONDITIONS
 THE FOLLOWING WEATHER WAS RECORDED TODAY.
  NO SIGNIFICANT WEATHER WAS OBSERVED.


RELATIVE HUMIDITY (PERCENT)
 HIGHEST    83           100 AM
 LOWEST     41           100 PM

..........................................................


THE TAMPA CLIMATE NORMALS FOR TOMORROW
                         NORMAL    RECORD    YEAR
 MAXIMUM TEMPERATURE (F)   71        86      1990
 MINIMUM TEMPERATURE (F)   53        29      1981


SUNRISE AND SUNSET
DECEMBER 19 2014......SUNRISE   716 AM EST   SUNSET   538 PM EST
DECEMBER 20 2014......SUNRISE   717 AM EST   SUNSET   539 PM EST


-  INDICATES NEGATIVE NUMBERS.
R  INDICATES RECORD WAS SET OR TIED.
MM INDICATES DATA IS MISSING.
T  INDICATES TRACE AMOUNT.




$$


&&
------------------------------------------------------------------
******************** SUPPLEMENTAL DATA ***************************

...RUSKIN                HIGH 76    LOW 47    PCPN 0.00
...SARASOTA/BRADENTON    HIGH 74    LOW 47    PCPN 0.00
...LAKELAND              HIGH 74    LOW 48    PCPN 0.00
...ST. PETERSBURG        HIGH 71    LOW 56    PCPN 0.00
...GULF WATER TEMPERATURE AT CLEARWATER BEACH 64
