000
CDUS42 KTBW 052118
CLITPA


CLIMATE REPORT
NATIONAL WEATHER SERVICE TAMPA BAY FL
514 PM EDT SUN JUL 5 2015


...................................

...THE TAMPA CLIMATE SUMMARY FOR JULY 5 2015...
VALID TODAY AS OF 0500 PM LOCAL TIME.

CLIMATE NORMAL PERIOD 1981 TO 2010
CLIMATE RECORD PERIOD 1890 TO 2015


WEATHER ITEM   OBSERVED TIME   RECORD YEAR NORMAL DEPARTURE LAST
                VALUE   (LST)  VALUE       VALUE  FROM      YEAR
                                                  NORMAL
..................................................................
TEMPERATURE (F)
 TODAY
  MAXIMUM         92    238 PM  96    1995  90      2       88
                                      1932
  MINIMUM         77    207 AM  67    1908  76      1       75
  AVERAGE         85                        83      2       82

PRECIPITATION (IN)
  TODAY            T             2.44 1998   0.26  -0.26      T
  MONTH TO DATE    1.42                      1.27   0.15     1.95
  SINCE JUN 1      7.65                      7.95  -0.30     3.72
  SINCE JAN 1     28.54                     20.15   8.39    23.05

DEGREE DAYS
 HEATING
  TODAY            0                         0      0        0
  MONTH TO DATE    0                         0      0        0
  SINCE JUN 1      0                         0      0        0
  SINCE JUL 1      0                         0      0        0

 COOLING
  TODAY           20                        18      2       17
  MONTH TO DATE   99                        90      9       91
  SINCE JUN 1    642                       606     36      617
  SINCE JAN 1   1863                      1483    380     1440
..................................................................


WIND (MPH)
  RESULTANT WIND SPEED   3   RESULTANT WIND DIRECTION  SW (220)
  HIGHEST WIND SPEED    18   HIGHEST WIND DIRECTION    SW (230)
  HIGHEST GUST SPEED    23   HIGHEST GUST DIRECTION    SW (220)
  AVERAGE WIND SPEED     5.3


SKY COVER
  POSSIBLE SUNSHINE  MM
  AVERAGE SKY COVER 0.3


WEATHER CONDITIONS
 THE FOLLOWING WEATHER WAS RECORDED TODAY.
  THUNDERSTORM
  HAZE


RELATIVE HUMIDITY (PERCENT)
 HIGHEST    85          1200 AM
 LOWEST     56           200 PM

..........................................................


THE TAMPA CLIMATE NORMALS FOR TOMORROW
                         NORMAL    RECORD    YEAR
 MAXIMUM TEMPERATURE (F)   90        96      1995
                                             1993
                                             1946
 MINIMUM TEMPERATURE (F)   76        64      1947


SUNRISE AND SUNSET
JULY  5 2015..........SUNRISE   639 AM EDT   SUNSET   830 PM EDT
JULY  6 2015..........SUNRISE   639 AM EDT   SUNSET   830 PM EDT


-  INDICATES NEGATIVE NUMBERS.
R  INDICATES RECORD WAS SET OR TIED.
MM INDICATES DATA IS MISSING.
T  INDICATES TRACE AMOUNT.




$$


&&
------------------------------------------------------------------
******************** SUPPLEMENTAL DATA ***************************

...RUSKIN                HIGH 94    LOW 74    PCPN 0.00
...SARASOTA/BRADENTON    HIGH 93    LOW 74    PCPN 0.00
...LAKELAND              HIGH MM    LOW MM    PCPN MM
...ST. PETERSBURG        HIGH 92    LOW 81    PCPN 0.00
...GULF WATER TEMPERATURE AT CLEARWATER BEACH 88
