000
CDUS45 KLKN 110939
CLITPH


CLIMATE REPORT
NATIONAL WEATHER SERVICE ELKO NV
136 AM PST SUN DEC 11 2016


...................................

...THE TONOPAH AIRPORT NV CLIMATE SUMMARY FOR DECEMBER 10 2016...

CLIMATE NORMAL PERIOD 1981 TO 2010
CLIMATE RECORD PERIOD 1954 TO 2016


WEATHER ITEM   OBSERVED TIME   RECORD YEAR NORMAL DEPARTURE LAST
                VALUE   (LST)  VALUE       VALUE  FROM      YEAR
                                                  NORMAL
..................................................................
TEMPERATURE (F)
 YESTERDAY
  MAXIMUM         51    346 PM  62    1987  45      6       59
  MINIMUM         25    125 AM   2    2013  20      5       26
  AVERAGE         38                        32      6       43

PRECIPITATION (IN)
  YESTERDAY        T             0.20 1954   0.01  -0.01     0.00
  MONTH TO DATE    T                         0.11  -0.11     0.00
  SINCE OCT 1      0.20                      0.89  -0.69     3.31
  SINCE JAN 1      3.77                      5.04  -1.27     5.78

DEGREE DAYS
 HEATING
  YESTERDAY       27                        33     -6       22
  MONTH TO DATE  315                       320     -5      271
  SINCE DEC 1    315                       320     -5      271
  SINCE JUL 1   1332                      1537   -205     1345

 COOLING
  YESTERDAY        0                         0      0        0
  MONTH TO DATE    0                         0      0        0
  SINCE DEC 1      0                         0      0        0
  SINCE JAN 1   1022                       783    239     1034
..................................................................


WIND (MPH)
  HIGHEST WIND SPEED    14   HIGHEST WIND DIRECTION    SW (210)
  HIGHEST GUST SPEED    18   HIGHEST GUST DIRECTION     S (190)
  AVERAGE WIND SPEED     5.8



WEATHER CONDITIONS
 THE FOLLOWING WEATHER WAS RECORDED YESTERDAY.
  LIGHT RAIN


RELATIVE HUMIDITY (PERCENT)
 HIGHEST    88           100 AM
 LOWEST     44           300 PM
 AVERAGE    66

..........................................................


THE TONOPAH AIRPORT NV CLIMATE NORMALS FOR TODAY
                         NORMAL    RECORD    YEAR
 MAXIMUM TEMPERATURE (F)   44        65      1958
 MINIMUM TEMPERATURE (F)   20         0      1961


SUNRISE AND SUNSET
DECEMBER 11 2016......SUNRISE   655 AM PST   SUNSET   429 PM PST
DECEMBER 12 2016......SUNRISE   656 AM PST   SUNSET   429 PM PST


-  INDICATES NEGATIVE NUMBERS.
R  INDICATES RECORD WAS SET OR TIED.
MM INDICATES DATA IS MISSING.
T  INDICATES TRACE AMOUNT.




$$
