000
CDUS45 KLKN 300929
CLITPH


CLIMATE REPORT
NATIONAL WEATHER SERVICE ELKO NV
228 AM PDT SAT APR 30 2016


...................................

...THE TONOPAH AIRPORT NV CLIMATE SUMMARY FOR APRIL 29 2016...

CLIMATE NORMAL PERIOD 1981 TO 2010
CLIMATE RECORD PERIOD 1954 TO 2016


WEATHER ITEM   OBSERVED TIME   RECORD YEAR NORMAL DEPARTURE LAST
                VALUE   (LST)  VALUE       VALUE  FROM      YEAR
                                                  NORMAL
..................................................................
TEMPERATURE (F)
 YESTERDAY
  MAXIMUM         63    242 PM  84    2007  69     -6       80
                                      1981
  MINIMUM         37    412 AM  25    1984  38     -1       42
  AVERAGE         50                        54     -4       61

PRECIPITATION (IN)
  YESTERDAY        0.05          0.35 1987   0.02   0.03     0.00
  MONTH TO DATE    0.34                      0.41  -0.07     0.13
  SINCE OCT 1      5.23                      3.08   2.15     1.05
  SINCE JAN 1      1.85                      1.99  -0.14     0.57

DEGREE DAYS
 HEATING
  YESTERDAY       15                        12      3        4
  MONTH TO DATE  369                       455    -86      433
  SINCE MAR 1    966                      1140   -174      886
  SINCE JUL 1   4893                      5182   -289     4008

 COOLING
  YESTERDAY        0                         0      0        0
  MONTH TO DATE    0                         0      0        0
  SINCE MAR 1      0                         0      0        0
  SINCE JAN 1      0                         0      0        0
..................................................................


WIND (MPH)
  HIGHEST WIND SPEED    26   HIGHEST WIND DIRECTION    NW (320)
  HIGHEST GUST SPEED    34   HIGHEST GUST DIRECTION    NW (320)
  AVERAGE WIND SPEED    12.4



WEATHER CONDITIONS
 THE FOLLOWING WEATHER WAS RECORDED YESTERDAY.
  LIGHT RAIN


RELATIVE HUMIDITY (PERCENT)
 HIGHEST    82           400 AM
 LOWEST     25          1200 PM
 AVERAGE    54

..........................................................


THE TONOPAH AIRPORT NV CLIMATE NORMALS FOR TODAY
                         NORMAL    RECORD    YEAR
 MAXIMUM TEMPERATURE (F)   69        88      1981
 MINIMUM TEMPERATURE (F)   39        20      2011


SUNRISE AND SUNSET
APRIL 30 2016.........SUNRISE   553 AM PDT   SUNSET   739 PM PDT
MAY  1 2016...........SUNRISE   551 AM PDT   SUNSET   740 PM PDT


-  INDICATES NEGATIVE NUMBERS.
R  INDICATES RECORD WAS SET OR TIED.
MM INDICATES DATA IS MISSING.
T  INDICATES TRACE AMOUNT.




$$
