000
CDUS45 KLKN 120929
CLITPH


CLIMATE REPORT
NATIONAL WEATHER SERVICE ELKO NV
129 AM PST FRI FEB 12 2016


...................................

...THE TONOPAH AIRPORT NV CLIMATE SUMMARY FOR FEBRUARY 11 2016...

CLIMATE NORMAL PERIOD 1981 TO 2010
CLIMATE RECORD PERIOD 1954 TO 2016


WEATHER ITEM   OBSERVED TIME   RECORD YEAR NORMAL DEPARTURE LAST
                VALUE   (LST)  VALUE       VALUE  FROM      YEAR
                                                  NORMAL
..................................................................
TEMPERATURE (F)
 YESTERDAY
  MAXIMUM         59    409 PM  66    1996  48     11       61
  MINIMUM         29    722 AM   6    1955  24      5       29
  AVERAGE         44                        36      8       45

PRECIPITATION (IN)
  YESTERDAY        0.00          0.20 1959   0.01  -0.01     0.00
  MONTH TO DATE    T                         0.18  -0.18     0.00
  SINCE OCT 1      4.35                      1.76   2.59     0.65
  SINCE JAN 1      0.97                      0.67   0.30     0.17

DEGREE DAYS
 HEATING
  YESTERDAY       21                        29     -8       20
  MONTH TO DATE  434                       329    105      207
  SINCE DEC 1   2506                      2363    143     1863
  SINCE JUL 1   3580                      3580      0     2776

 COOLING
  YESTERDAY        0                         0      0        0
  MONTH TO DATE    0                         0      0        0
  SINCE DEC 1      0                         0      0        0
  SINCE JAN 1      0                         0      0        0
..................................................................


WIND (MPH)
  HIGHEST WIND SPEED    15   HIGHEST WIND DIRECTION     N (10)
  HIGHEST GUST SPEED    17   HIGHEST GUST DIRECTION     N (10)
  AVERAGE WIND SPEED     6.9



WEATHER CONDITIONS
 THE FOLLOWING WEATHER WAS RECORDED YESTERDAY.
  NO SIGNIFICANT WEATHER WAS OBSERVED.


RELATIVE HUMIDITY (PERCENT)
 HIGHEST    79           700 PM
 LOWEST     28           400 PM
 AVERAGE    54

..........................................................


THE TONOPAH AIRPORT NV CLIMATE NORMALS FOR TODAY
                         NORMAL    RECORD    YEAR
 MAXIMUM TEMPERATURE (F)   48        65      1996
                                             1971
 MINIMUM TEMPERATURE (F)   24         3      1978


SUNRISE AND SUNSET
FEBRUARY 12 2016......SUNRISE   642 AM PST   SUNSET   523 PM PST
FEBRUARY 13 2016......SUNRISE   641 AM PST   SUNSET   524 PM PST


-  INDICATES NEGATIVE NUMBERS.
R  INDICATES RECORD WAS SET OR TIED.
MM INDICATES DATA IS MISSING.
T  INDICATES TRACE AMOUNT.




$$
