000
CDUS45 KLKN 040930
CLITPH


CLIMATE REPORT
NATIONAL WEATHER SERVICE ELKO NV
229 AM PDT TUE AUG 4 2015


...................................

...THE TONOPAH AIRPORT NV CLIMATE SUMMARY FOR AUGUST 3 2015...

CLIMATE NORMAL PERIOD 1981 TO 2010
CLIMATE RECORD PERIOD 1954 TO 2015


WEATHER ITEM   OBSERVED TIME   RECORD YEAR NORMAL DEPARTURE LAST
                VALUE   (LST)  VALUE       VALUE  FROM      YEAR
                                                  NORMAL
..................................................................
TEMPERATURE (F)
 YESTERDAY
  MAXIMUM         92    416 PM 102    1993  92      0       75
  MINIMUM         59    523 AM  47    1981  57      2       60
  AVERAGE         76                        75      1       68

PRECIPITATION (IN)
  YESTERDAY        0.00          0.17 1997   0.01  -0.01     0.12
  MONTH TO DATE    0.18                      0.05   0.13     0.12
  SINCE OCT 1      2.84                      4.40  -1.56     2.83
  SINCE JAN 1      2.36                      3.31  -0.95     2.37

DEGREE DAYS
 HEATING
  YESTERDAY        0                         0      0        0
  MONTH TO DATE    0                         0      0        0
  SINCE JUN 1      6                        52    -46       15
  SINCE JUL 1      0                         2     -2        0

 COOLING
  YESTERDAY       11                        10      1        3
  MONTH TO DATE   32                        30      2       28
  SINCE JUN 1    592                       478    114      646
  SINCE JAN 1    615                       505    110      680
..................................................................


WIND (MPH)
  HIGHEST WIND SPEED    22   HIGHEST WIND DIRECTION    SW (220)
  HIGHEST GUST SPEED    30   HIGHEST GUST DIRECTION     S (200)
  AVERAGE WIND SPEED     8.7



WEATHER CONDITIONS
 THE FOLLOWING WEATHER WAS RECORDED YESTERDAY.
  NO SIGNIFICANT WEATHER WAS OBSERVED.


RELATIVE HUMIDITY (PERCENT)
 HIGHEST    57           500 AM
 LOWEST      5           400 PM
 AVERAGE    31

..........................................................


THE TONOPAH AIRPORT NV CLIMATE NORMALS FOR TODAY
                         NORMAL    RECORD    YEAR
 MAXIMUM TEMPERATURE (F)   92        99      1987
                                             1978
 MINIMUM TEMPERATURE (F)   57        45      1962


SUNRISE AND SUNSET
AUGUST  4 2015........SUNRISE   554 AM PDT   SUNSET   755 PM PDT
AUGUST  5 2015........SUNRISE   555 AM PDT   SUNSET   754 PM PDT


-  INDICATES NEGATIVE NUMBERS.
R  INDICATES RECORD WAS SET OR TIED.
MM INDICATES DATA IS MISSING.
T  INDICATES TRACE AMOUNT.




$$
