000
CDUS45 KLKN 250931
CLITPH


CLIMATE REPORT
NATIONAL WEATHER SERVICE ELKO NV
227 AM PDT MON MAY 25 2015


...................................

...THE TONOPAH AIRPORT NV CLIMATE SUMMARY FOR MAY 24 2015...

CLIMATE NORMAL PERIOD 1981 TO 2010
CLIMATE RECORD PERIOD 1954 TO 2015


WEATHER ITEM   OBSERVED TIME   RECORD YEAR NORMAL DEPARTURE LAST
                VALUE   (LST)  VALUE       VALUE  FROM      YEAR
                                                  NORMAL
..................................................................
TEMPERATURE (F)
 YESTERDAY
  MAXIMUM         73    150 PM  91    2001  77     -4       80
  MINIMUM         49    504 AM  24    1978  45      4       52
  AVERAGE         61                        61      0       66

PRECIPITATION (IN)
  YESTERDAY        T             0.05 1963   0.02  -0.02     0.00
  MONTH TO DATE    1.24                      0.40   0.84     0.05
  SINCE OCT 1      2.29                      3.49  -1.20     1.38
  SINCE JAN 1      1.81                      2.40  -0.59     0.92

DEGREE DAYS
 HEATING
  YESTERDAY        4                         5     -1        0
  MONTH TO DATE  234                       189     45      169
  SINCE MAR 1   1120                      1340   -220     1163
  SINCE JUL 1   4242                      5382  -1140     4936

 COOLING
  YESTERDAY        0                         1     -1        1
  MONTH TO DATE    0                        11    -11        9
  SINCE MAR 1      0                        12    -12        9
  SINCE JAN 1      0                        12    -12        9
..................................................................


WIND (MPH)
  HIGHEST WIND SPEED    32   HIGHEST WIND DIRECTION    NW (320)
  HIGHEST GUST SPEED    42   HIGHEST GUST DIRECTION    NW (330)
  AVERAGE WIND SPEED    13.7



WEATHER CONDITIONS
 THE FOLLOWING WEATHER WAS RECORDED YESTERDAY.
  LIGHT RAIN


RELATIVE HUMIDITY (PERCENT)
 HIGHEST    80           300 AM
 LOWEST     29           200 PM
 AVERAGE    55

..........................................................


THE TONOPAH AIRPORT NV CLIMATE NORMALS FOR TODAY
                         NORMAL    RECORD    YEAR
 MAXIMUM TEMPERATURE (F)   77        93      1986
 MINIMUM TEMPERATURE (F)   46        28      1980


SUNRISE AND SUNSET
MAY 25 2015...........SUNRISE   531 AM PDT   SUNSET   800 PM PDT
MAY 26 2015...........SUNRISE   530 AM PDT   SUNSET   801 PM PDT


-  INDICATES NEGATIVE NUMBERS.
R  INDICATES RECORD WAS SET OR TIED.
MM INDICATES DATA IS MISSING.
T  INDICATES TRACE AMOUNT.




$$
