000
CDUS45 KLKN 270033
CLITPH


CLIMATE REPORT
NATIONAL WEATHER SERVICE ELKO NV
529 PM PDT MON SEP 26 2016


...................................

...THE TONOPAH AIRPORT NV CLIMATE SUMMARY FOR SEPTEMBER 26 2016...
VALID TODAY AS OF 500 PM LOCAL TIME.

CLIMATE NORMAL PERIOD 1981 TO 2010
CLIMATE RECORD PERIOD 1954 TO 2016


WEATHER ITEM   OBSERVED TIME   RECORD YEAR NORMAL DEPARTURE LAST
                VALUE   (LST)  VALUE       VALUE  FROM      YEAR
                                                  NORMAL
..................................................................
TEMPERATURE (F)
 TODAY
  MAXIMUM         81    347 PM  89    2010  77      4       88
                                      2009
  MINIMUM         47    545 AM  25    1986  45      2       56
  AVERAGE         64                        61      3       72

PRECIPITATION (IN)
  TODAY            0.00          0.94 1962   0.01  -0.01     0.00
  MONTH TO DATE    1.21                      0.33   0.88     0.07
  SINCE OCT 1      6.95                      5.19   1.76     2.95
  SINCE JAN 1      3.57                      4.10  -0.53     2.47

DEGREE DAYS
 HEATING
  TODAY            1                         5     -4        0
  MONTH TO DATE   67                        62      5       20
  SINCE SEP 1     67                        62      5       20
  SINCE JUL 1     67                        68     -1       20

 COOLING
  TODAY            0                         1     -1        7
  MONTH TO DATE   58                        67     -9      108
  SINCE SEP 1     58                        67     -9      108
  SINCE JAN 1   1021                       780    241     1013
..................................................................


WIND (MPH)
  HIGHEST WIND SPEED    17   HIGHEST WIND DIRECTION     N (10)
  HIGHEST GUST SPEED    21   HIGHEST GUST DIRECTION     N (360)



WEATHER CONDITIONS
 THE FOLLOWING WEATHER WAS RECORDED TODAY.
  NO SIGNIFICANT WEATHER WAS OBSERVED.


RELATIVE HUMIDITY (PERCENT)
 HIGHEST    56           600 AM
 LOWEST     13           100 PM
 AVERAGE    35

..........................................................


THE TONOPAH AIRPORT NV CLIMATE NORMALS FOR TOMORROW
                         NORMAL    RECORD    YEAR
 MAXIMUM TEMPERATURE (F)   76        91      2010
 MINIMUM TEMPERATURE (F)   44        31      1986


SUNRISE AND SUNSET
SEPTEMBER 26 2016.....SUNRISE   640 AM PDT   SUNSET   638 PM PDT
SEPTEMBER 27 2016.....SUNRISE   641 AM PDT   SUNSET   637 PM PDT


-  INDICATES NEGATIVE NUMBERS.
R  INDICATES RECORD WAS SET OR TIED.
MM INDICATES DATA IS MISSING.
T  INDICATES TRACE AMOUNT.




$$
