000
CDUS45 KLKN 310931
CLITPH


CLIMATE REPORT
NATIONAL WEATHER SERVICE ELKO NV
230 AM PDT MON AUG 31 2015


...................................

...THE TONOPAH AIRPORT NV CLIMATE SUMMARY FOR AUGUST 30 2015...

CLIMATE NORMAL PERIOD 1981 TO 2010
CLIMATE RECORD PERIOD 1954 TO 2015


WEATHER ITEM   OBSERVED TIME   RECORD YEAR NORMAL DEPARTURE LAST
                VALUE   (LST)  VALUE       VALUE  FROM      YEAR
                                                  NORMAL
..................................................................
TEMPERATURE (F)
 YESTERDAY
  MAXIMUM         88    252 PM  98    1998  87      1       91
                                      1996
  MINIMUM         57    532 AM  37    1957  53      4       60
  AVERAGE         73                        70      3       76

PRECIPITATION (IN)
  YESTERDAY        0.00          1.29 2000   0.02  -0.02     0.00
  MONTH TO DATE    0.22                      0.50  -0.28     0.77
  SINCE OCT 1      2.88                      4.85  -1.97     3.48
  SINCE JAN 1      2.40                      3.76  -1.36     3.02

DEGREE DAYS
 HEATING
  YESTERDAY        0                         0      0        0
  MONTH TO DATE    0                         0      0        0
  SINCE JUN 1      6                        52    -46       15
  SINCE JUL 1      0                         2     -2        0

 COOLING
  YESTERDAY        8                         5      3       11
  MONTH TO DATE  314                       233     81      202
  SINCE JUN 1    874                       681    193      820
  SINCE JAN 1    897                       708    189      854
..................................................................


WIND (MPH)
  HIGHEST WIND SPEED    16   HIGHEST WIND DIRECTION     N (10)
  HIGHEST GUST SPEED    22   HIGHEST GUST DIRECTION     W (270)
  AVERAGE WIND SPEED     7.2



WEATHER CONDITIONS
 THE FOLLOWING WEATHER WAS RECORDED YESTERDAY.
  NO SIGNIFICANT WEATHER WAS OBSERVED.


RELATIVE HUMIDITY (PERCENT)
 HIGHEST    40           500 AM
 LOWEST     12           500 PM
 AVERAGE    26

..........................................................


THE TONOPAH AIRPORT NV CLIMATE NORMALS FOR TODAY
                         NORMAL    RECORD    YEAR
 MAXIMUM TEMPERATURE (F)   86        96      1996
 MINIMUM TEMPERATURE (F)   53        43      1980
                                             1964


SUNRISE AND SUNSET
AUGUST 31 2015........SUNRISE   617 AM PDT   SUNSET   720 PM PDT
SEPTEMBER  1 2015.....SUNRISE   618 AM PDT   SUNSET   718 PM PDT


-  INDICATES NEGATIVE NUMBERS.
R  INDICATES RECORD WAS SET OR TIED.
MM INDICATES DATA IS MISSING.
T  INDICATES TRACE AMOUNT.




$$
