000
CDUS45 KLKN 260933
CLITPH


CLIMATE REPORT
NATIONAL WEATHER SERVICE ELKO NV
126 AM PST THU FEB 26 2015


...................................

...THE TONOPAH AIRPORT NV CLIMATE SUMMARY FOR FEBRUARY 25 2015...

CLIMATE NORMAL PERIOD 1981 TO 2010
CLIMATE RECORD PERIOD 1954 TO 2015


WEATHER ITEM   OBSERVED TIME   RECORD YEAR NORMAL DEPARTURE LAST
                VALUE   (LST)  VALUE       VALUE  FROM      YEAR
                                                  NORMAL
..................................................................
TEMPERATURE (F)
 YESTERDAY
  MAXIMUM         61    131 PM  75    1986  52      9       63
  MINIMUM         27    541 AM  10    1956  26      1       28
  AVERAGE         44                        39      5       46

PRECIPITATION (IN)
  YESTERDAY        0.00          0.13 2011   0.02  -0.02     0.00
  MONTH TO DATE    0.01                      0.46  -0.45      T
  SINCE OCT 1      0.66                      2.04  -1.38     0.57
  SINCE JAN 1      0.18                      0.95  -0.77     0.11

DEGREE DAYS
 HEATING
  YESTERDAY       21                        26     -5       19
  MONTH TO DATE  476                       713   -237      633
  SINCE DEC 1   2132                      2747   -615     2479
  SINCE JUL 1   3045                      3964   -919     3706

 COOLING
  YESTERDAY        0                         0      0        0
  MONTH TO DATE    0                         0      0        0
  SINCE DEC 1      0                         0      0        0
  SINCE JAN 1      0                         0      0        0
..................................................................


WIND (MPH)
  HIGHEST WIND SPEED    26   HIGHEST WIND DIRECTION    NW (330)
  HIGHEST GUST SPEED    34   HIGHEST GUST DIRECTION     N (340)
  AVERAGE WIND SPEED    13.9



WEATHER CONDITIONS
 THE FOLLOWING WEATHER WAS RECORDED YESTERDAY.
  NO SIGNIFICANT WEATHER WAS OBSERVED.


RELATIVE HUMIDITY (PERCENT)
 HIGHEST    25           400 AM
 LOWEST      9          1000 AM
 AVERAGE    17

..........................................................


THE TONOPAH AIRPORT NV CLIMATE NORMALS FOR TODAY
                         NORMAL    RECORD    YEAR
 MAXIMUM TEMPERATURE (F)   52        73      1986
 MINIMUM TEMPERATURE (F)   26         6      1962


SUNRISE AND SUNSET
FEBRUARY 26 2015......SUNRISE   624 AM PST   SUNSET   539 PM PST
FEBRUARY 27 2015......SUNRISE   623 AM PST   SUNSET   540 PM PST


-  INDICATES NEGATIVE NUMBERS.
R  INDICATES RECORD WAS SET OR TIED.
MM INDICATES DATA IS MISSING.
T  INDICATES TRACE AMOUNT.




$$
