000
CDUS45 KLKN 230930
CLITPH


CLIMATE REPORT
NATIONAL WEATHER SERVICE ELKO NV
129 AM PST TUE JAN 23 2018


...................................

...THE TONOPAH AIRPORT NV CLIMATE SUMMARY FOR JANUARY 22 2018...

CLIMATE NORMAL PERIOD 1981 TO 2010
CLIMATE RECORD PERIOD 1954 TO 2018


WEATHER ITEM   OBSERVED TIME   RECORD YEAR NORMAL DEPARTURE LAST
                VALUE   (LST)  VALUE       VALUE  FROM      YEAR
                                                  NORMAL
..................................................................
TEMPERATURE (F)
 YESTERDAY
  MAXIMUM         44    245 PM  59    2005  45     -1       36
                                      1994
  MINIMUM         18    604 AM  -9    1962  21     -3       31
  AVERAGE         31                        33     -2       34

PRECIPITATION (IN)
  YESTERDAY        0.00          0.19 1967   0.02  -0.02     0.10
  MONTH TO DATE    0.45                      0.34   0.11     0.30
  SINCE OCT 1      0.46                      1.43  -0.97     0.83
  SINCE JAN 1      0.45                      0.34   0.11     0.30

DEGREE DAYS
 HEATING
  YESTERDAY       34                        32      2       31
  MONTH TO DATE  552                       723   -171      716
  SINCE DEC 1   1447                      1751   -304     1757
  SINCE JUL 1   2523                      2968   -445     2774

 COOLING
  YESTERDAY        0                         0      0        0
  MONTH TO DATE    0                         0      0        0
  SINCE DEC 1      0                         0      0        0
  SINCE JAN 1      0                         0      0        0
..................................................................


WIND (MPH)
  HIGHEST WIND SPEED    14   HIGHEST WIND DIRECTION     N (10)
  HIGHEST GUST SPEED    16   HIGHEST GUST DIRECTION     N (10)
  AVERAGE WIND SPEED     5.7



WEATHER CONDITIONS
 THE FOLLOWING WEATHER WAS RECORDED YESTERDAY.
  NO SIGNIFICANT WEATHER WAS OBSERVED.


RELATIVE HUMIDITY (PERCENT)
 HIGHEST    84           700 AM
 LOWEST     30           400 PM
 AVERAGE    57

..........................................................


THE TONOPAH AIRPORT NV CLIMATE NORMALS FOR TODAY
                         NORMAL    RECORD    YEAR
 MAXIMUM TEMPERATURE (F)   45        60      1970
 MINIMUM TEMPERATURE (F)   21       -15      1962


SUNRISE AND SUNSET
JANUARY 23 2018.......SUNRISE   659 AM PST   SUNSET   501 PM PST
JANUARY 24 2018.......SUNRISE   659 AM PST   SUNSET   503 PM PST


-  INDICATES NEGATIVE NUMBERS.
R  INDICATES RECORD WAS SET OR TIED.
MM INDICATES DATA IS MISSING.
T  INDICATES TRACE AMOUNT.




$$
