000
CDUS45 KLKN 200032
CLITPH


CLIMATE REPORT
NATIONAL WEATHER SERVICE ELKO NV
432 PM PST SUN FEB 19 2017


...................................

...THE TONOPAH AIRPORT NV CLIMATE SUMMARY FOR FEBRUARY 19 2017...
VALID TODAY AS OF 0400 PM LOCAL TIME.

CLIMATE NORMAL PERIOD 1981 TO 2010
CLIMATE RECORD PERIOD 1954 TO 2017


WEATHER ITEM   OBSERVED TIME   RECORD YEAR NORMAL DEPARTURE LAST
                VALUE   (LST)  VALUE       VALUE  FROM      YEAR
                                                  NORMAL
..................................................................
TEMPERATURE (F)
 TODAY
  MAXIMUM         49    307 PM  70    1995  50     -1       54
  MINIMUM         34    348 AM   8    1956  25      9       27
  AVERAGE         42                        38      4       41

PRECIPITATION (IN)
  TODAY            0.00          0.27 1962   0.02  -0.02     0.00
  MONTH TO DATE    0.61                      0.33   0.28     0.10
  SINCE OCT 1      1.50                      1.91  -0.41     4.45
  SINCE JAN 1      0.97                      0.82   0.15     1.07

DEGREE DAYS
 HEATING
  TODAY           23                        27     -4       24
  MONTH TO DATE  436                       554   -118      597
  SINCE DEC 1   2570                      2588    -18     2669
  SINCE JUL 1   3587                      3805   -218     3743

 COOLING
  TODAY            0                         0      0        0
  MONTH TO DATE    0                         0      0        0
  SINCE DEC 1      0                         0      0        0
  SINCE JAN 1      0                         0      0        0
..................................................................


WIND (MPH)
  HIGHEST WIND SPEED    17   HIGHEST WIND DIRECTION     S (190)
  HIGHEST GUST SPEED    22   HIGHEST GUST DIRECTION     S (190)



WEATHER CONDITIONS
 THE FOLLOWING WEATHER WAS RECORDED TODAY.
  FOG


RELATIVE HUMIDITY (PERCENT)
 HIGHEST   100          1200 AM
 LOWEST     65           100 PM
 AVERAGE    83

..........................................................


THE TONOPAH AIRPORT NV CLIMATE NORMALS FOR TOMORROW
                         NORMAL    RECORD    YEAR
 MAXIMUM TEMPERATURE (F)   51        69      1995
 MINIMUM TEMPERATURE (F)   25         9      1962


SUNRISE AND SUNSET
FEBRUARY 19 2017......SUNRISE   633 AM PST   SUNSET   532 PM PST
FEBRUARY 20 2017......SUNRISE   632 AM PST   SUNSET   533 PM PST


-  INDICATES NEGATIVE NUMBERS.
R  INDICATES RECORD WAS SET OR TIED.
MM INDICATES DATA IS MISSING.
T  INDICATES TRACE AMOUNT.




$$
