000
CDUS45 KLKN 190028
CLITPH


CLIMATE REPORT
NATIONAL WEATHER SERVICE ELKO NV
528 PM PDT FRI AUG 18 2017


...................................

...THE TONOPAH AIRPORT NV CLIMATE SUMMARY FOR AUGUST 18 2017...
VALID TODAY AS OF 0500 PM LOCAL TIME.

CLIMATE NORMAL PERIOD 1981 TO 2010
CLIMATE RECORD PERIOD 1954 TO 2017


WEATHER ITEM   OBSERVED TIME   RECORD YEAR NORMAL DEPARTURE LAST
                VALUE   (LST)  VALUE       VALUE  FROM      YEAR
                                                  NORMAL
..................................................................
TEMPERATURE (F)
 TODAY
  MAXIMUM         94    224 PM  98    2001  90      4       91
                                      1992
  MINIMUM         63    559 AM  41    1978  55      8       53
  AVERAGE         79                        72      7       72

PRECIPITATION (IN)
  TODAY            0.00          0.91 1983   0.01  -0.01     0.00
  MONTH TO DATE    0.19                      0.29  -0.10     0.00
  SINCE OCT 1      3.63                      4.64  -1.01     5.74
  SINCE JAN 1      3.10                      3.55  -0.45     2.36

DEGREE DAYS
 HEATING
  TODAY            0                         0      0        0
  MONTH TO DATE    0                         0      0        0
  SINCE JUN 1     31                        52    -21       10
  SINCE JUL 1      0                         2     -2        0

 COOLING
  TODAY           14                         7      7        7
  MONTH TO DATE  211                       158     53      190
  SINCE JUN 1    936                       606    330      839
  SINCE JAN 1    969                       633    336      847
..................................................................


WIND (MPH)
  HIGHEST WIND SPEED    21   HIGHEST WIND DIRECTION    SE (130)
  HIGHEST GUST SPEED    30   HIGHEST GUST DIRECTION    SE (140)



WEATHER CONDITIONS
 THE FOLLOWING WEATHER WAS RECORDED TODAY.
  THUNDERSTORM


RELATIVE HUMIDITY (PERCENT)
 HIGHEST    34           100 AM
 LOWEST     13           300 PM
 AVERAGE    24

..........................................................


THE TONOPAH AIRPORT NV CLIMATE NORMALS FOR TOMORROW
                         NORMAL    RECORD    YEAR
 MAXIMUM TEMPERATURE (F)   89        98      1960
 MINIMUM TEMPERATURE (F)   55        42      1998
                                             1978


SUNRISE AND SUNSET
AUGUST 18 2017........SUNRISE   606 AM PDT   SUNSET   737 PM PDT
AUGUST 19 2017........SUNRISE   607 AM PDT   SUNSET   736 PM PDT


-  INDICATES NEGATIVE NUMBERS.
R  INDICATES RECORD WAS SET OR TIED.
MM INDICATES DATA IS MISSING.
T  INDICATES TRACE AMOUNT.




$$
