000
CDUS44 KMRX 170913
CLITRI


CLIMATE REPORT
NATIONAL WEATHER SERVICE MORRISTOWN TN
413 AM EST WED JAN 17 2018


...................................

...THE TRI-CITIES      ASOS CLIMATE SUMMARY FOR JANUARY 16 2018...

CLIMATE NORMAL PERIOD 1981 TO 2010
CLIMATE RECORD PERIOD 1934 TO 2018


WEATHER ITEM   OBSERVED TIME   RECORD YEAR NORMAL DEPARTURE LAST
                VALUE   (LST)  VALUE       VALUE  FROM      YEAR
                                                  NORMAL
..................................................................
TEMPERATURE (F)
 YESTERDAY
  MAXIMUM         43    210 PM  72    1949  45     -2       69
  MINIMUM         21    546 AM  -4    1964  25     -4       52
  AVERAGE         32                        35     -3       61

PRECIPITATION (IN)
  YESTERDAY        0.10          1.05 2013   0.12  -0.02     0.00
  MONTH TO DATE    1.03                      1.71  -0.68     1.28
  SINCE DEC 1      2.79                      5.08  -2.29     6.64
  SINCE JAN 1      1.03                      1.71  -0.68     1.28

SNOWFALL (IN)
  YESTERDAY        1.3                       0.2    1.1      0.0
  MONTH TO DATE    1.5                       2.4   -0.9      3.7
  SINCE DEC 1      3.0                       4.8   -1.8      3.7
  SINCE JUL 1      3.0                       5.1   -2.1      3.7
  SNOW DEPTH       1

DEGREE DAYS
 HEATING
  YESTERDAY       33                        30      3        4
  MONTH TO DATE  589                       480    109      346
  SINCE DEC 1   1402                      1323     79     1124
  SINCE JUL 1   2181                      2209    -28     1743

 COOLING
  YESTERDAY        0                         0      0        0
  MONTH TO DATE    0                         0      0        0
  SINCE DEC 1      0                         0      0        0
  SINCE JAN 1      0                         0      0        0
..................................................................


WIND (MPH)
  HIGHEST WIND SPEED    18   HIGHEST WIND DIRECTION    NW (310)
  HIGHEST GUST SPEED    22   HIGHEST GUST DIRECTION    NW (300)
  AVERAGE WIND SPEED     3.7


SKY COVER
  POSSIBLE SUNSHINE  MM
  AVERAGE SKY COVER 0.7


WEATHER CONDITIONS
 THE FOLLOWING WEATHER WAS RECORDED YESTERDAY.
  LIGHT SNOW
  FOG


RELATIVE HUMIDITY (PERCENT)
 HIGHEST   100           200 AM
 LOWEST     53           300 PM
 AVERAGE    77

..........................................................


THE TRI-CITIES      ASOS CLIMATE NORMALS FOR TODAY
                         NORMAL    RECORD    YEAR
 MAXIMUM TEMPERATURE (F)   45        71      1943
 MINIMUM TEMPERATURE (F)   25        -8      1982


SUNRISE AND SUNSET
JANUARY 17 2018.......SUNRISE   740 AM EST   SUNSET   540 PM EST
JANUARY 18 2018.......SUNRISE   740 AM EST   SUNSET   541 PM EST


-  INDICATES NEGATIVE NUMBERS.
R  INDICATES RECORD WAS SET OR TIED.
MM INDICATES DATA IS MISSING.
T  INDICATES TRACE AMOUNT.




$$
