000
CDUS44 KMRX 050818
CLITRI

CLIMATE REPORT
NATIONAL WEATHER SERVICE MORRISTOWN TN
416 AM EDT SUN JUL 5 2015


...................................

...THE TRI-CITIES CLIMATE SUMMARY FOR JULY 4 2015...

CLIMATE NORMAL PERIOD 1981 TO 2010
CLIMATE RECORD PERIOD 1934 TO 2015


WEATHER ITEM   OBSERVED TIME   RECORD YEAR NORMAL DEPARTURE LAST
                VALUE   (LST)  VALUE       VALUE  FROM      YEAR
                                                  NORMAL
..................................................................
TEMPERATURE (F)
 YESTERDAY
  MAXIMUM         81    314 PM  95    2012  86     -5       80
                                      1993
  MINIMUM         68    646 AM  52    1996  64      4       58
  AVERAGE         75                        74      1       69

PRECIPITATION (IN)
  YESTERDAY        0.04          1.24 1965   0.14  -0.10     0.00
  MONTH TO DATE    1.84                      0.57   1.27     0.00
  SINCE JUN 1      4.29                      4.47  -0.18     3.58
  SINCE JAN 1     19.20                     21.86  -2.66    15.58

SNOWFALL (IN)
  YESTERDAY        0.0                       0.0    0.0      0.0
  MONTH TO DATE    0.0                       0.0    0.0      0.0
  SINCE JUN 1      0.0                       0.0    0.0      0.0
  SINCE JUL 1      0.0                       0.0    0.0      0.0
  SNOW DEPTH       0

DEGREE DAYS
 HEATING
  YESTERDAY        0                         0      0        0
  MONTH TO DATE    0                         0      0        0
  SINCE JUN 1      0                        11    -11        0
  SINCE JUL 1      0                         0      0        0

 COOLING
  YESTERDAY       10                        10      0        4
  MONTH TO DATE   33                        37     -4       43
  SINCE JUN 1    347                       243    104      339
  SINCE JAN 1    513                       316    197      473
..................................................................


WIND (MPH)
  HIGHEST WIND SPEED    17   HIGHEST WIND DIRECTION    SW (230)
  HIGHEST GUST SPEED    23   HIGHEST GUST DIRECTION    SW (240)
  AVERAGE WIND SPEED     7.6


SKY COVER
  POSSIBLE SUNSHINE  MM
  AVERAGE SKY COVER 0.9


WEATHER CONDITIONS
 THE FOLLOWING WEATHER WAS RECORDED YESTERDAY.
  LIGHT RAIN
  FOG


RELATIVE HUMIDITY (PERCENT)
 HIGHEST    97          1100 PM
 LOWEST     67           300 PM
 AVERAGE    82

..........................................................


THE TRI-CITIES      ASOS CLIMATE NORMALS FOR TODAY
                         NORMAL    RECORD    YEAR
 MAXIMUM TEMPERATURE (F)   86        97      1993
                                             1948
 MINIMUM TEMPERATURE (F)   64        48      1967


SUNRISE AND SUNSET
JULY  5 2015..........SUNRISE   617 AM EDT   SUNSET   851 PM EDT
JULY  6 2015..........SUNRISE   618 AM EDT   SUNSET   851 PM EDT


-  INDICATES NEGATIVE NUMBERS.
R  INDICATES RECORD WAS SET OR TIED.
MM INDICATES DATA IS MISSING.
T  INDICATES TRACE AMOUNT.




$$
