000
CDUS44 KMRX 020935
CLITRI


CLIMATE REPORT
NATIONAL WEATHER SERVICE MORRISTOWN TN
435 AM EST FRI DEC 2 2016


...................................

...THE TRI-CITIES      ASOS CLIMATE SUMMARY FOR DECEMBER 1 2016...

CLIMATE NORMAL PERIOD 1981 TO 2010
CLIMATE RECORD PERIOD 1934 TO 2016


WEATHER ITEM   OBSERVED TIME   RECORD YEAR NORMAL DEPARTURE LAST
                VALUE   (LST)  VALUE       VALUE  FROM      YEAR
                                                  NORMAL
..................................................................
TEMPERATURE (F)
 YESTERDAY
  MAXIMUM         50   1208 AM  74    1970  52     -2       59
  MINIMUM         31   1157 PM   9    1964  31      0       50
  AVERAGE         41                        41      0       55

PRECIPITATION (IN)
  YESTERDAY        0.00          1.33 1991   0.11  -0.11     0.69
  MONTH TO DATE    0.00                      0.11  -0.11     0.69
  SINCE DEC 1      0.00                      0.11  -0.11     0.69
  SINCE JAN 1     30.52                     37.75  -7.23    39.99

SNOWFALL (IN)
  YESTERDAY        0.0                       0.0    0.0      0.0
  MONTH TO DATE    0.0                       0.0    0.0      0.0
  SINCE DEC 1      0.0                       0.0    0.0      0.0
  SINCE JUL 1      0.0                       0.3   -0.3      0.0
  SNOW DEPTH       0

DEGREE DAYS
 HEATING
  YESTERDAY       24                        24      0       10
  MONTH TO DATE   24                        24      0       10
  SINCE DEC 1     24                        24      0       10
  SINCE JUL 1    643                       910   -267      653

 COOLING
  YESTERDAY        0                         0      0        0
  MONTH TO DATE    0                         0      0        0
  SINCE DEC 1      0                         0      0        0
  SINCE JAN 1   1492                       981    511     1313
..................................................................


WIND (MPH)
  HIGHEST WIND SPEED    17   HIGHEST WIND DIRECTION     W (250)
  HIGHEST GUST SPEED    23   HIGHEST GUST DIRECTION     W (250)
  AVERAGE WIND SPEED     7.9


SKY COVER
  POSSIBLE SUNSHINE  MM
  AVERAGE SKY COVER 0.4


WEATHER CONDITIONS
 THE FOLLOWING WEATHER WAS RECORDED YESTERDAY.
  NO SIGNIFICANT WEATHER WAS OBSERVED.


RELATIVE HUMIDITY (PERCENT)
 HIGHEST    85           800 AM
 LOWEST     50           100 PM
 AVERAGE    68

..........................................................


THE TRI-CITIES      ASOS CLIMATE NORMALS FOR TODAY
                         NORMAL    RECORD    YEAR
 MAXIMUM TEMPERATURE (F)   52        75      1982
 MINIMUM TEMPERATURE (F)   30        13      1960


SUNRISE AND SUNSET
DECEMBER  2 2016......SUNRISE   724 AM EST   SUNSET   514 PM EST
DECEMBER  3 2016......SUNRISE   725 AM EST   SUNSET   514 PM EST


-  INDICATES NEGATIVE NUMBERS.
R  INDICATES RECORD WAS SET OR TIED.
MM INDICATES DATA IS MISSING.
T  INDICATES TRACE AMOUNT.




$$
