000
CDUS44 KMRX 200906
CLITRI


CLIMATE REPORT
NATIONAL WEATHER SERVICE MORRISTOWN TN
406 AM EST MON NOV 20 2017


...................................

...THE TRI-CITIES      ASOS CLIMATE SUMMARY FOR NOVEMBER 19 2017...

CLIMATE NORMAL PERIOD 1981 TO 2010
CLIMATE RECORD PERIOD 1934 TO 2017


WEATHER ITEM   OBSERVED TIME   RECORD YEAR NORMAL DEPARTURE LAST
                VALUE   (LST)  VALUE       VALUE  FROM      YEAR
                                                  NORMAL
..................................................................
TEMPERATURE (F)
 YESTERDAY
  MAXIMUM         55   1202 AM  78    1985  57     -2       49
  MINIMUM         32   1157 PM  13    2014  34     -2       36
  AVERAGE         44                        46     -2       43

PRECIPITATION (IN)
  YESTERDAY        0.01          2.27 2003   0.11  -0.10     0.09
  MONTH TO DATE    1.00                      1.85  -0.85     0.16
  SINCE SEP 1      6.44                      6.94  -0.50     3.47
  SINCE JAN 1     41.25                     36.39   4.86    27.63

SNOWFALL (IN)
  YESTERDAY        0.0                       0.0    0.0      0.0
  MONTH TO DATE    0.0                       0.1   -0.1      0.0
  SINCE SEP 1      0.0                       0.2   -0.2      0.0
  SINCE JUL 1      0.0                       0.2   -0.2      0.0
  SNOW DEPTH       0

DEGREE DAYS
 HEATING
  YESTERDAY       21                        20      1       22
  MONTH TO DATE  267                       313    -46      257
  SINCE SEP 1    533                       647   -114      402
  SINCE JUL 1    533                       648   -115      402

 COOLING
  YESTERDAY        0                         0      0        0
  MONTH TO DATE    1                         0      1        2
  SINCE SEP 1    188                       128     60      259
  SINCE JAN 1   1142                       980    162     1492
..................................................................


WIND (MPH)
  HIGHEST WIND SPEED    29   HIGHEST WIND DIRECTION     W (270)
  HIGHEST GUST SPEED    39   HIGHEST GUST DIRECTION     W (270)
  AVERAGE WIND SPEED    10.5


SKY COVER
  POSSIBLE SUNSHINE  MM
  AVERAGE SKY COVER 0.7


WEATHER CONDITIONS
 THE FOLLOWING WEATHER WAS RECORDED YESTERDAY.
  LIGHT RAIN
  FOG
  HAZE


RELATIVE HUMIDITY (PERCENT)
 HIGHEST    93          1200 AM
 LOWEST     58          1200 PM
 AVERAGE    76

..........................................................


THE TRI-CITIES      ASOS CLIMATE NORMALS FOR TODAY
                         NORMAL    RECORD    YEAR
 MAXIMUM TEMPERATURE (F)   57        75      1988
 MINIMUM TEMPERATURE (F)   33        12      1951


SUNRISE AND SUNSET
NOVEMBER 20 2017......SUNRISE   712 AM EST   SUNSET   518 PM EST
NOVEMBER 21 2017......SUNRISE   713 AM EST   SUNSET   517 PM EST


-  INDICATES NEGATIVE NUMBERS.
R  INDICATES RECORD WAS SET OR TIED.
MM INDICATES DATA IS MISSING.
T  INDICATES TRACE AMOUNT.




$$
