000
CDUS44 KMRX 281043
CLITRI

CLIMATE REPORT
NATIONAL WEATHER SERVICE MORRISTOWN TN
543 AM EST SUN DEC 28 2014


...................................

...THE TRI-CITIES CLIMATE SUMMARY FOR DECEMBER 27 2014...

CLIMATE NORMAL PERIOD 1981 TO 2010
CLIMATE RECORD PERIOD 1934 TO 2014


WEATHER ITEM   OBSERVED TIME   RECORD YEAR NORMAL DEPARTURE LAST
                VALUE   (LST)  VALUE       VALUE  FROM      YEAR
                                                  NORMAL
..................................................................
TEMPERATURE (F)
 YESTERDAY
  MAXIMUM         56    406 PM  73    2008  46     10       49
  MINIMUM         33    814 AM   8    1948  26      7       19
  AVERAGE         45                        36      9       34

PRECIPITATION (IN)
  YESTERDAY        T             1.16 1974   0.11  -0.11     0.00
  MONTH TO DATE    2.35                      2.96  -0.61     5.11
  SINCE DEC 1      2.35                      2.96  -0.61     5.11
  SINCE JAN 1     37.45                     40.60  -3.15    56.45

SNOWFALL (IN)
  YESTERDAY        0.0                       0.1   -0.1      0.0
  MONTH TO DATE    0.0                       2.0   -2.0       T
  SINCE DEC 1      0.0                       2.0   -2.0       T
  SINCE JUL 1      1.2                       2.3   -1.1      1.4
  SNOW DEPTH       0

DEGREE DAYS
 HEATING
  YESTERDAY       20                        29     -9       31
  MONTH TO DATE  622                       726   -104      626
  SINCE DEC 1    622                       726   -104      626
  SINCE JUL 1   1605                      1612     -7     1517

 COOLING
  YESTERDAY        0                         0      0        0
  MONTH TO DATE    0                         0      0        0
  SINCE DEC 1      0                         0      0        0
  SINCE JAN 1   1141                       981    160     1003
..................................................................


WIND (MPH)
  HIGHEST WIND SPEED     7   HIGHEST WIND DIRECTION     W (280)
  HIGHEST GUST SPEED     8   HIGHEST GUST DIRECTION    SW (230)
  AVERAGE WIND SPEED     0.7


SKY COVER
  POSSIBLE SUNSHINE  MM
  AVERAGE SKY COVER  MM


WEATHER CONDITIONS
 THE FOLLOWING WEATHER WAS RECORDED YESTERDAY.
  LIGHT RAIN


RELATIVE HUMIDITY (PERCENT)
 HIGHEST    89           800 AM
 LOWEST     35           200 PM
 AVERAGE    62

..........................................................


THE TRI-CITIES CLIMATE NORMALS FOR TODAY
                         NORMAL    RECORD    YEAR
 MAXIMUM TEMPERATURE (F)   46        69      1984
 MINIMUM TEMPERATURE (F)   26         8      2010


SUNRISE AND SUNSET
DECEMBER 28 2014......SUNRISE   740 AM EST   SUNSET   522 PM EST
DECEMBER 29 2014......SUNRISE   741 AM EST   SUNSET   523 PM EST


-  INDICATES NEGATIVE NUMBERS.
R  INDICATES RECORD WAS SET OR TIED.
MM INDICATES DATA IS MISSING.
T  INDICATES TRACE AMOUNT.




$$
