000
CDUS44 KMRX 300820
CLITRI


CLIMATE REPORT
NATIONAL WEATHER SERVICE MORRISTOWN TN
418 AM EDT FRI SEP 30 2016


...................................

...THE TRI-CITIES      ASOS CLIMATE SUMMARY FOR SEPTEMBER 29 2016...

CLIMATE NORMAL PERIOD 1981 TO 2010
CLIMATE RECORD PERIOD 1934 TO 2016


WEATHER ITEM   OBSERVED TIME   RECORD YEAR NORMAL DEPARTURE LAST
                VALUE   (LST)  VALUE       VALUE  FROM      YEAR
                                                  NORMAL
..................................................................
TEMPERATURE (F)
 YESTERDAY
  MAXIMUM         70    158 PM  90    1954  75     -5       75
                                      1953
  MINIMUM         55    717 AM  33    1942  50      5       67
  AVERAGE         63                        62      1       71

PRECIPITATION (IN)
  YESTERDAY        T             3.21 1944   0.08  -0.08     0.80
  MONTH TO DATE    2.57                      2.90  -0.33     2.67
  SINCE SEP 1      2.57                      2.90  -0.33     2.67
  SINCE JAN 1     26.73                     32.35  -5.62    31.83

SNOWFALL (IN)
  YESTERDAY        0.0                       0.0    0.0      0.0
  MONTH TO DATE    0.0                       0.0    0.0      0.0
  SINCE SEP 1      0.0                       0.0    0.0      0.0
  SINCE JUL 1      0.0                       0.0    0.0      0.0
  SNOW DEPTH       0

DEGREE DAYS
 HEATING
  YESTERDAY        2                         4     -2        0
  MONTH TO DATE    2                        45    -43       19
  SINCE SEP 1      2                        45    -43       19
  SINCE JUL 1      2                        46    -44       19

 COOLING
  YESTERDAY        0                         1     -1        6
  MONTH TO DATE  237                       115    122      163
  SINCE SEP 1    237                       115    122      163
  SINCE JAN 1   1470                       967    503     1297
..................................................................


WIND (MPH)
  HIGHEST WIND SPEED    14   HIGHEST WIND DIRECTION    NW (300)
  HIGHEST GUST SPEED    19   HIGHEST GUST DIRECTION    NW (310)
  AVERAGE WIND SPEED     3.0


SKY COVER
  POSSIBLE SUNSHINE  MM
  AVERAGE SKY COVER 0.7


WEATHER CONDITIONS
 THE FOLLOWING WEATHER WAS RECORDED YESTERDAY.
  THUNDERSTORM
  LIGHT RAIN


RELATIVE HUMIDITY (PERCENT)
 HIGHEST    93           600 AM
 LOWEST     59          1200 PM
 AVERAGE    76

..........................................................


THE TRI-CITIES      ASOS CLIMATE NORMALS FOR TODAY
                         NORMAL    RECORD    YEAR
 MAXIMUM TEMPERATURE (F)   74        90      1941
 MINIMUM TEMPERATURE (F)   49        34      1967


SUNRISE AND SUNSET
SEPTEMBER 30 2016.....SUNRISE   724 AM EDT   SUNSET   714 PM EDT
OCTOBER  1 2016.......SUNRISE   725 AM EDT   SUNSET   712 PM EDT


-  INDICATES NEGATIVE NUMBERS.
R  INDICATES RECORD WAS SET OR TIED.
MM INDICATES DATA IS MISSING.
T  INDICATES TRACE AMOUNT.




$$
