000
CDUS44 KMRX 221205
CLITRI

CLIMATE REPORT NATIONAL WEATHER SERVICE MORRISTOWN TN
805 AM EDT TUE JUL 22 2014

...................................

...THE TRI-CITIES CLIMATE SUMMARY FOR JULY 21 2014...

CLIMATE NORMAL PERIOD 1981 TO 2010
CLIMATE RECORD PERIOD 1934 TO 2014


WEATHER ITEM   OBSERVED TIME   RECORD YEAR NORMAL DEPARTURE LAST
                VALUE   (LST)  VALUE       VALUE  FROM      YEAR
                                                  NORMAL
..................................................................
TEMPERATURE (F)
 YESTERDAY
  MAXIMUM         89    224 PM  96    1952  86      3       81
  MINIMUM         63    456 AM  54    2007  64     -1       68
  AVERAGE         76                        75      1       75

PRECIPITATION (IN)
  YESTERDAY        0.00          1.28 1958   0.15  -0.15     0.08
  MONTH TO DATE    3.20                      3.17   0.03     6.09
  SINCE JUN 1      6.78                      7.07  -0.29    14.46
  SINCE JAN 1     18.78                     24.46  -5.68    39.15

SNOWFALL (IN)
  YESTERDAY        0.0                       0.0    0.0      0.0
  MONTH TO DATE    0.0                       0.0    0.0      0.0
  SINCE JUN 1      0.0                       0.0    0.0      0.0
  SINCE JUL 1      0.0                       0.0    0.0      0.0
  SNOW DEPTH       0

DEGREE DAYS
 HEATING
  YESTERDAY        0                         0      0        0
  MONTH TO DATE    0                         0      0        0
  SINCE JUN 1      0                        11    -11        0
  SINCE JUL 1      0                         0      0        0

 COOLING
  YESTERDAY       11                        10      1       10
  MONTH TO DATE  188                       207    -19      218
  SINCE JUN 1    484                       413     71      441
  SINCE JAN 1    618                       486    132      513
..................................................................


WIND (MPH)
  HIGHEST WIND SPEED    14   HIGHEST WIND DIRECTION    SE (130)
  HIGHEST GUST SPEED    18   HIGHEST GUST DIRECTION    SE (140)
  AVERAGE WIND SPEED     1.9


SKY COVER
  POSSIBLE SUNSHINE  MM
  AVERAGE SKY COVER  MM


WEATHER CONDITIONS
 THE FOLLOWING WEATHER WAS RECORDED YESTERDAY.
  FOG


RELATIVE HUMIDITY (PERCENT)
 HIGHEST    93           100 AM
 LOWEST     46           200 PM
 AVERAGE    70

..........................................................


THE TRI-CITIES      ASOS CLIMATE NORMALS FOR TODAY
                         NORMAL    RECORD    YEAR
 MAXIMUM TEMPERATURE (F)   86        98      1952
 MINIMUM TEMPERATURE (F)   64        52      1944


SUNRISE AND SUNSET
JULY 22 2014..........SUNRISE   628 AM EDT   SUNSET   844 PM EDT
JULY 23 2014..........SUNRISE   629 AM EDT   SUNSET   843 PM EDT


-  INDICATES NEGATIVE NUMBERS.
R  INDICATES RECORD WAS SET OR TIED.
MM INDICATES DATA IS MISSING.
T  INDICATES TRACE AMOUNT.

&&

THE LOW TEMPERATURE THIS MORNING WAS 65.
THERE HAS BEEN NO PRECIPITATION SINCE MIDNIGHT.


$$
