000
CDUS46 KSGX 070016
CLITRM


CLIMATE REPORT
NATIONAL WEATHER SERVICE SAN DIEGO, CA
416 PM PST FRI MAR 6 2015


...................................

...THE THERMAL AIRPORT CA CLIMATE SUMMARY FOR MARCH 6 2015...
VALID TODAY AS OF 0400 PM LOCAL TIME.

CLIMATE NORMAL PERIOD 1981 TO 2010
CLIMATE RECORD PERIOD 1950 TO 2015


WEATHER ITEM   OBSERVED TIME   RECORD YEAR NORMAL DEPARTURE LAST
                VALUE   (LST)  VALUE       VALUE  FROM      YEAR
                                                  NORMAL
..................................................................
TEMPERATURE (F)
 TODAY
  MAXIMUM         87    158 PM  95    1986  79      8       90
  MINIMUM         43    617 AM  29    1997  46     -3       53
  AVERAGE         65                        62      3       72

PRECIPITATION (IN)
  TODAY            0.00          0.22 1980   0.02  -0.02     0.00
  MONTH TO DATE    0.31                      0.12   0.19      T
  SINCE OCT 1      0.77                      2.26  -1.49     0.16
  SINCE JAN 1      0.62                      1.45  -0.83     0.08

SNOWFALL (IN)
  TODAY            0.0
  MONTH TO DATE    0.0
  SINCE JAN 1      0.0
  SINCE JUL 1      0.0
  SNOW DEPTH       0

DEGREE DAYS
 HEATING
  TODAY            0                         4     -4        0
  MONTH TO DATE   44                        27     17       15
  SINCE MAR 1     44                        27     17       15
  SINCE JUL 1    749                      1092   -343      804

 COOLING
  TODAY            0                         1     -1        7
  MONTH TO DATE    0                         6     -6       13
  SINCE MAR 1      0                         6     -6       13
  SINCE JAN 1     22                        18      4       23
..................................................................


WIND (MPH)
  RESULTANT WIND SPEED   7   RESULTANT WIND DIRECTION   N (340)
  HIGHEST WIND SPEED    17   HIGHEST WIND DIRECTION     W (290)
  HIGHEST GUST SPEED    24   HIGHEST GUST DIRECTION     W (290)
  AVERAGE WIND SPEED     8.2


SKY COVER
  POSSIBLE SUNSHINE  MM
  AVERAGE SKY COVER 0.0


WEATHER CONDITIONS
 THE FOLLOWING WEATHER WAS RECORDED TODAY.
  NO SIGNIFICANT WEATHER WAS OBSERVED.


RELATIVE HUMIDITY (PERCENT)
 HIGHEST    42           600 AM
 LOWEST      4           200 PM
 AVERAGE    23

..........................................................


THE THERMAL AIRPORT CA CLIMATE NORMALS FOR TOMORROW
                         NORMAL    RECORD    YEAR
 MAXIMUM TEMPERATURE (F)   79        94      1972
 MINIMUM TEMPERATURE (F)   46        33      1971


SUNRISE AND SUNSET
MARCH  6 2015.........SUNRISE   607 AM PST   SUNSET   545 PM PST
MARCH  7 2015.........SUNRISE   606 AM PST   SUNSET   546 PM PST


-  INDICATES NEGATIVE NUMBERS.
R  INDICATES RECORD WAS SET OR TIED.
MM INDICATES DATA IS MISSING.
T  INDICATES TRACE AMOUNT.




$$
