000
CDUS46 KSGX 291135
CLITRM


CLIMATE REPORT
NATIONAL WEATHER SERVICE SAN DIEGO, CA
435 AM PDT SAT APR 29 2017


...................................

...THE THERMAL AIRPORT CA CLIMATE SUMMARY FOR APRIL 28 2017...

CLIMATE NORMAL PERIOD 1981 TO 2010
CLIMATE RECORD PERIOD 1950 TO 2017


WEATHER ITEM   OBSERVED TIME   RECORD YEAR NORMAL DEPARTURE LAST
                VALUE   (LST)  VALUE       VALUE  FROM      YEAR
                                                  NORMAL
..................................................................
TEMPERATURE (F)
 YESTERDAY
  MAXIMUM         91    220 PM 107    2013  91      0       82
  MINIMUM         72    541 AM  41    1970  57     15       59
  AVERAGE         82                        74      8       71

PRECIPITATION (IN)
  YESTERDAY        0.00          T    2005   0.00   0.00     0.00
  MONTH TO DATE    T                         0.06  -0.06     0.35
  SINCE OCT 1      3.69                      2.58   1.11     1.98
  SINCE JAN 1      2.01                      1.77   0.24     1.55

DEGREE DAYS
 HEATING
  YESTERDAY        0                         0      0        0
  MONTH TO DATE    0                        19    -19        0
  SINCE MAR 1     34                       111    -77       22
  SINCE JUL 1    899                      1176   -277     1047

 COOLING
  YESTERDAY       17                         9      8        6
  MONTH TO DATE  281                       165    116      232
  SINCE MAR 1    471                       227    244      360
  SINCE JAN 1    503                       239    264      425
..................................................................


WIND (MPH)
  RESULTANT WIND SPEED  10   RESULTANT WIND DIRECTION  NW (330)
  HIGHEST WIND SPEED    21   HIGHEST WIND DIRECTION    NW (320)
  HIGHEST GUST SPEED    26   HIGHEST GUST DIRECTION    NW (310)
  AVERAGE WIND SPEED    11.6


SKY COVER
  POSSIBLE SUNSHINE  MM
  AVERAGE SKY COVER 0.0


WEATHER CONDITIONS
 THE FOLLOWING WEATHER WAS RECORDED YESTERDAY.
  NO SIGNIFICANT WEATHER WAS OBSERVED.


RELATIVE HUMIDITY (PERCENT)
 HIGHEST    25           200 AM
 LOWEST      5           700 PM
 AVERAGE    15

..........................................................


THE THERMAL AIRPORT CA CLIMATE NORMALS FOR TODAY
                         NORMAL    RECORD    YEAR
 MAXIMUM TEMPERATURE (F)   91       106      2013
 MINIMUM TEMPERATURE (F)   57        38      1999


SUNRISE AND SUNSET
APRIL 29 2017.........SUNRISE   558 AM PDT   SUNSET   727 PM PDT
APRIL 30 2017.........SUNRISE   557 AM PDT   SUNSET   727 PM PDT


-  INDICATES NEGATIVE NUMBERS.
R  INDICATES RECORD WAS SET OR TIED.
MM INDICATES DATA IS MISSING.
T  INDICATES TRACE AMOUNT.




$$
