000
CDUS46 KSGX 040017
CLITRM


CLIMATE REPORT
NATIONAL WEATHER SERVICE SAN DIEGO, CA
516 PM PDT FRI JUL 3 2015


...................................

...THE THERMAL AIRPORT CA CLIMATE SUMMARY FOR JULY 3 2015...
VALID TODAY AS OF 0500 PM LOCAL TIME.

CLIMATE NORMAL PERIOD 1981 TO 2010
CLIMATE RECORD PERIOD 1950 TO 2015


WEATHER ITEM   OBSERVED TIME   RECORD YEAR NORMAL DEPARTURE LAST
                VALUE   (LST)  VALUE       VALUE  FROM      YEAR
                                                  NORMAL
..................................................................
TEMPERATURE (F)
 TODAY
  MAXIMUM        111    310 PM 117    1957 107      4      108
  MINIMUM         88    607 AM  61    1975  72     16       74
  AVERAGE        100                        89     11       91

PRECIPITATION (IN)
  TODAY            0.00          0.00 2002   0.00   0.00     0.00
                                      2000
  MONTH TO DATE    T                         0.00   0.00     0.00
  SINCE OCT 1      0.84                      2.63  -1.79     0.16
  SINCE JAN 1      0.69                      1.82  -1.13     0.08

SNOWFALL (IN)
  TODAY            0.0
  MONTH TO DATE    0.0
  SINCE JUN 1      0.0
  SINCE JUL 1      0.0
  SNOW DEPTH       0

DEGREE DAYS
 HEATING
  TODAY            0                         0      0        0
  MONTH TO DATE    0                         0      0        0
  SINCE JUN 1      0                         0      0        0
  SINCE JUL 1      0                         0      0        0

 COOLING
  TODAY           35                        24     11       26
  MONTH TO DATE   89                        72     17       75
  SINCE JUN 1    762                       680     82      759
  SINCE JAN 1   1516                      1353    163     1581
..................................................................


WIND (MPH)
  RESULTANT WIND SPEED   5   RESULTANT WIND DIRECTION  NW (330)
  HIGHEST WIND SPEED    18   HIGHEST WIND DIRECTION    NW (310)
  HIGHEST GUST SPEED    27   HIGHEST GUST DIRECTION    NW (320)
  AVERAGE WIND SPEED     7.6


SKY COVER
  POSSIBLE SUNSHINE  MM
  AVERAGE SKY COVER 0.0


WEATHER CONDITIONS
 THE FOLLOWING WEATHER WAS RECORDED TODAY.
  NO SIGNIFICANT WEATHER WAS OBSERVED.


RELATIVE HUMIDITY (PERCENT)
 HIGHEST    32           200 AM
 LOWEST     18           100 PM
 AVERAGE    25

..........................................................


THE THERMAL AIRPORT CA CLIMATE NORMALS FOR TOMORROW
                         NORMAL    RECORD    YEAR
 MAXIMUM TEMPERATURE (F)  107       122      1989
 MINIMUM TEMPERATURE (F)   72        58      1993


SUNRISE AND SUNSET
JULY  3 2015..........SUNRISE   539 AM PDT   SUNSET   759 PM PDT
JULY  4 2015..........SUNRISE   539 AM PDT   SUNSET   759 PM PDT


-  INDICATES NEGATIVE NUMBERS.
R  INDICATES RECORD WAS SET OR TIED.
MM INDICATES DATA IS MISSING.
T  INDICATES TRACE AMOUNT.




$$
