000
CDUS46 KSGX 010019
CLITRM


CLIMATE REPORT
NATIONAL WEATHER SERVICE SAN DIEGO, CA
519 PM PDT TUE MAY 31 2016


...................................

...THE THERMAL AIRPORT CA CLIMATE SUMMARY FOR MAY 31 2016...
VALID TODAY AS OF 0500 PM LOCAL TIME.

CLIMATE NORMAL PERIOD 1981 TO 2010
CLIMATE RECORD PERIOD 1950 TO 2016


WEATHER ITEM   OBSERVED TIME   RECORD YEAR NORMAL DEPARTURE LAST
                VALUE   (LST)  VALUE       VALUE  FROM      YEAR
                                                  NORMAL
..................................................................
TEMPERATURE (F)
 TODAY
  MAXIMUM        102    359 PM 115    2012  99      3      103
  MINIMUM         77    514 AM  49    2011  64     13       61
  AVERAGE         90                        82      8       82

PRECIPITATION (IN)
  TODAY            0.00          0.00 2002   0.00   0.00     0.00
                                      2000
  MONTH TO DATE    T                         0.03  -0.03     0.07
  SINCE OCT 1      1.98                      2.61  -0.63     0.84
  SINCE JAN 1      1.55                      1.80  -0.25     0.69

DEGREE DAYS
 HEATING
  TODAY            0                         0      0        0
  MONTH TO DATE    0                         0      0       15
  SINCE MAR 1     22                       116    -94       59
  SINCE JUL 1   1047                      1181   -134      764

 COOLING
  TODAY           25                        17      8       17
  MONTH TO DATE  434                       417     17      337
  SINCE MAR 1    814                       661    153      732
  SINCE JAN 1    879                       673    206      754
..................................................................


WIND (MPH)
  RESULTANT WIND SPEED   1   RESULTANT WIND DIRECTION   E (110)
  HIGHEST WIND SPEED    15   HIGHEST WIND DIRECTION    NW (330)
  HIGHEST GUST SPEED    20   HIGHEST GUST DIRECTION    NW (320)
  AVERAGE WIND SPEED     9.2


SKY COVER
  POSSIBLE SUNSHINE  MM
  AVERAGE SKY COVER 0.0


WEATHER CONDITIONS
 THE FOLLOWING WEATHER WAS RECORDED TODAY.
  NO SIGNIFICANT WEATHER WAS OBSERVED.


RELATIVE HUMIDITY (PERCENT)
 HIGHEST    40           500 AM
 LOWEST     11           400 PM
 AVERAGE    26

..........................................................


THE THERMAL AIRPORT CA CLIMATE NORMALS FOR TOMORROW
                         NORMAL    RECORD    YEAR
 MAXIMUM TEMPERATURE (F)   99       115      2012
 MINIMUM TEMPERATURE (F)   64        53      1971


SUNRISE AND SUNSET
MAY 31 2016...........SUNRISE   536 AM PDT   SUNSET   750 PM PDT
JUNE  1 2016..........SUNRISE   535 AM PDT   SUNSET   750 PM PDT


-  INDICATES NEGATIVE NUMBERS.
R  INDICATES RECORD WAS SET OR TIED.
MM INDICATES DATA IS MISSING.
T  INDICATES TRACE AMOUNT.




$$
