000
CDUS46 KPQR 221141
CLITTD


CLIMATE REPORT
NATIONAL WEATHER SERVICE PORTLAND OREGON
340 AM PST MON DEC 22 2014


...................................

...THE TROUTDALE OR CLIMATE SUMMARY FOR DECEMBER 21 2014...

CLIMATE NORMAL PERIOD 1981 TO 2010
CLIMATE RECORD PERIOD 9999 TO 9999


WEATHER ITEM   OBSERVED TIME   NORMAL DEPARTURE LAST
                VALUE   (LST)  VALUE  FROM      YEAR
                                      NORMAL
......................................................
TEMPERATURE (F)
 YESTERDAY
  MAXIMUM         60   1209 AM  44     16       51
  MINIMUM         51   1159 PM  32     19       45
  AVERAGE         56            38     18       48

PRECIPITATION (IN)
  YESTERDAY        0.06          0.25  -0.19     0.14
  MONTH TO DATE    2.87          4.81  -1.94     1.72
  SINCE OCT 1     13.53         16.04  -2.51     6.94
  SINCE JAN 1     36.23         44.61  -8.38    27.86

DEGREE DAYS
 HEATING
  YESTERDAY        9            27    -18       17
  MONTH TO DATE  417           539   -122      608

 COOLING
  YESTERDAY        0             0      0        0
  MONTH TO DATE    0             0      0        0
......................................................


WIND (MPH)
  HIGHEST WIND SPEED    24   HIGHEST WIND DIRECTION    SW (230)
  HIGHEST GUST SPEED    33   HIGHEST GUST DIRECTION    SW (220)
  AVERAGE WIND SPEED    10.3


SKY COVER
  POSSIBLE SUNSHINE  MM
  AVERAGE SKY COVER 0.9


WEATHER CONDITIONS
 THE FOLLOWING WEATHER WAS RECORDED YESTERDAY.
  LIGHT RAIN
  FOG


RELATIVE HUMIDITY (PERCENT)
 HIGHEST    96          1100 PM
 LOWEST     67           200 AM
 AVERAGE    82

..........................................................


THE TROUTDALE OR CLIMATE NORMALS FOR TODAY
                         NORMAL    RECORD    YEAR
 MAXIMUM TEMPERATURE (F)   44        62      1972
 MINIMUM TEMPERATURE (F)   32        11      1990


SUNRISE AND SUNSET
DECEMBER 22 2014......SUNRISE   747 AM PST   SUNSET   429 PM PST
DECEMBER 23 2014......SUNRISE   748 AM PST   SUNSET   430 PM PST


-  INDICATES NEGATIVE NUMBERS.
R  INDICATES RECORD WAS SET OR TIED.
MM INDICATES DATA IS MISSING.
T  INDICATES TRACE AMOUNT.




$$
