000
CDUS46 KPQR 031142
CLITTD


CLIMATE REPORT
NATIONAL WEATHER SERVICE PORTLAND OREGON
441 AM PDT WED JUN 3 2015


...................................

...THE TROUTDALE OR CLIMATE SUMMARY FOR JUNE 2 2015...

CLIMATE NORMAL PERIOD 1981 TO 2010
CLIMATE RECORD PERIOD 1948 TO 2015


WEATHER ITEM   OBSERVED TIME   RECORD YEAR NORMAL DEPARTURE LAST
                VALUE   (LST)  VALUE       VALUE  FROM      YEAR
                                                  NORMAL
..................................................................
TEMPERATURE (F)
 YESTERDAY
  MAXIMUM         63    106 PM  96    1970  72     -9       77
  MINIMUM         54   1120 PM  41    2002  49      5       51
  AVERAGE         59                        60     -1       64

PRECIPITATION (IN)
  YESTERDAY        0.07                      0.11  -0.04     0.00
  MONTH TO DATE    0.50                      0.23   0.27     0.00
  SINCE OCT 1     28.84                     41.33 -12.49    25.87
  SINCE JAN 1     13.88                     22.93  -9.05    18.28

DEGREE DAYS
 HEATING
  YESTERDAY        6                         5      1        1
  MONTH TO DATE   11                        11      0        2

 COOLING
  YESTERDAY        0                         1     -1        0
  MONTH TO DATE    0                         2     -2        0
..................................................................


WIND (MPH)
  HIGHEST WIND SPEED    14   HIGHEST WIND DIRECTION    SW (240)
  HIGHEST GUST SPEED    17   HIGHEST GUST DIRECTION    SW (240)
  AVERAGE WIND SPEED     5.4


SKY COVER
  POSSIBLE SUNSHINE  MM
  AVERAGE SKY COVER 1.0


WEATHER CONDITIONS
 THE FOLLOWING WEATHER WAS RECORDED YESTERDAY.
  LIGHT RAIN


RELATIVE HUMIDITY (PERCENT)
 HIGHEST    93          1000 PM
 LOWEST     67           100 PM
 AVERAGE    80

..........................................................


THE TROUTDALE OR CLIMATE NORMALS FOR TODAY
                         NORMAL    RECORD    YEAR
 MAXIMUM TEMPERATURE (F)   72        92      1969
 MINIMUM TEMPERATURE (F)   49        39      1976


SUNRISE AND SUNSET
JUNE  3 2015..........SUNRISE   523 AM PDT   SUNSET   853 PM PDT
JUNE  4 2015..........SUNRISE   523 AM PDT   SUNSET   854 PM PDT


-  INDICATES NEGATIVE NUMBERS.
R  INDICATES RECORD WAS SET OR TIED.
MM INDICATES DATA IS MISSING.
T  INDICATES TRACE AMOUNT.




$$
