000
CDUS46 KPQR 231141
CLITTD


CLIMATE REPORT
NATIONAL WEATHER SERVICE PORTLAND OREGON
440 AM PDT TUE SEP 23 2014


...................................

...THE TROUTDALE OR CLIMATE SUMMARY FOR SEPTEMBER 22 2014...

CLIMATE NORMAL PERIOD 1981 TO 2010
CLIMATE RECORD PERIOD 9999 TO 9999


WEATHER ITEM   OBSERVED TIME   NORMAL DEPARTURE LAST
                VALUE   (LST)  VALUE  FROM      YEAR
                                      NORMAL
......................................................
TEMPERATURE (F)
 YESTERDAY
  MAXIMUM         71    327 PM  74     -3       64
  MINIMUM         61   1159 PM  48     13       56
  AVERAGE         66            61      5       60

PRECIPITATION (IN)
  YESTERDAY        T             0.07  -0.07     0.12
  MONTH TO DATE    0.05          1.20  -1.15     0.51
  SINCE OCT 1     29.32         46.32 -17.00    37.31
  SINCE JAN 1     21.73         27.92  -6.19    17.33

DEGREE DAYS
 HEATING
  YESTERDAY        0             5     -5        5
  MONTH TO DATE    3            64    -61       19

 COOLING
  YESTERDAY        1             1      0        0
  MONTH TO DATE  103            36     67       84
......................................................


WIND (MPH)
  HIGHEST WIND SPEED    12   HIGHEST WIND DIRECTION     S (200)
  HIGHEST GUST SPEED    14   HIGHEST GUST DIRECTION    SW (220)
  AVERAGE WIND SPEED     4.5


SKY COVER
  POSSIBLE SUNSHINE  MM
  AVERAGE SKY COVER 0.5


WEATHER CONDITIONS
 THE FOLLOWING WEATHER WAS RECORDED YESTERDAY.
  LIGHT RAIN


RELATIVE HUMIDITY (PERCENT)
 HIGHEST    78           800 PM
 LOWEST     57           200 PM
 AVERAGE    68

..........................................................


THE TROUTDALE OR CLIMATE NORMALS FOR TODAY
                         NORMAL    RECORD    YEAR
 MAXIMUM TEMPERATURE (F)   74        94      1987
 MINIMUM TEMPERATURE (F)   48        38      2008


SUNRISE AND SUNSET
SEPTEMBER 23 2014.....SUNRISE   658 AM PDT   SUNSET   705 PM PDT
SEPTEMBER 24 2014.....SUNRISE   659 AM PDT   SUNSET   703 PM PDT


-  INDICATES NEGATIVE NUMBERS.
R  INDICATES RECORD WAS SET OR TIED.
MM INDICATES DATA IS MISSING.
T  INDICATES TRACE AMOUNT.




$$
