000
CDUS46 KPQR 011141
CLITTD


CLIMATE REPORT
NATIONAL WEATHER SERVICE PORTLAND OREGON
440 AM PDT SUN MAY 1 2016


...................................

...THE TROUTDALE OR CLIMATE SUMMARY FOR APRIL 30 2016...

CLIMATE NORMAL PERIOD 1981 TO 2010
CLIMATE RECORD PERIOD 1948 TO 2016


WEATHER ITEM   OBSERVED TIME   RECORD YEAR NORMAL DEPARTURE LAST
                VALUE   (LST)  VALUE       VALUE  FROM      YEAR
                                                  NORMAL
..................................................................
TEMPERATURE (F)
 YESTERDAY
  MAXIMUM         71    457 PM  91    1998  65      6       71
  MINIMUM         49    638 AM  32    1986  43      6       42
  AVERAGE         60                        54      6       57

PRECIPITATION (IN)
  YESTERDAY        0.00                      0.11  -0.11     0.00
  MONTH TO DATE    2.49                      3.85  -1.36     2.20
  SINCE OCT 1     35.02                     38.16  -3.14    27.52
  SINCE JAN 1     15.20                     19.76  -4.56    12.56

DEGREE DAYS
 HEATING
  YESTERDAY        5                        11     -6        8
  MONTH TO DATE  233                       407   -174      375

 COOLING
  YESTERDAY        0                         0      0        0
  MONTH TO DATE   29                         1     28        0
..................................................................


WIND (MPH)
  HIGHEST WIND SPEED     9   HIGHEST WIND DIRECTION     W (250)
  HIGHEST GUST SPEED    12   HIGHEST GUST DIRECTION     W (260)
  AVERAGE WIND SPEED     2.7


SKY COVER
  POSSIBLE SUNSHINE  MM
  AVERAGE SKY COVER 0.5


WEATHER CONDITIONS
 THE FOLLOWING WEATHER WAS RECORDED YESTERDAY.
  NO SIGNIFICANT WEATHER WAS OBSERVED.


RELATIVE HUMIDITY (PERCENT)
 HIGHEST    83          1100 PM
 LOWEST     42           600 PM
 AVERAGE    63

..........................................................


THE TROUTDALE OR CLIMATE NORMALS FOR TODAY
                         NORMAL    RECORD    YEAR
 MAXIMUM TEMPERATURE (F)   65        88      2014
 MINIMUM TEMPERATURE (F)   43        29      1954


SUNRISE AND SUNSET
MAY  1 2016...........SUNRISE   557 AM PDT   SUNSET   817 PM PDT
MAY  2 2016...........SUNRISE   555 AM PDT   SUNSET   819 PM PDT


-  INDICATES NEGATIVE NUMBERS.
R  INDICATES RECORD WAS SET OR TIED.
MM INDICATES DATA IS MISSING.
T  INDICATES TRACE AMOUNT.




$$
