291
CDUS46 KPQR 111145
CLITTD


CLIMATE REPORT
NATIONAL WEATHER SERVICE PORTLAND OREGON
344 AM PST THU FEB 11 2016


...................................

...THE TROUTDALE OR CLIMATE SUMMARY FOR FEBRUARY 10 2016...

CLIMATE NORMAL PERIOD 1981 TO 2010
CLIMATE RECORD PERIOD 1948 TO 2016


WEATHER ITEM   OBSERVED TIME   RECORD YEAR NORMAL DEPARTURE LAST
                VALUE   (LST)  VALUE       VALUE  FROM      YEAR
                                                  NORMAL
..................................................................
TEMPERATURE (F)
 YESTERDAY
  MAXIMUM         56    214 PM  61    1988  49      7       57
  MINIMUM         46    648 AM  23    1989  35     11       48
  AVERAGE         51                        42      9       53

PRECIPITATION (IN)
  YESTERDAY        0.00                      0.19  -0.19      T
  MONTH TO DATE    0.47                      1.90  -1.43     2.36
  SINCE OCT 1     24.79                     26.48  -1.69    20.06
  SINCE JAN 1      4.97                      8.08  -3.11     5.10

DEGREE DAYS
 HEATING
  YESTERDAY       14                        23     -9       12
  MONTH TO DATE  167                       232    -65      145

 COOLING
  YESTERDAY        0                         0      0        0
  MONTH TO DATE    0                         0      0        0
..................................................................


WIND (MPH)
  HIGHEST WIND SPEED    30   HIGHEST WIND DIRECTION     E (90)
  HIGHEST GUST SPEED    36   HIGHEST GUST DIRECTION     E (90)
  AVERAGE WIND SPEED    10.8


SKY COVER
  POSSIBLE SUNSHINE  MM
  AVERAGE SKY COVER 0.6


WEATHER CONDITIONS
 THE FOLLOWING WEATHER WAS RECORDED YESTERDAY.
  NO SIGNIFICANT WEATHER WAS OBSERVED.


RELATIVE HUMIDITY (PERCENT)
 HIGHEST    83           900 PM
 LOWEST     59           100 PM
 AVERAGE    71

..........................................................


THE TROUTDALE OR CLIMATE NORMALS FOR TODAY
                         NORMAL    RECORD    YEAR
 MAXIMUM TEMPERATURE (F)   49        62      1971
 MINIMUM TEMPERATURE (F)   35        24      1982


SUNRISE AND SUNSET
FEBRUARY 11 2016......SUNRISE   718 AM PST   SUNSET   530 PM PST
FEBRUARY 12 2016......SUNRISE   717 AM PST   SUNSET   532 PM PST


-  INDICATES NEGATIVE NUMBERS.
R  INDICATES RECORD WAS SET OR TIED.
MM INDICATES DATA IS MISSING.
T  INDICATES TRACE AMOUNT.




$$
