000
CDUS46 KPQR 231141
CLITTD


CLIMATE REPORT
NATIONAL WEATHER SERVICE PORTLAND OREGON
440 AM PDT SAT JUL 23 2016


...................................

...THE TROUTDALE OR CLIMATE SUMMARY FOR JULY 22 2016...

CLIMATE NORMAL PERIOD 1981 TO 2010
CLIMATE RECORD PERIOD 1948 TO 2016


WEATHER ITEM   OBSERVED TIME   RECORD YEAR NORMAL DEPARTURE LAST
                VALUE   (LST)  VALUE       VALUE  FROM      YEAR
                                                  NORMAL
..................................................................
TEMPERATURE (F)
 YESTERDAY
  MAXIMUM         71    538 PM 100    1978  83    -12       74
  MINIMUM         60    802 AM  45    1954  55      5       57
  AVERAGE         66                        69     -3       66

PRECIPITATION (IN)
  YESTERDAY        0.32                      0.02   0.30     0.00
  MONTH TO DATE    0.76                      0.60   0.16     0.09
  SINCE OCT 1     40.05                     44.12  -4.07    29.06
  SINCE JAN 1     20.23                     25.72  -5.49    14.10

DEGREE DAYS
 HEATING
  YESTERDAY        0                         1     -1        0
  MONTH TO DATE    6                        27    -21        0

 COOLING
  YESTERDAY        1                         5     -4        1
  MONTH TO DATE   63                        71     -8      212
..................................................................


WIND (MPH)
  HIGHEST WIND SPEED     9   HIGHEST WIND DIRECTION    SW (220)
  HIGHEST GUST SPEED    11   HIGHEST GUST DIRECTION    NW (330)
  AVERAGE WIND SPEED     2.9


SKY COVER
  POSSIBLE SUNSHINE  MM
  AVERAGE SKY COVER 1.0


WEATHER CONDITIONS
 THE FOLLOWING WEATHER WAS RECORDED YESTERDAY.
  RAIN
  LIGHT RAIN
  FOG


RELATIVE HUMIDITY (PERCENT)
 HIGHEST    97           300 AM
 LOWEST     61           300 PM
 AVERAGE    79

..........................................................


THE TROUTDALE OR CLIMATE NORMALS FOR TODAY
                         NORMAL    RECORD    YEAR
 MAXIMUM TEMPERATURE (F)   83       103      1991
 MINIMUM TEMPERATURE (F)   55        38      1989


SUNRISE AND SUNSET
JULY 23 2016..........SUNRISE   544 AM PDT   SUNSET   848 PM PDT
JULY 24 2016..........SUNRISE   545 AM PDT   SUNSET   847 PM PDT


-  INDICATES NEGATIVE NUMBERS.
R  INDICATES RECORD WAS SET OR TIED.
MM INDICATES DATA IS MISSING.
T  INDICATES TRACE AMOUNT.




$$
