000
CDUS46 KPQR 301141
CLITTD


CLIMATE REPORT
NATIONAL WEATHER SERVICE PORTLAND OREGON
440 AM PDT THU OCT 30 2014


...................................

...THE TROUTDALE OR CLIMATE SUMMARY FOR OCTOBER 29 2014...

CLIMATE NORMAL PERIOD 1981 TO 2010
CLIMATE RECORD PERIOD 9999 TO 9999


WEATHER ITEM   OBSERVED TIME   NORMAL DEPARTURE LAST
                VALUE   (LST)  VALUE  FROM      YEAR
                                      NORMAL
......................................................
TEMPERATURE (F)
 YESTERDAY
  MAXIMUM         62    220 PM  59      3       59
  MINIMUM         54   1202 AM  42     12       30
  AVERAGE         58            50      8       45

PRECIPITATION (IN)
  YESTERDAY        0.32          0.19   0.13     0.00
  MONTH TO DATE    4.95          3.56   1.39     1.58
  SINCE OCT 1      4.95          3.56   1.39     1.58
  SINCE JAN 1     27.65         32.13  -4.48    22.50

DEGREE DAYS
 HEATING
  YESTERDAY        7            15     -8       20
  MONTH TO DATE  153           318   -165      327

 COOLING
  YESTERDAY        0             0      0        0
  MONTH TO DATE   12             0     12        0
......................................................


WIND (MPH)
  HIGHEST WIND SPEED    17   HIGHEST WIND DIRECTION     E (90)
  HIGHEST GUST SPEED    23   HIGHEST GUST DIRECTION     E (80)
  AVERAGE WIND SPEED     5.6


SKY COVER
  POSSIBLE SUNSHINE  MM
  AVERAGE SKY COVER 0.9


WEATHER CONDITIONS
 THE FOLLOWING WEATHER WAS RECORDED YESTERDAY.
  RAIN
  LIGHT RAIN
  FOG


RELATIVE HUMIDITY (PERCENT)
 HIGHEST    93          1200 AM
 LOWEST     72           200 PM
 AVERAGE    83

..........................................................


THE TROUTDALE OR CLIMATE NORMALS FOR TODAY
                         NORMAL    RECORD    YEAR
 MAXIMUM TEMPERATURE (F)   58        69      1993
 MINIMUM TEMPERATURE (F)   41        28      1991


SUNRISE AND SUNSET
OCTOBER 30 2014.......SUNRISE   747 AM PDT   SUNSET   559 PM PDT
OCTOBER 31 2014.......SUNRISE   748 AM PDT   SUNSET   558 PM PDT


-  INDICATES NEGATIVE NUMBERS.
R  INDICATES RECORD WAS SET OR TIED.
MM INDICATES DATA IS MISSING.
T  INDICATES TRACE AMOUNT.




$$
