000
CDUS46 KPQR 031141
CLITTD


CLIMATE REPORT
NATIONAL WEATHER SERVICE PORTLAND OREGON
340 AM PST TUE MAR 3 2015


...................................

...THE TROUTDALE OR CLIMATE SUMMARY FOR MARCH 2 2015...

CLIMATE NORMAL PERIOD 1981 TO 2010
CLIMATE RECORD PERIOD 1948 TO 2015


WEATHER ITEM   OBSERVED TIME   RECORD YEAR NORMAL DEPARTURE LAST
                VALUE   (LST)  VALUE       VALUE  FROM      YEAR
                                                  NORMAL
..................................................................
TEMPERATURE (F)
 YESTERDAY
  MAXIMUM         56    448 PM  67    1968  53      3       55
  MINIMUM         36   1114 PM  24    1951  37     -1       32
  AVERAGE         46                        45      1       44

PRECIPITATION (IN)
  YESTERDAY        T                         0.16  -0.16     0.36
  MONTH TO DATE    T                         0.32  -0.32     0.39
  SINCE OCT 1     20.84                     29.99  -9.15    14.04
  SINCE JAN 1      5.88                     11.59  -5.71     6.45

DEGREE DAYS
 HEATING
  YESTERDAY       19                        20     -1       21
  MONTH TO DATE   37                        40     -3       46

 COOLING
  YESTERDAY        0                         0      0        0
  MONTH TO DATE    0                         0      0        0
..................................................................


WIND (MPH)
  HIGHEST WIND SPEED    10   HIGHEST WIND DIRECTION    NW (300)
  HIGHEST GUST SPEED    16   HIGHEST GUST DIRECTION    NW (300)
  AVERAGE WIND SPEED     3.5


SKY COVER
  POSSIBLE SUNSHINE  MM
  AVERAGE SKY COVER 0.7


WEATHER CONDITIONS
 THE FOLLOWING WEATHER WAS RECORDED YESTERDAY.
  NO SIGNIFICANT WEATHER WAS OBSERVED.


RELATIVE HUMIDITY (PERCENT)
 HIGHEST    86           600 AM
 LOWEST     42           800 PM
 AVERAGE    64

..........................................................


THE TROUTDALE OR CLIMATE NORMALS FOR TODAY
                         NORMAL    RECORD    YEAR
 MAXIMUM TEMPERATURE (F)   53        66      1994
 MINIMUM TEMPERATURE (F)   37        15      1989


SUNRISE AND SUNSET
MARCH  3 2015.........SUNRISE   645 AM PST   SUNSET   559 PM PST
MARCH  4 2015.........SUNRISE   643 AM PST   SUNSET   601 PM PST


-  INDICATES NEGATIVE NUMBERS.
R  INDICATES RECORD WAS SET OR TIED.
MM INDICATES DATA IS MISSING.
T  INDICATES TRACE AMOUNT.




$$
