000
CDUS46 KPQR 270221
CLITTD


CLIMATE REPORT
NATIONAL WEATHER SERVICE PORTLAND OREGON
721 PM PDT MON JUN 26 2017


...................................

...THE TROUTDALE OR CLIMATE SUMMARY FOR JUNE 26 2017...
VALID TODAY AS OF 0700 PM LOCAL TIME.

CLIMATE NORMAL PERIOD 1981 TO 2010
CLIMATE RECORD PERIOD 1948 TO 2017


WEATHER ITEM   OBSERVED TIME   RECORD YEAR NORMAL DEPARTURE LAST
                VALUE   (LST)  VALUE       VALUE  FROM      YEAR
                                                  NORMAL
..................................................................
TEMPERATURE (F)
 TODAY
  MAXIMUM         80    442 PM 102    2006  77      3       91
  MINIMUM         59    522 AM  40    1956  52      7       53
  AVERAGE         70                        64      6       72

PRECIPITATION (IN)
  TODAY            T                         0.05  -0.05     0.00
  MONTH TO DATE    1.72                      2.23  -0.51     2.40
  SINCE OCT 1     48.20                     43.33   4.87    39.29
  SINCE JAN 1     27.11                     24.93   2.18    19.47

DEGREE DAYS
 HEATING
  TODAY            0                         3     -3        0
  MONTH TO DATE   62                       109    -47       73

 COOLING
  TODAY            5                         2      3        7
  MONTH TO DATE   75                        34     41       82
..................................................................


WIND (MPH)
  HIGHEST WIND SPEED    10   HIGHEST WIND DIRECTION     W (250)
  HIGHEST GUST SPEED    15   HIGHEST GUST DIRECTION     W (270)
  AVERAGE WIND SPEED     4.8


SKY COVER
  POSSIBLE SUNSHINE  MM
  AVERAGE SKY COVER 0.2


WEATHER CONDITIONS
 THE FOLLOWING WEATHER WAS RECORDED TODAY.
  LIGHT RAIN


RELATIVE HUMIDITY (PERCENT)
 HIGHEST    80           500 AM
 LOWEST     48           500 PM
 AVERAGE    64

..........................................................


THE TROUTDALE OR CLIMATE NORMALS FOR TOMORROW
                         NORMAL    RECORD    YEAR
 MAXIMUM TEMPERATURE (F)   77        99      2000
 MINIMUM TEMPERATURE (F)   52        43      1964


SUNRISE AND SUNSET
JUNE 26 2017..........SUNRISE   522 AM PDT   SUNSET   903 PM PDT
JUNE 27 2017..........SUNRISE   523 AM PDT   SUNSET   903 PM PDT


-  INDICATES NEGATIVE NUMBERS.
R  INDICATES RECORD WAS SET OR TIED.
MM INDICATES DATA IS MISSING.
T  INDICATES TRACE AMOUNT.




$$
