000
CDUS46 KPQR 221142
CLITTD


CLIMATE REPORT
NATIONAL WEATHER SERVICE PORTLAND OREGON
441 AM PDT WED MAR 22 2017


...................................

...THE TROUTDALE OR CLIMATE SUMMARY FOR MARCH 21 2017...

CLIMATE NORMAL PERIOD 1981 TO 2010
CLIMATE RECORD PERIOD 1948 TO 2017


WEATHER ITEM   OBSERVED TIME   RECORD YEAR NORMAL DEPARTURE LAST
                VALUE   (LST)  VALUE       VALUE  FROM      YEAR
                                                  NORMAL
..................................................................
TEMPERATURE (F)
 YESTERDAY
  MAXIMUM         54    336 PM  71    1978  58     -4       55
  MINIMUM         44    846 AM  29    1954  39      5       45
  AVERAGE         49                        48      1       50

PRECIPITATION (IN)
  YESTERDAY        0.47                      0.15   0.32     0.05
  MONTH TO DATE    5.02                      3.19   1.83     3.93
  SINCE OCT 1     36.49                     32.86   3.63    31.89
  SINCE JAN 1     15.40                     14.46   0.94    12.07

DEGREE DAYS
 HEATING
  YESTERDAY       16                        17     -1       15
  MONTH TO DATE  354                       387    -33      313

 COOLING
  YESTERDAY        0                         0      0        0
  MONTH TO DATE    0                         0      0        0
..................................................................


WIND (MPH)
  HIGHEST WIND SPEED    28   HIGHEST WIND DIRECTION     E (90)
  HIGHEST GUST SPEED    36   HIGHEST GUST DIRECTION     E (90)
  AVERAGE WIND SPEED    20.7


SKY COVER
  POSSIBLE SUNSHINE  MM
  AVERAGE SKY COVER 0.8


WEATHER CONDITIONS
 THE FOLLOWING WEATHER WAS RECORDED YESTERDAY.
  THUNDERSTORM
  HEAVY RAIN
  RAIN
  LIGHT RAIN
  FOG


RELATIVE HUMIDITY (PERCENT)
 HIGHEST    93           800 PM
 LOWEST     64           400 PM
 AVERAGE    79

..........................................................


THE TROUTDALE OR CLIMATE NORMALS FOR TODAY
                         NORMAL    RECORD    YEAR
 MAXIMUM TEMPERATURE (F)   58        73      1998
 MINIMUM TEMPERATURE (F)   39        30      1982


SUNRISE AND SUNSET
MARCH 22 2017.........SUNRISE   708 AM PDT   SUNSET   725 PM PDT
MARCH 23 2017.........SUNRISE   706 AM PDT   SUNSET   727 PM PDT


-  INDICATES NEGATIVE NUMBERS.
R  INDICATES RECORD WAS SET OR TIED.
MM INDICATES DATA IS MISSING.
T  INDICATES TRACE AMOUNT.




$$
