000
CDUS41 KPHI 290729
CLITTN


CLIMATE REPORT
NATIONAL WEATHER SERVICE MOUNT HOLLY NJ
328 AM EDT FRI MAY 29 2015


...................................

...THE TRENTON NJ CLIMATE SUMMARY FOR MAY 28 2015...

CLIMATE NORMAL PERIOD 1981 TO 2010
CLIMATE RECORD PERIOD 1865 TO 2015


WEATHER ITEM   OBSERVED TIME   RECORD YEAR NORMAL DEPARTURE LAST
                VALUE   (LST)  VALUE       VALUE  FROM      YEAR
                                                  NORMAL
..................................................................
TEMPERATURE (F)
 YESTERDAY
  MAXIMUM         89    311 PM  94    1941  76     13       67
  MINIMUM         67    340 AM  38    1994  54     13       54
  AVERAGE         78                        65     13       61

PRECIPITATION (IN)
  YESTERDAY        T             1.50 1984   0.18  -0.18     0.00
  MONTH TO DATE    0.62                      3.82  -3.20     3.14
  SINCE MAR 1      7.46                     11.50  -4.04    12.67
  SINCE JAN 1     14.05                     16.97  -2.92    20.33

SNOWFALL (IN)
  YESTERDAY       MM            MM      MM  MM     MM       MM
  MONTH TO DATE   MM                        MM     MM       MM
  SINCE MAR 1     MM                        MM     MM       MM
  SINCE JUL 1     MM                        MM     MM       MM
  SNOW DEPTH      MM

DEGREE DAYS
 HEATING
  YESTERDAY        0                         3     -3        4
  MONTH TO DATE   67                       160    -93       97
  SINCE MAR 1   1290                      1314    -24     1379
  SINCE JUL 1   5373                      5128    245     5465

 COOLING
  YESTERDAY       13                         3     10        0
  MONTH TO DATE  104                        41     63       38
  SINCE MAR 1    104                        49     55       44
  SINCE JAN 1    104                        49     55       44
..................................................................


WIND (MPH)
  HIGHEST WIND SPEED    17   HIGHEST WIND DIRECTION    SW (230)
  HIGHEST GUST SPEED    22   HIGHEST GUST DIRECTION    SW (230)
  AVERAGE WIND SPEED     5.3


SKY COVER
  POSSIBLE SUNSHINE  MM
  AVERAGE SKY COVER 0.4


WEATHER CONDITIONS
 THE FOLLOWING WEATHER WAS RECORDED YESTERDAY.
  THUNDERSTORM
  LIGHT RAIN
  FOG
  HAZE


RELATIVE HUMIDITY (PERCENT)
 HIGHEST    97          1200 AM
 LOWEST     42           800 PM
 AVERAGE    70

..........................................................


THE TRENTON NJ CLIMATE NORMALS FOR TODAY
                         NORMAL    RECORD    YEAR
 MAXIMUM TEMPERATURE (F)   76        93      1986
                                             1969
 MINIMUM TEMPERATURE (F)   55        41      1936


SUNRISE AND SUNSET
MAY 29 2015...........SUNRISE   533 AM EDT   SUNSET   820 PM EDT
MAY 30 2015...........SUNRISE   533 AM EDT   SUNSET   821 PM EDT


-  INDICATES NEGATIVE NUMBERS.
R  INDICATES RECORD WAS SET OR TIED.
MM INDICATES DATA IS MISSING.
T  INDICATES TRACE AMOUNT.




$$
