000
CDUS41 KPHI 240629
CLITTN


CLIMATE REPORT
NATIONAL WEATHER SERVICE MOUNT HOLLY NJ
128 AM EST MON NOV 24 2014


...................................

...THE TRENTON NJ CLIMATE SUMMARY FOR NOVEMBER 23 2014...

CLIMATE NORMAL PERIOD 1981 TO 2010
CLIMATE RECORD PERIOD 1865 TO 2014


WEATHER ITEM   OBSERVED TIME   RECORD YEAR NORMAL DEPARTURE LAST
                VALUE   (LST)  VALUE       VALUE  FROM      YEAR
                                                  NORMAL
..................................................................
TEMPERATURE (F)
 YESTERDAY
  MAXIMUM         56    231 PM  72    1931  52      4       53
  MINIMUM         36    409 AM  16    1880  35      1       30
  AVERAGE         46                        43      3       42

PRECIPITATION (IN)
  YESTERDAY        0.00          1.70 1875   0.11  -0.11      T
  MONTH TO DATE    2.66                      2.42   0.24     0.62
  SINCE SEP 1      6.85                     10.87  -4.02     3.88
  SINCE JAN 1     38.31                     41.85  -3.54    36.23

SNOWFALL (IN)
  YESTERDAY       MM            MM      MM  MM     MM       MM
  MONTH TO DATE   MM                        MM     MM       MM
  SINCE SEP 1     MM                        MM     MM       MM
  SINCE JUL 1     MM                        MM     MM       MM
  SNOW DEPTH      MM

DEGREE DAYS
 HEATING
  YESTERDAY       19                        22     -3       23
  MONTH TO DATE  512                       418     94      423
  SINCE SEP 1    804                       812     -8      769
  SINCE JUL 1    804                       815    -11      769

 COOLING
  YESTERDAY        0                         0      0        0
  MONTH TO DATE    0                         0      0        0
  SINCE SEP 1    147                       109     38      127
  SINCE JAN 1    930                       965    -35     1077
..................................................................


WIND (MPH)
  HIGHEST WIND SPEED    13   HIGHEST WIND DIRECTION    SW (210)
  HIGHEST GUST SPEED    16   HIGHEST GUST DIRECTION    SW (210)
  AVERAGE WIND SPEED     5.9


SKY COVER
  POSSIBLE SUNSHINE  MM
  AVERAGE SKY COVER 0.4


WEATHER CONDITIONS
 THE FOLLOWING WEATHER WAS RECORDED YESTERDAY.
  NO SIGNIFICANT WEATHER WAS OBSERVED.


RELATIVE HUMIDITY (PERCENT)
 HIGHEST    80          1100 PM
 LOWEST     26           200 PM
 AVERAGE    53

..........................................................


THE TRENTON NJ CLIMATE NORMALS FOR TODAY
                         NORMAL    RECORD    YEAR
 MAXIMUM TEMPERATURE (F)   51        71      1979
 MINIMUM TEMPERATURE (F)   35        16      1989
                                             1880


SUNRISE AND SUNSET
NOVEMBER 24 2014......SUNRISE   655 AM EST   SUNSET   436 PM EST
NOVEMBER 25 2014......SUNRISE   656 AM EST   SUNSET   436 PM EST


-  INDICATES NEGATIVE NUMBERS.
R  INDICATES RECORD WAS SET OR TIED.
MM INDICATES DATA IS MISSING.
T  INDICATES TRACE AMOUNT.




$$
