000
CDUS41 KPHI 252128
CLITTN


CLIMATE REPORT
NATIONAL WEATHER SERVICE MOUNT HOLLY NJ
527 PM EDT MON SEP 25 2017


...................................

...THE TRENTON NJ CLIMATE SUMMARY FOR SEPTEMBER 25 2017...
VALID TODAY AS OF 0500 PM LOCAL TIME.

CLIMATE NORMAL PERIOD 1981 TO 2010
CLIMATE RECORD PERIOD 1865 TO 2017


WEATHER ITEM   OBSERVED TIME   RECORD YEAR NORMAL DEPARTURE LAST
                VALUE   (LST)  VALUE       VALUE  FROM      YEAR
                                                  NORMAL
..................................................................
TEMPERATURE (F)
 TODAY
  MAXIMUM         90    246 PM  92    1970  73     17       72
  MINIMUM         66    329 AM  36    1997  53     13       48
  AVERAGE         78                        62     16       60

PRECIPITATION (IN)
  TODAY            0.00          2.12 1940   0.15  -0.15     0.00
  MONTH TO DATE    1.86                      3.46  -1.60     1.73
  SINCE SEP 1      1.86                      3.46  -1.60     1.73
  SINCE JAN 1     33.03                     34.44  -1.41    26.53

DEGREE DAYS
 HEATING
  TODAY            0                         4     -4        5
  MONTH TO DATE   20                        36    -16        6
  SINCE SEP 1     20                        36    -16        6
  SINCE JUL 1     21                        39    -18        6

 COOLING
  TODAY           13                         1     12        0
  MONTH TO DATE  141                        94     47      201
  SINCE SEP 1    141                        94     47      201
  SINCE JAN 1   1061                       950    111     1352
..................................................................


WIND (MPH)
  HIGHEST WIND SPEED    14   HIGHEST WIND DIRECTION     E (110)
  HIGHEST GUST SPEED    18   HIGHEST GUST DIRECTION     E (110)
  AVERAGE WIND SPEED     4.7


SKY COVER
  POSSIBLE SUNSHINE  MM
  AVERAGE SKY COVER 0.0


WEATHER CONDITIONS
 THE FOLLOWING WEATHER WAS RECORDED TODAY.
  NO SIGNIFICANT WEATHER WAS OBSERVED.


RELATIVE HUMIDITY (PERCENT)
 HIGHEST   100           400 AM
 LOWEST     50           300 PM
 AVERAGE    75

..........................................................


THE TRENTON NJ CLIMATE NORMALS FOR TOMORROW
                         NORMAL    RECORD    YEAR
 MAXIMUM TEMPERATURE (F)   72        92      1895
 MINIMUM TEMPERATURE (F)   52        38      1983


SUNRISE AND SUNSET
SEPTEMBER 25 2017.....SUNRISE   650 AM EDT   SUNSET   651 PM EDT
SEPTEMBER 26 2017.....SUNRISE   651 AM EDT   SUNSET   649 PM EDT


-  INDICATES NEGATIVE NUMBERS.
R  INDICATES RECORD WAS SET OR TIED.
MM INDICATES DATA IS MISSING.
T  INDICATES TRACE AMOUNT.




$$
