000
CDUS41 KPHI 300630
CLITTN


CLIMATE REPORT
NATIONAL WEATHER SERVICE MOUNT HOLLY NJ
230 AM EDT MON MAY 30 2016


...................................

...THE TRENTON NJ CLIMATE SUMMARY FOR MAY 29 2016...

CLIMATE NORMAL PERIOD 1981 TO 2010
CLIMATE RECORD PERIOD 1865 TO 2016


WEATHER ITEM   OBSERVED TIME   RECORD YEAR NORMAL DEPARTURE LAST
                VALUE   (LST)  VALUE       VALUE  FROM      YEAR
                                                  NORMAL
..................................................................
TEMPERATURE (F)
 YESTERDAY
  MAXIMUM         88    405 PM  93    1986  76     12       87
                                      1969
  MINIMUM         66    543 AM  41    1936  55     11       61
  AVERAGE         77                        65     12       74

PRECIPITATION (IN)
  YESTERDAY        0.37          2.32 1968   0.18   0.19     0.00
  MONTH TO DATE    3.24                      4.00  -0.76     0.62
  SINCE MAR 1      6.53                     11.68  -5.15     7.46
  SINCE JAN 1     13.73                     17.15  -3.42    14.05

SNOWFALL (IN)
  YESTERDAY       MM            MM      MM  MM     MM       MM
  MONTH TO DATE   MM                        MM     MM       MM
  SINCE MAR 1     MM                        MM     MM       MM
  SINCE JUL 1     MM                        MM     MM       MM
  SNOW DEPTH      MM

DEGREE DAYS
 HEATING
  YESTERDAY        0                         3     -3        0
  MONTH TO DATE  187                       163     24       67
  SINCE MAR 1   1111                      1317   -206     1290
  SINCE JUL 1   4205                      5131   -926     5373

 COOLING
  YESTERDAY       12                         3      9        9
  MONTH TO DATE   58                        44     14      113
  SINCE MAR 1     70                        52     18      113
  SINCE JAN 1     70                        52     18      113
..................................................................


WIND (MPH)
  HIGHEST WIND SPEED    15   HIGHEST WIND DIRECTION    SW (210)
  HIGHEST GUST SPEED    18   HIGHEST GUST DIRECTION    SW (210)
  AVERAGE WIND SPEED     5.9


SKY COVER
  POSSIBLE SUNSHINE  MM
  AVERAGE SKY COVER 0.2


WEATHER CONDITIONS
 THE FOLLOWING WEATHER WAS RECORDED YESTERDAY.
  THUNDERSTORM
  HEAVY RAIN
  RAIN
  LIGHT RAIN
  FOG


RELATIVE HUMIDITY (PERCENT)
 HIGHEST    90          1100 PM
 LOWEST     26           300 PM
 AVERAGE    58

..........................................................


THE TRENTON NJ CLIMATE NORMALS FOR TODAY
                         NORMAL    RECORD    YEAR
 MAXIMUM TEMPERATURE (F)   76        96      1986
 MINIMUM TEMPERATURE (F)   55        41      1949


SUNRISE AND SUNSET
MAY 30 2016...........SUNRISE   532 AM EDT   SUNSET   822 PM EDT
MAY 31 2016...........SUNRISE   532 AM EDT   SUNSET   823 PM EDT


-  INDICATES NEGATIVE NUMBERS.
R  INDICATES RECORD WAS SET OR TIED.
MM INDICATES DATA IS MISSING.
T  INDICATES TRACE AMOUNT.




$$
