000
CDUS44 KTSA 290705
CLITUL

CLIMATE REPORT
NATIONAL WEATHER SERVICE TULSA OK
205 AM CDT FRI APR 29 2016


...................................

...THE TULSA OKLAHOMA CLIMATE SUMMARY FOR APRIL 28 2016...

CLIMATE NORMAL PERIOD 1981 TO 2010
CLIMATE RECORD PERIOD 1882 TO 2016


WEATHER ITEM   OBSERVED TIME   RECORD YEAR NORMAL DEPARTURE LAST
                VALUE   (LST)  VALUE       VALUE  FROM      YEAR
                                                  NORMAL
..................................................................
TEMPERATURE (F)
 YESTERDAY
  MAXIMUM         74    409 PM  88    1970  75     -1       66
                                      1910
  MINIMUM         48    554 AM  37    1965  54     -6       51
  AVERAGE         61                        64     -3       59

PRECIPITATION (IN)
  YESTERDAY        0.00          3.04 1912   0.16  -0.16     0.11
  MONTH TO DATE    5.28                      3.46   1.82     4.10
  SINCE MAR 1      8.14                      6.75   1.39     7.81
  SINCE JAN 1      9.34                     10.26  -0.92    10.13

SNOWFALL (IN)
  YESTERDAY        0.0                                       0.0
  MONTH TO DATE    0.0                                       0.0
  SINCE MAR 1      0.0                                       0.3
  SINCE JUL 1      3.0                                       8.5

DEGREE DAYS
 HEATING
  YESTERDAY        4                         3      1        6
  MONTH TO DATE   81                       181   -100      111
  SINCE MAR 1    348                       619   -271      492
  SINCE JUL 1   2680                      3530   -850     3507

 COOLING
  YESTERDAY        0                         3     -3        0
  MONTH TO DATE   38                        47     -9       61
  SINCE MAR 1     47                        58    -11       74
  SINCE JAN 1     53                        59     -6       74
..................................................................


WIND (MPH)
  HIGHEST WIND SPEED    12   HIGHEST WIND DIRECTION    NE (40)
  HIGHEST GUST SPEED    15   HIGHEST GUST DIRECTION     N (10)
  AVERAGE WIND SPEED     5.4


SKY COVER
  POSSIBLE SUNSHINE  MM
  AVERAGE SKY COVER 0.5


WEATHER CONDITIONS
 THE FOLLOWING WEATHER WAS RECORDED YESTERDAY.
  NO SIGNIFICANT WEATHER WAS OBSERVED.


RELATIVE HUMIDITY (PERCENT)
 HIGHEST    93           600 AM
 LOWEST     41           400 PM
 AVERAGE    67

..........................................................


THE TULSA OKLAHOMA CLIMATE NORMALS FOR TODAY
                         NORMAL    RECORD    YEAR
 MAXIMUM TEMPERATURE (F)   75        92      1987
 MINIMUM TEMPERATURE (F)   54        38      1969


SUNRISE AND SUNSET
APRIL 29 2016.........SUNRISE   632 AM CDT   SUNSET   810 PM CDT
APRIL 30 2016.........SUNRISE   631 AM CDT   SUNSET   811 PM CDT


-  INDICATES NEGATIVE NUMBERS.
R  INDICATES RECORD WAS SET OR TIED.
MM INDICATES DATA IS MISSING.
T  INDICATES TRACE AMOUNT.




$$

&&
...........................................................

THE TULSA PRECIPITATION NORMALS FOR TODAY
                       NORMAL    RECORD      YEAR
  TODAY                 0.16      1.99       1994
  MONTH TO DATE         3.62
  YEAR TO DATE         10.42
...........................................................
ALL DATA MEASURED AT THE TULSA INTERNATIONAL AIRPORT...
EXCEPT SNOWFALL...WHICH IS MEASURED AT THE NWS OFFICE.
