000
CDUS44 KTSA 161412
CLITUL

CLIMATE REPORT
NATIONAL WEATHER SERVICE TULSA OK
912 AM CDT WED AUG 16 2017


...................................

...THE TULSA OKLAHOMA CLIMATE SUMMARY FOR AUGUST 16 2017...
VALID AS OF 0900 AM LOCAL TIME.

CLIMATE NORMAL PERIOD 1981 TO 2010
CLIMATE RECORD PERIOD 1882 TO 2017


WEATHER ITEM   OBSERVED TIME   RECORD YEAR NORMAL DEPARTURE LAST
                VALUE   (LST)  VALUE       VALUE  FROM      YEAR
                                                  NORMAL
..................................................................
TEMPERATURE (F)
 TODAY
  MAXIMUM         80    759 AM 109    1956  94    -14       92
                                      1923
  MINIMUM         73    129 AM  57    1992  72      1       63
  AVERAGE         77                        83     -6       78

PRECIPITATION (IN)
  TODAY            0.00          5.12 1938   0.09  -0.09     0.00
  MONTH TO DATE    5.49                      1.42   4.07     2.04
  SINCE JUN 1     10.49                      9.50   0.99     6.57
  SINCE JAN 1     34.42                     26.00   8.42    20.43

DEGREE DAYS
 COOLING
  TODAY           12                        18     -6       13
  MONTH TO DATE  208                       292    -84      315
  SINCE JUN 1   1194                      1226    -32     1485
  SINCE JAN 1   1481                      1460     21     1689
..................................................................


WIND (MPH)
  HIGHEST WIND SPEED    16   HIGHEST WIND DIRECTION     S (170)
  HIGHEST GUST SPEED    22   HIGHEST GUST DIRECTION     S (170)
  AVERAGE WIND SPEED     9.3


SKY COVER
  POSSIBLE SUNSHINE  MM
  AVERAGE SKY COVER 0.5


WEATHER CONDITIONS
 THE FOLLOWING WEATHER WAS RECORDED TODAY.
  NO SIGNIFICANT WEATHER WAS OBSERVED.


RELATIVE HUMIDITY (PERCENT)
 HIGHEST   100           200 AM
 LOWEST     85           800 AM
 AVERAGE    93

..........................................................


THE TULSA OKLAHOMA CLIMATE NORMALS FOR TOMORROW
                         NORMAL    RECORD    YEAR
 MAXIMUM TEMPERATURE (F)   94       109      1909
 MINIMUM TEMPERATURE (F)   72        53      1920


SUNRISE AND SUNSET
AUGUST 16 2017........SUNRISE   643 AM CDT   SUNSET   812 PM CDT
AUGUST 17 2017........SUNRISE   644 AM CDT   SUNSET   811 PM CDT


-  INDICATES NEGATIVE NUMBERS.
R  INDICATES RECORD WAS SET OR TIED.
MM INDICATES DATA IS MISSING.
T  INDICATES TRACE AMOUNT.




$$

&&
ALL DATA MEASURED AT THE TULSA INTERNATIONAL AIRPORT...
EXCEPT SNOWFALL...WHICH IS MEASURED AT THE NWS OFFICE.
