000
CDUS44 KTSA 271439
CLITUL

CLIMATE REPORT
NATIONAL WEATHER SERVICE TULSA OK
912 AM CDT THU APR 27 2017


...................................

...THE TULSA OKLAHOMA CLIMATE SUMMARY FOR APRIL 27 2017...
VALID AS OF 0900 AM LOCAL TIME.

CLIMATE NORMAL PERIOD 1981 TO 2010
CLIMATE RECORD PERIOD 1882 TO 2017


WEATHER ITEM   OBSERVED TIME   RECORD YEAR NORMAL DEPARTURE LAST
                VALUE   (LST)  VALUE       VALUE  FROM      YEAR
                                                  NORMAL
..................................................................
TEMPERATURE (F)
 TODAY
  MAXIMUM         53    759 AM  92    1966  75    -22       74
  MINIMUM         39    423 AM  36    1920  53    -14       56
                                      1910
  AVERAGE         46                        64    -18       65

PRECIPITATION (IN)
  TODAY            0.00          2.33 1998   0.15  -0.15     0.02
  MONTH TO DATE    6.98                      3.30   3.68     5.28
  SINCE MAR 1      8.75                      6.59   2.16     8.14
  SINCE JAN 1     13.35                     10.10   3.25     9.34

SNOWFALL (IN)
  TODAY            0.0                                       0.0
  MONTH TO DATE    T                                         0.0
  SINCE MAR 1      T                                         0.0
  SINCE JUL 1      0.7                                       3.0

DEGREE DAYS
 HEATING
  TODAY           19                         4     15        0
  MONTH TO DATE  114                       178    -64       77
  SINCE MAR 1    408                       616   -208      344
  SINCE JUL 1   2629                      3527   -898     2676

 COOLING
  TODAY            0                         3     -3        0
  MONTH TO DATE   62                        44     18       38
  SINCE MAR 1    102                        55     47       47
  SINCE JAN 1    118                        56     62       53
..................................................................


WIND (MPH)
  HIGHEST WIND SPEED     8   HIGHEST WIND DIRECTION     W (270)
  HIGHEST GUST SPEED     9   HIGHEST GUST DIRECTION     S (180)
  AVERAGE WIND SPEED     3.0


SKY COVER
  POSSIBLE SUNSHINE  MM
  AVERAGE SKY COVER 0.2


WEATHER CONDITIONS
 THE FOLLOWING WEATHER WAS RECORDED TODAY.
  NO SIGNIFICANT WEATHER WAS OBSERVED.


RELATIVE HUMIDITY (PERCENT)
 HIGHEST    96           300 AM
 LOWEST     77           800 AM
 AVERAGE    87

..........................................................


THE TULSA OKLAHOMA CLIMATE NORMALS FOR TOMORROW
                         NORMAL    RECORD    YEAR
 MAXIMUM TEMPERATURE (F)   75        88      1970
                                             1910
 MINIMUM TEMPERATURE (F)   54        37      1965


SUNRISE AND SUNSET
APRIL 27 2017.........SUNRISE   635 AM CDT   SUNSET   808 PM CDT
APRIL 28 2017.........SUNRISE   634 AM CDT   SUNSET   809 PM CDT


-  INDICATES NEGATIVE NUMBERS.
R  INDICATES RECORD WAS SET OR TIED.
MM INDICATES DATA IS MISSING.
T  INDICATES TRACE AMOUNT.




$$

&&
ALL DATA MEASURED AT THE TULSA INTERNATIONAL AIRPORT...
EXCEPT SNOWFALL...WHICH IS MEASURED AT THE NWS OFFICE.
