000
CDUS44 KMEG 260733
CLITUP


CLIMATE REPORT
NATIONAL WEATHER SERVICE MEMPHIS TN
132 AM CST MON JAN 26 2015


...................................

...THE TUPELO CLIMATE SUMMARY FOR JANUARY 25 2015...

CLIMATE NORMAL PERIOD 1981 TO 2010
CLIMATE RECORD PERIOD 1930 TO 2015


WEATHER ITEM   OBSERVED TIME   RECORD YEAR NORMAL DEPARTURE LAST
                VALUE   (LST)  VALUE       VALUE  FROM      YEAR
                                                  NORMAL
..................................................................
TEMPERATURE (F)
 YESTERDAY
  MAXIMUM         61    103 PM  76    1949  52      9       51
  MINIMUM         32    650 AM   4    1935  32      0       17
  AVERAGE         47                        42      5       34

PRECIPITATION (IN)
  YESTERDAY        0.13          1.35 1978   0.14  -0.01     0.00
  MONTH TO DATE    4.24                      3.60   0.64     1.77
  SINCE DEC 1      9.32                      9.88  -0.56     7.95
  SINCE JAN 1      4.24                      3.60   0.64     1.77

SNOWFALL (IN)
  YESTERDAY        0.0           0.1  2008   0.0    0.0      0.0
                                      1936
  MONTH TO DATE    T                         0.7   -0.7       T
  SINCE DEC 1      T                         1.0   -1.0       T
  SINCE JUL 1      T                         1.0   -1.0       T
  SNOW DEPTH       0

DEGREE DAYS
 HEATING
  YESTERDAY       18                        23     -5       31
  MONTH TO DATE  620                       589     31      716
  SINCE DEC 1   1180                      1240    -60     1386
  SINCE JUL 1   1817                      1762     55     2009

 COOLING
  YESTERDAY        0                         0      0        0
  MONTH TO DATE    0                         0      0        0
  SINCE DEC 1      0                         2     -2        9
  SINCE JAN 1      0                         0      0        0
..................................................................


WIND (MPH)
  HIGHEST WIND SPEED    22   HIGHEST WIND DIRECTION     N (350)
  HIGHEST GUST SPEED    36   HIGHEST GUST DIRECTION     N (350)
  AVERAGE WIND SPEED     8.3


SKY COVER
  POSSIBLE SUNSHINE  MM
  AVERAGE SKY COVER 0.5


WEATHER CONDITIONS
 THE FOLLOWING WEATHER WAS RECORDED YESTERDAY.
  HEAVY RAIN
  RAIN
  LIGHT RAIN
  FOG


RELATIVE HUMIDITY (PERCENT)
 HIGHEST    89           700 AM
 LOWEST     43          1200 PM
 AVERAGE    66

..........................................................


THE TUPELO CLIMATE NORMALS FOR TODAY
                         NORMAL    RECORD    YEAR
 MAXIMUM TEMPERATURE (F)   52        75      1952
 MINIMUM TEMPERATURE (F)   32        -6      1940


SUNRISE AND SUNSET
JANUARY 26 2015.......SUNRISE   657 AM CST   SUNSET   519 PM CST
JANUARY 27 2015.......SUNRISE   656 AM CST   SUNSET   520 PM CST


-  INDICATES NEGATIVE NUMBERS.
R  INDICATES RECORD WAS SET OR TIED.
MM INDICATES DATA IS MISSING.
T  INDICATES TRACE AMOUNT.




$$
