000
CDUS44 KMEG 292150
CLITUP


CLIMATE REPORT
NATIONAL WEATHER SERVICE MEMPHIS TN
449 PM CDT MON AUG 29 2016


...................................

...THE TUPELO CLIMATE SUMMARY FOR AUGUST 29 2016...
VALID TODAY AS OF 0400 PM LOCAL TIME.

CLIMATE NORMAL PERIOD 1981 TO 2010
CLIMATE RECORD PERIOD 1930 TO 2016


WEATHER ITEM   OBSERVED TIME   RECORD YEAR NORMAL DEPARTURE LAST
                VALUE   (LST)  VALUE       VALUE  FROM      YEAR
                                                  NORMAL
..................................................................
TEMPERATURE (F)
 TODAY
  MAXIMUM         94    248 PM 106    2000  90      4       90
  MINIMUM         69    259 PM  52    1986  69      0       71
  AVERAGE         82                        80      2       81

PRECIPITATION (IN)
  TODAY            0.00          4.40 2005   0.10  -0.10     0.00
  MONTH TO DATE    5.35                      3.27   2.08     6.50
  SINCE JUN 1     13.75                     11.69   2.06    20.16
  SINCE JAN 1     35.85                     36.29  -0.44    52.57

SNOWFALL (IN)
  TODAY            0.0

DEGREE DAYS
 HEATING
  TODAY            0                         0      0        0
  MONTH TO DATE    0                         0      0        0
  SINCE JUN 1      0                         0      0        0
  SINCE JUL 1      0                         0      0        0

 COOLING
  TODAY           17                        14      3       16
  MONTH TO DATE  539                       460     79      414
  SINCE JUN 1   1599                      1365    234     1410
  SINCE JAN 1   1885                      1642    243     1715
..................................................................


WIND (MPH)
  HIGHEST WIND SPEED    14   HIGHEST WIND DIRECTION    NE (40)
  HIGHEST GUST SPEED    17   HIGHEST GUST DIRECTION    NE (40)
  AVERAGE WIND SPEED     5.4


SKY COVER
  POSSIBLE SUNSHINE  MM
  AVERAGE SKY COVER 0.0


WEATHER CONDITIONS
 THE FOLLOWING WEATHER WAS RECORDED TODAY.
  NO SIGNIFICANT WEATHER WAS OBSERVED.


RELATIVE HUMIDITY (PERCENT)
 HIGHEST   100           300 PM
 LOWEST     44           100 PM
 AVERAGE    72

..........................................................


THE TUPELO CLIMATE NORMALS FOR TOMORROW
                         NORMAL    RECORD    YEAR
 MAXIMUM TEMPERATURE (F)   90       103      2000
 MINIMUM TEMPERATURE (F)   68        55      1931


SUNRISE AND SUNSET
AUGUST 29 2016........SUNRISE   627 AM CDT   SUNSET   724 PM CDT
AUGUST 30 2016........SUNRISE   627 AM CDT   SUNSET   723 PM CDT


-  INDICATES NEGATIVE NUMBERS.
R  INDICATES RECORD WAS SET OR TIED.
MM INDICATES DATA IS MISSING.
T  INDICATES TRACE AMOUNT.




$$
