000
CDUS44 KMEG 302150
CLITUP


CLIMATE REPORT
NATIONAL WEATHER SERVICE MEMPHIS TN
450 PM CDT FRI SEP 30 2016


...................................

...THE TUPELO CLIMATE SUMMARY FOR SEPTEMBER 30 2016...
VALID TODAY AS OF 0400 PM LOCAL TIME.

CLIMATE NORMAL PERIOD 1981 TO 2010
CLIMATE RECORD PERIOD 1930 TO 2016


WEATHER ITEM   OBSERVED TIME   RECORD YEAR NORMAL DEPARTURE LAST
                VALUE   (LST)  VALUE       VALUE  FROM      YEAR
                                                  NORMAL
..................................................................
TEMPERATURE (F)
 TODAY
  MAXIMUM         79    252 PM  96    1933  81     -2       78
  MINIMUM         55   1257 AM  39    1967  57     -2       64
  AVERAGE         67                        69     -2       71

PRECIPITATION (IN)
  TODAY            0.00          1.66 1989   0.14  -0.14     0.00
  MONTH TO DATE    0.43                      3.44  -3.01     0.41
  SINCE SEP 1      0.43                      3.44  -3.01     0.41
  SINCE JAN 1     36.28                     39.91  -3.63    52.98

SNOWFALL (IN)
  TODAY            0.0

DEGREE DAYS
 HEATING
  TODAY            0                         1     -1        0
  MONTH TO DATE    0                        10    -10        3
  SINCE SEP 1      0                        12    -12        3
  SINCE JUL 1      0                        12    -12        3

 COOLING
  TODAY            2                         5     -3        6
  MONTH TO DATE  424                       286    138      299
  SINCE SEP 1    424                       286    138      299
  SINCE JAN 1   2347                      1958    389     2038
..................................................................


WIND (MPH)
  HIGHEST WIND SPEED    12   HIGHEST WIND DIRECTION    NW (310)
  HIGHEST GUST SPEED    26   HIGHEST GUST DIRECTION    NW (320)
  AVERAGE WIND SPEED     4.2


SKY COVER
  POSSIBLE SUNSHINE  MM
  AVERAGE SKY COVER 0.4


WEATHER CONDITIONS
 THE FOLLOWING WEATHER WAS RECORDED TODAY.
  NO SIGNIFICANT WEATHER WAS OBSERVED.


RELATIVE HUMIDITY (PERCENT)
 HIGHEST    86           100 AM
 LOWEST     32           200 PM
 AVERAGE    59

..........................................................


THE TUPELO CLIMATE NORMALS FOR TOMORROW
                         NORMAL    RECORD    YEAR
 MAXIMUM TEMPERATURE (F)   80        95      1941
 MINIMUM TEMPERATURE (F)   56        38      1972


SUNRISE AND SUNSET
SEPTEMBER 30 2016.....SUNRISE   649 AM CDT   SUNSET   640 PM CDT
OCTOBER  1 2016.......SUNRISE   650 AM CDT   SUNSET   639 PM CDT


-  INDICATES NEGATIVE NUMBERS.
R  INDICATES RECORD WAS SET OR TIED.
MM INDICATES DATA IS MISSING.
T  INDICATES TRACE AMOUNT.




$$
