000
CDUS44 KMEG 200737
CLITUP


CLIMATE REPORT
NATIONAL WEATHER SERVICE MEMPHIS TN
137 AM CST SAT DEC 20 2014


...................................

...THE TUPELO CLIMATE SUMMARY FOR DECEMBER 19 2014...

CLIMATE NORMAL PERIOD 1981 TO 2010
CLIMATE RECORD PERIOD 1930 TO 2014


WEATHER ITEM   OBSERVED TIME   RECORD YEAR NORMAL DEPARTURE LAST
                VALUE   (LST)  VALUE       VALUE  FROM      YEAR
                                                  NORMAL
..................................................................
TEMPERATURE (F)
 YESTERDAY
  MAXIMUM         46    244 PM  75    1978  53     -7       64
  MINIMUM         40   1159 PM   7    1981  34      6       35
  AVERAGE         43                        43      0       50

PRECIPITATION (IN)
  YESTERDAY        0.01          0.82 1936   0.19  -0.18     0.00
  MONTH TO DATE    2.16                      4.13  -1.97     3.88
  SINCE DEC 1      2.16                      4.13  -1.97     3.88
  SINCE JAN 1     54.16                     52.86   1.30    50.75

SNOWFALL (IN)
  YESTERDAY        0.0           0.5  1996   0.0    0.0      0.0
  MONTH TO DATE    0.0                       0.1   -0.1       T
  SINCE DEC 1      0.0                       0.1   -0.1       T
  SINCE JUL 1      0.0                       0.1   -0.1       T
  SNOW DEPTH       0

DEGREE DAYS
 HEATING
  YESTERDAY       22                        22      0       15
  MONTH TO DATE  326                       379    -53      412
  SINCE DEC 1    326                       379    -53      412
  SINCE JUL 1    963                       901     62     1035

 COOLING
  YESTERDAY        0                         0      0        0
  MONTH TO DATE    0                         0      0        4
  SINCE DEC 1      0                         0      0        4
  SINCE JAN 1   1974                      2044    -70     2031
..................................................................


WIND (MPH)
  HIGHEST WIND SPEED    12   HIGHEST WIND DIRECTION    NE (30)
  HIGHEST GUST SPEED    13   HIGHEST GUST DIRECTION    NE (50)
  AVERAGE WIND SPEED     6.5


SKY COVER
  POSSIBLE SUNSHINE  MM
  AVERAGE SKY COVER 1.0


WEATHER CONDITIONS
 THE FOLLOWING WEATHER WAS RECORDED YESTERDAY.
  LIGHT RAIN


RELATIVE HUMIDITY (PERCENT)
 HIGHEST    82           800 AM
 LOWEST     70          1200 PM
 AVERAGE    76

..........................................................


THE TUPELO CLIMATE NORMALS FOR TODAY
                         NORMAL    RECORD    YEAR
 MAXIMUM TEMPERATURE (F)   53        74      1978
                                             1971
                                             1931
 MINIMUM TEMPERATURE (F)   33         3      1981


SUNRISE AND SUNSET
DECEMBER 20 2014......SUNRISE   657 AM CST   SUNSET   449 PM CST
DECEMBER 21 2014......SUNRISE   657 AM CST   SUNSET   449 PM CST


-  INDICATES NEGATIVE NUMBERS.
R  INDICATES RECORD WAS SET OR TIED.
MM INDICATES DATA IS MISSING.
T  INDICATES TRACE AMOUNT.




$$
