000
CDUS44 KMEG 272215
CLITUP


CLIMATE REPORT
NATIONAL WEATHER SERVICE MEMPHIS TN
502 PM CDT SUN JUL 27 2014


...................................

...THE TUPELO CLIMATE SUMMARY FOR JULY 27 2014...
VALID TODAY AS OF 0500 PM LOCAL TIME.

CLIMATE NORMAL PERIOD 1981 TO 2010
CLIMATE RECORD PERIOD 1930 TO 2014


WEATHER ITEM   OBSERVED TIME   RECORD YEAR NORMAL DEPARTURE LAST
                VALUE   (LST)  VALUE       VALUE  FROM      YEAR
                                                  NORMAL
..................................................................
TEMPERATURE (F)
 TODAY
  MAXIMUM         92    150 PM 106    1952  92      0       83
  MINIMUM         74    352 AM  61    1962  71      3       70
  AVERAGE         83                        82      1       77

PRECIPITATION (IN)
  TODAY            0.00          3.60 1993   0.12  -0.12     0.00
  MONTH TO DATE    6.06                      3.42   2.64     2.81
  SINCE JUN 1     14.40                      7.94   6.46     4.85
  SINCE JAN 1     34.57                     32.54   2.03    33.28

SNOWFALL (IN)
  TODAY            0.0

DEGREE DAYS
 HEATING
  TODAY            0                         0      0        0
  MONTH TO DATE    0                         0      0        0
  SINCE JUN 1      0                         0      0        0
  SINCE JUL 1      0                         0      0        0

 COOLING
  TODAY           18                        17      1       12
  MONTH TO DATE  328                       448   -120      401
  SINCE JUN 1    748                       843    -95      817
  SINCE JAN 1   1022                      1120    -98     1063
..................................................................


WIND (MPH)
  HIGHEST WIND SPEED    15   HIGHEST WIND DIRECTION     W (270)
  HIGHEST GUST SPEED    21   HIGHEST GUST DIRECTION     W (290)
  AVERAGE WIND SPEED     5.3


SKY COVER
  POSSIBLE SUNSHINE  MM
  AVERAGE SKY COVER 0.1


WEATHER CONDITIONS
 THE FOLLOWING WEATHER WAS RECORDED TODAY.
  FOG
  HAZE


RELATIVE HUMIDITY (PERCENT)
 HIGHEST    94           200 AM
 LOWEST     56          1200 PM
 AVERAGE    75

..........................................................


THE TUPELO CLIMATE NORMALS FOR TOMORROW
                         NORMAL    RECORD    YEAR
 MAXIMUM TEMPERATURE (F)   92       106      1952
 MINIMUM TEMPERATURE (F)   71        57      1937


SUNRISE AND SUNSET
JULY 27 2014..........SUNRISE   602 AM CDT   SUNSET   800 PM CDT
JULY 28 2014..........SUNRISE   603 AM CDT   SUNSET   800 PM CDT


-  INDICATES NEGATIVE NUMBERS.
R  INDICATES RECORD WAS SET OR TIED.
MM INDICATES DATA IS MISSING.
T  INDICATES TRACE AMOUNT.




$$
