000
CDUS44 KMEG 210742
CLITUP


CLIMATE REPORT
NATIONAL WEATHER SERVICE MEMPHIS TN
142 AM CST SAT JAN 21 2017


...................................

...THE TUPELO CLIMATE SUMMARY FOR JANUARY 20 2017...

CLIMATE NORMAL PERIOD 1981 TO 2010
CLIMATE RECORD PERIOD 1930 TO 2017


WEATHER ITEM   OBSERVED TIME   RECORD YEAR NORMAL DEPARTURE LAST
                VALUE   (LST)  VALUE       VALUE  FROM      YEAR
                                                  NORMAL
..................................................................
TEMPERATURE (F)
 YESTERDAY
  MAXIMUM         72    346 PM  77    1935  52     20       40
  MINIMUM         55    632 AM  -4    1985  32     23       34
  AVERAGE         64                        42     22       37

PRECIPITATION (IN)
  YESTERDAY        T             3.42 1979   0.15  -0.15     0.44
  MONTH TO DATE    4.08                      2.90   1.18     1.02
  SINCE DEC 1      8.98                      9.18  -0.20     8.38
  SINCE JAN 1      4.08                      2.90   1.18     1.02

SNOWFALL (IN)
  YESTERDAY        0.0           1.0  1970   0.0    0.0      0.0
  MONTH TO DATE    T                         0.6   -0.6       T
  SINCE DEC 1      T                         0.9   -0.9       T
  SINCE JUL 1      T                         0.9   -0.9       T
  SNOW DEPTH       0

DEGREE DAYS
 HEATING
  YESTERDAY        1                        23    -22       28
  MONTH TO DATE  271                       474   -203      515
  SINCE DEC 1    847                      1125   -278      877
  SINCE JUL 1   1141                      1647   -506     1218

 COOLING
  YESTERDAY        0                         0      0        0
  MONTH TO DATE    8                         0      8        0
  SINCE DEC 1     15                         2     13       27
  SINCE JAN 1      8                         0      8        0
..................................................................


WIND (MPH)
  HIGHEST WIND SPEED    18   HIGHEST WIND DIRECTION    SE (150)
  HIGHEST GUST SPEED    24   HIGHEST GUST DIRECTION     S (160)
  AVERAGE WIND SPEED     8.2


SKY COVER
  POSSIBLE SUNSHINE  MM
  AVERAGE SKY COVER 0.6


WEATHER CONDITIONS
 THE FOLLOWING WEATHER WAS RECORDED YESTERDAY.
  LIGHT RAIN
  FOG


RELATIVE HUMIDITY (PERCENT)
 HIGHEST   100           100 AM
 LOWEST     53           400 PM
 AVERAGE    77

..........................................................


THE TUPELO CLIMATE NORMALS FOR TODAY
                         NORMAL    RECORD    YEAR
 MAXIMUM TEMPERATURE (F)   52        77      1937
 MINIMUM TEMPERATURE (F)   32        -6      1985


SUNRISE AND SUNSET
JANUARY 21 2017.......SUNRISE   659 AM CST   SUNSET   515 PM CST
JANUARY 22 2017.......SUNRISE   658 AM CST   SUNSET   515 PM CST


-  INDICATES NEGATIVE NUMBERS.
R  INDICATES RECORD WAS SET OR TIED.
MM INDICATES DATA IS MISSING.
T  INDICATES TRACE AMOUNT.




$$
