000
CDUS44 KMEG 240640
CLITUP


CLIMATE REPORT
NATIONAL WEATHER SERVICE MEMPHIS TN
139 AM CDT WED MAY 24 2017


...................................

...THE TUPELO CLIMATE SUMMARY FOR MAY 23 2017...

CLIMATE NORMAL PERIOD 1981 TO 2010
CLIMATE RECORD PERIOD 1930 TO 2017


WEATHER ITEM   OBSERVED TIME   RECORD YEAR NORMAL DEPARTURE LAST
                VALUE   (LST)  VALUE       VALUE  FROM      YEAR
                                                  NORMAL
..................................................................
TEMPERATURE (F)
 YESTERDAY
  MAXIMUM         78    425 PM  95    1941  84     -6       85
  MINIMUM         63    259 AM  45    1963  62      1       53
  AVERAGE         71                        73     -2       69

PRECIPITATION (IN)
  YESTERDAY        0.01          1.74 1946   0.18  -0.17     0.00
  MONTH TO DATE    1.62                      4.25  -2.63     0.90
  SINCE MAR 1     11.22                     13.85  -2.63    14.64
  SINCE JAN 1     19.69                     23.29  -3.60    21.81

SNOWFALL (IN)
  YESTERDAY        0.0          MM      MM   0.0    0.0      0.0
  MONTH TO DATE    0.0                       0.0    0.0      0.0
  SINCE MAR 1      T                         0.3   -0.3      0.0
  SINCE JUL 1      T                         2.1   -2.1       T
  SNOW DEPTH       0

DEGREE DAYS
 HEATING
  YESTERDAY        0                         0      0        0
  MONTH TO DATE   23                        23      0       21
  SINCE MAR 1    364                       524   -160      345
  SINCE JUL 1   1982                      2955   -973     2282

 COOLING
  YESTERDAY        6                         8     -2        4
  MONTH TO DATE  118                       129    -11       87
  SINCE MAR 1    263                       203     60      177
  SINCE JAN 1    275                       205     70      177
..................................................................


WIND (MPH)
  HIGHEST WIND SPEED     9   HIGHEST WIND DIRECTION    NW (300)
  HIGHEST GUST SPEED    13   HIGHEST GUST DIRECTION    NW (320)
  AVERAGE WIND SPEED     2.8


SKY COVER
  POSSIBLE SUNSHINE  MM
  AVERAGE SKY COVER 0.6


WEATHER CONDITIONS
 THE FOLLOWING WEATHER WAS RECORDED YESTERDAY.
  LIGHT RAIN
  FOG


RELATIVE HUMIDITY (PERCENT)
 HIGHEST    93           100 AM
 LOWEST     52           200 PM
 AVERAGE    73

..........................................................


THE TUPELO CLIMATE NORMALS FOR TODAY
                         NORMAL    RECORD    YEAR
 MAXIMUM TEMPERATURE (F)   84        94      1958
 MINIMUM TEMPERATURE (F)   62        44      1931


SUNRISE AND SUNSET
MAY 24 2017...........SUNRISE   547 AM CDT   SUNSET   757 PM CDT
MAY 25 2017...........SUNRISE   547 AM CDT   SUNSET   758 PM CDT


-  INDICATES NEGATIVE NUMBERS.
R  INDICATES RECORD WAS SET OR TIED.
MM INDICATES DATA IS MISSING.
T  INDICATES TRACE AMOUNT.




$$
