000
CDUS44 KMEG 300632
CLITUP


CLIMATE REPORT
NATIONAL WEATHER SERVICE MEMPHIS TN
132 AM CDT TUE SEP 30 2014


...................................

...THE TUPELO CLIMATE SUMMARY FOR SEPTEMBER 29 2014...

CLIMATE NORMAL PERIOD 1981 TO 2010
CLIMATE RECORD PERIOD 1930 TO 2014


WEATHER ITEM   OBSERVED TIME   RECORD YEAR NORMAL DEPARTURE LAST
                VALUE   (LST)  VALUE       VALUE  FROM      YEAR
                                                  NORMAL
..................................................................
TEMPERATURE (F)
 YESTERDAY
  MAXIMUM         86    316 PM  95    1953  81      5       75
                                      1941
  MINIMUM         64   1159 PM  38    1967  57      7       60
  AVERAGE         75                        69      6       68

PRECIPITATION (IN)
  YESTERDAY        0.00          2.58 1988   0.14  -0.14     0.04
  MONTH TO DATE    3.23                      3.30  -0.07     2.81
  SINCE SEP 1      3.23                      3.30  -0.07     2.81
  SINCE JAN 1     39.16                     39.77  -0.61    40.09

SNOWFALL (IN)
  YESTERDAY        0.0           0.0  2002   0.0    0.0      0.0
                                      2001
  MONTH TO DATE    0.0                       0.0    0.0      0.0
  SINCE SEP 1      0.0                       0.0    0.0      0.0
  SINCE JUL 1      0.0                       0.0    0.0      0.0
  SNOW DEPTH       0

DEGREE DAYS
 HEATING
  YESTERDAY        0                         1     -1        0
  MONTH TO DATE    1                         9     -8        0
  SINCE SEP 1      1                         9     -8        0
  SINCE JUL 1      1                         9     -8        0

 COOLING
  YESTERDAY       10                         5      5        3
  MONTH TO DATE  314                       281     33      326
  SINCE SEP 1    314                       281     33      326
  SINCE JAN 1   1861                      1953    -92     1921
..................................................................


WIND (MPH)
  HIGHEST WIND SPEED    14   HIGHEST WIND DIRECTION     E (80)
  HIGHEST GUST SPEED    18   HIGHEST GUST DIRECTION     E (80)
  AVERAGE WIND SPEED     4.8


SKY COVER
  POSSIBLE SUNSHINE  MM
  AVERAGE SKY COVER 0.2


WEATHER CONDITIONS
 THE FOLLOWING WEATHER WAS RECORDED YESTERDAY.
  NO SIGNIFICANT WEATHER WAS OBSERVED.


RELATIVE HUMIDITY (PERCENT)
 HIGHEST    93           600 AM
 LOWEST     42           300 PM
 AVERAGE    68

..........................................................


THE TUPELO CLIMATE NORMALS FOR TODAY
                         NORMAL    RECORD    YEAR
 MAXIMUM TEMPERATURE (F)   81        96      1933
 MINIMUM TEMPERATURE (F)   57        39      1967


SUNRISE AND SUNSET
SEPTEMBER 30 2014.....SUNRISE   649 AM CDT   SUNSET   641 PM CDT
OCTOBER  1 2014.......SUNRISE   650 AM CDT   SUNSET   639 PM CDT


-  INDICATES NEGATIVE NUMBERS.
R  INDICATES RECORD WAS SET OR TIED.
MM INDICATES DATA IS MISSING.
T  INDICATES TRACE AMOUNT.




$$
