000
CDUS44 KMEG 230631
CLITUP


CLIMATE REPORT
NATIONAL WEATHER SERVICE MEMPHIS TN
131 AM CDT THU OCT 23 2014


...................................

...THE TUPELO CLIMATE SUMMARY FOR OCTOBER 22 2014...

CLIMATE NORMAL PERIOD 1981 TO 2010
CLIMATE RECORD PERIOD 1930 TO 2014


WEATHER ITEM   OBSERVED TIME   RECORD YEAR NORMAL DEPARTURE LAST
                VALUE   (LST)  VALUE       VALUE  FROM      YEAR
                                                  NORMAL
..................................................................
TEMPERATURE (F)
 YESTERDAY
  MAXIMUM         69    230 PM  91    1939  73     -4       70
  MINIMUM         44   1157 PM  30    1987  49     -5       50
                                      1976
  AVERAGE         57                        61     -4       60

PRECIPITATION (IN)
  YESTERDAY        0.00          2.71 2007   0.13  -0.13     0.00
  MONTH TO DATE    7.60                      2.95   4.65     1.05
  SINCE SEP 1     10.83                      6.39   4.44     4.13
  SINCE JAN 1     46.76                     42.86   3.90    41.41

SNOWFALL (IN)
  YESTERDAY        0.0           0.0  2002   0.0    0.0      0.0
                                      2001
  MONTH TO DATE    0.0                       0.0    0.0      0.0
  SINCE SEP 1      0.0                       0.0    0.0      0.0
  SINCE JUL 1      0.0                       0.0    0.0      0.0
  SNOW DEPTH       0

DEGREE DAYS
 HEATING
  YESTERDAY        8                         6      2        5
  MONTH TO DATE   51                        75    -24       55
  SINCE SEP 1     52                        87    -35       55
  SINCE JUL 1     52                        87    -35       55

 COOLING
  YESTERDAY        0                         2     -2        0
  MONTH TO DATE   89                        65     24       93
  SINCE SEP 1    412                       351     61      424
  SINCE JAN 1   1959                      2023    -64     2019
..................................................................


WIND (MPH)
  HIGHEST WIND SPEED    16   HIGHEST WIND DIRECTION    NE (50)
  HIGHEST GUST SPEED    20   HIGHEST GUST DIRECTION    NE (60)
  AVERAGE WIND SPEED     7.3


SKY COVER
  POSSIBLE SUNSHINE  MM
  AVERAGE SKY COVER 0.0


WEATHER CONDITIONS
 THE FOLLOWING WEATHER WAS RECORDED YESTERDAY.
  NO SIGNIFICANT WEATHER WAS OBSERVED.


RELATIVE HUMIDITY (PERCENT)
 HIGHEST    93           600 AM
 LOWEST     39           300 PM
 AVERAGE    66

..........................................................


THE TUPELO CLIMATE NORMALS FOR TODAY
                         NORMAL    RECORD    YEAR
 MAXIMUM TEMPERATURE (F)   73        93      1939
 MINIMUM TEMPERATURE (F)   48        32      1974


SUNRISE AND SUNSET
OCTOBER 23 2014.......SUNRISE   707 AM CDT   SUNSET   611 PM CDT
OCTOBER 24 2014.......SUNRISE   708 AM CDT   SUNSET   610 PM CDT


-  INDICATES NEGATIVE NUMBERS.
R  INDICATES RECORD WAS SET OR TIED.
MM INDICATES DATA IS MISSING.
T  INDICATES TRACE AMOUNT.




$$
