000
CDUS45 KTWC 010033
CLITUS

CLIMATE REPORT
NATIONAL WEATHER SERVICE TUCSON AZ
533 PM MST TUE SEP 30 2014


...................................

...THE TUCSON AZ CLIMATE SUMMARY FOR SEPTEMBER 30 2014...
VALID TODAY AS OF 0500 PM LOCAL TIME.

CLIMATE NORMAL PERIOD 1981 TO 2010
CLIMATE RECORD PERIOD 1895 TO 2014


WEATHER ITEM   OBSERVED TIME   RECORD YEAR NORMAL DEPARTURE LAST
                VALUE   (LST)  VALUE       VALUE  FROM      YEAR
                                                  NORMAL
..................................................................
TEMPERATURE (F)
 TODAY
  MAXIMUM         89    340 PM 104    2010  90     -1       92
  MINIMUM         59    558 AM  44    1965  64     -5       60
  AVERAGE         74                        77     -3       76

PRECIPITATION (IN)
  TODAY            0.00          0.75 1946   0.03  -0.03     0.00
  MONTH TO DATE    2.76                      1.29   1.47     0.63
  SINCE OCT 1      9.74                     11.59  -1.85     6.69
  SINCE JAN 1      6.69                      9.20  -2.51     5.48

DEGREE DAYS
 HEATING
  TODAY            0                         0      0        0
  MONTH TO DATE    0                         0      0        0
  SINCE SEP 1      0                         0      0        0
  SINCE JUL 1      0                         0      0        0

 COOLING
  TODAY            9                        12     -3       11
  MONTH TO DATE  542                       497     45      547
  SINCE SEP 1    542                       497     45      547
  SINCE JAN 1   3233                      2907    326     3421
..................................................................


WIND (MPH)
  HIGHEST WIND SPEED    15   HIGHEST WIND DIRECTION     N (350)
  HIGHEST GUST SPEED    20   HIGHEST GUST DIRECTION     N (350)
  AVERAGE WIND SPEED     5.0


SKY COVER
  POSSIBLE SUNSHINE  MM
  AVERAGE SKY COVER 0.0


WEATHER CONDITIONS
 THE FOLLOWING WEATHER WAS RECORDED TODAY.
  NO SIGNIFICANT WEATHER WAS OBSERVED.


RELATIVE HUMIDITY (PERCENT)
 HIGHEST    60
 LOWEST     12
 AVERAGE    36

..........................................................


THE TUCSON AZ CLIMATE NORMALS FOR TOMORROW
                         NORMAL    RECORD    YEAR
 MAXIMUM TEMPERATURE (F)   90       102      2010
 MINIMUM TEMPERATURE (F)   63        42      1907


SUNRISE AND SUNSET
SEPTEMBER 30 2014.....SUNRISE   617 AM MST   SUNSET   610 PM MST
OCTOBER  1 2014.......SUNRISE   618 AM MST   SUNSET   608 PM MST


-  INDICATES NEGATIVE NUMBERS.
R  INDICATES RECORD WAS SET OR TIED.
MM INDICATES DATA IS MISSING.
T  INDICATES TRACE AMOUNT.




$$
