000
CDUS45 KTWC 230735
CLITUS

CLIMATE REPORT
NATIONAL WEATHER SERVICE TUCSON AZ
1234 AM MST MON OCT 23 2017

...................................

...THE TUCSON AZ CLIMATE SUMMARY FOR OCTOBER 22 2017...

CLIMATE NORMAL PERIOD 1981 TO 2010
CLIMATE RECORD PERIOD 1895 TO 2017


WEATHER ITEM   OBSERVED TIME   RECORD YEAR NORMAL DEPARTURE LAST
                VALUE   (LST)  VALUE       VALUE  FROM      YEAR
                                                  NORMAL
..................................................................
TEMPERATURE (F)
 YESTERDAY
  MAXIMUM         90    408 PM  96    2016  83      7       96
  MINIMUM         55    652 AM  29    1908  55      0       64
  AVERAGE         73                        69      4       80

PRECIPITATION (IN)
  YESTERDAY        0.00          1.24 2000   0.03  -0.03     0.00
  MONTH TO DATE    0.00                      0.69  -0.69     0.10
  SINCE OCT 1      0.00                      0.69  -0.69     0.10
  SINCE JAN 1     10.18                      9.89   0.29    10.23

DEGREE DAYS
 HEATING
  YESTERDAY        0                         1     -1        0
  MONTH TO DATE    0                         8     -8        0
  SINCE SEP 1      0                         8     -8        0
  SINCE JUL 1      0                         8     -8        0

 COOLING
  YESTERDAY        8                         5      3       15
  MONTH TO DATE  306                       177    129      272
  SINCE SEP 1    852                       674    178      747
  SINCE JAN 1   3691                      3084    607     3457
..................................................................


WIND (MPH)
  HIGHEST WIND SPEED    12   HIGHEST WIND DIRECTION     N (340)
  HIGHEST GUST SPEED    19   HIGHEST GUST DIRECTION    NW (320)
  AVERAGE WIND SPEED     5.3


SKY COVER
  POSSIBLE SUNSHINE  MM
  AVERAGE SKY COVER  MM


WEATHER CONDITIONS
 THE FOLLOWING WEATHER WAS RECORDED YESTERDAY.
  HAZE


RELATIVE HUMIDITY (PERCENT)
 HIGHEST    MM
 LOWEST     MM
 AVERAGE    MM

..........................................................


THE TUCSON AZ CLIMATE NORMALS FOR TODAY
                         NORMAL    RECORD    YEAR
 MAXIMUM TEMPERATURE (F)   83        94      1933
 MINIMUM TEMPERATURE (F)   55        29      1906


SUNRISE AND SUNSET
OCTOBER 23 2017.......SUNRISE   634 AM MST   SUNSET   542 PM MST
OCTOBER 24 2017.......SUNRISE   634 AM MST   SUNSET   541 PM MST


-  INDICATES NEGATIVE NUMBERS.
R  INDICATES RECORD WAS SET OR TIED.
MM INDICATES DATA IS MISSING.
T  INDICATES TRACE AMOUNT.

$$
