000
CDUS45 KTWC 290028
CLITUS

CLIMATE REPORT
NATIONAL WEATHER SERVICE TUCSON AZ
527 PM MST WED JUN 28 2017


...................................

...THE TUCSON AZ CLIMATE SUMMARY FOR JUNE 28 2017...
VALID TODAY AS OF 0500 PM LOCAL TIME.

CLIMATE NORMAL PERIOD 1981 TO 2010
CLIMATE RECORD PERIOD 1895 TO 2017


WEATHER ITEM   OBSERVED TIME   RECORD YEAR NORMAL DEPARTURE LAST
                VALUE   (LST)  VALUE       VALUE  FROM      YEAR
                                                  NORMAL
..................................................................
TEMPERATURE (F)
 TODAY
  MAXIMUM        106    238 PM 115    1994 102      4      102
  MINIMUM         81    617 AM  57    1941  73      8       83
                                      1906
  AVERAGE         94                        87      7       93

PRECIPITATION (IN)
  TODAY            0.00          1.56 1938   0.02  -0.02     0.00
  MONTH TO DATE    T                         0.17  -0.17     0.32
  SINCE OCT 1      3.29                      5.63  -2.34     5.73
  SINCE JAN 1      1.61                      3.24  -1.63     2.85

DEGREE DAYS
 HEATING
  TODAY            0                         0      0        0
  MONTH TO DATE    0                         0      0        0
  SINCE JUN 1      0                         0      0        0
  SINCE JUL 1    952                      1511   -559     1217

 COOLING
  TODAY           29                        22      7       28
  MONTH TO DATE  700                       547    153      676
  SINCE JUN 1    700                       547    153      676
  SINCE JAN 1   1433                      1049    384     1243
..................................................................


WIND (MPH)
  HIGHEST WIND SPEED    20   HIGHEST WIND DIRECTION     W (260)
  HIGHEST GUST SPEED    29   HIGHEST GUST DIRECTION     W (280)
  AVERAGE WIND SPEED     8.7


SKY COVER
  POSSIBLE SUNSHINE  MM
  AVERAGE SKY COVER 0.0


WEATHER CONDITIONS
 THE FOLLOWING WEATHER WAS RECORDED TODAY.
  NO SIGNIFICANT WEATHER WAS OBSERVED.


RELATIVE HUMIDITY (PERCENT)
 HIGHEST    36
 LOWEST      9
 AVERAGE    23

..........................................................


THE TUCSON AZ CLIMATE NORMALS FOR TOMORROW
                         NORMAL    RECORD    YEAR
 MAXIMUM TEMPERATURE (F)  102       116      1994
 MINIMUM TEMPERATURE (F)   73        57      1906


SUNRISE AND SUNSET
JUNE 28 2017..........SUNRISE   520 AM MST   SUNSET   734 PM MST
JUNE 29 2017..........SUNRISE   520 AM MST   SUNSET   734 PM MST


-  INDICATES NEGATIVE NUMBERS.
R  INDICATES RECORD WAS SET OR TIED.
MM INDICATES DATA IS MISSING.
T  INDICATES TRACE AMOUNT.




$$
