000
CDUS43 KAPX 200538
CLITVC


CLIMATE REPORT
NATIONAL WEATHER SERVICE GAYLORD MI
1237 AM EST SAT DEC 20 2014


...................................

...THE TRAVERSE CITY MI CLIMATE SUMMARY FOR DECEMBER 19 2014...

CLIMATE NORMAL PERIOD 1981 TO 2010
CLIMATE RECORD PERIOD 1896 TO 2014


WEATHER ITEM   OBSERVED TIME   RECORD YEAR NORMAL DEPARTURE LAST
                VALUE   (LST)  VALUE       VALUE  FROM      YEAR
                                                  NORMAL
..................................................................
TEMPERATURE (F)
 YESTERDAY
  MAXIMUM         31    110 PM  59    1913  31      0       32
  MINIMUM         12    527 AM  -9    1983  20     -8       17
  AVERAGE         22                        26     -4       25

PRECIPITATION (IN)
  YESTERDAY        0.00          0.36 1968   0.08  -0.08      T
  MONTH TO DATE    0.39                      1.51  -1.12     0.49
  SINCE DEC 1      0.39                      1.51  -1.12     0.49
  SINCE JAN 1     31.87                     32.07  -0.20    35.64

DEGREE DAYS
 HEATING
  YESTERDAY       43                        39      4       40
  MONTH TO DATE  660                       697    -37      808
  SINCE DEC 1    660                       697    -37      808
  SINCE JUL 1   2339                      2316     23     2299
..................................................................


WIND (MPH)
  HIGHEST WIND SPEED     8   HIGHEST WIND DIRECTION     W (280)
  HIGHEST GUST SPEED     9   HIGHEST GUST DIRECTION     W (290)
  AVERAGE WIND SPEED     1.4




RELATIVE HUMIDITY (PERCENT)
 HIGHEST    92
 LOWEST     63
 AVERAGE    78

..........................................................


THE TRAVERSE CITY MI CLIMATE NORMALS FOR TODAY
                         NORMAL    RECORD    YEAR
 MAXIMUM TEMPERATURE (F)   31        55      1913
 MINIMUM TEMPERATURE (F)   20       -13      1983


SUNRISE AND SUNSET
DECEMBER 20 2014......SUNRISE   816 AM EST   SUNSET   504 PM EST
DECEMBER 21 2014......SUNRISE   816 AM EST   SUNSET   504 PM EST


-  INDICATES NEGATIVE NUMBERS.
R  INDICATES RECORD WAS SET OR TIED.
MM INDICATES DATA IS MISSING.
T  INDICATES TRACE AMOUNT.




$$
