000
CDUS43 KAPX 280529
CLITVC


CLIMATE REPORT
NATIONAL WEATHER SERVICE GAYLORD MI
129 AM EDT THU AUG 28 2014


...................................

...THE TRAVERSE CITY MI CLIMATE SUMMARY FOR AUGUST 27 2014...

CLIMATE NORMAL PERIOD 1981 TO 2010
CLIMATE RECORD PERIOD 1896 TO 2014


WEATHER ITEM   OBSERVED TIME   RECORD YEAR NORMAL DEPARTURE LAST
                VALUE   (LST)  VALUE       VALUE  FROM      YEAR
                                                  NORMAL
..................................................................
TEMPERATURE (F)
 YESTERDAY
  MAXIMUM         70    313 PM  96    1973  76     -6       73
  MINIMUM         52   1159 PM  37    1915  56     -4       69
  AVERAGE         61                        66     -5       71

PRECIPITATION (IN)
  YESTERDAY        0.00          2.80 2013   0.11  -0.11     2.80
  MONTH TO DATE    1.75                      2.94  -1.19     3.86
  SINCE JUN 1      6.52                      9.12  -2.60     8.07
  SINCE JAN 1     16.20                     20.67  -4.47    20.45

DEGREE DAYS
 HEATING
  YESTERDAY        4                         2      2        0
  MONTH TO DATE   18                        31    -13       22
  SINCE JUN 1    145                       171    -26      152
  SINCE JUL 1     73                        59     14       50

 COOLING
  YESTERDAY        0                         3     -3        6
  MONTH TO DATE  107                       105      2      105
  SINCE JUN 1    305                       338    -33      398
  SINCE JAN 1    314                       358    -44      440
..................................................................


WIND (MPH)
  HIGHEST WIND SPEED    15   HIGHEST WIND DIRECTION    NW (320)
  HIGHEST GUST SPEED    21   HIGHEST GUST DIRECTION    NW (330)
  AVERAGE WIND SPEED     4.7




RELATIVE HUMIDITY (PERCENT)
 HIGHEST    86
 LOWEST     47
 AVERAGE    67

..........................................................


THE TRAVERSE CITY MI CLIMATE NORMALS FOR TODAY
                         NORMAL    RECORD    YEAR
 MAXIMUM TEMPERATURE (F)   76        95      1991
 MINIMUM TEMPERATURE (F)   55        36      1968


SUNRISE AND SUNSET
AUGUST 28 2014........SUNRISE   700 AM EDT   SUNSET   826 PM EDT
AUGUST 29 2014........SUNRISE   701 AM EDT   SUNSET   824 PM EDT


-  INDICATES NEGATIVE NUMBERS.
R  INDICATES RECORD WAS SET OR TIED.
MM INDICATES DATA IS MISSING.
T  INDICATES TRACE AMOUNT.




$$
