000
CDUS43 KAPX 180548
CLITVC


CLIMATE REPORT
NATIONAL WEATHER SERVICE GAYLORD MI
145 AM EDT FRI AUG 18 2017


...................................

...THE TRAVERSE CITY MI CLIMATE SUMMARY FOR AUGUST 17 2017...

CLIMATE NORMAL PERIOD 1981 TO 2010
CLIMATE RECORD PERIOD 1896 TO 2017


WEATHER ITEM   OBSERVED TIME   RECORD YEAR NORMAL DEPARTURE LAST
                VALUE   (LST)  VALUE       VALUE  FROM      YEAR
                                                  NORMAL
..................................................................
TEMPERATURE (F)
 YESTERDAY
  MAXIMUM         81    358 PM  94    1947  78      3       81
  MINIMUM         66    700 AM  40    1941  57      9       66
  AVERAGE         74                        68      6       74

PRECIPITATION (IN)
  YESTERDAY        0.55          1.18 2016   0.10   0.45     1.18
  MONTH TO DATE    4.47                      1.85   2.62     1.62
  SINCE JUN 1     10.09                      8.03   2.06     5.83
  SINCE JAN 1     20.06                     19.58   0.48    15.69

DEGREE DAYS
 HEATING
  YESTERDAY        0                         1     -1        0
  MONTH TO DATE    2                        17    -15        0
  SINCE JUN 1     52                       157   -105       73
  SINCE JUL 1      5                        45    -40        9

 COOLING
  YESTERDAY        9                         4      5        9
  MONTH TO DATE   65                        74     -9      177
  SINCE JUN 1    328                       307     21      519
  SINCE JAN 1    349                       327     22      569
..................................................................


WIND (MPH)
  HIGHEST WIND SPEED    13   HIGHEST WIND DIRECTION    SW (220)
  HIGHEST GUST SPEED    23   HIGHEST GUST DIRECTION     S (190)
  AVERAGE WIND SPEED     6.4




RELATIVE HUMIDITY (PERCENT)
 HIGHEST    87
 LOWEST     68
 AVERAGE    78

..........................................................


THE TRAVERSE CITY MI CLIMATE NORMALS FOR TODAY
                         NORMAL    RECORD    YEAR
 MAXIMUM TEMPERATURE (F)   78       100      1955
 MINIMUM TEMPERATURE (F)   57        40      1962


SUNRISE AND SUNSET
AUGUST 18 2017........SUNRISE   648 AM EDT   SUNSET   843 PM EDT
AUGUST 19 2017........SUNRISE   650 AM EDT   SUNSET   841 PM EDT


-  INDICATES NEGATIVE NUMBERS.
R  INDICATES RECORD WAS SET OR TIED.
MM INDICATES DATA IS MISSING.
T  INDICATES TRACE AMOUNT.




$$
