969
CDUS43 KAPX 302130
CLITVC


CLIMATE REPORT
NATIONAL WEATHER SERVICE GAYLORD MI
530 PM EDT SAT APR 30 2016


...................................

...THE TRAVERSE CITY MI CLIMATE SUMMARY FOR APRIL 30 2016...
VALID TODAY AS OF 0500 PM LOCAL TIME.

CLIMATE NORMAL PERIOD 1981 TO 2010
CLIMATE RECORD PERIOD 1896 TO 2016


WEATHER ITEM   OBSERVED TIME   RECORD YEAR NORMAL DEPARTURE LAST
                VALUE   (LST)  VALUE       VALUE  FROM      YEAR
                                                  NORMAL
..................................................................
TEMPERATURE (F)
 TODAY
  MAXIMUM         57   1223 PM  85    2001  60     -3       51
  MINIMUM         32    535 AM  23    1956  37     -5       37
  AVERAGE         45                        48     -3       44

PRECIPITATION (IN)
  TODAY            0.00          0.77 1960   0.08  -0.08      T
  MONTH TO DATE    1.74                      2.78  -1.04     1.41
  SINCE MAR 1      5.56                      4.64   0.92     1.93
  SINCE JAN 1      8.35                      8.96  -0.61     2.71

SNOWFALL (IN)
  TODAY           MM            MM      MM   0.0   MM       MM
  MONTH TO DATE   MM                         2.6   MM       MM
  SINCE OCT 1     MM                       101.3   MM       MM
  SINCE JUL 1     MM                       101.3   MM       MM

DEGREE DAYS
 HEATING
  TODAY           20                        17      3       21
  MONTH TO DATE  704                       666     38      650
  SINCE MAR 1   1559                      1727   -168     1733
  SINCE JUL 1   5869                      7067  -1198     7465

 COOLING
  TODAY            0                         0      0        0
  MONTH TO DATE    0                         3     -3        0
  SINCE MAR 1      0                         3     -3        0
  SINCE JAN 1      0                         3     -3        0
..................................................................


WIND (MPH)
  RESULTANT WIND SPEED   3   RESULTANT WIND DIRECTION  NE (30)
  HIGHEST WIND SPEED    13   HIGHEST WIND DIRECTION     N (10)
  HIGHEST GUST SPEED    18   HIGHEST GUST DIRECTION    NE (30)
  AVERAGE WIND SPEED     3.7


SKY COVER
  POSSIBLE SUNSHINE  MM
  AVERAGE SKY COVER 0.5


WEATHER CONDITIONS
 THE FOLLOWING WEATHER WAS RECORDED TODAY.
  NO SIGNIFICANT WEATHER WAS OBSERVED.


RELATIVE HUMIDITY (PERCENT)
 HIGHEST    89           200 AM
 LOWEST     38          1200 PM
 AVERAGE    64

..........................................................




SUNRISE AND SUNSET
APRIL 30 2016.........SUNRISE   633 AM EDT   SUNSET   847 PM EDT
MAY  1 2016...........SUNRISE   632 AM EDT   SUNSET   848 PM EDT


-  INDICATES NEGATIVE NUMBERS.
R  INDICATES RECORD WAS SET OR TIED.
MM INDICATES DATA IS MISSING.
T  INDICATES TRACE AMOUNT.




$$
