000
CDUS43 KAPX 110534
CLITVC


CLIMATE REPORT
NATIONAL WEATHER SERVICE GAYLORD MI
1231 AM EST MON DEC 11 2017


...................................

...THE TRAVERSE CITY MI CLIMATE SUMMARY FOR DECEMBER 10 2017...

CLIMATE NORMAL PERIOD 1981 TO 2010
CLIMATE RECORD PERIOD 1896 TO 2017


WEATHER ITEM   OBSERVED TIME   RECORD YEAR NORMAL DEPARTURE LAST
                VALUE   (LST)  VALUE       VALUE  FROM      YEAR
                                                  NORMAL
..................................................................
TEMPERATURE (F)
 YESTERDAY
  MAXIMUM         29    446 PM  60    2015  34     -5       24
  MINIMUM         22   1159 PM  -6    1919  23     -1       19
  AVERAGE         26                        28     -2       22

PRECIPITATION (IN)
  YESTERDAY        T             1.46 1971   0.08  -0.08     0.06
  MONTH TO DATE    0.78                      0.81  -0.03     0.52
  SINCE DEC 1      0.78                      0.81  -0.03     0.52
  SINCE JAN 1     32.07                     31.37   0.70    25.69

DEGREE DAYS
 HEATING
  YESTERDAY       39                        37      2       43
  MONTH TO DATE  317                       353    -36      318
  SINCE DEC 1    317                       353    -36      318
  SINCE JUL 1   1611                      1972   -361     1277
..................................................................


WIND (MPH)
  HIGHEST WIND SPEED    20   HIGHEST WIND DIRECTION    NW (330)
  HIGHEST GUST SPEED    26   HIGHEST GUST DIRECTION    NW (320)
  AVERAGE WIND SPEED     8.0




RELATIVE HUMIDITY (PERCENT)
 HIGHEST    84
 LOWEST     60
 AVERAGE    72

..........................................................


THE TRAVERSE CITY MI CLIMATE NORMALS FOR TODAY
                         NORMAL    RECORD    YEAR
 MAXIMUM TEMPERATURE (F)   33        58      1949
 MINIMUM TEMPERATURE (F)   22       -11      1977


SUNRISE AND SUNSET
DECEMBER 11 2017......SUNRISE   810 AM EST   SUNSET   502 PM EST
DECEMBER 12 2017......SUNRISE   810 AM EST   SUNSET   502 PM EST


-  INDICATES NEGATIVE NUMBERS.
R  INDICATES RECORD WAS SET OR TIED.
MM INDICATES DATA IS MISSING.
T  INDICATES TRACE AMOUNT.




$$
