000
CDUS43 KAPX 230529
CLITVC


CLIMATE REPORT
NATIONAL WEATHER SERVICE GAYLORD MI
128 AM EDT WED JUL 23 2014


...................................

...THE TRAVERSE CITY MI CLIMATE SUMMARY FOR JULY 22 2014...

CLIMATE NORMAL PERIOD 1981 TO 2010
CLIMATE RECORD PERIOD 1896 TO 2014


WEATHER ITEM   OBSERVED TIME   RECORD YEAR NORMAL DEPARTURE LAST
                VALUE   (LST)  VALUE       VALUE  FROM      YEAR
                                                  NORMAL
..................................................................
TEMPERATURE (F)
 YESTERDAY
  MAXIMUM         88    208 PM  96    1987  80      8       88
  MINIMUM         64   1159 PM  46    1981  58      6       62
  AVERAGE         76                        69      7       75

PRECIPITATION (IN)
  YESTERDAY        0.01          1.98 1948   0.09  -0.08     0.00
  MONTH TO DATE    1.36                      2.12  -0.76     1.11
  SINCE JUN 1      4.03                      5.28  -1.25     2.49
  SINCE JAN 1     13.71                     16.83  -3.12    14.87

DEGREE DAYS
 HEATING
  YESTERDAY        0                         1     -1        0
  MONTH TO DATE   37                        23     14        9
  SINCE JUN 1    109                       135    -26      111
  SINCE JUL 1     37                        23     14        9

 COOLING
  YESTERDAY       11                         5      6       10
  MONTH TO DATE   77                       110    -33      195
  SINCE JUN 1    184                       191     -7      282
  SINCE JAN 1    193                       211    -18      324
..................................................................


WIND (MPH)
  HIGHEST WIND SPEED    22   HIGHEST WIND DIRECTION     N (340)
  HIGHEST GUST SPEED    30   HIGHEST GUST DIRECTION    SW (210)
  AVERAGE WIND SPEED     9.4




RELATIVE HUMIDITY (PERCENT)
 HIGHEST    73
 LOWEST     50
 AVERAGE    62

..........................................................


THE TRAVERSE CITY MI CLIMATE NORMALS FOR TODAY
                         NORMAL    RECORD    YEAR
 MAXIMUM TEMPERATURE (F)   80        97      1940
 MINIMUM TEMPERATURE (F)   58        42      1985


SUNRISE AND SUNSET
JULY 23 2014..........SUNRISE   619 AM EDT   SUNSET   918 PM EDT
JULY 24 2014..........SUNRISE   620 AM EDT   SUNSET   917 PM EDT


-  INDICATES NEGATIVE NUMBERS.
R  INDICATES RECORD WAS SET OR TIED.
MM INDICATES DATA IS MISSING.
T  INDICATES TRACE AMOUNT.




$$
