000
CDUS43 KAPX 240528
CLITVC


CLIMATE REPORT
NATIONAL WEATHER SERVICE GAYLORD MI
1228 AM EST SAT FEB 24 2018


...................................

...THE TRAVERSE CITY MI CLIMATE SUMMARY FOR FEBRUARY 23 2018...

CLIMATE NORMAL PERIOD 1981 TO 2010
CLIMATE RECORD PERIOD 1896 TO 2018


WEATHER ITEM   OBSERVED TIME   RECORD YEAR NORMAL DEPARTURE LAST
                VALUE   (LST)  VALUE       VALUE  FROM      YEAR
                                                  NORMAL
..................................................................
TEMPERATURE (F)
 YESTERDAY
  MAXIMUM         41   1245 PM  60    1984  32      9       48
  MINIMUM         34    429 AM -18    2015  16     18       32
  AVERAGE         38                        24     14       40

PRECIPITATION (IN)
  YESTERDAY        0.03          0.66 1959   0.05  -0.02     0.01
  MONTH TO DATE    1.05                      1.23  -0.18     0.70
  SINCE DEC 1      3.46                      6.54  -3.08     3.74
  SINCE JAN 1      2.14                      4.05  -1.91     2.51

DEGREE DAYS
 HEATING
  YESTERDAY       27                        41    -14       25
  MONTH TO DATE  953                       984    -31      774
  SINCE DEC 1   3481                      3521    -40     3050
  SINCE JUL 1   4775                      5140   -365     4009
..................................................................


WIND (MPH)
  HIGHEST WIND SPEED    17   HIGHEST WIND DIRECTION     W (260)
  HIGHEST GUST SPEED    25   HIGHEST GUST DIRECTION     W (260)
  AVERAGE WIND SPEED     7.9




RELATIVE HUMIDITY (PERCENT)
 HIGHEST    92
 LOWEST     47
 AVERAGE    70

..........................................................


THE TRAVERSE CITY MI CLIMATE NORMALS FOR TODAY
                         NORMAL    RECORD    YEAR
 MAXIMUM TEMPERATURE (F)   33        50      1976
 MINIMUM TEMPERATURE (F)   16       -14      1913


SUNRISE AND SUNSET
FEBRUARY 24 2018......SUNRISE   728 AM EST   SUNSET   623 PM EST
FEBRUARY 25 2018......SUNRISE   727 AM EST   SUNSET   625 PM EST


-  INDICATES NEGATIVE NUMBERS.
R  INDICATES RECORD WAS SET OR TIED.
MM INDICATES DATA IS MISSING.
T  INDICATES TRACE AMOUNT.




$$
