000
CDUS43 KAPX 302126
CLITVC


CLIMATE REPORT
NATIONAL WEATHER SERVICE GAYLORD MI
526 PM EDT SAT MAY 30 2015


...................................

...THE TRAVERSE CITY MI CLIMATE SUMMARY FOR MAY 30 2015...
VALID TODAY AS OF 0500 PM LOCAL TIME.

CLIMATE NORMAL PERIOD 1981 TO 2010
CLIMATE RECORD PERIOD 1896 TO 2015


WEATHER ITEM   OBSERVED TIME   RECORD YEAR NORMAL DEPARTURE LAST
                VALUE   (LST)  VALUE       VALUE  FROM      YEAR
                                                  NORMAL
..................................................................
TEMPERATURE (F)
 TODAY
  MAXIMUM         69   1241 AM  92    1937  70     -1       79
  MINIMUM         48   1206 PM  28    1961  47      1       50
  AVERAGE         59                        58      1       65

PRECIPITATION (IN)
  TODAY            0.39          1.41 1975   0.08   0.31     0.00
  MONTH TO DATE    3.77                      2.50   1.27     3.18
  SINCE MAR 1      5.70                      7.14  -1.44     8.26
  SINCE JAN 1      6.48                     11.46  -4.98     9.68

DEGREE DAYS
 HEATING
  TODAY            6                         8     -2        0
  MONTH TO DATE  255                       363   -108      326
  SINCE MAR 1   1988                      2090   -102     2358
  SINCE JUL 1   7720                      7430    290     8080

 COOLING
  TODAY            0                         1     -1        0
  MONTH TO DATE   35                        13     22        4
  SINCE MAR 1     35                        16     19        4
  SINCE JAN 1     35                        16     19        4
..................................................................


WIND (MPH)
  RESULTANT WIND SPEED   5   RESULTANT WIND DIRECTION   N (10)
  HIGHEST WIND SPEED    13   HIGHEST WIND DIRECTION     N (10)
  HIGHEST GUST SPEED    17   HIGHEST GUST DIRECTION     N (10)
  AVERAGE WIND SPEED     6.3


SKY COVER
  POSSIBLE SUNSHINE  MM
  AVERAGE SKY COVER 1.0


WEATHER CONDITIONS
 THE FOLLOWING WEATHER WAS RECORDED TODAY.
  LIGHT RAIN
  FOG


RELATIVE HUMIDITY (PERCENT)
 HIGHEST   100           900 AM
 LOWEST     90          1200 AM
 AVERAGE    95

..........................................................




SUNRISE AND SUNSET
MAY 30 2015...........SUNRISE   601 AM EDT   SUNSET   919 PM EDT
MAY 31 2015...........SUNRISE   601 AM EDT   SUNSET   920 PM EDT


-  INDICATES NEGATIVE NUMBERS.
R  INDICATES RECORD WAS SET OR TIED.
MM INDICATES DATA IS MISSING.
T  INDICATES TRACE AMOUNT.




$$
