000
CDUS43 KAPX 202128
CLITVC


CLIMATE REPORT
NATIONAL WEATHER SERVICE GAYLORD MI
527 PM EDT SUN APR 20 2014


...................................

...THE TRAVERSE CITY MI CLIMATE SUMMARY FOR APRIL 20 2014...
VALID TODAY AS OF 0500 PM LOCAL TIME.

CLIMATE NORMAL PERIOD 1981 TO 2010
CLIMATE RECORD PERIOD 1896 TO 2014


WEATHER ITEM   OBSERVED TIME   RECORD YEAR NORMAL DEPARTURE LAST
                VALUE   (LST)  VALUE       VALUE  FROM      YEAR
                                                  NORMAL
..................................................................
TEMPERATURE (F)
 TODAY
  MAXIMUM         68    359 PM  87    1987  56     12       36
  MINIMUM         46    147 AM  16    1983  34     12       24
  AVERAGE         57                        45     12       30

PRECIPITATION (IN)
  TODAY            0.00          1.20 2012   0.09  -0.09      T
  MONTH TO DATE    2.93                      1.89   1.04     3.72
  SINCE MAR 1      3.85                      3.75   0.10     5.29
  SINCE JAN 1      5.27                      8.07  -2.80     8.83

SNOWFALL (IN)
  TODAY           MM            MM      MM   0.1   MM       MM
  MONTH TO DATE   MM                         2.2   MM       MM
  SINCE OCT 1     MM                       100.9   MM       MM
  SINCE JUL 1     MM                       100.9   MM       MM

DEGREE DAYS
 HEATING
  TODAY            8                        20    -12       35
  MONTH TO DATE  510                       481     29      558
  SINCE MAR 1   1841                      1543    298     1672
  SINCE JUL 1   7563                      6883    680     6518

 COOLING
  TODAY            0                         0      0        0
  MONTH TO DATE    0                         0      0        0
  SINCE MAR 1      0                         0      0        0
  SINCE JAN 1      0                         0      0        0
..................................................................


WIND (MPH)
  RESULTANT WIND SPEED   3   RESULTANT WIND DIRECTION   S (190)
  HIGHEST WIND SPEED    16   HIGHEST WIND DIRECTION    SW (240)
  HIGHEST GUST SPEED    22   HIGHEST GUST DIRECTION    SW (220)
  AVERAGE WIND SPEED     5.6


SKY COVER
  POSSIBLE SUNSHINE  MM
  AVERAGE SKY COVER 0.9


WEATHER CONDITIONS
 THE FOLLOWING WEATHER WAS RECORDED TODAY.
  NO SIGNIFICANT WEATHER WAS OBSERVED.


RELATIVE HUMIDITY (PERCENT)
 HIGHEST    53          1200 AM
 LOWEST     30           200 PM
 AVERAGE    42

..........................................................




SUNRISE AND SUNSET
APRIL 20 2014.........SUNRISE   650 AM EDT   SUNSET   834 PM EDT
APRIL 21 2014.........SUNRISE   648 AM EDT   SUNSET   835 PM EDT


-  INDICATES NEGATIVE NUMBERS.
R  INDICATES RECORD WAS SET OR TIED.
MM INDICATES DATA IS MISSING.
T  INDICATES TRACE AMOUNT.




$$
