000
CDUS43 KAPX 200527
CLITVC


CLIMATE REPORT
NATIONAL WEATHER SERVICE GAYLORD MI
127 AM EDT FRI OCT 20 2017


...................................

...THE TRAVERSE CITY MI CLIMATE SUMMARY FOR OCTOBER 19 2017...

CLIMATE NORMAL PERIOD 1981 TO 2010
CLIMATE RECORD PERIOD 1896 TO 2017


WEATHER ITEM   OBSERVED TIME   RECORD YEAR NORMAL DEPARTURE LAST
                VALUE   (LST)  VALUE       VALUE  FROM      YEAR
                                                  NORMAL
..................................................................
TEMPERATURE (F)
 YESTERDAY
  MAXIMUM         66    151 PM  80    1971  56     10       68
  MINIMUM         49    942 PM  25    1959  38     11       47
  AVERAGE         58                        47     11       58

PRECIPITATION (IN)
  YESTERDAY        0.00          1.00 1984   0.10  -0.10     0.00
  MONTH TO DATE    2.28                      2.00   0.28     2.08
  SINCE SEP 1      4.68                      5.53  -0.85     5.85
  SINCE JAN 1     25.05                     26.64  -1.59    23.59

DEGREE DAYS
 HEATING
  YESTERDAY        7                        18    -11        7
  MONTH TO DATE  115                       284   -169      120
  SINCE SEP 1    216                       477   -261      169
  SINCE JUL 1    250                       546   -296      178

 COOLING
  YESTERDAY        0                         0      0        0
  MONTH TO DATE   15                         0     15        4
  SINCE SEP 1    139                        38    101      103
  SINCE JAN 1    522                       407    115      763
..................................................................


WIND (MPH)
  HIGHEST WIND SPEED    23   HIGHEST WIND DIRECTION     W (270)
  HIGHEST GUST SPEED    29   HIGHEST GUST DIRECTION     W (280)
  AVERAGE WIND SPEED     9.2




RELATIVE HUMIDITY (PERCENT)
 HIGHEST    60
 LOWEST     18
 AVERAGE    39

..........................................................


THE TRAVERSE CITY MI CLIMATE NORMALS FOR TODAY
                         NORMAL    RECORD    YEAR
 MAXIMUM TEMPERATURE (F)   56        79      1953
 MINIMUM TEMPERATURE (F)   38        22      1972


SUNRISE AND SUNSET
OCTOBER 20 2017.......SUNRISE   804 AM EDT   SUNSET   649 PM EDT
OCTOBER 21 2017.......SUNRISE   806 AM EDT   SUNSET   647 PM EDT


-  INDICATES NEGATIVE NUMBERS.
R  INDICATES RECORD WAS SET OR TIED.
MM INDICATES DATA IS MISSING.
T  INDICATES TRACE AMOUNT.




$$
