000
CDUS43 KAPX 290529
CLITVC


CLIMATE REPORT
NATIONAL WEATHER SERVICE GAYLORD MI
129 AM EDT TUE JUL 29 2014


...................................

...THE TRAVERSE CITY MI CLIMATE SUMMARY FOR JULY 28 2014...

CLIMATE NORMAL PERIOD 1981 TO 2010
CLIMATE RECORD PERIOD 1896 TO 2014


WEATHER ITEM   OBSERVED TIME   RECORD YEAR NORMAL DEPARTURE LAST
                VALUE   (LST)  VALUE       VALUE  FROM      YEAR
                                                  NORMAL
..................................................................
TEMPERATURE (F)
 YESTERDAY
  MAXIMUM         66    532 PM  98    1941  80    -14       67
  MINIMUM         55   1159 PM  43    1978  58     -3       51
  AVERAGE         61                        69     -8       59

PRECIPITATION (IN)
  YESTERDAY        0.00          1.46 1969   0.10  -0.10     0.09
  MONTH TO DATE    2.10                      2.70  -0.60     2.81
  SINCE JUN 1      4.77                      5.86  -1.09     4.19
  SINCE JAN 1     14.45                     17.41  -2.96    16.57

DEGREE DAYS
 HEATING
  YESTERDAY        4                         1      3        6
  MONTH TO DATE   49                        29     20       25
  SINCE JUN 1    121                       141    -20      127
  SINCE JUL 1     49                        29     20       25

 COOLING
  YESTERDAY        0                         5     -5        0
  MONTH TO DATE   89                       140    -51      201
  SINCE JUN 1    196                       221    -25      288
  SINCE JAN 1    205                       241    -36      330
..................................................................


WIND (MPH)
  HIGHEST WIND SPEED    17   HIGHEST WIND DIRECTION     N (350)
  HIGHEST GUST SPEED    25   HIGHEST GUST DIRECTION     N (20)
  AVERAGE WIND SPEED     9.0




RELATIVE HUMIDITY (PERCENT)
 HIGHEST    80
 LOWEST     48
 AVERAGE    64

..........................................................


THE TRAVERSE CITY MI CLIMATE NORMALS FOR TODAY
                         NORMAL    RECORD    YEAR
 MAXIMUM TEMPERATURE (F)   80       100      1941
 MINIMUM TEMPERATURE (F)   58        43      1956


SUNRISE AND SUNSET
JULY 29 2014..........SUNRISE   625 AM EDT   SUNSET   912 PM EDT
JULY 30 2014..........SUNRISE   626 AM EDT   SUNSET   911 PM EDT


-  INDICATES NEGATIVE NUMBERS.
R  INDICATES RECORD WAS SET OR TIED.
MM INDICATES DATA IS MISSING.
T  INDICATES TRACE AMOUNT.




$$
