000
CDUS43 KAPX 020539
CLITVC


CLIMATE REPORT
NATIONAL WEATHER SERVICE GAYLORD MI
139 AM EDT THU JUL 2 2015


...................................

...THE TRAVERSE CITY MI CLIMATE SUMMARY FOR JULY 1 2015...

CLIMATE NORMAL PERIOD 1981 TO 2010
CLIMATE RECORD PERIOD 1896 TO 2015


WEATHER ITEM   OBSERVED TIME   RECORD YEAR NORMAL DEPARTURE LAST
                VALUE   (LST)  VALUE       VALUE  FROM      YEAR
                                                  NORMAL
..................................................................
TEMPERATURE (F)
 YESTERDAY
  MAXIMUM         61    738 PM 103    1931  80    -19       79
  MINIMUM         47   1156 PM  35    1965  57    -10       67
  AVERAGE         54                        68    -14       73

PRECIPITATION (IN)
  YESTERDAY        T             1.70 1956   0.10  -0.10     0.02
  MONTH TO DATE    T                         0.10  -0.10     0.02
  SINCE JUN 1      2.02                      3.26  -1.24     2.69
  SINCE JAN 1      8.50                     14.81  -6.31    12.37

DEGREE DAYS
 HEATING
  YESTERDAY       11                         2      9        0
  MONTH TO DATE   11                         2      9        0
  SINCE JUN 1     99                       114    -15       72
  SINCE JUL 1     11                         2      9        0

 COOLING
  YESTERDAY        0                         5     -5        8
  MONTH TO DATE    0                         5     -5        8
  SINCE JUN 1     24                        86    -62      115
  SINCE JAN 1     59                       106    -47      124
..................................................................


WIND (MPH)
  HIGHEST WIND SPEED    12   HIGHEST WIND DIRECTION    NW (310)
  HIGHEST GUST SPEED    18   HIGHEST GUST DIRECTION    NW (300)
  AVERAGE WIND SPEED     6.0




RELATIVE HUMIDITY (PERCENT)
 HIGHEST    89
 LOWEST     69
 AVERAGE    79

..........................................................


THE TRAVERSE CITY MI CLIMATE NORMALS FOR TODAY
                         NORMAL    RECORD    YEAR
 MAXIMUM TEMPERATURE (F)   80       100      1966
 MINIMUM TEMPERATURE (F)   57        38      2001


SUNRISE AND SUNSET
JULY  2 2015..........SUNRISE   601 AM EDT   SUNSET   931 PM EDT
JULY  3 2015..........SUNRISE   601 AM EDT   SUNSET   931 PM EDT


-  INDICATES NEGATIVE NUMBERS.
R  INDICATES RECORD WAS SET OR TIED.
MM INDICATES DATA IS MISSING.
T  INDICATES TRACE AMOUNT.




$$
