000
CDUS43 KAPX 220530
CLITVC


CLIMATE REPORT
NATIONAL WEATHER SERVICE GAYLORD MI
1227 AM EST WED FEB 22 2017


...................................

...THE TRAVERSE CITY MI CLIMATE SUMMARY FOR FEBRUARY 21 2017...

CLIMATE NORMAL PERIOD 1981 TO 2010
CLIMATE RECORD PERIOD 1896 TO 2017


WEATHER ITEM   OBSERVED TIME   RECORD YEAR NORMAL DEPARTURE LAST
                VALUE   (LST)  VALUE       VALUE  FROM      YEAR
                                                  NORMAL
..................................................................
TEMPERATURE (F)
 YESTERDAY
  MAXIMUM         60R   450 PM  57    1930  32     28       38
  MINIMUM         41    823 PM -14    1918  16     25       28
  AVERAGE         51                        24     27       33

PRECIPITATION (IN)
  YESTERDAY        0.08          0.51 1937   0.05   0.03      T
  MONTH TO DATE    0.69                      1.12  -0.43     0.69
  SINCE DEC 1      3.73                      6.43  -2.70     5.77
  SINCE JAN 1      2.50                      3.94  -1.44     2.78

DEGREE DAYS
 HEATING
  YESTERDAY       14                        41    -27       32
  MONTH TO DATE  739                       902   -163      818
  SINCE DEC 1   3015                      3439   -424     2873
  SINCE JUL 1   3974                      5058  -1084     4053
..................................................................


WIND (MPH)
  HIGHEST WIND SPEED    16   HIGHEST WIND DIRECTION     W (270)
  HIGHEST GUST SPEED    21   HIGHEST GUST DIRECTION     W (260)
  AVERAGE WIND SPEED     6.3




RELATIVE HUMIDITY (PERCENT)
 HIGHEST    86
 LOWEST     40
 AVERAGE    63

..........................................................


THE TRAVERSE CITY MI CLIMATE NORMALS FOR TODAY
                         NORMAL    RECORD    YEAR
 MAXIMUM TEMPERATURE (F)   32        57      1930
 MINIMUM TEMPERATURE (F)   16       -13      1963


SUNRISE AND SUNSET
FEBRUARY 22 2017......SUNRISE   731 AM EST   SUNSET   621 PM EST
FEBRUARY 23 2017......SUNRISE   730 AM EST   SUNSET   622 PM EST


-  INDICATES NEGATIVE NUMBERS.
R  INDICATES RECORD WAS SET OR TIED.
MM INDICATES DATA IS MISSING.
T  INDICATES TRACE AMOUNT.




$$
