000
CDUS44 KJAN 180639
CLITVR


CLIMATE REPORT
NATIONAL WEATHER SERVICE JACKSON MS
1234 AM CST WED JAN 18 2017


...................................

...THE VICKSBURG CLIMATE SUMMARY FOR JANUARY 17 2017...

CLIMATE NORMAL PERIOD 1981 TO 2010
CLIMATE RECORD PERIOD 1948 TO 2017


WEATHER ITEM   OBSERVED TIME   RECORD YEAR NORMAL DEPARTURE LAST
                VALUE   (LST)  VALUE       VALUE  FROM      YEAR
                                                  NORMAL
..................................................................
TEMPERATURE (F)
 YESTERDAY
  MAXIMUM         67    659 AM  74    1996  55     12       50
                                      1950
  MINIMUM         56   1159 PM  12    1982  35     21       32
                                      1977
  AVERAGE         62                        45     17       41

PRECIPITATION (IN)
  YESTERDAY        T             2.10 1994   0.15  -0.15     0.00
  MONTH TO DATE    1.21                      2.64  -1.43     1.10
  SINCE DEC 1      7.48                      8.25  -0.77     6.65
  SINCE JAN 1      1.21                      2.64  -1.43     1.10

SNOWFALL (IN)
  YESTERDAY        0.0

DEGREE DAYS
 HEATING
  YESTERDAY        3                        20    -17       24
  MONTH TO DATE  203                       339   -136      321
  SINCE DEC 1    663                       874   -211      604
  SINCE JUL 1    940                      1276   -336      793

 COOLING
  YESTERDAY        0                         0      0        0
  MONTH TO DATE   13                         0     13        0
  SINCE DEC 1     41                         6     35       62
  SINCE JAN 1     13                         0     13        0
..................................................................


WIND (MPH)
  HIGHEST WIND SPEED    12   HIGHEST WIND DIRECTION    NW (300)
  HIGHEST GUST SPEED    16   HIGHEST GUST DIRECTION    NW (310)
  AVERAGE WIND SPEED     5.7


SKY COVER
  POSSIBLE SUNSHINE  MM
  AVERAGE SKY COVER 0.8


WEATHER CONDITIONS
 THE FOLLOWING WEATHER WAS RECORDED YESTERDAY.
  LIGHT RAIN
  FOG


RELATIVE HUMIDITY (PERCENT)
 HIGHEST    93           100 AM
 LOWEST     78           300 PM
 AVERAGE    86

..........................................................


THE VICKSBURG CLIMATE NORMALS FOR TODAY
                         NORMAL    RECORD    YEAR
 MAXIMUM TEMPERATURE (F)   55        78      1950
 MINIMUM TEMPERATURE (F)   35        12      1977


SUNRISE AND SUNSET
JANUARY 18 2017.......SUNRISE   705 AM CST   SUNSET   525 PM CST
JANUARY 19 2017.......SUNRISE   705 AM CST   SUNSET   526 PM CST


-  INDICATES NEGATIVE NUMBERS.
R  INDICATES RECORD WAS SET OR TIED.
MM INDICATES DATA IS MISSING.
T  INDICATES TRACE AMOUNT.




$$
