629
CDUS44 KJAN 240720
CLITVR


CLIMATE REPORT
NATIONAL WEATHER SERVICE JACKSON MS
216 AM CDT FRI MAR 24 2017


...................................

...THE VICKSBURG CLIMATE SUMMARY FOR MARCH 23 2017...

CLIMATE NORMAL PERIOD 1981 TO 2010
CLIMATE RECORD PERIOD 1948 TO 2017


WEATHER ITEM   OBSERVED TIME   RECORD YEAR NORMAL DEPARTURE LAST
                VALUE   (LST)  VALUE       VALUE  FROM      YEAR
                                                  NORMAL
..................................................................
TEMPERATURE (F)
 YESTERDAY
  MAXIMUM         86R   342 PM  84    2011  70     16       79
                                      1995
  MINIMUM         58    613 AM  30    1955  48     10       54
  AVERAGE         72                        59     13       67

PRECIPITATION (IN)
  YESTERDAY        0.00          1.51 1958   0.17  -0.17     0.00
  MONTH TO DATE    1.35                      3.76  -2.41     8.43
  SINCE MAR 1      1.35                      3.76  -2.41     8.43
  SINCE JAN 1      8.11                     14.10  -5.99    18.43

SNOWFALL (IN)
  YESTERDAY        0.0

DEGREE DAYS
 HEATING
  YESTERDAY        0                         7     -7        0
  MONTH TO DATE  169                       215    -46       87
  SINCE MAR 1    169                       215    -46       87
  SINCE JUL 1   1445                      2191   -746     1465

 COOLING
  YESTERDAY        7                         1      6        2
  MONTH TO DATE   43                        20     23       57
  SINCE MAR 1     43                        20     23       57
  SINCE JAN 1     94                        29     65       69
..................................................................


WIND (MPH)
  HIGHEST WIND SPEED    15   HIGHEST WIND DIRECTION    SE (150)
  HIGHEST GUST SPEED    23   HIGHEST GUST DIRECTION     S (160)
  AVERAGE WIND SPEED     8.7


SKY COVER
  POSSIBLE SUNSHINE  MM
  AVERAGE SKY COVER 0.0


WEATHER CONDITIONS
 THE FOLLOWING WEATHER WAS RECORDED YESTERDAY.
  NO SIGNIFICANT WEATHER WAS OBSERVED.


RELATIVE HUMIDITY (PERCENT)
 HIGHEST    75           300 AM
 LOWEST     31           500 PM
 AVERAGE    53

..........................................................


THE VICKSBURG CLIMATE NORMALS FOR TODAY
                         NORMAL    RECORD    YEAR
 MAXIMUM TEMPERATURE (F)   71        84      2000
                                             1995
 MINIMUM TEMPERATURE (F)   48        29      1968


SUNRISE AND SUNSET
MARCH 24 2017.........SUNRISE   702 AM CDT   SUNSET   719 PM CDT
MARCH 25 2017.........SUNRISE   701 AM CDT   SUNSET   719 PM CDT


-  INDICATES NEGATIVE NUMBERS.
R  INDICATES RECORD WAS SET OR TIED.
MM INDICATES DATA IS MISSING.
T  INDICATES TRACE AMOUNT.




$$
