000
CDUS44 KJAN 112112
CLITVR


CLIMATE REPORT
NATIONAL WEATHER SERVICE JACKSON MS
410 PM CDT FRI JUL 11 2014


...................................

...THE VICKSBURG CLIMATE SUMMARY FOR JULY 11 2014...
VALID TODAY AS OF 0400 PM LOCAL TIME.

CLIMATE NORMAL PERIOD 1981 TO 2010
CLIMATE RECORD PERIOD 1948 TO 2014


WEATHER ITEM   OBSERVED TIME   RECORD YEAR NORMAL DEPARTURE LAST
                VALUE   (LST)  VALUE       VALUE  FROM      YEAR
                                                  NORMAL
..................................................................
TEMPERATURE (F)
 TODAY
  MAXIMUM         94    246 PM  99    1980  92      2       92
                                      1969
                                      1966
  MINIMUM         70    325 AM  58    1953  71     -1       71
  AVERAGE         82                        81      1       82

PRECIPITATION (IN)
  TODAY            0.00          1.57 1959   0.11  -0.11     0.08
  MONTH TO DATE    0.42                      1.31  -0.89     0.08
  SINCE JUN 1      6.97                      5.30   1.67     5.41
  SINCE JAN 1     35.30                     30.60   4.70    40.73

SNOWFALL (IN)
  TODAY            0.0

DEGREE DAYS
 HEATING
  TODAY            0                         0      0        0
  MONTH TO DATE    0                         0      0        0
  SINCE JUN 1      0                         0      0        0
  SINCE JUL 1      0                         0      0        0

 COOLING
  TODAY           17                        16      1       17
  MONTH TO DATE  146                       176    -30      150
  SINCE JUN 1    570                       594    -24      591
  SINCE JAN 1    920                       964    -44      921
..................................................................


WIND (MPH)
  HIGHEST WIND SPEED    10   HIGHEST WIND DIRECTION     N (10)
  HIGHEST GUST SPEED    13   HIGHEST GUST DIRECTION     N (360)
  AVERAGE WIND SPEED     3.5


SKY COVER
  POSSIBLE SUNSHINE  MM
  AVERAGE SKY COVER 0.3


WEATHER CONDITIONS
 THE FOLLOWING WEATHER WAS RECORDED TODAY.
  FOG


RELATIVE HUMIDITY (PERCENT)
 HIGHEST    93          1200 AM
 LOWEST     56           200 PM
 AVERAGE    75

..........................................................


THE VICKSBURG CLIMATE NORMALS FOR TOMORROW
                         NORMAL    RECORD    YEAR
 MAXIMUM TEMPERATURE (F)   92        99      2011
 MINIMUM TEMPERATURE (F)   71        61      1957


SUNRISE AND SUNSET
JULY 11 2014..........SUNRISE   606 AM CDT   SUNSET   813 PM CDT
JULY 12 2014..........SUNRISE   606 AM CDT   SUNSET   813 PM CDT


-  INDICATES NEGATIVE NUMBERS.
R  INDICATES RECORD WAS SET OR TIED.
MM INDICATES DATA IS MISSING.
T  INDICATES TRACE AMOUNT.




$$
