000
CDUS44 KJAN 250659
CLITVR


CLIMATE REPORT
NATIONAL WEATHER SERVICE JACKSON MS
152 AM CDT MON SEP 25 2017


...................................

...THE VICKSBURG CLIMATE SUMMARY FOR SEPTEMBER 24 2017...

CLIMATE NORMAL PERIOD 1981 TO 2010
CLIMATE RECORD PERIOD 1948 TO 2017


WEATHER ITEM   OBSERVED TIME   RECORD YEAR NORMAL DEPARTURE LAST
                VALUE   (LST)  VALUE       VALUE  FROM      YEAR
                                                  NORMAL
..................................................................
TEMPERATURE (F)
 YESTERDAY
  MAXIMUM         91    249 PM  96    2016  85      6       96
  MINIMUM         67   1159 PM  45    1983  61      6       68
                                      1982
  AVERAGE         79                        73      6       82

PRECIPITATION (IN)
  YESTERDAY        0.00          2.03 2013   0.07  -0.07     0.00
  MONTH TO DATE    1.73                      2.34  -0.61     0.12
  SINCE SEP 1      1.73                      2.34  -0.61     0.12
  SINCE JAN 1     51.15                     38.91  12.24    51.67

SNOWFALL (IN)
  YESTERDAY        0.0

DEGREE DAYS
 HEATING
  YESTERDAY        0                         0      0        0
  MONTH TO DATE    4                         0      4        0
  SINCE SEP 1      4                         0      4        0
  SINCE JUL 1      4                         0      4        0

 COOLING
  YESTERDAY       14                         8      6       17
  MONTH TO DATE  271                       264      7      422
  SINCE SEP 1    271                       264      7      422
  SINCE JAN 1   2193                      2053    140     2669
..................................................................


WIND (MPH)
  HIGHEST WIND SPEED    13   HIGHEST WIND DIRECTION    SE (120)
  HIGHEST GUST SPEED    17   HIGHEST GUST DIRECTION    NE (60)
  AVERAGE WIND SPEED     4.6


SKY COVER
  POSSIBLE SUNSHINE  MM
  AVERAGE SKY COVER 0.0


WEATHER CONDITIONS
 THE FOLLOWING WEATHER WAS RECORDED YESTERDAY.
  FOG


RELATIVE HUMIDITY (PERCENT)
 HIGHEST   100           100 AM
 LOWEST     47           300 PM
 AVERAGE    74

..........................................................


THE VICKSBURG CLIMATE NORMALS FOR TODAY
                         NORMAL    RECORD    YEAR
 MAXIMUM TEMPERATURE (F)   85        97      2016
 MINIMUM TEMPERATURE (F)   60        43      1949


SUNRISE AND SUNSET
SEPTEMBER 25 2017.....SUNRISE   654 AM CDT   SUNSET   656 PM CDT
SEPTEMBER 26 2017.....SUNRISE   655 AM CDT   SUNSET   655 PM CDT


-  INDICATES NEGATIVE NUMBERS.
R  INDICATES RECORD WAS SET OR TIED.
MM INDICATES DATA IS MISSING.
T  INDICATES TRACE AMOUNT.




$$
