000
CDUS44 KJAN 110649
CLITVR


CLIMATE REPORT
NATIONAL WEATHER SERVICE JACKSON MS
1245 AM CST SUN DEC 11 2016


...................................

...THE VICKSBURG CLIMATE SUMMARY FOR DECEMBER 10 2016...

CLIMATE NORMAL PERIOD 1981 TO 2010
CLIMATE RECORD PERIOD 1948 TO 2016


WEATHER ITEM   OBSERVED TIME   RECORD YEAR NORMAL DEPARTURE LAST
                VALUE   (LST)  VALUE       VALUE  FROM      YEAR
                                                  NORMAL
..................................................................
TEMPERATURE (F)
 YESTERDAY
  MAXIMUM         53    332 PM  80    2007  60     -7       69
  MINIMUM         25    604 AM  18    1955  38    -13       45
  AVERAGE         39                        49    -10       57

PRECIPITATION (IN)
  YESTERDAY        0.00          2.65 2012   0.20  -0.20     0.00
  MONTH TO DATE    3.43                      2.00   1.43     0.26
  SINCE DEC 1      3.43                      2.00   1.43     0.26
  SINCE JAN 1     58.25                     51.13   7.12    58.48

SNOWFALL (IN)
  YESTERDAY        0.0

DEGREE DAYS
 HEATING
  YESTERDAY       26                        16     10        8
  MONTH TO DATE  189                       154     35      126
  SINCE DEC 1    189                       154     35      126
  SINCE JUL 1    466                       556    -90      315

 COOLING
  YESTERDAY        0                         0      0        0
  MONTH TO DATE    0                         0      0        0
  SINCE DEC 1      0                         0      0        0
  SINCE JAN 1   2919                      2225    694     2603
..................................................................


WIND (MPH)
  HIGHEST WIND SPEED    12   HIGHEST WIND DIRECTION     E (110)
  HIGHEST GUST SPEED    14   HIGHEST GUST DIRECTION    SE (120)
  AVERAGE WIND SPEED     3.3


SKY COVER
  POSSIBLE SUNSHINE  MM
  AVERAGE SKY COVER 0.0


WEATHER CONDITIONS
 THE FOLLOWING WEATHER WAS RECORDED YESTERDAY.
  NO SIGNIFICANT WEATHER WAS OBSERVED.


RELATIVE HUMIDITY (PERCENT)
 HIGHEST    92           400 AM
 LOWEST     26           300 PM
 AVERAGE    59

..........................................................


THE VICKSBURG CLIMATE NORMALS FOR TODAY
                         NORMAL    RECORD    YEAR
 MAXIMUM TEMPERATURE (F)   59        82      2015
                                             1949
 MINIMUM TEMPERATURE (F)   38        21      1995
                                             1950


SUNRISE AND SUNSET
DECEMBER 11 2016......SUNRISE   656 AM CST   SUNSET   500 PM CST
DECEMBER 12 2016......SUNRISE   656 AM CST   SUNSET   500 PM CST


-  INDICATES NEGATIVE NUMBERS.
R  INDICATES RECORD WAS SET OR TIED.
MM INDICATES DATA IS MISSING.
T  INDICATES TRACE AMOUNT.




$$
