000
CDUS44 KJAN 060645
CLITVR


CLIMATE REPORT
NATIONAL WEATHER SERVICE JACKSON MS
134 AM CDT MON JUL 6 2015


...................................

...THE VICKSBURG CLIMATE SUMMARY FOR JULY 5 2015...

CLIMATE NORMAL PERIOD 1981 TO 2010
CLIMATE RECORD PERIOD 1948 TO 2015


WEATHER ITEM   OBSERVED TIME   RECORD YEAR NORMAL DEPARTURE LAST
                VALUE   (LST)  VALUE       VALUE  FROM      YEAR
                                                  NORMAL
..................................................................
TEMPERATURE (F)
 YESTERDAY
  MAXIMUM         81    341 PM 100    1969  92    -11       87
  MINIMUM         68   1159 PM  56    1968  71     -3       58
  AVERAGE         75                        81     -6       73

PRECIPITATION (IN)
  YESTERDAY        0.56          1.63 2007   0.12   0.44     0.00
  MONTH TO DATE    0.76                      0.62   0.14     0.15
  SINCE JUN 1      6.01                      4.61   1.40     6.70
  SINCE JAN 1     36.28                     29.91   6.37    35.03

SNOWFALL (IN)
  YESTERDAY        0.0

DEGREE DAYS
 HEATING
  YESTERDAY        0                         0      0        0
  MONTH TO DATE    0                         0      0        0
  SINCE JUN 1      0                         0      0        0
  SINCE JUL 1      0                         0      0        0

 COOLING
  YESTERDAY       10                        16     -6        8
  MONTH TO DATE   76                        80     -4       62
  SINCE JUN 1    560                       498     62      486
  SINCE JAN 1   1006                       868    138      836
..................................................................


WIND (MPH)
  HIGHEST WIND SPEED    17   HIGHEST WIND DIRECTION     N (20)
  HIGHEST GUST SPEED    22   HIGHEST GUST DIRECTION     S (180)
  AVERAGE WIND SPEED     6.1


SKY COVER
  POSSIBLE SUNSHINE  MM
  AVERAGE SKY COVER 0.4


WEATHER CONDITIONS
 THE FOLLOWING WEATHER WAS RECORDED YESTERDAY.
  THUNDERSTORM
  HEAVY RAIN
  RAIN
  LIGHT RAIN
  FOG


RELATIVE HUMIDITY (PERCENT)
 HIGHEST    93           100 AM
 LOWEST     67           300 PM
 AVERAGE    80

..........................................................


THE VICKSBURG CLIMATE NORMALS FOR TODAY
                         NORMAL    RECORD    YEAR
 MAXIMUM TEMPERATURE (F)   92        99      1954
                                             1953
 MINIMUM TEMPERATURE (F)   71        56      1970


SUNRISE AND SUNSET
JULY  6 2015..........SUNRISE   603 AM CDT   SUNSET   815 PM CDT
JULY  7 2015..........SUNRISE   603 AM CDT   SUNSET   814 PM CDT


-  INDICATES NEGATIVE NUMBERS.
R  INDICATES RECORD WAS SET OR TIED.
MM INDICATES DATA IS MISSING.
T  INDICATES TRACE AMOUNT.




$$
