000
CDUS44 KJAN 230632
CLITVR


CLIMATE REPORT
NATIONAL WEATHER SERVICE JACKSON MS
129 AM CDT TUE SEP 23 2014


...................................

...THE VICKSBURG CLIMATE SUMMARY FOR SEPTEMBER 22 2014...

CLIMATE NORMAL PERIOD 1981 TO 2010
CLIMATE RECORD PERIOD 1948 TO 2014


WEATHER ITEM   OBSERVED TIME   RECORD YEAR NORMAL DEPARTURE LAST
                VALUE   (LST)  VALUE       VALUE  FROM      YEAR
                                                  NORMAL
..................................................................
TEMPERATURE (F)
 YESTERDAY
  MAXIMUM         86    231 PM  95    1980  85      1       81
  MINIMUM         64   1159 PM  40    1983  61      3       55
  AVERAGE         75                        73      2       68

PRECIPITATION (IN)
  YESTERDAY        0.00          1.85 1992   0.06  -0.06     0.00
  MONTH TO DATE    0.98                      2.21  -1.23     3.62
  SINCE SEP 1      0.98                      2.21  -1.23     3.62
  SINCE JAN 1     45.22                     38.78   6.44    51.77

SNOWFALL (IN)
  YESTERDAY        0.0

DEGREE DAYS
 HEATING
  YESTERDAY        0                         0      0        0
  MONTH TO DATE    0                         0      0        0
  SINCE SEP 1      0                         0      0        0
  SINCE JUL 1      0                         0      0        0

 COOLING
  YESTERDAY       10                         9      1        3
  MONTH TO DATE  320                       248     72      330
  SINCE SEP 1    320                       248     72      330
  SINCE JAN 1   1978                      2037    -59     2037
..................................................................


WIND (MPH)
  HIGHEST WIND SPEED    18   HIGHEST WIND DIRECTION     N (20)
  HIGHEST GUST SPEED    23   HIGHEST GUST DIRECTION    NE (30)
  AVERAGE WIND SPEED    10.5


SKY COVER
  POSSIBLE SUNSHINE  MM
  AVERAGE SKY COVER 0.2


WEATHER CONDITIONS
 THE FOLLOWING WEATHER WAS RECORDED YESTERDAY.
  NO SIGNIFICANT WEATHER WAS OBSERVED.


RELATIVE HUMIDITY (PERCENT)
 HIGHEST    90          1200 AM
 LOWEST     31           300 PM
 AVERAGE    61

..........................................................


THE VICKSBURG CLIMATE NORMALS FOR TODAY
                         NORMAL    RECORD    YEAR
 MAXIMUM TEMPERATURE (F)   85        96      1980
 MINIMUM TEMPERATURE (F)   61        43      1983
                                             1953


SUNRISE AND SUNSET
SEPTEMBER 23 2014.....SUNRISE   653 AM CDT   SUNSET   659 PM CDT
SEPTEMBER 24 2014.....SUNRISE   654 AM CDT   SUNSET   658 PM CDT


-  INDICATES NEGATIVE NUMBERS.
R  INDICATES RECORD WAS SET OR TIED.
MM INDICATES DATA IS MISSING.
T  INDICATES TRACE AMOUNT.




$$
