000
CDUS44 KJAN 030637
CLITVR


CLIMATE REPORT
NATIONAL WEATHER SERVICE JACKSON MS
135 AM CDT TUE MAY 3 2016


...................................

...THE VICKSBURG CLIMATE SUMMARY FOR MAY 2 2016...

CLIMATE NORMAL PERIOD 1981 TO 2010
CLIMATE RECORD PERIOD 1948 TO 2016


WEATHER ITEM   OBSERVED TIME   RECORD YEAR NORMAL DEPARTURE LAST
                VALUE   (LST)  VALUE       VALUE  FROM      YEAR
                                                  NORMAL
..................................................................
TEMPERATURE (F)
 YESTERDAY
  MAXIMUM         73    931 AM  92    2003  80     -7       79
  MINIMUM         65   1159 PM  42    1963  58      7       46
  AVERAGE         69                        69      0       63

PRECIPITATION (IN)
  YESTERDAY        0.01          2.45 1986   0.18  -0.17     0.00
  MONTH TO DATE    1.09                      0.35   0.74     0.00
  SINCE MAR 1     23.72                     10.35  13.37    10.28
  SINCE JAN 1     33.72                     20.69  13.03    21.53

SNOWFALL (IN)
  YESTERDAY        0.0

DEGREE DAYS
 HEATING
  YESTERDAY        0                         1     -1        2
  MONTH TO DATE    0                         2     -2        3
  SINCE MAR 1    129                       367   -238      264
  SINCE JUL 1   1507                      2343   -836     2522

 COOLING
  YESTERDAY        4                         5     -1        0
  MONTH TO DATE   16                        10      6        0
  SINCE MAR 1    232                       119    113      154
  SINCE JAN 1    244                       128    116      154
..................................................................


WIND (MPH)
  HIGHEST WIND SPEED    16   HIGHEST WIND DIRECTION     N (10)
  HIGHEST GUST SPEED    21   HIGHEST GUST DIRECTION     N (10)
  AVERAGE WIND SPEED     4.8


SKY COVER
  POSSIBLE SUNSHINE  MM
  AVERAGE SKY COVER 0.7


WEATHER CONDITIONS
 THE FOLLOWING WEATHER WAS RECORDED YESTERDAY.
  LIGHT RAIN
  FOG


RELATIVE HUMIDITY (PERCENT)
 HIGHEST    93           400 AM
 LOWEST     81          1100 AM
 AVERAGE    87

..........................................................


THE VICKSBURG CLIMATE NORMALS FOR TODAY
                         NORMAL    RECORD    YEAR
 MAXIMUM TEMPERATURE (F)   81        89      1955
                                             1952
 MINIMUM TEMPERATURE (F)   58        39      2013


SUNRISE AND SUNSET
MAY  3 2016...........SUNRISE   615 AM CDT   SUNSET   747 PM CDT
MAY  4 2016...........SUNRISE   614 AM CDT   SUNSET   748 PM CDT


-  INDICATES NEGATIVE NUMBERS.
R  INDICATES RECORD WAS SET OR TIED.
MM INDICATES DATA IS MISSING.
T  INDICATES TRACE AMOUNT.




$$
