177
CDUS44 KJAN 290838
CLITVR


CLIMATE REPORT
NATIONAL WEATHER SERVICE JACKSON MS
337 AM CDT SUN MAY 29 2016


...................................

...THE VICKSBURG CLIMATE SUMMARY FOR MAY 28 2016...

CLIMATE NORMAL PERIOD 1981 TO 2010
CLIMATE RECORD PERIOD 1948 TO 2016


WEATHER ITEM   OBSERVED TIME   RECORD YEAR NORMAL DEPARTURE LAST
                VALUE   (LST)  VALUE       VALUE  FROM      YEAR
                                                  NORMAL
..................................................................
TEMPERATURE (F)
 YESTERDAY
  MAXIMUM         88    331 PM  95    1978  87      1       88
                                      1964
                                      1953
  MINIMUM         67    535 AM  42    1961  65      2       66
  AVERAGE         78                        76      2       77

PRECIPITATION (IN)
  YESTERDAY        0.00          1.74 2000   0.14  -0.14     0.00
  MONTH TO DATE    2.84                      4.59  -1.75     8.09
  SINCE MAR 1     25.47                     14.59  10.88    18.37
  SINCE JAN 1     35.47                     24.93  10.54    29.62

SNOWFALL (IN)
  YESTERDAY        0.0

DEGREE DAYS
 HEATING
  YESTERDAY        0                         0      0        0
  MONTH TO DATE    0                         9     -9        3
  SINCE MAR 1    129                       374   -245      264
  SINCE JUL 1   1507                      2350   -843     2522

 COOLING
  YESTERDAY       13                        11      2       12
  MONTH TO DATE  240                       219     21      255
  SINCE MAR 1    456                       328    128      409
  SINCE JAN 1    468                       337    131      409
..................................................................


WIND (MPH)
  HIGHEST WIND SPEED    21   HIGHEST WIND DIRECTION    SE (130)
  HIGHEST GUST SPEED    26   HIGHEST GUST DIRECTION    SE (140)
  AVERAGE WIND SPEED     4.8


SKY COVER
  POSSIBLE SUNSHINE  MM
  AVERAGE SKY COVER 0.0


WEATHER CONDITIONS
 THE FOLLOWING WEATHER WAS RECORDED YESTERDAY.
  NO SIGNIFICANT WEATHER WAS OBSERVED.


RELATIVE HUMIDITY (PERCENT)
 HIGHEST    93           200 AM
 LOWEST     48           500 PM
 AVERAGE    71

..........................................................


THE VICKSBURG CLIMATE NORMALS FOR TODAY
                         NORMAL    RECORD    YEAR
 MAXIMUM TEMPERATURE (F)   87        96      1951
 MINIMUM TEMPERATURE (F)   65        48      1961


SUNRISE AND SUNSET
MAY 29 2016...........SUNRISE   559 AM CDT   SUNSET   805 PM CDT
MAY 30 2016...........SUNRISE   558 AM CDT   SUNSET   805 PM CDT


-  INDICATES NEGATIVE NUMBERS.
R  INDICATES RECORD WAS SET OR TIED.
MM INDICATES DATA IS MISSING.
T  INDICATES TRACE AMOUNT.




$$
