000
CDUS44 KJAN 030644
CLITVR


CLIMATE REPORT
NATIONAL WEATHER SERVICE JACKSON MS
141 AM CDT THU SEP 3 2015


...................................

...THE VICKSBURG CLIMATE SUMMARY FOR SEPTEMBER 2 2015...

CLIMATE NORMAL PERIOD 1981 TO 2010
CLIMATE RECORD PERIOD 1948 TO 2015


WEATHER ITEM   OBSERVED TIME   RECORD YEAR NORMAL DEPARTURE LAST
                VALUE   (LST)  VALUE       VALUE  FROM      YEAR
                                                  NORMAL
..................................................................
TEMPERATURE (F)
 YESTERDAY
  MAXIMUM         91    206 PM 104    2000  90      1       91
  MINIMUM         71   1159 PM  50    1954  67      4       72
  AVERAGE         81                        79      2       82

PRECIPITATION (IN)
  YESTERDAY        0.00          2.01 2008   0.14  -0.14     0.95
  MONTH TO DATE    T                         0.27  -0.27     0.95
  SINCE SEP 1      T                         0.27  -0.27     0.95
  SINCE JAN 1     40.45                     36.84   3.61    45.19

SNOWFALL (IN)
  YESTERDAY        0.0

DEGREE DAYS
 HEATING
  YESTERDAY        0                         0      0        0
  MONTH TO DATE    0                         0      0        0
  SINCE SEP 1      0                         0      0        0
  SINCE JUL 1      0                         0      0        0

 COOLING
  YESTERDAY       16                        14      2       17
  MONTH TO DATE   31                        28      3       35
  SINCE SEP 1     31                        28      3       35
  SINCE JAN 1   2085                      1817    268     1693
..................................................................


WIND (MPH)
  HIGHEST WIND SPEED     8   HIGHEST WIND DIRECTION    NE (40)
  HIGHEST GUST SPEED    10   HIGHEST GUST DIRECTION     E (70)
  AVERAGE WIND SPEED     2.2


SKY COVER
  POSSIBLE SUNSHINE  MM
  AVERAGE SKY COVER 0.0


WEATHER CONDITIONS
 THE FOLLOWING WEATHER WAS RECORDED YESTERDAY.
  FOG


RELATIVE HUMIDITY (PERCENT)
 HIGHEST    94           800 PM
 LOWEST     50           100 PM
 AVERAGE    72

..........................................................


THE VICKSBURG CLIMATE NORMALS FOR TODAY
                         NORMAL    RECORD    YEAR
 MAXIMUM TEMPERATURE (F)   90       102      2000
 MINIMUM TEMPERATURE (F)   67        51      1952


SUNRISE AND SUNSET
SEPTEMBER  3 2015.....SUNRISE   640 AM CDT   SUNSET   726 PM CDT
SEPTEMBER  4 2015.....SUNRISE   641 AM CDT   SUNSET   725 PM CDT


-  INDICATES NEGATIVE NUMBERS.
R  INDICATES RECORD WAS SET OR TIED.
MM INDICATES DATA IS MISSING.
T  INDICATES TRACE AMOUNT.




$$
