000
CDUS44 KJAN 162210
CLITVR


CLIMATE REPORT
NATIONAL WEATHER SERVICE JACKSON MS
409 PM CST SAT DEC 16 2017


...................................

...THE VICKSBURG CLIMATE SUMMARY FOR DECEMBER 16 2017...
VALID TODAY AS OF 0400 PM LOCAL TIME.

CLIMATE NORMAL PERIOD 1981 TO 2010
CLIMATE RECORD PERIOD 1948 TO 2017


WEATHER ITEM   OBSERVED TIME   RECORD YEAR NORMAL DEPARTURE LAST
                VALUE   (LST)  VALUE       VALUE  FROM      YEAR
                                                  NORMAL
..................................................................
TEMPERATURE (F)
 TODAY
  MAXIMUM         58    340 PM  80    1975  58      0       67
  MINIMUM         23    704 AM  14    1955  37    -14       27
  AVERAGE         41                        48     -7       47

PRECIPITATION (IN)
  TODAY            0.00          2.16 2012   0.18  -0.18      T
  MONTH TO DATE    0.71                      3.11  -2.40     3.75
  SINCE DEC 1      0.71                      3.11  -2.40     3.75
  SINCE JAN 1     54.33                     52.24   2.09    58.57

SNOWFALL (IN)
  TODAY            0.0

DEGREE DAYS
 HEATING
  TODAY           24                        17      7       18
  MONTH TO DATE  297                       256     41      283
  SINCE DEC 1    297                       256     41      283
  SINCE JUL 1    654                       658     -4      560

 COOLING
  TODAY            0                         0      0        0
  MONTH TO DATE    0                         0      0        0
  SINCE DEC 1      0                         0      0        0
  SINCE JAN 1   2498                      2225    273     2919
..................................................................


WIND (MPH)
  HIGHEST WIND SPEED    12   HIGHEST WIND DIRECTION    SE (150)
  HIGHEST GUST SPEED    14   HIGHEST GUST DIRECTION     S (170)
  AVERAGE WIND SPEED     2.5


SKY COVER
  POSSIBLE SUNSHINE  MM
  AVERAGE SKY COVER 0.0


WEATHER CONDITIONS
 THE FOLLOWING WEATHER WAS RECORDED TODAY.
  FOG


RELATIVE HUMIDITY (PERCENT)
 HIGHEST   100           300 AM
 LOWEST     36           300 PM
 AVERAGE    68

..........................................................


THE VICKSBURG CLIMATE NORMALS FOR TOMORROW
                         NORMAL    RECORD    YEAR
 MAXIMUM TEMPERATURE (F)   58        82      2016
 MINIMUM TEMPERATURE (F)   37        17      1989


SUNRISE AND SUNSET
DECEMBER 16 2017......SUNRISE   659 AM CST   SUNSET   501 PM CST
DECEMBER 17 2017......SUNRISE   659 AM CST   SUNSET   501 PM CST


-  INDICATES NEGATIVE NUMBERS.
R  INDICATES RECORD WAS SET OR TIED.
MM INDICATES DATA IS MISSING.
T  INDICATES TRACE AMOUNT.




$$
