000
CDUS45 KBOI 240931
CLITWF


CLIMATE REPORT
NATIONAL WEATHER SERVICE BOISE ID
330 AM MDT SAT JUN 24 2017


...................................

...THE TWIN FALLS ID CLIMATE SUMMARY FOR JUNE 23 2017...

CLIMATE NORMAL PERIOD 1981 TO 2010
CLIMATE RECORD PERIOD 9999 TO 9999


WEATHER ITEM   OBSERVED TIME   NORMAL DEPARTURE LAST
                VALUE   (LST)  VALUE  FROM      YEAR
                                      NORMAL
......................................................
TEMPERATURE (F)
 YESTERDAY
  MAXIMUM         81    350 PM  83     -2       92
  MINIMUM         52    544 AM  52      0       58
  AVERAGE         67

PRECIPITATION (IN)
  YESTERDAY        0.00          0.02  -0.02     0.00
  MONTH TO DATE    0.75          0.79  -0.04     0.27
  SINCE OCT 1     11.62          9.37   2.25    10.81
  SINCE JAN 1      7.12          6.12   1.00     6.43

DEGREE DAYS
 HEATING
  YESTERDAY        0             2     -2        0
  MONTH TO DATE   72            81     -9       46
  SINCE JUN 1     72            81     -9       46
  SINCE JUL 1   6370          6165    205     5702

 COOLING
  YESTERDAY        2             4     -2       10
  MONTH TO DATE   68            54     14       91
  SINCE JUN 1     68            54     14       91
  SINCE JAN 1     77            76      1       94
......................................................


WIND (MPH)
  HIGHEST WIND SPEED    20   HIGHEST WIND DIRECTION     S (190)
  HIGHEST GUST SPEED    26   HIGHEST GUST DIRECTION     S (200)
  AVERAGE WIND SPEED     8.6


SKY COVER
  AVERAGE SKY COVER 0.0


WEATHER CONDITIONS
 THE FOLLOWING WEATHER WAS RECORDED YESTERDAY.
  NO SIGNIFICANT WEATHER WAS OBSERVED.


RELATIVE HUMIDITY (PERCENT)
 HIGHEST    42           900 PM
 LOWEST     18           400 PM
 AVERAGE    30

..........................................................




SUNRISE AND SUNSET
JUNE 24 2017..........SUNRISE   602 AM MDT   SUNSET   919 PM MDT
JUNE 25 2017..........SUNRISE   602 AM MDT   SUNSET   919 PM MDT


-  INDICATES NEGATIVE NUMBERS.
R  INDICATES RECORD WAS SET OR TIED.
MM INDICATES DATA IS MISSING.
T  INDICATES TRACE AMOUNT.




$$
