000
CDUS45 KBOI 270933
CLITWF


CLIMATE REPORT
NATIONAL WEATHER SERVICE BOISE ID
332 AM MDT FRI MAY 27 2016


...................................

...THE TWIN FALLS ID CLIMATE SUMMARY FOR MAY 26 2016...

CLIMATE NORMAL PERIOD 1981 TO 2010
CLIMATE RECORD PERIOD 9999 TO 9999


WEATHER ITEM   OBSERVED TIME   NORMAL DEPARTURE LAST
                VALUE   (LST)  VALUE  FROM      YEAR
                                      NORMAL
......................................................
TEMPERATURE (F)
 YESTERDAY
  MAXIMUM         71    345 PM  73     -2       74
  MINIMUM         46    530 AM  45      1       54
  AVERAGE         59

PRECIPITATION (IN)
  YESTERDAY        0.00          0.04  -0.04     0.00
  MONTH TO DATE    1.85          1.15   0.70     2.18
  SINCE OCT 1     10.52          8.37   2.15     7.04
  SINCE JAN 1      6.14          5.12   1.02     4.04

DEGREE DAYS
 HEATING
  YESTERDAY        6             7     -1        1
  MONTH TO DATE  256           256      0      185
  SINCE MAR 1   1334          1487   -153     1126
  SINCE JUL 1   5620          6054   -434     4819

 COOLING
  YESTERDAY        0             1     -1        0
  MONTH TO DATE    3            14    -11        0
  SINCE MAR 1      3            15    -12        0
  SINCE JAN 1      3            15    -12        0
......................................................


WIND (MPH)
  HIGHEST WIND SPEED    22   HIGHEST WIND DIRECTION     W (260)
  HIGHEST GUST SPEED    27   HIGHEST GUST DIRECTION     W (260)
  AVERAGE WIND SPEED    12.4


SKY COVER
  AVERAGE SKY COVER 0.1


WEATHER CONDITIONS
 THE FOLLOWING WEATHER WAS RECORDED YESTERDAY.
  NO SIGNIFICANT WEATHER WAS OBSERVED.


RELATIVE HUMIDITY (PERCENT)
 HIGHEST    71          1200 AM
 LOWEST     26           500 PM
 AVERAGE    49

..........................................................




SUNRISE AND SUNSET
MAY 27 2016...........SUNRISE   606 AM MDT   SUNSET   905 PM MDT
MAY 28 2016...........SUNRISE   605 AM MDT   SUNSET   906 PM MDT


-  INDICATES NEGATIVE NUMBERS.
R  INDICATES RECORD WAS SET OR TIED.
MM INDICATES DATA IS MISSING.
T  INDICATES TRACE AMOUNT.




$$
