000
CDUS45 KBOI 040932
CLITWF


CLIMATE REPORT
NATIONAL WEATHER SERVICE BOISE ID
330 AM MDT SAT JUL 4 2015


...................................

...THE TWIN FALLS ID CLIMATE SUMMARY FOR JULY 3 2015...

CLIMATE NORMAL PERIOD 1981 TO 2010
CLIMATE RECORD PERIOD 9999 TO 9999


WEATHER ITEM   OBSERVED TIME   NORMAL DEPARTURE LAST
                VALUE   (LST)  VALUE  FROM      YEAR
                                      NORMAL
......................................................
TEMPERATURE (F)
 YESTERDAY
  MAXIMUM        101    339 PM  87     14       94
  MINIMUM         74    507 AM  55     19       66
  AVERAGE         88

PRECIPITATION (IN)
  YESTERDAY        0.00          0.02  -0.02     0.00
  MONTH TO DATE    0.00          0.05  -0.05     0.00
  SINCE OCT 1      7.40          9.56  -2.16     6.92
  SINCE JAN 1      4.40          6.31  -1.91     6.45

DEGREE DAYS
 HEATING
  YESTERDAY        0             1     -1        0
  MONTH TO DATE    0             3     -3        0
  SINCE JUN 1      7            90    -83       58
  SINCE JUL 1      0             3     -3        0

 COOLING
  YESTERDAY       23             6     17       15
  MONTH TO DATE   66            18     48       30
  SINCE JUN 1    332           105    227      117
  SINCE JAN 1    348           127    221      150
......................................................


WIND (MPH)
  HIGHEST WIND SPEED    18   HIGHEST WIND DIRECTION     S (190)
  HIGHEST GUST SPEED    24   HIGHEST GUST DIRECTION     S (190)
  AVERAGE WIND SPEED    12.1


SKY COVER
  AVERAGE SKY COVER 0.0


WEATHER CONDITIONS
 THE FOLLOWING WEATHER WAS RECORDED YESTERDAY.
  NO SIGNIFICANT WEATHER WAS OBSERVED.


RELATIVE HUMIDITY (PERCENT)
 HIGHEST    30          1100 PM
 LOWEST     12           300 PM
 AVERAGE    21

..........................................................




SUNRISE AND SUNSET
JULY  4 2015..........SUNRISE   606 AM MDT   SUNSET   918 PM MDT
JULY  5 2015..........SUNRISE   607 AM MDT   SUNSET   918 PM MDT


-  INDICATES NEGATIVE NUMBERS.
R  INDICATES RECORD WAS SET OR TIED.
MM INDICATES DATA IS MISSING.
T  INDICATES TRACE AMOUNT.




$$
