000
CDUS45 KBOI 280932
CLITWF


CLIMATE REPORT
NATIONAL WEATHER SERVICE BOISE ID
331 AM MDT MON JUL 28 2014


...................................

...THE TWIN FALLS ID CLIMATE SUMMARY FOR JULY 27 2014...

CLIMATE NORMAL PERIOD 1981 TO 2010
CLIMATE RECORD PERIOD 9999 TO 9999


WEATHER ITEM   OBSERVED TIME   NORMAL DEPARTURE LAST
                VALUE   (LST)  VALUE  FROM      YEAR
                                      NORMAL
......................................................
TEMPERATURE (F)
 YESTERDAY
  MAXIMUM        100    409 PM  91      9       94
  MINIMUM         63    559 AM  59      4       71
  AVERAGE         82

PRECIPITATION (IN)
  YESTERDAY        0.00          0.01  -0.01      T
  MONTH TO DATE    0.23          0.26  -0.03     0.16
  SINCE OCT 1      7.15          9.77  -2.62     6.37
  SINCE JAN 1      6.68          6.52   0.16     3.19

DEGREE DAYS
 HEATING
  YESTERDAY        0             0      0        0
  MONTH TO DATE    0             3     -3        0
  SINCE JUN 1     58            90    -32       55
  SINCE JUL 1      0             3     -3        0

 COOLING
  YESTERDAY       17            10      7       18
  MONTH TO DATE  388           236    152      409
  SINCE JUN 1    475           323    152      582
  SINCE JAN 1    508           345    163      607
......................................................


WIND (MPH)
  HIGHEST WIND SPEED    15   HIGHEST WIND DIRECTION     S (190)
  HIGHEST GUST SPEED    16   HIGHEST GUST DIRECTION     N (20)
  AVERAGE WIND SPEED     7.8


SKY COVER
  AVERAGE SKY COVER 0.0


WEATHER CONDITIONS
 THE FOLLOWING WEATHER WAS RECORDED YESTERDAY.
  NO SIGNIFICANT WEATHER WAS OBSERVED.


RELATIVE HUMIDITY (PERCENT)
 HIGHEST    26           600 AM
 LOWEST     10           400 PM
 AVERAGE    18

..........................................................




SUNRISE AND SUNSET
JULY 28 2014..........SUNRISE   626 AM MDT   SUNSET   902 PM MDT
JULY 29 2014..........SUNRISE   627 AM MDT   SUNSET   901 PM MDT


-  INDICATES NEGATIVE NUMBERS.
R  INDICATES RECORD WAS SET OR TIED.
MM INDICATES DATA IS MISSING.
T  INDICATES TRACE AMOUNT.




$$
