218
CDUS45 KBOI 230932
CLITWF


CLIMATE REPORT
NATIONAL WEATHER SERVICE BOISE ID
232 AM MST THU FEB 23 2017


...................................

...THE TWIN FALLS ID CLIMATE SUMMARY FOR FEBRUARY 22 2017...

CLIMATE NORMAL PERIOD 1981 TO 2010
CLIMATE RECORD PERIOD 9999 TO 9999


WEATHER ITEM   OBSERVED TIME   NORMAL DEPARTURE LAST
                VALUE   (LST)  VALUE  FROM      YEAR
                                      NORMAL
......................................................
TEMPERATURE (F)
 YESTERDAY
  MAXIMUM         43   1137 AM  45     -2       44
  MINIMUM         27    706 AM  25      2       29
  AVERAGE         35

PRECIPITATION (IN)
  YESTERDAY        0.15          0.03   0.12      T
  MONTH TO DATE    1.26          0.66   0.60     0.17
  SINCE OCT 1      7.27          4.89   2.38     5.60
  SINCE JAN 1      2.77          1.64   1.13     1.22

DEGREE DAYS
 HEATING
  YESTERDAY       30            30      0       28
  MONTH TO DATE  612           724   -112      638
  SINCE DEC 1   3231          2954    277     2897
  SINCE JUL 1   4533          4392    141     4108

 COOLING
  YESTERDAY        0             0      0        0
  MONTH TO DATE    0             0      0        0
  SINCE DEC 1      0             0      0        0
  SINCE JAN 1      0             0      0        0
......................................................


WIND (MPH)
  HIGHEST WIND SPEED    22   HIGHEST WIND DIRECTION    SW (220)
  HIGHEST GUST SPEED    27   HIGHEST GUST DIRECTION    SW (230)
  AVERAGE WIND SPEED     7.7


SKY COVER
  AVERAGE SKY COVER 0.6


WEATHER CONDITIONS
 THE FOLLOWING WEATHER WAS RECORDED YESTERDAY.
  SNOW
  LIGHT SNOW
  FOG
  HAZE


RELATIVE HUMIDITY (PERCENT)
 HIGHEST   100          1000 PM
 LOWEST     44           100 PM
 AVERAGE    72

..........................................................




SUNRISE AND SUNSET
FEBRUARY 23 2017......SUNRISE   722 AM MST   SUNSET   621 PM MST
FEBRUARY 24 2017......SUNRISE   721 AM MST   SUNSET   622 PM MST


-  INDICATES NEGATIVE NUMBERS.
R  INDICATES RECORD WAS SET OR TIED.
MM INDICATES DATA IS MISSING.
T  INDICATES TRACE AMOUNT.




$$
