000
CDUS44 KSHV 250751
CLITXK


CLIMATE REPORT
NATIONAL WEATHER SERVICE SHREVEPORT, LA
250 AM CDT TUE APR 25 2017


...................................

...THE TEXARKANA CLIMATE SUMMARY FOR APRIL 24 2017...

CLIMATE NORMAL PERIOD 1981 TO 2010
CLIMATE RECORD PERIOD 1896 TO 2017


WEATHER ITEM   OBSERVED TIME   RECORD YEAR NORMAL DEPARTURE LAST
                VALUE   (LST)  VALUE       VALUE  FROM      YEAR
                                                  NORMAL
..................................................................
TEMPERATURE (F)
 YESTERDAY
  MAXIMUM         77    435 PM  95    1965  77      0       79
  MINIMUM         44    604 AM  38    1903  55    -11       63
  AVERAGE         61                        66     -5       71

PRECIPITATION (IN)
  YESTERDAY        0.00          3.43 1964   0.14  -0.14     0.00
  MONTH TO DATE    3.28                      3.04   0.24     4.62
  SINCE DEC 1     21.02                     19.68   1.34    24.95
  SINCE JAN 1     14.60                     14.63  -0.03    18.97

SNOWFALL (IN)
  YESTERDAY        0.0
  MONTH TO DATE    0.0
  SINCE MAR 1      0.0
  SINCE JUL 1      0.1
  SNOW DEPTH       0

DEGREE DAYS
 HEATING
  YESTERDAY        4                         2      2        0
  MONTH TO DATE   34                        99    -65       60
  SINCE MAR 1    233                       399   -166      238
  SINCE JUL 1   1684                      2593   -909     1891

 COOLING
  YESTERDAY        0                         3     -3        6
  MONTH TO DATE   76                        53     23       35
  SINCE MAR 1    125                        72     53       61
  SINCE JAN 1    157                        76     81       67
..................................................................


WIND (MPH)
  HIGHEST WIND SPEED    14   HIGHEST WIND DIRECTION     S (190)
  HIGHEST GUST SPEED    18   HIGHEST GUST DIRECTION     S (200)
  AVERAGE WIND SPEED     4.8


SKY COVER
  POSSIBLE SUNSHINE  MM
  AVERAGE SKY COVER 0.0


WEATHER CONDITIONS
 THE FOLLOWING WEATHER WAS RECORDED YESTERDAY.
  NO SIGNIFICANT WEATHER WAS OBSERVED.


RELATIVE HUMIDITY (PERCENT)
 HIGHEST   100           600 AM
 LOWEST     27          1200 PM
 AVERAGE    64

..........................................................


THE TEXARKANA CLIMATE NORMALS FOR TODAY
                         NORMAL    RECORD    YEAR
 MAXIMUM TEMPERATURE (F)   78        91      1900
 MINIMUM TEMPERATURE (F)   55        33      1898


SUNRISE AND SUNSET
APRIL 25 2017.........SUNRISE   634 AM CDT   SUNSET   755 PM CDT
APRIL 26 2017.........SUNRISE   633 AM CDT   SUNSET   755 PM CDT


-  INDICATES NEGATIVE NUMBERS.
R  INDICATES RECORD WAS SET OR TIED.
MM INDICATES DATA IS MISSING.
T  INDICATES TRACE AMOUNT.




$$
