000
CDUS44 KSHV 040733
CLITXK


CLIMATE REPORT
NATIONAL WEATHER SERVICE SHREVEPORT, LA
232 AM CDT WED MAY 4 2016


...................................

...THE TEXARKANA CLIMATE SUMMARY FOR MAY 3 2016...

CLIMATE NORMAL PERIOD 1981 TO 2010
CLIMATE RECORD PERIOD 1896 TO 2016


WEATHER ITEM   OBSERVED TIME   RECORD YEAR NORMAL DEPARTURE LAST
                VALUE   (LST)  VALUE       VALUE  FROM      YEAR
                                                  NORMAL
..................................................................
TEMPERATURE (F)
 YESTERDAY
  MAXIMUM         72    426 PM  91    1943  79     -7       82
  MINIMUM         50    605 AM  38    1970  58     -8       62
  AVERAGE         61                        68     -7       72

PRECIPITATION (IN)
  YESTERDAY        0.00          2.52 1975   0.18  -0.18     0.00
  MONTH TO DATE    0.07                      0.52  -0.45     0.00
  SINCE DEC 1     28.45                     21.10   7.35    27.87
  SINCE JAN 1     22.47                     16.05   6.42    25.19

SNOWFALL (IN)
  YESTERDAY        0.0
  MONTH TO DATE    0.0
  SINCE MAR 1      0.0
  SINCE JUL 1      0.0
  SNOW DEPTH       0

DEGREE DAYS
 HEATING
  YESTERDAY        4                         1      3        0
  MONTH TO DATE    9                         3      6        0
  SINCE MAR 1    247                       412   -165      422
  SINCE JUL 1   1900                      2606   -706     2803

 COOLING
  YESTERDAY        0                         4     -4        7
  MONTH TO DATE    8                        12     -4        8
  SINCE MAR 1    117                       105     12      105
  SINCE JAN 1    123                       109     14      105
..................................................................


WIND (MPH)
  HIGHEST WIND SPEED    13   HIGHEST WIND DIRECTION    NW (310)
  HIGHEST GUST SPEED    17   HIGHEST GUST DIRECTION    NW (320)
  AVERAGE WIND SPEED     5.4


SKY COVER
  POSSIBLE SUNSHINE  MM
  AVERAGE SKY COVER 0.1


WEATHER CONDITIONS
 THE FOLLOWING WEATHER WAS RECORDED YESTERDAY.
  NO SIGNIFICANT WEATHER WAS OBSERVED.


RELATIVE HUMIDITY (PERCENT)
 HIGHEST    89           100 AM
 LOWEST     41           500 PM
 AVERAGE    65

..........................................................


THE TEXARKANA CLIMATE NORMALS FOR TODAY
                         NORMAL    RECORD    YEAR
 MAXIMUM TEMPERATURE (F)   80        92      1947
 MINIMUM TEMPERATURE (F)   58        39      1954


SUNRISE AND SUNSET
MAY  4 2016...........SUNRISE   624 AM CDT   SUNSET   802 PM CDT
MAY  5 2016...........SUNRISE   623 AM CDT   SUNSET   802 PM CDT


-  INDICATES NEGATIVE NUMBERS.
R  INDICATES RECORD WAS SET OR TIED.
MM INDICATES DATA IS MISSING.
T  INDICATES TRACE AMOUNT.




$$
