000
CDUS44 KSHV 180833
CLITXK


CLIMATE REPORT
NATIONAL WEATHER SERVICE SHREVEPORT, LA
232 AM CST THU JAN 18 2018


...................................

...THE TEXARKANA CLIMATE SUMMARY FOR JANUARY 17 2018...

CLIMATE NORMAL PERIOD 1981 TO 2010
CLIMATE RECORD PERIOD 1896 TO 2018


WEATHER ITEM   OBSERVED TIME   RECORD YEAR NORMAL DEPARTURE LAST
                VALUE   (LST)  VALUE       VALUE  FROM      YEAR
                                                  NORMAL
..................................................................
TEMPERATURE (F)
 YESTERDAY
  MAXIMUM         28    413 PM  79    1952  54    -26       54
  MINIMUM          6R   752 AM  11    1981  34    -28       48
  AVERAGE         17                        44    -27       51

PRECIPITATION (IN)
  YESTERDAY        0.00          2.07 1990   0.09  -0.09     0.39
  MONTH TO DATE    2.05                      1.88   0.17     2.07
  SINCE DEC 1      8.64                      6.93   1.71     8.49
  SINCE JAN 1      2.05                      1.88   0.17     2.07

SNOWFALL (IN)
  YESTERDAY        0.0
  MONTH TO DATE    T
  SINCE DEC 1      T
  SINCE JUL 1      T
  SNOW DEPTH       0

DEGREE DAYS
 HEATING
  YESTERDAY       48                        21     27       14
  MONTH TO DATE  507                       370    137      263
  SINCE DEC 1   1101                       979    122      768
  SINCE JUL 1   1457                      1437     20     1002

 COOLING
  YESTERDAY        0                         0      0        0
  MONTH TO DATE    0                         0      0       14
  SINCE DEC 1      2                         3     -1       21
  SINCE JAN 1      0                         0      0       14
..................................................................


WIND (MPH)
  HIGHEST WIND SPEED     7   HIGHEST WIND DIRECTION    NE (40)
  HIGHEST GUST SPEED     9   HIGHEST GUST DIRECTION     E (80)
  AVERAGE WIND SPEED     1.7


SKY COVER
  POSSIBLE SUNSHINE  MM
  AVERAGE SKY COVER 0.0


WEATHER CONDITIONS
 THE FOLLOWING WEATHER WAS RECORDED YESTERDAY.
  HAZE


RELATIVE HUMIDITY (PERCENT)
 HIGHEST    88           700 AM
 LOWEST     46           300 PM
 AVERAGE    67

..........................................................


THE TEXARKANA CLIMATE NORMALS FOR TODAY
                         NORMAL    RECORD    YEAR
 MAXIMUM TEMPERATURE (F)   54        77      1950
 MINIMUM TEMPERATURE (F)   34        -3      1930


SUNRISE AND SUNSET
JANUARY 18 2018.......SUNRISE   719 AM CST   SUNSET   534 PM CST
JANUARY 19 2018.......SUNRISE   719 AM CST   SUNSET   535 PM CST


-  INDICATES NEGATIVE NUMBERS.
R  INDICATES RECORD WAS SET OR TIED.
MM INDICATES DATA IS MISSING.
T  INDICATES TRACE AMOUNT.




$$
