000
CDUS44 KSHV 030802
CLITXK


CLIMATE REPORT
NATIONAL WEATHER SERVICE SHREVEPORT, LA
256 AM CDT FRI JUL 3 2015


...................................

...THE TEXARKANA CLIMATE SUMMARY FOR JULY 2 2015...

CLIMATE NORMAL PERIOD 1981 TO 2010
CLIMATE RECORD PERIOD 1896 TO 2015


WEATHER ITEM   OBSERVED TIME   RECORD YEAR NORMAL DEPARTURE LAST
                VALUE   (LST)  VALUE       VALUE  FROM      YEAR
                                                  NORMAL
..................................................................
TEMPERATURE (F)
 YESTERDAY
  MAXIMUM         91    304 PM 104    1931  92     -1       91
  MINIMUM         74    524 AM  57    1924  71      3       71
  AVERAGE         83                        81      2       81

PRECIPITATION (IN)
  YESTERDAY        T             6.60 1940   0.12  -0.12     0.02
  MONTH TO DATE    T                         0.25  -0.25     0.02
  SINCE DEC 1     39.93                     30.37   9.56    25.35
  SINCE JAN 1     37.25                     25.32  11.93    19.52

SNOWFALL (IN)
  YESTERDAY        0.0
  MONTH TO DATE    0.0
  SINCE JUN 1      0.0
  SINCE JUL 1      0.0
  SNOW DEPTH       0

DEGREE DAYS
 HEATING
  YESTERDAY        0                         0      0        0
  MONTH TO DATE    0                         0      0        0
  SINCE JUN 1      0                         0      0        0
  SINCE JUL 1      0                         0      0        0

 COOLING
  YESTERDAY       18                        16      2       16
  MONTH TO DATE   35                        32      3       35
  SINCE JUN 1    514                       437     77      464
  SINCE JAN 1    838                       757     81      758
..................................................................


WIND (MPH)
  HIGHEST WIND SPEED    23   HIGHEST WIND DIRECTION    SW (240)
  HIGHEST GUST SPEED    33   HIGHEST GUST DIRECTION    SW (210)
  AVERAGE WIND SPEED    11.6


SKY COVER
  POSSIBLE SUNSHINE  MM
  AVERAGE SKY COVER 0.0


WEATHER CONDITIONS
 THE FOLLOWING WEATHER WAS RECORDED YESTERDAY.
  LIGHT RAIN


RELATIVE HUMIDITY (PERCENT)
 HIGHEST    85          1100 PM
 LOWEST     50           100 PM
 AVERAGE    68

..........................................................


THE TEXARKANA CLIMATE NORMALS FOR TODAY
                         NORMAL    RECORD    YEAR
 MAXIMUM TEMPERATURE (F)   92       105      1933
 MINIMUM TEMPERATURE (F)   71        56      1929


SUNRISE AND SUNSET
JULY  3 2015..........SUNRISE   611 AM CDT   SUNSET   830 PM CDT
JULY  4 2015..........SUNRISE   611 AM CDT   SUNSET   830 PM CDT


-  INDICATES NEGATIVE NUMBERS.
R  INDICATES RECORD WAS SET OR TIED.
MM INDICATES DATA IS MISSING.
T  INDICATES TRACE AMOUNT.




$$
