000
CDUS44 KSHV 200748
CLITXK


CLIMATE REPORT
NATIONAL WEATHER SERVICE SHREVEPORT, LA
247 AM CDT SUN APR 20 2014


...................................

...THE TEXARKANA CLIMATE SUMMARY FOR APRIL 19 2014...

CLIMATE NORMAL PERIOD 1981 TO 2010
CLIMATE RECORD PERIOD 1896 TO 2014


WEATHER ITEM   OBSERVED TIME   RECORD YEAR NORMAL DEPARTURE LAST
                VALUE   (LST)  VALUE       VALUE  FROM      YEAR
                                                  NORMAL
..................................................................
TEMPERATURE (F)
 YESTERDAY
  MAXIMUM         77    331 PM  94    1902  76      1       60
  MINIMUM         49    433 AM  33    1953  53     -4       37
  AVERAGE         63                        65     -2       49

PRECIPITATION (IN)
  YESTERDAY        0.00          1.94 1982   0.13  -0.13     0.00
  MONTH TO DATE    2.26                      2.35  -0.09     2.45
  SINCE DEC 1     15.32                     18.99  -3.67    14.96
  SINCE JAN 1      9.49                     13.94  -4.45    10.50

SNOWFALL (IN)
  YESTERDAY        0.0
  MONTH TO DATE    0.0
  SINCE MAR 1      T
  SINCE JUL 1      1.7
  SNOW DEPTH       0

DEGREE DAYS
 HEATING
  YESTERDAY        2                         3     -1       16
  MONTH TO DATE  133                        87     46      111
  SINCE MAR 1    527                       387    140      501
  SINCE JUL 1   2995                      2581    414     2447

 COOLING
  YESTERDAY        0                         3     -3        0
  MONTH TO DATE   29                        38     -9       57
  SINCE MAR 1     36                        57    -21       68
  SINCE JAN 1     36                        61    -25       72
..................................................................


WIND (MPH)
  HIGHEST WIND SPEED     9   HIGHEST WIND DIRECTION    NE (40)
  HIGHEST GUST SPEED    13   HIGHEST GUST DIRECTION     S (170)
  AVERAGE WIND SPEED     2.7


SKY COVER
  POSSIBLE SUNSHINE  MM
  AVERAGE SKY COVER 0.3


WEATHER CONDITIONS
 THE FOLLOWING WEATHER WAS RECORDED YESTERDAY.
  FOG
  HAZE


RELATIVE HUMIDITY (PERCENT)
 HIGHEST    89           200 AM
 LOWEST     43           300 PM
 AVERAGE    66

..........................................................


THE TEXARKANA CLIMATE NORMALS FOR TODAY
                         NORMAL    RECORD    YEAR
 MAXIMUM TEMPERATURE (F)   76        92      1987
 MINIMUM TEMPERATURE (F)   54        35      1901


SUNRISE AND SUNSET
APRIL 20 2014.........SUNRISE   640 AM CDT   SUNSET   751 PM CDT
APRIL 21 2014.........SUNRISE   639 AM CDT   SUNSET   751 PM CDT


-  INDICATES NEGATIVE NUMBERS.
R  INDICATES RECORD WAS SET OR TIED.
MM INDICATES DATA IS MISSING.
T  INDICATES TRACE AMOUNT.




$$
