000
CDUS44 KSHV 212140
CLITXK


CLIMATE REPORT
NATIONAL WEATHER SERVICE SHREVEPORT, LA
436 PM CDT MON AUG 21 2017


...................................

...THE TEXARKANA CLIMATE SUMMARY FOR AUGUST 21 2017...
VALID TODAY AS OF 0400 PM LOCAL TIME.

CLIMATE NORMAL PERIOD 1981 TO 2010
CLIMATE RECORD PERIOD 1896 TO 2017


WEATHER ITEM   OBSERVED TIME   RECORD YEAR NORMAL DEPARTURE LAST
                VALUE   (LST)  VALUE       VALUE  FROM      YEAR
                                                  NORMAL
..................................................................
TEMPERATURE (F)
 TODAY
  MAXIMUM         90    209 PM 106    1936  93     -3       81
  MINIMUM         73    525 AM  57    1940  71      2       72
  AVERAGE         82                        82      0       77

PRECIPITATION (IN)
  TODAY            0.00          3.44 1970   0.10  -0.10     0.01
  MONTH TO DATE    8.38                      1.88   6.50     5.43
  SINCE DEC 1     45.55                     35.44  10.11    44.24
  SINCE JAN 1     39.13                     30.39   8.74    38.26

DEGREE DAYS
 HEATING
  TODAY            0                         0      0        0
  MONTH TO DATE    0                         0      0        0
  SINCE JUN 1      0                         0      0        0
  SINCE JUL 1      0                         0      0        0

 COOLING
  TODAY           17                        17      0       12
  MONTH TO DATE  313                       372    -59      365
  SINCE JUN 1   1226                      1312    -86     1482
  SINCE JAN 1   1586                      1632    -46     1772
..................................................................


WIND (MPH)
  HIGHEST WIND SPEED     9   HIGHEST WIND DIRECTION     S (180)
  HIGHEST GUST SPEED    13   HIGHEST GUST DIRECTION     S (190)
  AVERAGE WIND SPEED     3.7


SKY COVER
  POSSIBLE SUNSHINE  MM
  AVERAGE SKY COVER 0.1


WEATHER CONDITIONS
 THE FOLLOWING WEATHER WAS RECORDED TODAY.
  FOG


RELATIVE HUMIDITY (PERCENT)
 HIGHEST   100          1200 AM
 LOWEST     64           200 PM
 AVERAGE    82

..........................................................


THE TEXARKANA CLIMATE NORMALS FOR TOMORROW
                         NORMAL    RECORD    YEAR
 MAXIMUM TEMPERATURE (F)   93       105      2010
 MINIMUM TEMPERATURE (F)   70        56      1956


SUNRISE AND SUNSET
AUGUST 21 2017........SUNRISE   643 AM CDT   SUNSET   755 PM CDT
AUGUST 22 2017........SUNRISE   643 AM CDT   SUNSET   754 PM CDT


-  INDICATES NEGATIVE NUMBERS.
R  INDICATES RECORD WAS SET OR TIED.
MM INDICATES DATA IS MISSING.
T  INDICATES TRACE AMOUNT.




$$
