860
CDUS44 KSHV 240738
CLITXK


CLIMATE REPORT
NATIONAL WEATHER SERVICE SHREVEPORT, LA
237 AM CDT WED MAY 24 2017


...................................

...THE TEXARKANA CLIMATE SUMMARY FOR MAY 23 2017...

CLIMATE NORMAL PERIOD 1981 TO 2010
CLIMATE RECORD PERIOD 1896 TO 2017


WEATHER ITEM   OBSERVED TIME   RECORD YEAR NORMAL DEPARTURE LAST
                VALUE   (LST)  VALUE       VALUE  FROM      YEAR
                                                  NORMAL
..................................................................
TEMPERATURE (F)
 YESTERDAY
  MAXIMUM         77    224 PM  94    1921  84     -7       84
  MINIMUM         58    550 AM  47    1963  63     -5       61
  AVERAGE         68                        74     -6       73

PRECIPITATION (IN)
  YESTERDAY        0.53          2.62 1957   0.16   0.37      T
  MONTH TO DATE    3.50                      3.92  -0.42     2.17
  SINCE DEC 1     26.54                     24.50   2.04    30.55
  SINCE JAN 1     20.12                     19.45   0.67    24.57

SNOWFALL (IN)
  YESTERDAY        0.0
  MONTH TO DATE    0.0
  SINCE MAR 1      0.0
  SINCE JUL 1      0.1
  SNOW DEPTH       0

DEGREE DAYS
 HEATING
  YESTERDAY        0                         0      0        0
  MONTH TO DATE    9                        12     -3       17
  SINCE MAR 1    254                       421   -167      255
  SINCE JUL 1   1705                      2615   -910     1908

 COOLING
  YESTERDAY        3                         9     -6        8
  MONTH TO DATE  115                       145    -30       87
  SINCE MAR 1    260                       238     22      196
  SINCE JAN 1    292                       242     50      202
..................................................................


WIND (MPH)
  HIGHEST WIND SPEED    23   HIGHEST WIND DIRECTION    NW (300)
  HIGHEST GUST SPEED    36   HIGHEST GUST DIRECTION    NW (300)
  AVERAGE WIND SPEED     6.5


SKY COVER
  POSSIBLE SUNSHINE  MM
  AVERAGE SKY COVER 0.6


WEATHER CONDITIONS
 THE FOLLOWING WEATHER WAS RECORDED YESTERDAY.
  THUNDERSTORM
  HEAVY RAIN
  RAIN
  LIGHT RAIN
  FOG


RELATIVE HUMIDITY (PERCENT)
 HIGHEST   100           300 AM
 LOWEST     57          1200 PM
 AVERAGE    79

..........................................................


THE TEXARKANA CLIMATE NORMALS FOR TODAY
                         NORMAL    RECORD    YEAR
 MAXIMUM TEMPERATURE (F)   84        95      1939
 MINIMUM TEMPERATURE (F)   63        47      1935


SUNRISE AND SUNSET
MAY 24 2017...........SUNRISE   610 AM CDT   SUNSET   816 PM CDT
MAY 25 2017...........SUNRISE   610 AM CDT   SUNSET   817 PM CDT


-  INDICATES NEGATIVE NUMBERS.
R  INDICATES RECORD WAS SET OR TIED.
MM INDICATES DATA IS MISSING.
T  INDICATES TRACE AMOUNT.




$$
