000
CDUS44 KSHV 270834
CLITXK


CLIMATE REPORT
NATIONAL WEATHER SERVICE SHREVEPORT, LA
233 AM CST THU NOV 27 2014


...................................

...THE TEXARKANA CLIMATE SUMMARY FOR NOVEMBER 26 2014...

CLIMATE NORMAL PERIOD 1981 TO 2010
CLIMATE RECORD PERIOD 1896 TO 2014


WEATHER ITEM   OBSERVED TIME   RECORD YEAR NORMAL DEPARTURE LAST
                VALUE   (LST)  VALUE       VALUE  FROM      YEAR
                                                  NORMAL
..................................................................
TEMPERATURE (F)
 YESTERDAY
  MAXIMUM         65    133 PM  88    1965  61      4       46
  MINIMUM         37    339 AM  24    1928  40     -3       35
  AVERAGE         51                        50      1       41

PRECIPITATION (IN)
  YESTERDAY        0.00          3.88 1988   0.16  -0.16     0.07
  MONTH TO DATE    3.12                      4.09  -0.97     3.58
  SINCE DEC 1     38.39                     48.92 -10.53    43.97
  SINCE JAN 1     32.56                     43.87 -11.31    39.51

SNOWFALL (IN)
  YESTERDAY        0.0
  MONTH TO DATE    T
  SINCE SEP 1      T
  SINCE JUL 1      T
  SNOW DEPTH       0

DEGREE DAYS
 HEATING
  YESTERDAY       14                        15     -1       24
  MONTH TO DATE  426                       276    150      337
  SINCE SEP 1    474                       394     80      429
  SINCE JUL 1    474                       394     80      429

 COOLING
  YESTERDAY        0                         0      0        0
  MONTH TO DATE    2                        14    -12        6
  SINCE SEP 1    477                       414     63      537
  SINCE JAN 1   2128                      2202    -74     2352
..................................................................


WIND (MPH)
  HIGHEST WIND SPEED    18   HIGHEST WIND DIRECTION     W (290)
  HIGHEST GUST SPEED    27   HIGHEST GUST DIRECTION     W (250)
  AVERAGE WIND SPEED    10.0


SKY COVER
  POSSIBLE SUNSHINE  MM
  AVERAGE SKY COVER 0.0


WEATHER CONDITIONS
 THE FOLLOWING WEATHER WAS RECORDED YESTERDAY.
  NO SIGNIFICANT WEATHER WAS OBSERVED.


RELATIVE HUMIDITY (PERCENT)
 HIGHEST    82           300 AM
 LOWEST     28           100 PM
 AVERAGE    55

..........................................................


THE TEXARKANA CLIMATE NORMALS FOR TODAY
                         NORMAL    RECORD    YEAR
 MAXIMUM TEMPERATURE (F)   60        83      1927
 MINIMUM TEMPERATURE (F)   40        19      1938


SUNRISE AND SUNSET
NOVEMBER 27 2014......SUNRISE   658 AM CST   SUNSET   509 PM CST
NOVEMBER 28 2014......SUNRISE   659 AM CST   SUNSET   508 PM CST


-  INDICATES NEGATIVE NUMBERS.
R  INDICATES RECORD WAS SET OR TIED.
MM INDICATES DATA IS MISSING.
T  INDICATES TRACE AMOUNT.




$$
