000
CDUS44 KSHV 270747
CLITXK


CLIMATE REPORT
NATIONAL WEATHER SERVICE SHREVEPORT, LA
246 AM CDT WED AUG 27 2014


...................................

...THE TEXARKANA CLIMATE SUMMARY FOR AUGUST 26 2014...

CLIMATE NORMAL PERIOD 1981 TO 2010
CLIMATE RECORD PERIOD 1896 TO 2014


WEATHER ITEM   OBSERVED TIME   RECORD YEAR NORMAL DEPARTURE LAST
                VALUE   (LST)  VALUE       VALUE  FROM      YEAR
                                                  NORMAL
..................................................................
TEMPERATURE (F)
 YESTERDAY
  MAXIMUM         94    258 PM 106    1938  92      2       96
  MINIMUM         71    553 AM  59    1966  70      1       70
  AVERAGE         83                        81      2       83

PRECIPITATION (IN)
  YESTERDAY        T             1.09 1946   0.10  -0.10     0.00
  MONTH TO DATE    2.05                      2.38  -0.33     0.27
  SINCE DEC 1     30.48                     35.94  -5.46    24.04
  SINCE JAN 1     24.65                     30.89  -6.24    19.58

SNOWFALL (IN)
  YESTERDAY        0.0
  MONTH TO DATE    0.0
  SINCE JUN 1      0.0
  SINCE JUL 1      0.0
  SNOW DEPTH       0

DEGREE DAYS
 HEATING
  YESTERDAY        0                         0      0        0
  MONTH TO DATE    0                         0      0        0
  SINCE JUN 1      0                         0      0        0
  SINCE JUL 1      0                         0      0        0

 COOLING
  YESTERDAY       18                        16      2       18
  MONTH TO DATE  425                       453    -28      461
  SINCE JUN 1   1272                      1393   -121     1410
  SINCE JAN 1   1566                      1713   -147     1708
..................................................................


WIND (MPH)
  HIGHEST WIND SPEED    21   HIGHEST WIND DIRECTION    NE (50)
  HIGHEST GUST SPEED    28   HIGHEST GUST DIRECTION     E (70)
  AVERAGE WIND SPEED     4.2


SKY COVER
  POSSIBLE SUNSHINE  MM
  AVERAGE SKY COVER 0.1


WEATHER CONDITIONS
 THE FOLLOWING WEATHER WAS RECORDED YESTERDAY.
  LIGHT RAIN
  FOG


RELATIVE HUMIDITY (PERCENT)
 HIGHEST   100           400 AM
 LOWEST     49           300 PM
 AVERAGE    75

..........................................................


THE TEXARKANA CLIMATE NORMALS FOR TODAY
                         NORMAL    RECORD    YEAR
 MAXIMUM TEMPERATURE (F)   92       106      1938
 MINIMUM TEMPERATURE (F)   69        59      2010


SUNRISE AND SUNSET
AUGUST 27 2014........SUNRISE   647 AM CDT   SUNSET   748 PM CDT
AUGUST 28 2014........SUNRISE   647 AM CDT   SUNSET   746 PM CDT


-  INDICATES NEGATIVE NUMBERS.
R  INDICATES RECORD WAS SET OR TIED.
MM INDICATES DATA IS MISSING.
T  INDICATES TRACE AMOUNT.




$$
