000
CDUS44 KSHV 230745
CLITXK


CLIMATE REPORT
NATIONAL WEATHER SERVICE SHREVEPORT, LA
241 AM CDT MON OCT 23 2017


...................................

...THE TEXARKANA CLIMATE SUMMARY FOR OCTOBER 22 2017...

CLIMATE NORMAL PERIOD 1981 TO 2010
CLIMATE RECORD PERIOD 1896 TO 2017


WEATHER ITEM   OBSERVED TIME   RECORD YEAR NORMAL DEPARTURE LAST
                VALUE   (LST)  VALUE       VALUE  FROM      YEAR
                                                  NORMAL
..................................................................
TEMPERATURE (F)
 YESTERDAY
  MAXIMUM         73    111 AM  96    1939  74     -1       75
  MINIMUM         49   1155 PM  32    1898  51     -2       42
  AVERAGE         61                        63     -2       59

PRECIPITATION (IN)
  YESTERDAY        1.67          2.35 2009   0.17   1.50     0.00
  MONTH TO DATE    1.75                      3.47  -1.72     0.24
  SINCE DEC 1     48.32                     43.37   4.95    45.48
  SINCE JAN 1     41.90                     38.32   3.58    39.50

SNOWFALL (IN)
  YESTERDAY        0.0
  MONTH TO DATE    0.0
  SINCE SEP 1      0.0
  SINCE JUL 1      0.0
  SNOW DEPTH       0

DEGREE DAYS
 HEATING
  YESTERDAY        4                         4      0        6
  MONTH TO DATE   26                        56    -30       16
  SINCE SEP 1     26                        67    -41       16
  SINCE JUL 1     26                        67    -41       16

 COOLING
  YESTERDAY        0                         2     -2        0
  MONTH TO DATE  137                        80     57      156
  SINCE SEP 1    446                       386     60      561
  SINCE JAN 1   2150                      2174    -24     2501
..................................................................


WIND (MPH)
  HIGHEST WIND SPEED    30   HIGHEST WIND DIRECTION    NW (310)
  HIGHEST GUST SPEED    46   HIGHEST GUST DIRECTION    NW (300)
  AVERAGE WIND SPEED     6.9


SKY COVER
  POSSIBLE SUNSHINE  MM
  AVERAGE SKY COVER 0.7


WEATHER CONDITIONS
 THE FOLLOWING WEATHER WAS RECORDED YESTERDAY.
  THUNDERSTORM
  HEAVY RAIN
  RAIN
  LIGHT RAIN
  FOG


RELATIVE HUMIDITY (PERCENT)
 HIGHEST   100           500 AM
 LOWEST     66           200 PM
 AVERAGE    83

..........................................................


THE TEXARKANA CLIMATE NORMALS FOR TODAY
                         NORMAL    RECORD    YEAR
 MAXIMUM TEMPERATURE (F)   74        96      1939
 MINIMUM TEMPERATURE (F)   51        29      1937


SUNRISE AND SUNSET
OCTOBER 23 2017.......SUNRISE   727 AM CDT   SUNSET   633 PM CDT
OCTOBER 24 2017.......SUNRISE   728 AM CDT   SUNSET   632 PM CDT


-  INDICATES NEGATIVE NUMBERS.
R  INDICATES RECORD WAS SET OR TIED.
MM INDICATES DATA IS MISSING.
T  INDICATES TRACE AMOUNT.




$$
