000
CDUS44 KSHV 070855
CLITYR


CLIMATE REPORT
NATIONAL WEATHER SERVICE SHREVEPORT, LA
249 AM CST WED DEC 7 2016


...................................

...THE TYLER CLIMATE SUMMARY FOR DECEMBER 6 2016...

CLIMATE NORMAL PERIOD 1981 TO 2010
CLIMATE RECORD PERIOD 1896 TO 2016


WEATHER ITEM   OBSERVED TIME   RECORD YEAR NORMAL DEPARTURE LAST
                VALUE   (LST)  VALUE       VALUE  FROM      YEAR
                                                  NORMAL
..................................................................
TEMPERATURE (F)
 YESTERDAY
  MAXIMUM         51    737 PM  82    1956  59     -8       68
  MINIMUM         47   1159 PM  13    1950  40      7       38
  AVERAGE         49                        50     -1       53

PRECIPITATION (IN)
  YESTERDAY        0.02          4.00 1935   0.13  -0.11     0.00
  MONTH TO DATE    1.73                      0.78   0.95     0.00
  SINCE DEC 1      1.73                      0.78   0.95     0.00
  SINCE JAN 1     35.75                     42.33  -6.58    58.28

SNOWFALL (IN)
  YESTERDAY       MM
  MONTH TO DATE    0.0
  SINCE DEC 1      0.0
  SINCE JUL 1      0.0
  SNOW DEPTH       0

DEGREE DAYS
 HEATING
  YESTERDAY       16                        16      0       12
  MONTH TO DATE   91                        92     -1       96
  SINCE DEC 1     91                        92     -1       96
  SINCE JUL 1    222                       466   -244      289

 COOLING
  YESTERDAY        0                         0      0        0
  MONTH TO DATE    0                         0      0        0
  SINCE DEC 1      0                         0      0        0
  SINCE JAN 1   3093                      2411    682     2983
..................................................................


WIND (MPH)
  HIGHEST WIND SPEED    13   HIGHEST WIND DIRECTION     N (360)
  HIGHEST GUST SPEED    16   HIGHEST GUST DIRECTION     N (20)
  AVERAGE WIND SPEED     5.1


SKY COVER
  POSSIBLE SUNSHINE  MM
  AVERAGE SKY COVER 1.0


WEATHER CONDITIONS
 THE FOLLOWING WEATHER WAS RECORDED YESTERDAY.
  LIGHT RAIN
  FOG


RELATIVE HUMIDITY (PERCENT)
 HIGHEST   100          1200 AM
 LOWEST     89           600 PM
 AVERAGE    95

..........................................................


THE TYLER CLIMATE NORMALS FOR TODAY
                         NORMAL    RECORD    YEAR
 MAXIMUM TEMPERATURE (F)   59        83      1939
 MINIMUM TEMPERATURE (F)   40        13      1950


SUNRISE AND SUNSET
DECEMBER  7 2016......SUNRISE   710 AM CST   SUNSET   516 PM CST
DECEMBER  8 2016......SUNRISE   711 AM CST   SUNSET   516 PM CST


-  INDICATES NEGATIVE NUMBERS.
R  INDICATES RECORD WAS SET OR TIED.
MM INDICATES DATA IS MISSING.
T  INDICATES TRACE AMOUNT.




$$
