465
CDUS44 KSHV 140853
CLITYR


CLIMATE REPORT
NATIONAL WEATHER SERVICE SHREVEPORT, LA
244 AM CST SUN FEB 14 2016


...................................

...THE TYLER CLIMATE SUMMARY FOR FEBRUARY 13 2016...

CLIMATE NORMAL PERIOD 1981 TO 2010
CLIMATE RECORD PERIOD 1896 TO 2016


WEATHER ITEM   OBSERVED TIME   RECORD YEAR NORMAL DEPARTURE LAST
                VALUE   (LST)  VALUE       VALUE  FROM      YEAR
                                                  NORMAL
..................................................................
TEMPERATURE (F)
 YESTERDAY
  MAXIMUM         65    343 PM  82    1962  60      5       64
  MINIMUM         43    546 AM   2    1899  40      3       34
  AVERAGE         54                        50      4       49

PRECIPITATION (IN)
  YESTERDAY        0.00          2.30 1906   0.14  -0.14     0.00
  MONTH TO DATE    0.04                      1.70  -1.66     0.25
  SINCE DEC 1     11.24                      9.00   2.24     5.83
  SINCE JAN 1      1.47                      4.76  -3.29     4.36

SNOWFALL (IN)
  YESTERDAY        0.0
  MONTH TO DATE    0.0
  SINCE DEC 1      0.0
  SINCE JUL 1      0.0
  SNOW DEPTH       0

DEGREE DAYS
 HEATING
  YESTERDAY       11                        15     -4       16
  MONTH TO DATE  174                       212    -38      183
  SINCE DEC 1   1003                      1316   -313     1184
  SINCE JUL 1   1196                      1690   -494     1565

 COOLING
  YESTERDAY        0                         0      0        0
  MONTH TO DATE    0                         0      0        0
  SINCE DEC 1     29                        10     19        3
  SINCE JAN 1      2                         4     -2        0
..................................................................


WIND (MPH)
  HIGHEST WIND SPEED    22   HIGHEST WIND DIRECTION     E (110)
  HIGHEST GUST SPEED    26   HIGHEST GUST DIRECTION     E (100)
  AVERAGE WIND SPEED    10.4


SKY COVER
  POSSIBLE SUNSHINE  MM
  AVERAGE SKY COVER 0.1


WEATHER CONDITIONS
 THE FOLLOWING WEATHER WAS RECORDED YESTERDAY.
  NO SIGNIFICANT WEATHER WAS OBSERVED.


RELATIVE HUMIDITY (PERCENT)
 HIGHEST    65           300 AM
 LOWEST     34           200 PM
 AVERAGE    50

..........................................................


THE TYLER CLIMATE NORMALS FOR TODAY
                         NORMAL    RECORD    YEAR
 MAXIMUM TEMPERATURE (F)   60        83      1945
 MINIMUM TEMPERATURE (F)   40        11      1899


SUNRISE AND SUNSET
FEBRUARY 14 2016......SUNRISE   706 AM CST   SUNSET   606 PM CST
FEBRUARY 15 2016......SUNRISE   705 AM CST   SUNSET   607 PM CST


-  INDICATES NEGATIVE NUMBERS.
R  INDICATES RECORD WAS SET OR TIED.
MM INDICATES DATA IS MISSING.
T  INDICATES TRACE AMOUNT.




$$
