000
CDUS44 KSHV 150745
CLITYR


CLIMATE REPORT
NATIONAL WEATHER SERVICE SHREVEPORT, LA
241 AM CDT MON SEP 15 2014


...................................

...THE TYLER CLIMATE SUMMARY FOR SEPTEMBER 14 2014...

CLIMATE NORMAL PERIOD 1981 TO 2010
CLIMATE RECORD PERIOD 1896 TO 2014


WEATHER ITEM   OBSERVED TIME   RECORD YEAR NORMAL DEPARTURE LAST
                VALUE   (LST)  VALUE       VALUE  FROM      YEAR
                                                  NORMAL
..................................................................
TEMPERATURE (F)
 YESTERDAY
  MAXIMUM         83    453 PM 102    1939  87     -4       94
  MINIMUM         62    547 AM  47    1902  67     -5       73
  AVERAGE         73                        77     -4       84

PRECIPITATION (IN)
  YESTERDAY        0.00          1.95 2009   0.10  -0.10     0.00
  MONTH TO DATE    2.57                      1.67   0.90     0.17
  SINCE DEC 1     27.19                     35.17  -7.98    22.67
  SINCE JAN 1     24.17                     30.93  -6.76    19.78

SNOWFALL (IN)
  YESTERDAY        0.0
  MONTH TO DATE    0.0
  SINCE SEP 1      0.0
  SINCE JUL 1      0.0
  SNOW DEPTH       0

DEGREE DAYS
 HEATING
  YESTERDAY        0                         0      0        0
  MONTH TO DATE    0                         0      0        0
  SINCE SEP 1      0                         0      0        0
  SINCE JUL 1      0                         0      0        0

 COOLING
  YESTERDAY        8                        12     -4       19
  MONTH TO DATE  235                       193     42      291
  SINCE SEP 1    235                       193     42      291
  SINCE JAN 1   2201                      2115     86     2407
..................................................................


WIND (MPH)
  HIGHEST WIND SPEED     9   HIGHEST WIND DIRECTION    NE (50)
  HIGHEST GUST SPEED    15   HIGHEST GUST DIRECTION    NE (40)
  AVERAGE WIND SPEED     4.1


SKY COVER
  POSSIBLE SUNSHINE  MM
  AVERAGE SKY COVER 0.6


WEATHER CONDITIONS
 THE FOLLOWING WEATHER WAS RECORDED YESTERDAY.
  NO SIGNIFICANT WEATHER WAS OBSERVED.


RELATIVE HUMIDITY (PERCENT)
 HIGHEST    90           400 AM
 LOWEST     55           500 PM
 AVERAGE    73

..........................................................


THE TYLER CLIMATE NORMALS FOR TODAY
                         NORMAL    RECORD    YEAR
 MAXIMUM TEMPERATURE (F)   87       105      1939
 MINIMUM TEMPERATURE (F)   66        48      1902


SUNRISE AND SUNSET
SEPTEMBER 15 2014.....SUNRISE   705 AM CDT   SUNSET   728 PM CDT
SEPTEMBER 16 2014.....SUNRISE   706 AM CDT   SUNSET   726 PM CDT


-  INDICATES NEGATIVE NUMBERS.
R  INDICATES RECORD WAS SET OR TIED.
MM INDICATES DATA IS MISSING.
T  INDICATES TRACE AMOUNT.




$$
