000
CDUS44 KSHV 250731
CLITYR


CLIMATE REPORT
NATIONAL WEATHER SERVICE SHREVEPORT, LA
231 AM CDT SUN JUN 25 2017


...................................

...THE TYLER CLIMATE SUMMARY FOR JUNE 24 2017...

CLIMATE NORMAL PERIOD 1981 TO 2010
CLIMATE RECORD PERIOD 1896 TO 2017


WEATHER ITEM   OBSERVED TIME   RECORD YEAR NORMAL DEPARTURE LAST
                VALUE   (LST)  VALUE       VALUE  FROM      YEAR
                                                  NORMAL
..................................................................
TEMPERATURE (F)
 YESTERDAY
  MAXIMUM         83    540 PM 105    1925  90     -7       94
  MINIMUM         70    706 AM  60    1974  72     -2       77
  AVERAGE         77                        81     -4       86

PRECIPITATION (IN)
  YESTERDAY        1.20          2.65 1932   0.18   1.02     0.00
  MONTH TO DATE    4.07                      3.94   0.13     1.98
  SINCE DEC 1     23.54                     27.11  -3.57    34.88
  SINCE JAN 1     20.89                     22.87  -1.98    25.11

SNOWFALL (IN)
  YESTERDAY        0.0
  MONTH TO DATE    0.0
  SINCE JUN 1      0.0
  SINCE JUL 1      T
  SNOW DEPTH       0

DEGREE DAYS
 HEATING
  YESTERDAY        0                         0      0        0
  MONTH TO DATE    0                         0      0        0
  SINCE JUN 1      0                         0      0        0
  SINCE JUL 1   1256                      2269  -1013     1467

 COOLING
  YESTERDAY       12                        16     -4       21
  MONTH TO DATE  367                       336     31      412
  SINCE JUN 1    367                       336     31      412
  SINCE JAN 1    919                       705    214      860
..................................................................


WIND (MPH)
  HIGHEST WIND SPEED    28   HIGHEST WIND DIRECTION     E (70)
  HIGHEST GUST SPEED    40   HIGHEST GUST DIRECTION    NE (60)
  AVERAGE WIND SPEED     7.9


SKY COVER
  POSSIBLE SUNSHINE  MM
  AVERAGE SKY COVER 0.4


WEATHER CONDITIONS
 THE FOLLOWING WEATHER WAS RECORDED YESTERDAY.
  THUNDERSTORM
  HEAVY RAIN
  RAIN
  LIGHT RAIN
  FOG


RELATIVE HUMIDITY (PERCENT)
 HIGHEST   100           200 AM
 LOWEST     63           600 PM
 AVERAGE    82

..........................................................


THE TYLER CLIMATE NORMALS FOR TODAY
                         NORMAL    RECORD    YEAR
 MAXIMUM TEMPERATURE (F)   90       103      1930
 MINIMUM TEMPERATURE (F)   72        52      1974


SUNRISE AND SUNSET
JUNE 25 2017..........SUNRISE   616 AM CDT   SUNSET   832 PM CDT
JUNE 26 2017..........SUNRISE   617 AM CDT   SUNSET   832 PM CDT


-  INDICATES NEGATIVE NUMBERS.
R  INDICATES RECORD WAS SET OR TIED.
MM INDICATES DATA IS MISSING.
T  INDICATES TRACE AMOUNT.




$$
