000
CDUS44 KSHV 310805
CLITYR


CLIMATE REPORT
NATIONAL WEATHER SERVICE SHREVEPORT, LA
258 AM CDT TUE MAY 31 2016


...................................

...THE TYLER CLIMATE SUMMARY FOR MAY 30 2016...

CLIMATE NORMAL PERIOD 1981 TO 2010
CLIMATE RECORD PERIOD 1896 TO 2016


WEATHER ITEM   OBSERVED TIME   RECORD YEAR NORMAL DEPARTURE LAST
                VALUE   (LST)  VALUE       VALUE  FROM      YEAR
                                                  NORMAL
..................................................................
TEMPERATURE (F)
 YESTERDAY
  MAXIMUM         87    153 PM  99    1998  86      1       80
  MINIMUM         69    716 AM  47    1984  67      2       67
  AVERAGE         78                        76      2       74

PRECIPITATION (IN)
  YESTERDAY        0.18          3.47 1979   0.19  -0.01     0.69
  MONTH TO DATE    2.97                      4.59  -1.62    10.19
  SINCE DEC 1     31.81                     22.99   8.82    34.69
  SINCE JAN 1     22.04                     18.75   3.29    33.22

SNOWFALL (IN)
  YESTERDAY        0.0
  MONTH TO DATE    0.0
  SINCE MAR 1      0.0
  SINCE JUL 1      0.0
  SNOW DEPTH       0

DEGREE DAYS
 HEATING
  YESTERDAY        0                         0      0        0
  MONTH TO DATE   12                         6      6        0
  SINCE MAR 1    158                       376   -218      307
  SINCE JUL 1   1467                      2268   -801     2194

 COOLING
  YESTERDAY       13                        11      2        9
  MONTH TO DATE  247                       245      2      282
  SINCE MAR 1    424                       345     79      455
  SINCE JAN 1    434                       357     77      455
..................................................................


WIND (MPH)
  HIGHEST WIND SPEED    16   HIGHEST WIND DIRECTION     S (190)
  HIGHEST GUST SPEED    25   HIGHEST GUST DIRECTION     S (190)
  AVERAGE WIND SPEED     7.4


SKY COVER
  POSSIBLE SUNSHINE  MM
  AVERAGE SKY COVER 0.4


WEATHER CONDITIONS
 THE FOLLOWING WEATHER WAS RECORDED YESTERDAY.
  THUNDERSTORM
  HEAVY RAIN
  LIGHT RAIN
  FOG
  HAZE


RELATIVE HUMIDITY (PERCENT)
 HIGHEST    90           400 AM
 LOWEST     50           200 PM
 AVERAGE    70

..........................................................


THE TYLER CLIMATE NORMALS FOR TODAY
                         NORMAL    RECORD    YEAR
 MAXIMUM TEMPERATURE (F)   86       102      1911
 MINIMUM TEMPERATURE (F)   68        52      1930


SUNRISE AND SUNSET
MAY 31 2016...........SUNRISE   616 AM CDT   SUNSET   823 PM CDT
JUNE  1 2016..........SUNRISE   615 AM CDT   SUNSET   824 PM CDT


-  INDICATES NEGATIVE NUMBERS.
R  INDICATES RECORD WAS SET OR TIED.
MM INDICATES DATA IS MISSING.
T  INDICATES TRACE AMOUNT.




$$
