000
CDUS44 KSHV 012136
CLITYR


CLIMATE REPORT
NATIONAL WEATHER SERVICE SHREVEPORT, LA
435 PM CDT MON JUN 1 2015


...................................

...THE TYLER CLIMATE SUMMARY FOR JUNE 1 2015...
VALID TODAY AS OF 0400 PM LOCAL TIME.

CLIMATE NORMAL PERIOD 1981 TO 2010
CLIMATE RECORD PERIOD 1896 TO 2015


WEATHER ITEM   OBSERVED TIME   RECORD YEAR NORMAL DEPARTURE LAST
                VALUE   (LST)  VALUE       VALUE  FROM      YEAR
                                                  NORMAL
..................................................................
TEMPERATURE (F)
 TODAY
  MAXIMUM         83    206 PM 100    1998  86     -3       87
  MINIMUM         60    553 AM  50    1972  68     -8       70
  AVERAGE         72                        77     -5       79

PRECIPITATION (IN)
  TODAY            0.00          1.84 1912   0.14  -0.14     0.13
  MONTH TO DATE    0.00                      0.14  -0.14     0.13
  SINCE DEC 1     34.69                     23.31  11.38    15.76
  SINCE JAN 1     33.22                     19.07  14.15    12.74

DEGREE DAYS
 HEATING
  TODAY            0                         0      0        0
  MONTH TO DATE    0                         0      0        0
  SINCE JUN 1      0                         0      0        0
  SINCE JUL 1   2194                      2269    -75     2539

 COOLING
  TODAY            7                        12     -5       14
  MONTH TO DATE    7                        12     -5       14
  SINCE JUN 1      7                        12     -5       14
  SINCE JAN 1    469                       381     88      407
..................................................................


WIND (MPH)
  HIGHEST WIND SPEED     8   HIGHEST WIND DIRECTION    NE (40)
  HIGHEST GUST SPEED    12   HIGHEST GUST DIRECTION    NE (30)
  AVERAGE WIND SPEED     2.3


SKY COVER
  POSSIBLE SUNSHINE  MM
  AVERAGE SKY COVER 0.2


WEATHER CONDITIONS
 THE FOLLOWING WEATHER WAS RECORDED TODAY.
  NO SIGNIFICANT WEATHER WAS OBSERVED.


RELATIVE HUMIDITY (PERCENT)
 HIGHEST    97           300 AM
 LOWEST     51           100 PM
 AVERAGE    74

..........................................................


THE TYLER CLIMATE NORMALS FOR TOMORROW
                         NORMAL    RECORD    YEAR
 MAXIMUM TEMPERATURE (F)   86       100      1925
 MINIMUM TEMPERATURE (F)   68        50      1956


SUNRISE AND SUNSET
JUNE  1 2015..........SUNRISE   616 AM CDT   SUNSET   824 PM CDT
JUNE  2 2015..........SUNRISE   615 AM CDT   SUNSET   824 PM CDT


-  INDICATES NEGATIVE NUMBERS.
R  INDICATES RECORD WAS SET OR TIED.
MM INDICATES DATA IS MISSING.
T  INDICATES TRACE AMOUNT.




$$
