000
CDUS44 KMRX 262119
CLITYS


CLIMATE REPORT
NATIONAL WEATHER SERVICE MORRISTOWN TN
519 PM EDT WED JUL 26 2017


...................................

...THE KNOXVILLE    ASOS CLIMATE SUMMARY FOR JULY 26 2017...
VALID TODAY AS OF 0500 PM LOCAL TIME.

CLIMATE NORMAL PERIOD 1981 TO 2010
CLIMATE RECORD PERIOD 1871 TO 2017


WEATHER ITEM   OBSERVED TIME   RECORD YEAR NORMAL DEPARTURE LAST
                VALUE   (LST)  VALUE       VALUE  FROM      YEAR
                                                  NORMAL
..................................................................
TEMPERATURE (F)
 TODAY
  MAXIMUM         93    344 PM  99    1993  88      5       97
                                      1952
  MINIMUM         68    525 AM  56    1911  69     -1       76
                                      1904
  AVERAGE         81                        78      3       87

PRECIPITATION (IN)
  TODAY            0.00          3.27 2004   0.16  -0.16     0.07
  MONTH TO DATE    1.98                      4.36  -2.38     3.87
  SINCE JUN 1      6.40                      8.17  -1.77     8.30
  SINCE JAN 1     30.53                     29.61   0.92    27.56

SNOWFALL (IN)
  TODAY            0.0                       0.0    0.0      0.0
  MONTH TO DATE    0.0                       0.0    0.0      0.0
  SINCE JUN 1      0.0                       0.0    0.0      0.0
  SINCE JUL 1      0.0                       0.0    0.0      0.0
  SNOW DEPTH       0

DEGREE DAYS
 HEATING
  TODAY            0                         0      0        0
  MONTH TO DATE    0                         0      0        0
  SINCE JUN 1      0                         4     -4        0
  SINCE JUL 1      0                         0      0        0

 COOLING
  TODAY           16                        14      2       22
  MONTH TO DATE  371                       354     17      438
  SINCE JUN 1    634                       659    -25      837
  SINCE JAN 1    882                       821     61     1048
..................................................................


WIND (MPH)
  HIGHEST WIND SPEED    13   HIGHEST WIND DIRECTION     W (280)
  HIGHEST GUST SPEED    15   HIGHEST GUST DIRECTION     W (280)
  AVERAGE WIND SPEED     3.5


SKY COVER
  POSSIBLE SUNSHINE  MM
  AVERAGE SKY COVER 0.2


WEATHER CONDITIONS
 THE FOLLOWING WEATHER WAS RECORDED TODAY.
  NO SIGNIFICANT WEATHER WAS OBSERVED.


RELATIVE HUMIDITY (PERCENT)
 HIGHEST    97           200 AM
 LOWEST     38           100 PM
 AVERAGE    68

..........................................................


THE KNOXVILLE    ASOS CLIMATE NORMALS FOR TOMORROW
                         NORMAL    RECORD    YEAR
 MAXIMUM TEMPERATURE (F)   88       103      1952
 MINIMUM TEMPERATURE (F)   69        56      1911


SUNRISE AND SUNSET
JULY 26 2017..........SUNRISE   639 AM EDT   SUNSET   845 PM EDT
JULY 27 2017..........SUNRISE   640 AM EDT   SUNSET   844 PM EDT


-  INDICATES NEGATIVE NUMBERS.
R  INDICATES RECORD WAS SET OR TIED.
MM INDICATES DATA IS MISSING.
T  INDICATES TRACE AMOUNT.




$$
