000
CDUS44 KMRX 080808
CLITYS


CLIMATE REPORT
NATIONAL WEATHER SERVICE MORRISTOWN TN
308 AM EST THU DEC 8 2016


...................................

...THE KNOXVILLE    ASOS CLIMATE SUMMARY FOR DECEMBER 7 2016...

CLIMATE NORMAL PERIOD 1981 TO 2010
CLIMATE RECORD PERIOD 1871 TO 2016


WEATHER ITEM   OBSERVED TIME   RECORD YEAR NORMAL DEPARTURE LAST
                VALUE   (LST)  VALUE       VALUE  FROM      YEAR
                                                  NORMAL
..................................................................
TEMPERATURE (F)
 YESTERDAY
  MAXIMUM         56    346 PM  77    1951  52      4       58
  MINIMUM         43   1149 PM   6    1886  33     10       38
  AVERAGE         50                        42      8       48

PRECIPITATION (IN)
  YESTERDAY        0.00          1.77 1957   0.15  -0.15     0.00
  MONTH TO DATE    2.59                      1.08   1.51     2.39
  SINCE DEC 1      2.59                      1.08   1.51     2.39
  SINCE JAN 1     40.79                     44.44  -3.65    46.21

SNOWFALL (IN)
  YESTERDAY        0.0                       0.0    0.0      0.0
  MONTH TO DATE    0.0                       0.1   -0.1      0.0
  SINCE DEC 1      0.0                       0.1   -0.1      0.0
  SINCE JUL 1      0.0                       0.1   -0.1      0.0
  SNOW DEPTH       0

DEGREE DAYS
 HEATING
  YESTERDAY       15                        22     -7       17
  MONTH TO DATE  133                       151    -18      128
  SINCE DEC 1    133                       151    -18      128
  SINCE JUL 1    537                       832   -295      638

 COOLING
  YESTERDAY        0                         0      0        0
  MONTH TO DATE    0                         0      0        0
  SINCE DEC 1      0                         0      0        0
  SINCE JAN 1   2121                      1526    595     1700
..................................................................


WIND (MPH)
  HIGHEST WIND SPEED    13   HIGHEST WIND DIRECTION    NE (30)
  HIGHEST GUST SPEED    15   HIGHEST GUST DIRECTION     N (20)
  AVERAGE WIND SPEED     5.8


SKY COVER
  POSSIBLE SUNSHINE  MM
  AVERAGE SKY COVER 0.8


WEATHER CONDITIONS
 THE FOLLOWING WEATHER WAS RECORDED YESTERDAY.
  HAZE


RELATIVE HUMIDITY (PERCENT)
 HIGHEST    86          1200 AM
 LOWEST     47           400 PM
 AVERAGE    67

..........................................................


THE KNOXVILLE    ASOS CLIMATE NORMALS FOR TODAY
                         NORMAL    RECORD    YEAR
 MAXIMUM TEMPERATURE (F)   52        75      1978
                                             1951
 MINIMUM TEMPERATURE (F)   33         5      1882


SUNRISE AND SUNSET
DECEMBER  8 2016......SUNRISE   734 AM EST   SUNSET   522 PM EST
DECEMBER  9 2016......SUNRISE   735 AM EST   SUNSET   522 PM EST


-  INDICATES NEGATIVE NUMBERS.
R  INDICATES RECORD WAS SET OR TIED.
MM INDICATES DATA IS MISSING.
T  INDICATES TRACE AMOUNT.




$$
