000
CDUS44 KMRX 292116
CLITYS

CLIMATE REPORT
NATIONAL WEATHER SERVICE MORRISTOWN TN
516 PM EDT FRI MAY 29 2015


...................................

...THE KNOXVILLE CLIMATE SUMMARY FOR MAY 29 2015...
VALID TODAY AS OF 0500 PM LOCAL TIME.

CLIMATE NORMAL PERIOD 1981 TO 2010
CLIMATE RECORD PERIOD 1871 TO 2015


WEATHER ITEM   OBSERVED TIME   RECORD YEAR NORMAL DEPARTURE LAST
                VALUE   (LST)  VALUE       VALUE  FROM      YEAR
                                                  NORMAL
..................................................................
TEMPERATURE (F)
 TODAY
  MAXIMUM         85    208 PM  95    1941  81      4       85
                                      1914
  MINIMUM         65    550 AM  45    1902  60      5       63
  AVERAGE         75                        71      4       74

PRECIPITATION (IN)
  TODAY            0.60          1.16 1916   0.14   0.46     0.24
  MONTH TO DATE    1.22                      4.23  -3.01     1.22
  SINCE MAR 1      9.80                     12.58  -2.78     7.96
  SINCE JAN 1     16.94                     21.16  -4.22    16.03

SNOWFALL (IN)
  TODAY            0.0                       0.0    0.0      0.0
  MONTH TO DATE    0.0                       0.0    0.0      0.0
  SINCE MAR 1      T                         1.4   -1.4      0.5
  SINCE JUL 1      9.3                       6.5    2.8     12.4
  SNOW DEPTH       0

DEGREE DAYS
 HEATING
  TODAY            0                         1     -1        0
  MONTH TO DATE   30                        58    -28       61
  SINCE MAR 1    580                       737   -157      750
  SINCE JUL 1   3845                      3633    212     3797

 COOLING
  TODAY           10                         6      4        9
  MONTH TO DATE  191                       111     80      151
  SINCE MAR 1    216                       148     68      183
  SINCE JAN 1    216                       148     68      183
..................................................................


WIND (MPH)
  HIGHEST WIND SPEED    38   HIGHEST WIND DIRECTION     W (250)
  HIGHEST GUST SPEED    50   HIGHEST GUST DIRECTION     W (250)
  AVERAGE WIND SPEED     2.5


SKY COVER
  POSSIBLE SUNSHINE  MM
  AVERAGE SKY COVER 0.7


WEATHER CONDITIONS
 THE FOLLOWING WEATHER WAS RECORDED TODAY.
  THUNDERSTORM
  HEAVY RAIN
  RAIN
  LIGHT RAIN


RELATIVE HUMIDITY (PERCENT)
 HIGHEST    93           300 AM
 LOWEST     48          1200 PM
 AVERAGE    71

..........................................................


THE KNOXVILLE CLIMATE NORMALS FOR TOMORROW
                         NORMAL    RECORD    YEAR
 MAXIMUM TEMPERATURE (F)   82        94      1941
 MINIMUM TEMPERATURE (F)   60        39      1984


SUNRISE AND SUNSET
MAY 29 2015...........SUNRISE   622 AM EDT   SUNSET   845 PM EDT
MAY 30 2015...........SUNRISE   622 AM EDT   SUNSET   845 PM EDT


-  INDICATES NEGATIVE NUMBERS.
R  INDICATES RECORD WAS SET OR TIED.
MM INDICATES DATA IS MISSING.
T  INDICATES TRACE AMOUNT.




$$
