000
CDUS44 KMRX 272131
CLITYS

CLIMATE REPORT
NATIONAL WEATHER SERVICE MORRISTOWN TN
414 PM EST FRI FEB 27 2015


...................................

...THE KNOXVILLE CLIMATE SUMMARY FOR FEBRUARY 27 2015...
VALID TODAY AS OF 0400 PM LOCAL TIME.

CLIMATE NORMAL PERIOD 1981 TO 2010
CLIMATE RECORD PERIOD 1871 TO 2015


WEATHER ITEM   OBSERVED TIME   RECORD YEAR NORMAL DEPARTURE LAST
                VALUE   (LST)  VALUE       VALUE  FROM      YEAR
                                                  NORMAL
..................................................................
TEMPERATURE (F)
 TODAY
  MAXIMUM         34    359 PM  77    1996  56    -22       43
  MINIMUM         24    939 AM   9    1934  35    -11       16
  AVERAGE         29                        46    -17       30

PRECIPITATION (IN)
  TODAY            0.00          1.60 1913   0.15  -0.15     0.00
  MONTH TO DATE    3.75                      4.11  -0.36     4.95
  SINCE DEC 1     11.38                     12.93  -1.55    16.30
  SINCE JAN 1      7.14                      8.43  -1.29     8.07

SNOWFALL (IN)
  TODAY            0.0                       0.1   -0.1      0.0
  MONTH TO DATE    8.2                       1.6    6.6      6.9
  SINCE DEC 1      9.3                       5.1    4.2     11.1
  SINCE JUL 1      9.3                       5.1    4.2     11.9
  SNOW DEPTH       2

DEGREE DAYS
 HEATING
  TODAY           36                        19     17       35
  MONTH TO DATE  885                       615    270      628
  SINCE DEC 1   2410                      2196    214     2327
  SINCE JUL 1   3236                      2877    359     3017

 COOLING
  TODAY            0                         0      0        0
  MONTH TO DATE    0                         0      0        0
  SINCE DEC 1      0                         0      0        4
  SINCE JAN 1      0                         0      0        0
..................................................................


WIND (MPH)
  HIGHEST WIND SPEED    16   HIGHEST WIND DIRECTION     N (20)
  HIGHEST GUST SPEED    20   HIGHEST GUST DIRECTION     N (10)
  AVERAGE WIND SPEED     7.6


SKY COVER
  POSSIBLE SUNSHINE  MM
  AVERAGE SKY COVER 0.7


WEATHER CONDITIONS
 THE FOLLOWING WEATHER WAS RECORDED TODAY.
  FOG


RELATIVE HUMIDITY (PERCENT)
 HIGHEST    92          1200 AM
 LOWEST     47           300 PM
 AVERAGE    70

..........................................................


THE KNOXVILLE CLIMATE NORMALS FOR TOMORROW
                         NORMAL    RECORD    YEAR
 MAXIMUM TEMPERATURE (F)   56        75      1880
 MINIMUM TEMPERATURE (F)   35         9      1888


SUNRISE AND SUNSET
FEBRUARY 27 2015......SUNRISE   709 AM EST   SUNSET   629 PM EST
FEBRUARY 28 2015......SUNRISE   708 AM EST   SUNSET   630 PM EST


-  INDICATES NEGATIVE NUMBERS.
R  INDICATES RECORD WAS SET OR TIED.
MM INDICATES DATA IS MISSING.
T  INDICATES TRACE AMOUNT.




$$
