000
CDUS44 KMRX 161234 CCA
CLITYS

CLIMATE REPORT
NATIONAL WEATHER SERVICE MORRISTOWN TN
834 AM EDT TUE SEP 16 2014


...................................

...THE KNOXVILLE CLIMATE SUMMARY FOR SEPTEMBER 15 2014...

CLIMATE NORMAL PERIOD 1981 TO 2010
CLIMATE RECORD PERIOD 1871 TO 2014


WEATHER ITEM   OBSERVED TIME   RECORD YEAR NORMAL DEPARTURE LAST
                VALUE   (LST)  VALUE       VALUE  FROM      YEAR
                                                  NORMAL
..................................................................
TEMPERATURE (F)
 YESTERDAY
  MAXIMUM         78    349 PM  96    1927  82     -4       83
  MINIMUM         65    232 AM  41    1985  61      4       52
  AVERAGE         72                        72      0       68

PRECIPITATION (IN)
  YESTERDAY        T             3.31 1989   0.12  -0.12     0.00
  MONTH TO DATE    0.15                      1.60  -1.45     1.62
  SINCE SEP 1      0.15                      1.60  -1.45     1.62
  SINCE JAN 1     29.41                     35.20  -5.79    53.00

SNOWFALL (IN)
  YESTERDAY        0.0                       0.0    0.0      0.0
  MONTH TO DATE    0.0                       0.0    0.0      0.0
  SINCE SEP 1      0.0                       0.0    0.0      0.0
  SINCE JUL 1      0.0                       0.0    0.0      0.0
  SNOW DEPTH       0

DEGREE DAYS
 HEATING
  YESTERDAY        0                         0      0        0
  MONTH TO DATE    0                         0      0        1
  SINCE SEP 1      0                         0      0        1
  SINCE JUL 1      0                         0      0        1

 COOLING
  YESTERDAY        7                         7      0        3
  MONTH TO DATE  171                       135     36      143
  SINCE SEP 1    171                       135     36      143
  SINCE JAN 1   1370                      1416    -46     1330
..................................................................


WIND (MPH)
  HIGHEST WIND SPEED    10   HIGHEST WIND DIRECTION    SW (230)
  HIGHEST GUST SPEED    14   HIGHEST GUST DIRECTION     W (260)
  AVERAGE WIND SPEED     3.9


SKY COVER
  POSSIBLE SUNSHINE  MM
  AVERAGE SKY COVER  MM


WEATHER CONDITIONS
 THE FOLLOWING WEATHER WAS RECORDED YESTERDAY.
  LIGHT RAIN
  FOG


RELATIVE HUMIDITY (PERCENT)
 HIGHEST   100           500 AM
 LOWEST     69           300 PM
 AVERAGE    85

..........................................................


THE KNOXVILLE CLIMATE NORMALS FOR TODAY
                         NORMAL    RECORD    YEAR
 MAXIMUM TEMPERATURE (F)   82        96      1927
 MINIMUM TEMPERATURE (F)   60        43      1985


SUNRISE AND SUNSET
SEPTEMBER 16 2014.....SUNRISE   719 AM EDT   SUNSET   742 PM EDT
SEPTEMBER 17 2014.....SUNRISE   720 AM EDT   SUNSET   740 PM EDT


-  INDICATES NEGATIVE NUMBERS.
R  INDICATES RECORD WAS SET OR TIED.
MM INDICATES DATA IS MISSING.
T  INDICATES TRACE AMOUNT.

&&

THE LOW TEMPERATURE SINCE MIDNIGHT HAS BEEN 68 DEGREES.
THERE HAS BEEN NO PRECIPITATION SINCE MIDNIGHT.


$$
