000
CDUS44 KMRX 200816
CLITYS


CLIMATE REPORT
NATIONAL WEATHER SERVICE MORRISTOWN TN
316 AM EST SAT JAN 20 2018


...................................

...THE KNOXVILLE    ASOS CLIMATE SUMMARY FOR JANUARY 19 2018...

CLIMATE NORMAL PERIOD 1981 TO 2010
CLIMATE RECORD PERIOD 1871 TO 2018


WEATHER ITEM   OBSERVED TIME   RECORD YEAR NORMAL DEPARTURE LAST
                VALUE   (LST)  VALUE       VALUE  FROM      YEAR
                                                  NORMAL
..................................................................
TEMPERATURE (F)
 YESTERDAY
  MAXIMUM         47    423 PM  71    1907  47      0       58
  MINIMUM         14    806 AM  -4    1994  29    -15       42
  AVERAGE         31                        38     -7       50

PRECIPITATION (IN)
  YESTERDAY        0.00          2.12 2002   0.15  -0.15      T
  MONTH TO DATE    0.87                      2.64  -1.77     1.53
  SINCE DEC 1      4.25                      7.14  -2.89     8.49
  SINCE JAN 1      0.87                      2.64  -1.77     1.53

SNOWFALL (IN)
  YESTERDAY        0.0                       0.1   -0.1      0.0
  MONTH TO DATE    1.7                       1.6    0.1      2.3
  SINCE DEC 1      2.6                       2.4    0.2      2.3
  SINCE JUL 1      2.6                       2.4    0.2      2.3
  SNOW DEPTH       0

DEGREE DAYS
 HEATING
  YESTERDAY       34                        27      7       15
  MONTH TO DATE  706                       513    193      340
  SINCE DEC 1   1452                      1265    187     1021
  SINCE JUL 1   2070                      1946    124     1425

 COOLING
  YESTERDAY        0                         0      0        0
  MONTH TO DATE    0                         0      0        0
  SINCE DEC 1      0                         0      0        0
  SINCE JAN 1      0                         0      0        0
..................................................................


WIND (MPH)
  HIGHEST WIND SPEED    12   HIGHEST WIND DIRECTION    SW (230)
  HIGHEST GUST SPEED    14   HIGHEST GUST DIRECTION    SW (220)
  AVERAGE WIND SPEED     3.1


SKY COVER
  POSSIBLE SUNSHINE  MM
  AVERAGE SKY COVER 0.0


WEATHER CONDITIONS
 THE FOLLOWING WEATHER WAS RECORDED YESTERDAY.
  NO SIGNIFICANT WEATHER WAS OBSERVED.


RELATIVE HUMIDITY (PERCENT)
 HIGHEST    88           400 AM
 LOWEST     25           300 PM
 AVERAGE    57

..........................................................


THE KNOXVILLE    ASOS CLIMATE NORMALS FOR TODAY
                         NORMAL    RECORD    YEAR
 MAXIMUM TEMPERATURE (F)   47        71      1906
 MINIMUM TEMPERATURE (F)   29       -18      1985


SUNRISE AND SUNSET
JANUARY 20 2018.......SUNRISE   744 AM EST   SUNSET   551 PM EST
JANUARY 21 2018.......SUNRISE   743 AM EST   SUNSET   552 PM EST


-  INDICATES NEGATIVE NUMBERS.
R  INDICATES RECORD WAS SET OR TIED.
MM INDICATES DATA IS MISSING.
T  INDICATES TRACE AMOUNT.




$$
