000
CDUS43 KLOT 300632
CLIUGN


CLIMATE REPORT
NATIONAL WEATHER SERVICE CHICAGO IL
132 AM CDT SAT AUG 30 2014


...................................

...THE WAUKEGAN   CLIMATE SUMMARY FOR AUGUST 29 2014...

CLIMATE NORMAL PERIOD 1981 TO 2010
CLIMATE RECORD PERIOD 2000 TO 2014


WEATHER ITEM   OBSERVED TIME   RECORD YEAR NORMAL DEPARTURE LAST
                VALUE   (LST)  VALUE       VALUE  FROM      YEAR
                                                  NORMAL
..................................................................
TEMPERATURE (F)
 YESTERDAY
  MAXIMUM         84    117 PM  92    2010  78      6       83
  MINIMUM         70    904 AM  51    2004  59     11       62
  AVERAGE         77

PRECIPITATION (IN)
  YESTERDAY        0.10R         0.08 2006   0.11  -0.01     0.00
  MONTH TO DATE    3.71                      3.61   0.10     1.14
  SINCE JUN 1     12.11                     11.37   0.74     7.76
  SINCE JAN 1     22.95                     24.23  -1.28    21.62

DEGREE DAYS
 HEATING
  YESTERDAY        0                         1     -1        0
  MONTH TO DATE    9                         5      4       12
  SINCE JUN 1    116                       103     13      136
  SINCE JUL 1     43                        17     26       39

 COOLING
  YESTERDAY       12                         4      8        8
  MONTH TO DATE  145                       161    -16      146
  SINCE JUN 1    329                       471   -142      423
  SINCE JAN 1    352                       496   -144      470
..................................................................


WIND (MPH)
  RESULTANT WIND SPEED   8   RESULTANT WIND DIRECTION  SE (140)
  HIGHEST WIND SPEED    20   HIGHEST WIND DIRECTION    SE (150)
  HIGHEST GUST SPEED    26   HIGHEST GUST DIRECTION     S (160)
  AVERAGE WIND SPEED     8.3


SKY COVER
  POSSIBLE SUNSHINE  MM
  AVERAGE SKY COVER 0.3


WEATHER CONDITIONS
 THE FOLLOWING WEATHER WAS RECORDED YESTERDAY.
  THUNDERSTORM
  HEAVY RAIN
  LIGHT RAIN
  FOG
  HAZE


RELATIVE HUMIDITY (PERCENT)
 HIGHEST   100
 LOWEST     74
 AVERAGE    87

..........................................................


THE WAUKEGAN   CLIMATE NORMALS FOR TODAY
                         NORMAL    RECORD    YEAR
 MAXIMUM TEMPERATURE (F)   78        96      2013
 MINIMUM TEMPERATURE (F)   59        47      2009


SUNRISE AND SUNSET
AUGUST 30 2014........SUNRISE   614 AM CDT   SUNSET   729 PM CDT
AUGUST 31 2014........SUNRISE   615 AM CDT   SUNSET   727 PM CDT


-  INDICATES NEGATIVE NUMBERS.
R  INDICATES RECORD WAS SET OR TIED.
MM INDICATES DATA IS MISSING.
T  INDICATES TRACE AMOUNT.




$$
