000
CDUS43 KLOT 180645
CLIUGN


CLIMATE REPORT
NATIONAL WEATHER SERVICE CHICAGO IL
1244 AM CST THU DEC 18 2014


...................................

...THE WAUKEGAN   CLIMATE SUMMARY FOR DECEMBER 17 2014...

CLIMATE NORMAL PERIOD 1981 TO 2010
CLIMATE RECORD PERIOD 2000 TO 2014


WEATHER ITEM   OBSERVED TIME   RECORD YEAR NORMAL DEPARTURE LAST
                VALUE   (LST)  VALUE       VALUE  FROM      YEAR
                                                  NORMAL
..................................................................
TEMPERATURE (F)
 YESTERDAY
  MAXIMUM         28   1207 AM  53    2006  34     -6       33
  MINIMUM         19   1159 PM  -1    2000  20     -1       14
  AVERAGE         24

PRECIPITATION (IN)
  YESTERDAY        0.00          0.04 2011   0.06  -0.06      T
                                      2011
                                      2013
  MONTH TO DATE    0.29                      1.27  -0.98     0.18
  SINCE DEC 1      0.29                      1.27  -0.98     0.18
  SINCE JAN 1     31.67                     34.86  -3.19    28.36

DEGREE DAYS
 HEATING
  YESTERDAY       41                        38      3       41
  MONTH TO DATE  556                       612    -56      759
  SINCE DEC 1    556                       612    -56      759
  SINCE JUL 1   2219                      1997    222     2271

 COOLING
  YESTERDAY        0                         0      0        0
  MONTH TO DATE    0                         0      0        0
  SINCE DEC 1      0                         0      0        0
  SINCE JAN 1    424                       564   -140      590
..................................................................


WIND (MPH)
  RESULTANT WIND SPEED   8   RESULTANT WIND DIRECTION   W (290)
  HIGHEST WIND SPEED    16   HIGHEST WIND DIRECTION     W (290)
  HIGHEST GUST SPEED    24   HIGHEST GUST DIRECTION     W (290)
  AVERAGE WIND SPEED     7.9


SKY COVER
  POSSIBLE SUNSHINE  MM
  AVERAGE SKY COVER 0.9


WEATHER CONDITIONS
 THE FOLLOWING WEATHER WAS RECORDED YESTERDAY.
  NO SIGNIFICANT WEATHER WAS OBSERVED.


RELATIVE HUMIDITY (PERCENT)
 HIGHEST    81
 LOWEST     63
 AVERAGE    72

..........................................................


THE WAUKEGAN   CLIMATE NORMALS FOR TODAY
                         NORMAL    RECORD    YEAR
 MAXIMUM TEMPERATURE (F)   34        54      2002
 MINIMUM TEMPERATURE (F)   20        -2      2000


SUNRISE AND SUNSET
DECEMBER 18 2014......SUNRISE   716 AM CST   SUNSET   420 PM CST
DECEMBER 19 2014......SUNRISE   716 AM CST   SUNSET   421 PM CST


-  INDICATES NEGATIVE NUMBERS.
R  INDICATES RECORD WAS SET OR TIED.
MM INDICATES DATA IS MISSING.
T  INDICATES TRACE AMOUNT.




$$
