000
CDUS43 KLOT 250636
CLIUGN


CLIMATE REPORT
NATIONAL WEATHER SERVICE CHICAGO IL
136 AM CDT WED MAY 25 2016


...................................

...THE WAUKEGAN   CLIMATE SUMMARY FOR MAY 24 2016...

CLIMATE NORMAL PERIOD 1981 TO 2010
CLIMATE RECORD PERIOD 2000 TO 2016


WEATHER ITEM   OBSERVED TIME   RECORD YEAR NORMAL DEPARTURE LAST
                VALUE   (LST)  VALUE       VALUE  FROM      YEAR
                                                  NORMAL
..................................................................
TEMPERATURE (F)
 YESTERDAY
  MAXIMUM         85    425 PM  88    2007  68     17       66
  MINIMUM         52   1225 AM  35    2013  47      5       49
  AVERAGE         69

PRECIPITATION (IN)
  YESTERDAY        T             0.56 2006   0.14  -0.14     0.07
  MONTH TO DATE    2.98                      3.13  -0.15     3.11
  SINCE MAR 1      9.29                      8.93   0.36     7.99
  SINCE JAN 1     10.80                     11.98  -1.18     8.53

DEGREE DAYS
 HEATING
  YESTERDAY        0                         8     -8        7
  MONTH TO DATE  299                       260     39      249
  SINCE MAR 1   1712                      1756    -44     1833
  SINCE JUL 1   6057                      6702   -645     7358

 COOLING
  YESTERDAY        4                         1      3        0
  MONTH TO DATE    4                        11     -7        9
  SINCE MAR 1      4                        15    -11        9
  SINCE JAN 1      4                        15    -11        9
..................................................................


WIND (MPH)
  RESULTANT WIND SPEED   7   RESULTANT WIND DIRECTION  SW (220)
  HIGHEST WIND SPEED    21   HIGHEST WIND DIRECTION    SW (210)
  HIGHEST GUST SPEED    27   HIGHEST GUST DIRECTION    SW (210)
  AVERAGE WIND SPEED     8.0


SKY COVER
  POSSIBLE SUNSHINE  MM
  AVERAGE SKY COVER 0.1


WEATHER CONDITIONS
 THE FOLLOWING WEATHER WAS RECORDED YESTERDAY.
  LIGHT RAIN


RELATIVE HUMIDITY (PERCENT)
 HIGHEST    78
 LOWEST     32
 AVERAGE    55

..........................................................


THE WAUKEGAN   CLIMATE NORMALS FOR TODAY
                         NORMAL    RECORD    YEAR
 MAXIMUM TEMPERATURE (F)   68        81      2012
 MINIMUM TEMPERATURE (F)   47        38      2013


SUNRISE AND SUNSET
MAY 25 2016...........SUNRISE   521 AM CDT   SUNSET   817 PM CDT
MAY 26 2016...........SUNRISE   520 AM CDT   SUNSET   817 PM CDT


-  INDICATES NEGATIVE NUMBERS.
R  INDICATES RECORD WAS SET OR TIED.
MM INDICATES DATA IS MISSING.
T  INDICATES TRACE AMOUNT.




$$
