000
CDUS43 KLOT 240637
CLIUGN


CLIMATE REPORT
NATIONAL WEATHER SERVICE CHICAGO IL
1237 AM CST FRI NOV 24 2017


...................................

...THE WAUKEGAN   CLIMATE SUMMARY FOR NOVEMBER 23 2017...

CLIMATE NORMAL PERIOD 1981 TO 2010
CLIMATE RECORD PERIOD 2000 TO 2017


WEATHER ITEM   OBSERVED TIME   RECORD YEAR NORMAL DEPARTURE LAST
                VALUE   (LST)  VALUE       VALUE  FROM      YEAR
                                                  NORMAL
..................................................................
TEMPERATURE (F)
 YESTERDAY
  MAXIMUM         45    329 PM  64    2003  42      3       45
  MINIMUM         30   1013 PM  12    2013  28      2       40
  AVERAGE         38                        35      3       43

PRECIPITATION (IN)
  YESTERDAY        0.00          0.74 2014   0.09  -0.09     0.22
  MONTH TO DATE    1.89                      2.19  -0.30     1.45
  SINCE SEP 1      7.44                      8.57  -1.13     7.31
  SINCE JAN 1     36.28                     33.02   3.26    26.62

DEGREE DAYS
 HEATING
  YESTERDAY       27                        30     -3       22
  MONTH TO DATE  648                       558     90      374
  SINCE SEP 1   1049                      1136    -87      711
  SINCE JUL 1   1071                      1164    -93      722

 COOLING
  YESTERDAY        0                         0      0        0
  MONTH TO DATE    0                         0      0        3
  SINCE SEP 1    125                        62     63      140
  SINCE JAN 1    571                       564      7      855
..................................................................


WIND (MPH)
  RESULTANT WIND SPEED   6   RESULTANT WIND DIRECTION  SW (220)
  HIGHEST WIND SPEED    16   HIGHEST WIND DIRECTION    SW (220)
  HIGHEST GUST SPEED    20   HIGHEST GUST DIRECTION    SW (220)
  AVERAGE WIND SPEED     7.0


SKY COVER
  POSSIBLE SUNSHINE  MM
  AVERAGE SKY COVER 0.4


WEATHER CONDITIONS
 THE FOLLOWING WEATHER WAS RECORDED YESTERDAY.
  NO SIGNIFICANT WEATHER WAS OBSERVED.


RELATIVE HUMIDITY (PERCENT)
 HIGHEST    78
 LOWEST     43
 AVERAGE    61

..........................................................


THE WAUKEGAN   CLIMATE NORMALS FOR TODAY
                         NORMAL    RECORD    YEAR
 MAXIMUM TEMPERATURE (F)   42        62      2001
 MINIMUM TEMPERATURE (F)   28         8      2013


SUNRISE AND SUNSET
NOVEMBER 24 2017......SUNRISE   654 AM CST   SUNSET   423 PM CST
NOVEMBER 25 2017......SUNRISE   655 AM CST   SUNSET   422 PM CST


-  INDICATES NEGATIVE NUMBERS.
R  INDICATES RECORD WAS SET OR TIED.
MM INDICATES DATA IS MISSING.
T  INDICATES TRACE AMOUNT.




$$
