000
CDUS43 KLOT 010632
CLIUGN


CLIMATE REPORT
NATIONAL WEATHER SERVICE CHICAGO IL
131 AM CDT SUN MAY 1 2016


...................................

...THE WAUKEGAN   CLIMATE SUMMARY FOR APRIL 30 2016...

CLIMATE NORMAL PERIOD 1981 TO 2010
CLIMATE RECORD PERIOD 2000 TO 2016


WEATHER ITEM   OBSERVED TIME   RECORD YEAR NORMAL DEPARTURE LAST
                VALUE   (LST)  VALUE       VALUE  FROM      YEAR
                                                  NORMAL
..................................................................
TEMPERATURE (F)
 YESTERDAY
  MAXIMUM         45   1011 AM  84    2013  61    -16       48
                                      2001
  MINIMUM         42   1217 AM  26    2008  42      0       35
  AVERAGE         44

PRECIPITATION (IN)
  YESTERDAY        0.55          0.92 2003   0.18   0.37      T
  MONTH TO DATE    3.07                      3.48  -0.41     4.24
  SINCE MAR 1      6.31                      5.80   0.51     4.88
  SINCE JAN 1      7.82                      8.85  -1.03     5.42

DEGREE DAYS
 HEATING
  YESTERDAY       21                        14      7       23
  MONTH TO DATE  636                       572     64      578
  SINCE MAR 1   1413                      1496    -83     1584
  SINCE JUL 1   5758                      6442   -684     7109

 COOLING
  YESTERDAY        0                         0      0        0
  MONTH TO DATE    0                         4     -4        0
  SINCE MAR 1      0                         4     -4        0
  SINCE JAN 1      0                         4     -4        0
..................................................................


WIND (MPH)
  RESULTANT WIND SPEED  11   RESULTANT WIND DIRECTION  NE (60)
  HIGHEST WIND SPEED    21   HIGHEST WIND DIRECTION    NE (30)
  HIGHEST GUST SPEED    30   HIGHEST GUST DIRECTION    NE (60)
  AVERAGE WIND SPEED    11.8


SKY COVER
  POSSIBLE SUNSHINE  MM
  AVERAGE SKY COVER 0.9


WEATHER CONDITIONS
 THE FOLLOWING WEATHER WAS RECORDED YESTERDAY.
  LIGHT RAIN
  FOG


RELATIVE HUMIDITY (PERCENT)
 HIGHEST   100
 LOWEST     76
 AVERAGE    88

..........................................................


THE WAUKEGAN   CLIMATE NORMALS FOR TODAY
                         NORMAL    RECORD    YEAR
 MAXIMUM TEMPERATURE (F)   61        83      2001
 MINIMUM TEMPERATURE (F)   42        32      2005


SUNRISE AND SUNSET
MAY  1 2016...........SUNRISE   546 AM CDT   SUNSET   752 PM CDT
MAY  2 2016...........SUNRISE   545 AM CDT   SUNSET   753 PM CDT


-  INDICATES NEGATIVE NUMBERS.
R  INDICATES RECORD WAS SET OR TIED.
MM INDICATES DATA IS MISSING.
T  INDICATES TRACE AMOUNT.




$$
