000
CDUS43 KLOT 300644
CLIUGN


CLIMATE REPORT
NATIONAL WEATHER SERVICE CHICAGO IL
142 AM CDT SAT JUL 30 2016


...................................

...THE WAUKEGAN   CLIMATE SUMMARY FOR JULY 29 2016...

CLIMATE NORMAL PERIOD 1981 TO 2010
CLIMATE RECORD PERIOD 2000 TO 2016


WEATHER ITEM   OBSERVED TIME   RECORD YEAR NORMAL DEPARTURE LAST
                VALUE   (LST)  VALUE       VALUE  FROM      YEAR
                                                  NORMAL
..................................................................
TEMPERATURE (F)
 YESTERDAY
  MAXIMUM         77   1256 PM  92    2006  80     -3       84
  MINIMUM         68    756 PM  50    2003  62      6       70
  AVERAGE         73

PRECIPITATION (IN)
  YESTERDAY        0.03          0.05 2014   0.13  -0.10      T
  MONTH TO DATE    2.97                      3.62  -0.65     4.29
  SINCE JUN 1      4.32                      7.50  -3.18     8.55
  SINCE JAN 1     16.26                     20.36  -4.10    17.95

DEGREE DAYS
 HEATING
  YESTERDAY        0                         0      0        0
  MONTH TO DATE   10                         3      7       45
  SINCE JUN 1     50                        89    -39      148
  SINCE JUL 1     10                         3      7       45

 COOLING
  YESTERDAY        8                         6      2       12
  MONTH TO DATE  259                       196     63      136
  SINCE JUN 1    390                       301     89      190
  SINCE JAN 1    434                       326    108      215
..................................................................


WIND (MPH)
  RESULTANT WIND SPEED   6   RESULTANT WIND DIRECTION  NE (40)
  HIGHEST WIND SPEED    16   HIGHEST WIND DIRECTION    NE (60)
  HIGHEST GUST SPEED    20   HIGHEST GUST DIRECTION    NE (60)
  AVERAGE WIND SPEED     7.2


SKY COVER
  POSSIBLE SUNSHINE  MM
  AVERAGE SKY COVER 0.8


WEATHER CONDITIONS
 THE FOLLOWING WEATHER WAS RECORDED YESTERDAY.
  LIGHT RAIN


RELATIVE HUMIDITY (PERCENT)
 HIGHEST    97
 LOWEST     76
 AVERAGE    87

..........................................................


THE WAUKEGAN   CLIMATE NORMALS FOR TODAY
                         NORMAL    RECORD    YEAR
 MAXIMUM TEMPERATURE (F)   80        93      2002
 MINIMUM TEMPERATURE (F)   62        35      2011


SUNRISE AND SUNSET
JULY 30 2016..........SUNRISE   542 AM CDT   SUNSET   813 PM CDT
JULY 31 2016..........SUNRISE   543 AM CDT   SUNSET   812 PM CDT


-  INDICATES NEGATIVE NUMBERS.
R  INDICATES RECORD WAS SET OR TIED.
MM INDICATES DATA IS MISSING.
T  INDICATES TRACE AMOUNT.




$$
