000
CDUS43 KLOT 010633
CLIUGN


CLIMATE REPORT
NATIONAL WEATHER SERVICE CHICAGO IL
1232 AM CST SUN MAR 1 2015


...................................

...THE WAUKEGAN   CLIMATE SUMMARY FOR FEBRUARY 28 2015...

CLIMATE NORMAL PERIOD 1981 TO 2010
CLIMATE RECORD PERIOD 2000 TO 2015


WEATHER ITEM   OBSERVED TIME   RECORD YEAR NORMAL DEPARTURE LAST
                VALUE   (LST)  VALUE       VALUE  FROM      YEAR
                                                  NORMAL
..................................................................
TEMPERATURE (F)
 YESTERDAY
  MAXIMUM         20    754 PM  54    2004  38    -18       27
  MINIMUM         -9    552 AM -10    2014  22    -31      -10
  AVERAGE          6

PRECIPITATION (IN)
  YESTERDAY        T             0.10 2005   0.06  -0.06     0.00
  MONTH TO DATE    T                         1.66  -1.66     0.95
  SINCE DEC 1      1.34                      5.05  -3.71     2.58
  SINCE JAN 1      0.54                      3.05  -2.51     2.02

DEGREE DAYS
 HEATING
  YESTERDAY       59                        35     24       56
  MONTH TO DATE 1464                      1096    368     1397
  SINCE DEC 1   3862                      3561    301     4357
  SINCE JUL 1   5525                      4946    579     5869

 COOLING
  YESTERDAY        0                         0      0        0
  MONTH TO DATE    0                         0      0        0
  SINCE DEC 1      0                         0      0        0
  SINCE JAN 1      0                         0      0        0
..................................................................


WIND (MPH)
  RESULTANT WIND SPEED   5   RESULTANT WIND DIRECTION   S (180)
  HIGHEST WIND SPEED    13   HIGHEST WIND DIRECTION     S (170)
  HIGHEST GUST SPEED    19   HIGHEST GUST DIRECTION     S (190)
  AVERAGE WIND SPEED     6.4


SKY COVER
  POSSIBLE SUNSHINE  MM
  AVERAGE SKY COVER 0.2


WEATHER CONDITIONS
 THE FOLLOWING WEATHER WAS RECORDED YESTERDAY.
  FOG
  HAZE


RELATIVE HUMIDITY (PERCENT)
 HIGHEST    91
 LOWEST     47
 AVERAGE    69

..........................................................


THE WAUKEGAN   CLIMATE NORMALS FOR TODAY
                         NORMAL    RECORD    YEAR
 MAXIMUM TEMPERATURE (F)   39        56      2000
 MINIMUM TEMPERATURE (F)   22         9      2014


SUNRISE AND SUNSET
MARCH  1 2015.........SUNRISE   627 AM CST   SUNSET   541 PM CST
MARCH  2 2015.........SUNRISE   626 AM CST   SUNSET   542 PM CST


-  INDICATES NEGATIVE NUMBERS.
R  INDICATES RECORD WAS SET OR TIED.
MM INDICATES DATA IS MISSING.
T  INDICATES TRACE AMOUNT.




$$
