000
CDUS46 KSEW 220829
CLIUIL


CLIMATE REPORT
NATIONAL WEATHER SERVICE SEATTLE WA
1229 AM PST SAT NOV 22 2014


...................................

...THE QUILLAYUTE WA AIRPORT CLIMATE SUMMARY FOR NOVEMBER 21 2014...

CLIMATE NORMAL PERIOD 1981 TO 2010
CLIMATE RECORD PERIOD 1966 TO 2014


WEATHER ITEM   OBSERVED TIME   RECORD YEAR NORMAL DEPARTURE LAST
                VALUE   (LST)  VALUE       VALUE  FROM      YEAR
                                                  NORMAL
..................................................................
TEMPERATURE (F)
 YESTERDAY
  MAXIMUM         52    410 PM  60    1979  49      3       48
  MINIMUM         47   1128 PM  20    1985  37     10       24
                                      1978
  AVERAGE         50                        43      7       36

PRECIPITATION (IN)
  YESTERDAY        1.59          1.60 1990   0.54   1.05     0.00
  MONTH TO DATE    8.86                     10.79  -1.93     6.78
  SINCE OCT 1     26.22                     21.28   4.94     9.93
  SINCE JAN 1     86.62                     81.82   4.80    81.34

DEGREE DAYS
 HEATING
  YESTERDAY       15                        22     -7       29
  MONTH TO DATE  406                       420    -14      353
  SINCE SEP 1    805                      1141   -336      860
  SINCE JUL 1   1055                      1510   -455     1032

 COOLING
  YESTERDAY        0                         0      0        0
  MONTH TO DATE    0                         0      0        0
  SINCE SEP 1      7                         2      5       14
  SINCE JAN 1     25                        19      6       39
..................................................................


WIND (MPH)
  RESULTANT WIND SPEED   6   RESULTANT WIND DIRECTION   S (180)
  HIGHEST WIND SPEED    20   HIGHEST WIND DIRECTION    SE (150)
  HIGHEST GUST SPEED    31   HIGHEST GUST DIRECTION     S (160)
  AVERAGE WIND SPEED    10.0


SKY COVER
  AVERAGE SKY COVER 1.0


WEATHER CONDITIONS
 THE FOLLOWING WEATHER WAS RECORDED YESTERDAY.
  HEAVY RAIN
  RAIN
  LIGHT RAIN
  FOG


RELATIVE HUMIDITY (PERCENT)
 HIGHEST   100          1200 AM
 LOWEST     77          1100 PM
 AVERAGE    89

..........................................................


THE QUILLAYUTE WA AIRPORT CLIMATE NORMALS FOR TODAY
                         NORMAL    RECORD    YEAR
 MAXIMUM TEMPERATURE (F)   49        56      1995
 MINIMUM TEMPERATURE (F)   37         9      1985


SUNRISE AND SUNSET
NOVEMBER 22 2014......SUNRISE   735 AM PST   SUNSET   434 PM PST
NOVEMBER 23 2014......SUNRISE   736 AM PST   SUNSET   433 PM PST


-  INDICATES NEGATIVE NUMBERS.
R  INDICATES RECORD WAS SET OR TIED.
MM INDICATES DATA IS MISSING.
T  INDICATES TRACE AMOUNT.




$$
