740
CDUS46 KSEW 220832
CLIUIL


CLIMATE REPORT
NATIONAL WEATHER SERVICE SEATTLE WA
132 AM PDT FRI MAY 22 2015


...................................

...THE QUILLAYUTE WA AIRPORT CLIMATE SUMMARY FOR MAY 21 2015...

CLIMATE NORMAL PERIOD 1981 TO 2010
CLIMATE RECORD PERIOD 1966 TO 2015


WEATHER ITEM   OBSERVED TIME   RECORD YEAR NORMAL DEPARTURE LAST
                VALUE   (LST)  VALUE       VALUE  FROM      YEAR
                                                  NORMAL
..................................................................
TEMPERATURE (F)
 YESTERDAY
  MAXIMUM         59   1136 AM  82    1969  60     -1       60
  MINIMUM         49    608 AM  32    1973  44      5       51
  AVERAGE         54                        52      2       56

PRECIPITATION (IN)
  YESTERDAY        0.00          1.05 2000   0.15  -0.15      T
  MONTH TO DATE    0.65                      3.60  -2.95     3.21
  SINCE OCT 1     86.13                     86.24  -0.11    68.72
  SINCE JAN 1     41.38                     47.24  -5.86    51.49

DEGREE DAYS
 HEATING
  YESTERDAY       11                        13     -2        9
  MONTH TO DATE  259                       304    -45      207
  SINCE MAR 1   1318                      1501   -183     1295
  SINCE JUL 1   4228                      5346  -1118     4489

 COOLING
  YESTERDAY        0                         0      0        0
  MONTH TO DATE    0                         0      0        2
  SINCE MAR 1      0                         0      0        4
  SINCE JAN 1      0                         0      0        4
..................................................................


WIND (MPH)
  RESULTANT WIND SPEED   3   RESULTANT WIND DIRECTION   W (280)
  HIGHEST WIND SPEED    12   HIGHEST WIND DIRECTION    SW (240)
  HIGHEST GUST SPEED    13   HIGHEST GUST DIRECTION    SW (230)
  AVERAGE WIND SPEED     3.6


SKY COVER
  AVERAGE SKY COVER 1.0


WEATHER CONDITIONS
 THE FOLLOWING WEATHER WAS RECORDED YESTERDAY.
  FOG


RELATIVE HUMIDITY (PERCENT)
 HIGHEST   100          1200 AM
 LOWEST     86          1100 AM
 AVERAGE    93

..........................................................


THE QUILLAYUTE WA AIRPORT CLIMATE NORMALS FOR TODAY
                         NORMAL    RECORD    YEAR
 MAXIMUM TEMPERATURE (F)   60        85      1969
 MINIMUM TEMPERATURE (F)   44        36      1977


SUNRISE AND SUNSET
MAY 22 2015...........SUNRISE   532 AM PDT   SUNSET   859 PM PDT
MAY 23 2015...........SUNRISE   531 AM PDT   SUNSET   900 PM PDT


-  INDICATES NEGATIVE NUMBERS.
R  INDICATES RECORD WAS SET OR TIED.
MM INDICATES DATA IS MISSING.
T  INDICATES TRACE AMOUNT.




$$
