380
CDUS46 KSEW 300839
CLIUIL


CLIMATE REPORT
NATIONAL WEATHER SERVICE SEATTLE WA
138 AM PDT SAT APR 30 2016


...................................

...THE QUILLAYUTE WA AIRPORT CLIMATE SUMMARY FOR APRIL 29 2016...

CLIMATE NORMAL PERIOD 1981 TO 2010
CLIMATE RECORD PERIOD 1966 TO 2016


WEATHER ITEM   OBSERVED TIME   RECORD YEAR NORMAL DEPARTURE LAST
                VALUE   (LST)  VALUE       VALUE  FROM      YEAR
                                                  NORMAL
..................................................................
TEMPERATURE (F)
 YESTERDAY
  MAXIMUM         58   1239 PM  81    1998  57      1       58
  MINIMUM         44    117 AM  28    1975  40      4       41
  AVERAGE         51                        48      3       50

PRECIPITATION (IN)
  YESTERDAY        T             1.91 1992   0.21  -0.21     0.10
  MONTH TO DATE    2.21                      7.64  -5.43     6.19
  SINCE OCT 1     93.49                     82.43  11.06    85.48
  SINCE JAN 1     49.51                     43.43   6.08    40.73

DEGREE DAYS
 HEATING
  YESTERDAY       14                        17     -3       15
  MONTH TO DATE  377                       533   -156      507
  SINCE MAR 1    905                      1181   -276     1045
  SINCE JUL 1   4028                      5026   -998     3955

 COOLING
  YESTERDAY        0                         0      0        0
  MONTH TO DATE    0                         0      0        0
  SINCE MAR 1      0                         0      0        0
  SINCE JAN 1      0                         0      0        0
..................................................................


WIND (MPH)
  RESULTANT WIND SPEED   3   RESULTANT WIND DIRECTION   W (290)
  HIGHEST WIND SPEED    15   HIGHEST WIND DIRECTION    NW (330)
  HIGHEST GUST SPEED    21   HIGHEST GUST DIRECTION    NW (330)
  AVERAGE WIND SPEED     4.1


SKY COVER
  AVERAGE SKY COVER 1.0


WEATHER CONDITIONS
 THE FOLLOWING WEATHER WAS RECORDED YESTERDAY.
  LIGHT RAIN


RELATIVE HUMIDITY (PERCENT)
 HIGHEST    93           600 AM
 LOWEST     66           400 PM
 AVERAGE    80

..........................................................


THE QUILLAYUTE WA AIRPORT CLIMATE NORMALS FOR TODAY
                         NORMAL    RECORD    YEAR
 MAXIMUM TEMPERATURE (F)   57        84      2014
 MINIMUM TEMPERATURE (F)   40        26      1986


SUNRISE AND SUNSET
APRIL 30 2016.........SUNRISE   601 AM PDT   SUNSET   831 PM PDT
MAY  1 2016...........SUNRISE   559 AM PDT   SUNSET   832 PM PDT


-  INDICATES NEGATIVE NUMBERS.
R  INDICATES RECORD WAS SET OR TIED.
MM INDICATES DATA IS MISSING.
T  INDICATES TRACE AMOUNT.




$$
