000
CDUS46 KSEW 010827
CLIUIL


CLIMATE REPORT
NATIONAL WEATHER SERVICE SEATTLE WA
126 AM PDT FRI AUG 1 2014


...................................

...THE QUILLAYUTE WA AIRPORT CLIMATE SUMMARY FOR JULY 31 2014...

CLIMATE NORMAL PERIOD 1981 TO 2010
CLIMATE RECORD PERIOD 1966 TO 2014


WEATHER ITEM   OBSERVED TIME   RECORD YEAR NORMAL DEPARTURE LAST
                VALUE   (LST)  VALUE       VALUE  FROM      YEAR
                                                  NORMAL
..................................................................
TEMPERATURE (F)
 YESTERDAY
  MAXIMUM         78   1244 PM  86    1968  69      9       66
  MINIMUM         45    456 AM  40    1997  51     -6       56
  AVERAGE         62                        60      2       61

PRECIPITATION (IN)
  YESTERDAY        0.00          0.50 2008   0.05  -0.05     0.01
  MONTH TO DATE    0.82                      1.98  -1.16     0.01
  SINCE OCT 1     72.39                     93.23 -20.84   105.78
  SINCE JAN 1     55.16                     54.23   0.93    58.81

DEGREE DAYS
 HEATING
  YESTERDAY        3                         5     -2        4
  MONTH TO DATE  136                       195    -59      113
  SINCE JUN 1    385                       488   -103      293
  SINCE JUL 1    136                       194    -58      113

 COOLING
  YESTERDAY        0                         0      0        0
  MONTH TO DATE    6                         7     -1        6
  SINCE JUN 1      6                        10     -4       13
  SINCE JAN 1     10                        11     -1       16
..................................................................


WIND (MPH)
  RESULTANT WIND SPEED   5   RESULTANT WIND DIRECTION  NW (330)
  HIGHEST WIND SPEED    17   HIGHEST WIND DIRECTION     N (340)
  HIGHEST GUST SPEED    23   HIGHEST GUST DIRECTION     N (340)
  AVERAGE WIND SPEED     5.1


SKY COVER
  AVERAGE SKY COVER 0.1


WEATHER CONDITIONS
 THE FOLLOWING WEATHER WAS RECORDED YESTERDAY.
  FOG
  FOG W/VISIBILITY <= 1/4 MILE


RELATIVE HUMIDITY (PERCENT)
 HIGHEST   100           300 AM
 LOWEST     36           400 PM
 AVERAGE    68

..........................................................


THE QUILLAYUTE WA AIRPORT CLIMATE NORMALS FOR TODAY
                         NORMAL    RECORD    YEAR
 MAXIMUM TEMPERATURE (F)   69        80      1993
 MINIMUM TEMPERATURE (F)   51        41      1997


SUNRISE AND SUNSET
AUGUST  1 2014........SUNRISE   555 AM PDT   SUNSET   853 PM PDT
AUGUST  2 2014........SUNRISE   556 AM PDT   SUNSET   852 PM PDT


-  INDICATES NEGATIVE NUMBERS.
R  INDICATES RECORD WAS SET OR TIED.
MM INDICATES DATA IS MISSING.
T  INDICATES TRACE AMOUNT.




$$
