455
CDUS46 KSEW 120832
CLIUIL


CLIMATE REPORT
NATIONAL WEATHER SERVICE SEATTLE WA
1231 AM PST FRI FEB 12 2016


...................................

...THE QUILLAYUTE WA AIRPORT CLIMATE SUMMARY FOR FEBRUARY 11 2016...

CLIMATE NORMAL PERIOD 1981 TO 2010
CLIMATE RECORD PERIOD 1966 TO 2016


WEATHER ITEM   OBSERVED TIME   RECORD YEAR NORMAL DEPARTURE LAST
                VALUE   (LST)  VALUE       VALUE  FROM      YEAR
                                                  NORMAL
..................................................................
TEMPERATURE (F)
 YESTERDAY
  MAXIMUM         55   1159 PM  63    1996  49      6       57
                                      1970
  MINIMUM         43    309 AM  22    1978  35      8       42
  AVERAGE         49                        42      7       50

PRECIPITATION (IN)
  YESTERDAY        1.32          3.82 1976   0.38   0.94      T
  MONTH TO DATE    4.83                      4.26   0.57     6.53
  SINCE OCT 1     64.53                     57.87   6.66    62.81
  SINCE JAN 1     20.55                     18.87   1.68    18.06

DEGREE DAYS
 HEATING
  YESTERDAY       16                        23     -7       15
  MONTH TO DATE  194                       253    -59      163
  SINCE DEC 1   1503                      1744   -241     1383
  SINCE JUL 1   2814                      3458   -644     2617

 COOLING
  YESTERDAY        0                         0      0        0
  MONTH TO DATE    0                         0      0        0
  SINCE DEC 1      0                         0      0        0
  SINCE JAN 1      0                         0      0        0
..................................................................


WIND (MPH)
  RESULTANT WIND SPEED   4   RESULTANT WIND DIRECTION  SE (130)
  HIGHEST WIND SPEED    14   HIGHEST WIND DIRECTION     S (190)
  HIGHEST GUST SPEED    22   HIGHEST GUST DIRECTION     S (180)
  AVERAGE WIND SPEED     5.9


SKY COVER
  AVERAGE SKY COVER 0.8


WEATHER CONDITIONS
 THE FOLLOWING WEATHER WAS RECORDED YESTERDAY.
  HEAVY RAIN
  RAIN
  LIGHT RAIN
  FOG


RELATIVE HUMIDITY (PERCENT)
 HIGHEST   100           700 PM
 LOWEST     86           900 AM
 AVERAGE    93

..........................................................


THE QUILLAYUTE WA AIRPORT CLIMATE NORMALS FOR TODAY
                         NORMAL    RECORD    YEAR
 MAXIMUM TEMPERATURE (F)   49        67      1996
 MINIMUM TEMPERATURE (F)   35        23      1980


SUNRISE AND SUNSET
FEBRUARY 12 2016......SUNRISE   730 AM PST   SUNSET   535 PM PST
FEBRUARY 13 2016......SUNRISE   728 AM PST   SUNSET   537 PM PST


-  INDICATES NEGATIVE NUMBERS.
R  INDICATES RECORD WAS SET OR TIED.
MM INDICATES DATA IS MISSING.
T  INDICATES TRACE AMOUNT.




$$
