000
CDUS46 KSEW 240829
CLIUIL


CLIMATE REPORT
NATIONAL WEATHER SERVICE SEATTLE WA
1229 AM PST MON NOV 24 2014


...................................

...THE QUILLAYUTE WA AIRPORT CLIMATE SUMMARY FOR NOVEMBER 23 2014...

CLIMATE NORMAL PERIOD 1981 TO 2010
CLIMATE RECORD PERIOD 1966 TO 2014


WEATHER ITEM   OBSERVED TIME   RECORD YEAR NORMAL DEPARTURE LAST
                VALUE   (LST)  VALUE       VALUE  FROM      YEAR
                                                  NORMAL
..................................................................
TEMPERATURE (F)
 YESTERDAY
  MAXIMUM         55    109 PM  60    2013  49      6       60
  MINIMUM         40    944 PM   5    1985  37      3       33
  AVERAGE         48                        43      5       47

PRECIPITATION (IN)
  YESTERDAY        0.60          2.60 1990   0.53   0.07     0.00
  MONTH TO DATE    9.71                     11.85  -2.14     6.78
  SINCE OCT 1     27.07                     22.34   4.73     9.93
  SINCE JAN 1     87.47                     82.88   4.59    81.34

DEGREE DAYS
 HEATING
  YESTERDAY       17                        22     -5       18
  MONTH TO DATE  440                       464    -24      396
  SINCE SEP 1    839                      1185   -346      903
  SINCE JUL 1   1089                      1554   -465     1075

 COOLING
  YESTERDAY        0                         0      0        0
  MONTH TO DATE    0                         0      0        0
  SINCE SEP 1      7                         2      5       14
  SINCE JAN 1     25                        19      6       39
..................................................................


WIND (MPH)
  RESULTANT WIND SPEED   3   RESULTANT WIND DIRECTION   W (250)
  HIGHEST WIND SPEED    23   HIGHEST WIND DIRECTION    SW (240)
  HIGHEST GUST SPEED    37   HIGHEST GUST DIRECTION     W (270)
  AVERAGE WIND SPEED     7.6


SKY COVER
  AVERAGE SKY COVER 0.5


WEATHER CONDITIONS
 THE FOLLOWING WEATHER WAS RECORDED YESTERDAY.
  HEAVY RAIN
  RAIN
  LIGHT RAIN
  FOG


RELATIVE HUMIDITY (PERCENT)
 HIGHEST   100           500 AM
 LOWEST     66           200 PM
 AVERAGE    83

..........................................................


THE QUILLAYUTE WA AIRPORT CLIMATE NORMALS FOR TODAY
                         NORMAL    RECORD    YEAR
 MAXIMUM TEMPERATURE (F)   49        60      2013
 MINIMUM TEMPERATURE (F)   37         9      1985


SUNRISE AND SUNSET
NOVEMBER 24 2014......SUNRISE   738 AM PST   SUNSET   432 PM PST
NOVEMBER 25 2014......SUNRISE   739 AM PST   SUNSET   431 PM PST


-  INDICATES NEGATIVE NUMBERS.
R  INDICATES RECORD WAS SET OR TIED.
MM INDICATES DATA IS MISSING.
T  INDICATES TRACE AMOUNT.




$$
