000
CDUS46 KSEW 020832
CLIUIL


CLIMATE REPORT
NATIONAL WEATHER SERVICE SEATTLE WA
131 AM PDT WED SEP 2 2015


...................................

...THE QUILLAYUTE WA AIRPORT CLIMATE SUMMARY FOR SEPTEMBER 1 2015...

CLIMATE NORMAL PERIOD 1981 TO 2010
CLIMATE RECORD PERIOD 1966 TO 2015


WEATHER ITEM   OBSERVED TIME   RECORD YEAR NORMAL DEPARTURE LAST
                VALUE   (LST)  VALUE       VALUE  FROM      YEAR
                                                  NORMAL
..................................................................
TEMPERATURE (F)
 YESTERDAY
  MAXIMUM         65    100 PM  92    1988  68     -3       68
  MINIMUM         53   1158 PM  35    1973  49      4       50
  AVERAGE         59                        59      0       59

PRECIPITATION (IN)
  YESTERDAY        0.40          2.67 1983   0.10   0.30     0.01
  MONTH TO DATE    0.40                      0.10   0.30     0.01
  SINCE OCT 1     91.77                     95.82  -4.05    73.09
  SINCE JAN 1     47.02                     56.82  -9.80    55.86

DEGREE DAYS
 HEATING
  YESTERDAY        6                         6      0        6
  MONTH TO DATE    6                         6      0        6
  SINCE SEP 1      6                         6      0        6
  SINCE JUL 1    163                       375   -212      256

 COOLING
  YESTERDAY        0                         0      0        0
  MONTH TO DATE    0                         0      0        0
  SINCE SEP 1      0                         0      0        0
  SINCE JAN 1     56                        17     39       18
..................................................................


WIND (MPH)
  RESULTANT WIND SPEED   4   RESULTANT WIND DIRECTION   S (190)
  HIGHEST WIND SPEED    13   HIGHEST WIND DIRECTION    SW (220)
  HIGHEST GUST SPEED    18   HIGHEST GUST DIRECTION    SW (230)
  AVERAGE WIND SPEED     4.9


SKY COVER
  AVERAGE SKY COVER 0.7


WEATHER CONDITIONS
 THE FOLLOWING WEATHER WAS RECORDED YESTERDAY.
  HEAVY RAIN
  RAIN
  LIGHT RAIN
  FOG
  FOG W/VISIBILITY <= 1/4 MILE


RELATIVE HUMIDITY (PERCENT)
 HIGHEST   100           300 AM
 LOWEST     78          1100 AM
 AVERAGE    89

..........................................................


THE QUILLAYUTE WA AIRPORT CLIMATE NORMALS FOR TODAY
                         NORMAL    RECORD    YEAR
 MAXIMUM TEMPERATURE (F)   68        97      1988
 MINIMUM TEMPERATURE (F)   49        35      1999


SUNRISE AND SUNSET
SEPTEMBER  2 2015.....SUNRISE   637 AM PDT   SUNSET   757 PM PDT
SEPTEMBER  3 2015.....SUNRISE   639 AM PDT   SUNSET   755 PM PDT


-  INDICATES NEGATIVE NUMBERS.
R  INDICATES RECORD WAS SET OR TIED.
MM INDICATES DATA IS MISSING.
T  INDICATES TRACE AMOUNT.




$$
