000
CDUS46 KSEW 060828
CLIUIL


CLIMATE REPORT
NATIONAL WEATHER SERVICE SEATTLE WA
128 AM PDT MON JUL 6 2015


...................................

...THE QUILLAYUTE WA AIRPORT CLIMATE SUMMARY FOR JULY 5 2015...

CLIMATE NORMAL PERIOD 1981 TO 2010
CLIMATE RECORD PERIOD 1966 TO 2015


WEATHER ITEM   OBSERVED TIME   RECORD YEAR NORMAL DEPARTURE LAST
                VALUE   (LST)  VALUE       VALUE  FROM      YEAR
                                                  NORMAL
..................................................................
TEMPERATURE (F)
 YESTERDAY
  MAXIMUM         77R   949 AM  74    1976  66     11       66
                                      1975
  MINIMUM         49    448 AM  38    2002  50     -1       54
  AVERAGE         63                        58      5       60

PRECIPITATION (IN)
  YESTERDAY        0.00          1.53 2005   0.07  -0.07     0.05
  MONTH TO DATE    0.00                      0.39  -0.39     0.09
  SINCE OCT 1     86.35                     91.64  -5.29    71.66
  SINCE JAN 1     41.60                     52.64 -11.04    54.43

DEGREE DAYS
 HEATING
  YESTERDAY        2                         7     -5        5
  MONTH TO DATE    5                        38    -33       25
  SINCE JUN 1    195                       332   -137      274
  SINCE JUL 1      5                        38    -33       25

 COOLING
  YESTERDAY        0                         0      0        0
  MONTH TO DATE    2                         0      2        6
  SINCE JUN 1     15                         3     12        6
  SINCE JAN 1     15                         4     11       10
..................................................................


WIND (MPH)
  RESULTANT WIND SPEED   4   RESULTANT WIND DIRECTION  SW (230)
  HIGHEST WIND SPEED    14   HIGHEST WIND DIRECTION     W (250)
  HIGHEST GUST SPEED    16   HIGHEST GUST DIRECTION     N (360)
  AVERAGE WIND SPEED     4.8


SKY COVER
  AVERAGE SKY COVER 0.3


WEATHER CONDITIONS
 THE FOLLOWING WEATHER WAS RECORDED YESTERDAY.
  FOG
  HAZE


RELATIVE HUMIDITY (PERCENT)
 HIGHEST   100           300 AM
 LOWEST     50          1000 AM
 AVERAGE    75

..........................................................


THE QUILLAYUTE WA AIRPORT CLIMATE NORMALS FOR TODAY
                         NORMAL    RECORD    YEAR
 MAXIMUM TEMPERATURE (F)   66        82      2010
 MINIMUM TEMPERATURE (F)   50        40      1996
                                             1977


SUNRISE AND SUNSET
JULY  6 2015..........SUNRISE   526 AM PDT   SUNSET   919 PM PDT
JULY  7 2015..........SUNRISE   527 AM PDT   SUNSET   919 PM PDT


-  INDICATES NEGATIVE NUMBERS.
R  INDICATES RECORD WAS SET OR TIED.
MM INDICATES DATA IS MISSING.
T  INDICATES TRACE AMOUNT.




$$
