000
CDUS46 KSEW 180829
CLIUIL


CLIMATE REPORT
NATIONAL WEATHER SERVICE SEATTLE WA
1229 AM PST THU DEC 18 2014


...................................

...THE QUILLAYUTE WA AIRPORT CLIMATE SUMMARY FOR DECEMBER 17 2014...

CLIMATE NORMAL PERIOD 1981 TO 2010
CLIMATE RECORD PERIOD 1966 TO 2014


WEATHER ITEM   OBSERVED TIME   RECORD YEAR NORMAL DEPARTURE LAST
                VALUE   (LST)  VALUE       VALUE  FROM      YEAR
                                                  NORMAL
..................................................................
TEMPERATURE (F)
 YESTERDAY
  MAXIMUM         49    325 PM  55    1988  46      3       47
                                      1985
                                      1981
  MINIMUM         44    905 AM  21    1987  34     10       32
  AVERAGE         47                        40      7       40

PRECIPITATION (IN)
  YESTERDAY        0.27          4.77 1979   0.40  -0.13     0.10
  MONTH TO DATE    9.68                      7.34   2.34     2.61
  SINCE OCT 1     40.22                     33.35   6.87    13.68
  SINCE JAN 1    100.62                     93.89   6.73    85.09

DEGREE DAYS
 HEATING
  YESTERDAY       18                        25     -7       25
  MONTH TO DATE  325                       417    -92      460
  SINCE DEC 1    325                       417    -92      460
  SINCE JUL 1   1559                      2131   -572     1656

 COOLING
  YESTERDAY        0                         0      0        0
  MONTH TO DATE    0                         0      0        0
  SINCE DEC 1      0                         0      0        0
  SINCE JAN 1     25                        19      6       39
..................................................................


WIND (MPH)
  RESULTANT WIND SPEED   2   RESULTANT WIND DIRECTION   E (100)
  HIGHEST WIND SPEED     7   HIGHEST WIND DIRECTION     E (70)
  HIGHEST GUST SPEED     8   HIGHEST GUST DIRECTION     E (110)
  AVERAGE WIND SPEED     1.9


SKY COVER
  AVERAGE SKY COVER 1.0


WEATHER CONDITIONS
 THE FOLLOWING WEATHER WAS RECORDED YESTERDAY.
  LIGHT RAIN
  FOG


RELATIVE HUMIDITY (PERCENT)
 HIGHEST   100           100 AM
 LOWEST     93           100 PM
 AVERAGE    97

..........................................................


THE QUILLAYUTE WA AIRPORT CLIMATE NORMALS FOR TODAY
                         NORMAL    RECORD    YEAR
 MAXIMUM TEMPERATURE (F)   46        59      2004
 MINIMUM TEMPERATURE (F)   34        20      2008


SUNRISE AND SUNSET
DECEMBER 18 2014......SUNRISE   803 AM PST   SUNSET   426 PM PST
DECEMBER 19 2014......SUNRISE   804 AM PST   SUNSET   427 PM PST


-  INDICATES NEGATIVE NUMBERS.
R  INDICATES RECORD WAS SET OR TIED.
MM INDICATES DATA IS MISSING.
T  INDICATES TRACE AMOUNT.




$$
