000
CDUS46 KSEW 290125
CLIUIL


CLIMATE REPORT
NATIONAL WEATHER SERVICE SEATTLE WA
525 PM PST WED JAN 28 2015


...................................

...THE QUILLAYUTE WA AIRPORT CLIMATE SUMMARY FOR JANUARY 28 2015...
VALID TODAY AS OF 0500 PM LOCAL TIME.

CLIMATE NORMAL PERIOD 1981 TO 2010
CLIMATE RECORD PERIOD 1966 TO 2015


WEATHER ITEM   OBSERVED TIME   RECORD YEAR NORMAL DEPARTURE LAST
                VALUE   (LST)  VALUE       VALUE  FROM      YEAR
                                                  NORMAL
..................................................................
TEMPERATURE (F)
 TODAY
  MAXIMUM         55    329 PM  59    1998  48      7       54
  MINIMUM         33    810 AM  11    1972  36     -3       46
  AVERAGE         44                        42      2       50

PRECIPITATION (IN)
  TODAY            0.00          1.83 2004   0.43  -0.43     1.14
  MONTH TO DATE   11.53                     13.32  -1.79    10.63
  SINCE OCT 1     56.28                     52.32   3.96    27.86
  SINCE JAN 1     11.53                     13.32  -1.79    10.63

DEGREE DAYS
 HEATING
  TODAY           21                        23     -2       15
  MONTH TO DATE  535                       656   -121      546
  SINCE DEC 1   1160                      1420   -260     1303
  SINCE JUL 1   2394                      3134   -740     2499

 COOLING
  TODAY            0                         0      0        0
  MONTH TO DATE    0                         0      0        0
  SINCE DEC 1      0                         0      0        0
  SINCE JAN 1      0                         0      0        0
..................................................................


WIND (MPH)
  RESULTANT WIND SPEED   4   RESULTANT WIND DIRECTION   E (90)
  HIGHEST WIND SPEED     8   HIGHEST WIND DIRECTION     E (80)
  HIGHEST GUST SPEED    11   HIGHEST GUST DIRECTION     E (80)
  AVERAGE WIND SPEED     3.8


SKY COVER
  AVERAGE SKY COVER 0.2


WEATHER CONDITIONS
 THE FOLLOWING WEATHER WAS RECORDED TODAY.
  FOG


RELATIVE HUMIDITY (PERCENT)
 HIGHEST   100          1200 AM
 LOWEST     59           300 PM
 AVERAGE    80

..........................................................


THE QUILLAYUTE WA AIRPORT CLIMATE NORMALS FOR TOMORROW
                         NORMAL    RECORD    YEAR
 MAXIMUM TEMPERATURE (F)   48        61      1998
 MINIMUM TEMPERATURE (F)   36        10      1980


SUNRISE AND SUNSET
JANUARY 28 2015.......SUNRISE   751 AM PST   SUNSET   512 PM PST
JANUARY 29 2015.......SUNRISE   750 AM PST   SUNSET   514 PM PST


-  INDICATES NEGATIVE NUMBERS.
R  INDICATES RECORD WAS SET OR TIED.
MM INDICATES DATA IS MISSING.
T  INDICATES TRACE AMOUNT.




$$
