000
CDUS46 KSEW 270828
CLIUIL


CLIMATE REPORT
NATIONAL WEATHER SERVICE SEATTLE WA
1228 AM PST FRI FEB 27 2015


...................................

...THE QUILLAYUTE WA AIRPORT CLIMATE SUMMARY FOR FEBRUARY 26 2015...

CLIMATE NORMAL PERIOD 1981 TO 2010
CLIMATE RECORD PERIOD 1966 TO 2015


WEATHER ITEM   OBSERVED TIME   RECORD YEAR NORMAL DEPARTURE LAST
                VALUE   (LST)  VALUE       VALUE  FROM      YEAR
                                                  NORMAL
..................................................................
TEMPERATURE (F)
 YESTERDAY
  MAXIMUM         53   1152 AM  73    1992  50      3       58
  MINIMUM         46    743 AM  18    1993  35     11       42
  AVERAGE         50                        43      7       50

PRECIPITATION (IN)
  YESTERDAY        0.72          1.97 1980   0.36   0.36     0.02
  MONTH TO DATE    8.30                      9.63  -1.33    10.64
  SINCE OCT 1     64.58                     63.24   1.34    39.80
  SINCE JAN 1     19.83                     24.24  -4.41    22.57

DEGREE DAYS
 HEATING
  YESTERDAY       15                        22     -7       15
  MONTH TO DATE  420                       596   -176      602
  SINCE DEC 1   1640                      2087   -447     1964
  SINCE JUL 1   2874                      3801   -927     3160

 COOLING
  YESTERDAY        0                         0      0        0
  MONTH TO DATE    0                         0      0        0
  SINCE DEC 1      0                         0      0        0
  SINCE JAN 1      0                         0      0        0
..................................................................


WIND (MPH)
  RESULTANT WIND SPEED   3   RESULTANT WIND DIRECTION   E (100)
  HIGHEST WIND SPEED    12   HIGHEST WIND DIRECTION     E (100)
  HIGHEST GUST SPEED    17   HIGHEST GUST DIRECTION     S (200)
  AVERAGE WIND SPEED     3.9


SKY COVER
  AVERAGE SKY COVER 1.0


WEATHER CONDITIONS
 THE FOLLOWING WEATHER WAS RECORDED YESTERDAY.
  RAIN
  LIGHT RAIN
  FOG


RELATIVE HUMIDITY (PERCENT)
 HIGHEST   100          1200 AM
 LOWEST     89          1200 PM
 AVERAGE    95

..........................................................


THE QUILLAYUTE WA AIRPORT CLIMATE NORMALS FOR TODAY
                         NORMAL    RECORD    YEAR
 MAXIMUM TEMPERATURE (F)   50        69      1968
 MINIMUM TEMPERATURE (F)   35        24      2003
                                             2001
                                             1971


SUNRISE AND SUNSET
FEBRUARY 27 2015......SUNRISE   703 AM PST   SUNSET   559 PM PST
FEBRUARY 28 2015......SUNRISE   701 AM PST   SUNSET   601 PM PST


-  INDICATES NEGATIVE NUMBERS.
R  INDICATES RECORD WAS SET OR TIED.
MM INDICATES DATA IS MISSING.
T  INDICATES TRACE AMOUNT.




$$
