000
CDUS43 KLSX 300727
CLIUIN


CLIMATE REPORT
NATIONAL WEATHER SERVICE ST LOUIS MO
226 AM CDT MON MAR 30 2015


...................................

...THE QUINCY IL CLIMATE SUMMARY FOR MARCH 29 2015...

CLIMATE NORMAL PERIOD 1981 TO 2010
CLIMATE RECORD PERIOD 1901 TO 2015


WEATHER ITEM   OBSERVED TIME   RECORD YEAR NORMAL DEPARTURE LAST
                VALUE   (LST)  VALUE       VALUE  FROM      YEAR
                                                  NORMAL
..................................................................
TEMPERATURE (F)
 YESTERDAY
  MAXIMUM         59    421 PM  85    1986  57      2       48
  MINIMUM         32   1219 AM  18    1969  37     -5       34
  AVERAGE         46                        47     -1

PRECIPITATION (IN)
  YESTERDAY        T             2.25 1914   0.09  -0.09     0.00
  MONTH TO DATE    0.95                      2.27  -1.32     0.68
  SINCE MAR 1      0.95                      2.27  -1.32     0.68
  SINCE JAN 1      2.99                      5.67  -2.68     2.80

DEGREE DAYS
 HEATING
  YESTERDAY       19                        18      1
  MONTH TO DATE  692                       684      8
  SINCE MAR 1    692                       684      8
  SINCE JUL 1   5358                      5026    332

 COOLING
  YESTERDAY        0                         0      0
  MONTH TO DATE    0                         0      0
  SINCE MAR 1      0                         0      0
  SINCE JAN 1      0                         0      0
..................................................................


WIND (MPH)
  HIGHEST WIND SPEED    26   HIGHEST WIND DIRECTION    SW (210)
  HIGHEST GUST SPEED    33   HIGHEST GUST DIRECTION    SW (210)
  AVERAGE WIND SPEED    13.1


SKY COVER
  AVERAGE SKY COVER 0.2



RELATIVE HUMIDITY (PERCENT)
 HIGHEST    70          1100 PM
 LOWEST     46          1100 AM
 AVERAGE    58

..........................................................


THE QUINCY IL CLIMATE NORMALS FOR TODAY
                         NORMAL    RECORD    YEAR
 MAXIMUM TEMPERATURE (F)   58        82      1943
 MINIMUM TEMPERATURE (F)   37        16      1964


SUNRISE AND SUNSET
MARCH 30 2015.........SUNRISE   652 AM CDT   SUNSET   727 PM CDT
MARCH 31 2015.........SUNRISE   651 AM CDT   SUNSET   728 PM CDT


-  INDICATES NEGATIVE NUMBERS.
R  INDICATES RECORD WAS SET OR TIED.
MM INDICATES DATA IS MISSING.
T  INDICATES TRACE AMOUNT.




$$
