480
CDUS43 KLSX 220728
CLIUIN


CLIMATE REPORT
NATIONAL WEATHER SERVICE ST LOUIS MO
227 AM CDT FRI MAY 22 2015


...................................

...THE QUINCY IL CLIMATE SUMMARY FOR MAY 21 2015...

CLIMATE NORMAL PERIOD 1981 TO 2010
CLIMATE RECORD PERIOD 1901 TO 2015


WEATHER ITEM   OBSERVED TIME   RECORD YEAR NORMAL DEPARTURE LAST
                VALUE   (LST)  VALUE       VALUE  FROM      YEAR
                                                  NORMAL
..................................................................
TEMPERATURE (F)
 YESTERDAY
  MAXIMUM         68    525 PM  95    1925  74     -6       87
  MINIMUM         42    519 AM  38    2002  54    -12       65
  AVERAGE         55                        64     -9

PRECIPITATION (IN)
  YESTERDAY        0.00          1.23 1933   0.16  -0.16      T
  MONTH TO DATE    2.23                      2.99  -0.76     1.83
  SINCE MAR 1      4.88                      9.14  -4.26     5.96
  SINCE JAN 1      6.92                     12.54  -5.62     8.08

DEGREE DAYS
 HEATING
  YESTERDAY       10                         3      7
  MONTH TO DATE   82                       111    -29
  SINCE MAR 1   1070                      1199   -129
  SINCE JUL 1   5736                      5541    195

 COOLING
  YESTERDAY        0                         3     -3
  MONTH TO DATE   66                        33     33
  SINCE MAR 1     72                        51     21
  SINCE JAN 1     72                        51     21
..................................................................


WIND (MPH)
  HIGHEST WIND SPEED    16   HIGHEST WIND DIRECTION     W (290)
  HIGHEST GUST SPEED    21   HIGHEST GUST DIRECTION    NW (300)
  AVERAGE WIND SPEED     8.7


SKY COVER
  AVERAGE SKY COVER 0.2



RELATIVE HUMIDITY (PERCENT)
 HIGHEST    89          1200 AM
 LOWEST     39           500 PM
 AVERAGE    64

..........................................................


THE QUINCY IL CLIMATE NORMALS FOR TODAY
                         NORMAL    RECORD    YEAR
 MAXIMUM TEMPERATURE (F)   74        94      1925
 MINIMUM TEMPERATURE (F)   55        38      1963


SUNRISE AND SUNSET
MAY 22 2015...........SUNRISE   544 AM CDT   SUNSET   819 PM CDT
MAY 23 2015...........SUNRISE   543 AM CDT   SUNSET   820 PM CDT


-  INDICATES NEGATIVE NUMBERS.
R  INDICATES RECORD WAS SET OR TIED.
MM INDICATES DATA IS MISSING.
T  INDICATES TRACE AMOUNT.




$$
