000
CDUS46 KEKA 251211
CLIUKI


CLIMATE REPORT
NATIONAL WEATHER SERVICE EUREKA CA
511 AM PDT THU AUG 25 2016


...................................

...THE UKIAH CA CLIMATE SUMMARY FOR AUGUST 24 2016...

CLIMATE NORMAL PERIOD 1981 TO 2010
CLIMATE RECORD PERIOD 1903 TO 2016


WEATHER ITEM   OBSERVED TIME   RECORD YEAR NORMAL DEPARTURE LAST
                VALUE   (LST)  VALUE       VALUE  FROM      YEAR
                                                  NORMAL
..................................................................
TEMPERATURE (F)
 YESTERDAY
  MAXIMUM         95    241 PM 111    1932  91      4       92
  MINIMUM         47    549 AM  41    1978  53     -6       55
  AVERAGE         71                        72     -1       74

PRECIPITATION (IN)
  YESTERDAY        0.00          T    2011   0.01  -0.01     0.00
  MONTH TO DATE    0.00                      0.04  -0.04      T
  SINCE OCT 1     36.52                     36.84  -0.32    26.00
  SINCE JAN 1     24.31                     23.46   0.85     8.23

SNOWFALL (IN)
  YESTERDAY        0.0          MM      MM  MM     MM        0.0
  MONTH TO DATE    0.0                      MM     MM        0.0
  SINCE JUN 1      0.0                      MM     MM        0.0
  SINCE JUL 1      0.0                      MM     MM        0.0
  SNOW DEPTH       0

DEGREE DAYS
 HEATING
  YESTERDAY        0                         0      0        0
  MONTH TO DATE    0                         0      0        2
  SINCE JUN 1     22                        33    -11        7
  SINCE JUL 1      0                         1     -1        3

 COOLING
  YESTERDAY        6                         7     -1        9
  MONTH TO DATE  243                       193     50      207
  SINCE JUN 1    726                       584    142      821
  SINCE JAN 1    791                       636    155      869
..................................................................


WIND (MPH)
  HIGHEST WIND SPEED    15   HIGHEST WIND DIRECTION     W (280)
  HIGHEST GUST SPEED    21   HIGHEST GUST DIRECTION     W (280)
  AVERAGE WIND SPEED     2.0


SKY COVER
  AVERAGE SKY COVER 0.0


WEATHER CONDITIONS
 THE FOLLOWING WEATHER WAS RECORDED YESTERDAY.
  FOG
  FOG W/VISIBILITY <= 1/4 MILE


RELATIVE HUMIDITY (PERCENT)
 HIGHEST    93
 LOWEST      9
 AVERAGE    51

..........................................................


THE UKIAH CA CLIMATE NORMALS FOR TODAY
                         NORMAL    RECORD    YEAR
 MAXIMUM TEMPERATURE (F)   91       111      1924
 MINIMUM TEMPERATURE (F)   53        43      1938


SUNRISE AND SUNSET
AUGUST 25 2016........SUNRISE   636 AM PDT   SUNSET   753 PM PDT
AUGUST 26 2016........SUNRISE   637 AM PDT   SUNSET   751 PM PDT


-  INDICATES NEGATIVE NUMBERS.
R  INDICATES RECORD WAS SET OR TIED.
MM INDICATES DATA IS MISSING.
T  INDICATES TRACE AMOUNT.




$$
