000
CDUS46 KEKA 031212
CLIUKI


CLIMATE REPORT
NATIONAL WEATHER SERVICE EUREKA CA
412 AM PST SAT DEC 3 2016


...................................

...THE UKIAH CA CLIMATE SUMMARY FOR DECEMBER 2 2016...

CLIMATE NORMAL PERIOD 1981 TO 2010
CLIMATE RECORD PERIOD 1903 TO 2016


WEATHER ITEM   OBSERVED TIME   RECORD YEAR NORMAL DEPARTURE LAST
                VALUE   (LST)  VALUE       VALUE  FROM      YEAR
                                                  NORMAL
..................................................................
TEMPERATURE (F)
 YESTERDAY
  MAXIMUM         60    308 PM  79    1958  57      3       57
  MINIMUM         30    728 AM  23    1907  36     -6       44
  AVERAGE         45                        46     -1       51

PRECIPITATION (IN)
  YESTERDAY        0.00          2.47 1941   0.15  -0.15     0.04
  MONTH TO DATE    0.00                      0.29  -0.29     0.04
  SINCE OCT 1      9.57                      6.72   2.85     2.41
  SINCE JAN 1     33.88                     30.69   3.19    11.39

SNOWFALL (IN)
  YESTERDAY        0.0          MM      MM  MM     MM       MM
  MONTH TO DATE    0.0                      MM     MM       MM
  SINCE DEC 1      0.0                      MM     MM       MM
  SINCE JUL 1      0.0                      MM     MM        0.0
  SNOW DEPTH       0

DEGREE DAYS
 HEATING
  YESTERDAY       20                        18      2       14
  MONTH TO DATE   40                        36      4       34
  SINCE DEC 1     40                        36      4       34
  SINCE JUL 1    577                       659    -82      557

 COOLING
  YESTERDAY        0                         0      0        0
  MONTH TO DATE    0                         0      0        0
  SINCE DEC 1      0                         0      0        0
  SINCE JAN 1   1004                       835    169     1179
..................................................................


WIND (MPH)
  HIGHEST WIND SPEED     6   HIGHEST WIND DIRECTION    NW (330)
  HIGHEST GUST SPEED     6   HIGHEST GUST DIRECTION     W (280)
  AVERAGE WIND SPEED     1.5


SKY COVER
  AVERAGE SKY COVER 0.0


WEATHER CONDITIONS
 THE FOLLOWING WEATHER WAS RECORDED YESTERDAY.
  FOG
  HAZE


RELATIVE HUMIDITY (PERCENT)
 HIGHEST   100
 LOWEST     37
 AVERAGE    69

..........................................................


THE UKIAH CA CLIMATE NORMALS FOR TODAY
                         NORMAL    RECORD    YEAR
 MAXIMUM TEMPERATURE (F)   56        84      2006
 MINIMUM TEMPERATURE (F)   36        21      1925


SUNRISE AND SUNSET
DECEMBER  3 2016......SUNRISE   716 AM PST   SUNSET   450 PM PST
DECEMBER  4 2016......SUNRISE   716 AM PST   SUNSET   450 PM PST


-  INDICATES NEGATIVE NUMBERS.
R  INDICATES RECORD WAS SET OR TIED.
MM INDICATES DATA IS MISSING.
T  INDICATES TRACE AMOUNT.




$$
