000
CDUS46 KEKA 280023
CLIUKI


CLIMATE REPORT
NATIONAL WEATHER SERVICE EUREKA CA
420 PM PST SAT DEC 27 2014


...................................

...THE UKIAH CA CLIMATE SUMMARY FOR DECEMBER 27 2014...
VALID TODAY AS OF 0400 PM LOCAL TIME.

CLIMATE NORMAL PERIOD 1981 TO 2010
CLIMATE RECORD PERIOD 1903 TO 2014


WEATHER ITEM   OBSERVED RECORD YEAR NORMAL DEPARTURE LAST
                VALUE   VALUE       VALUE  FROM      YEAR
                                           NORMAL
...........................................................
TEMPERATURE (F)
 TODAY
  MAXIMUM         55     77    1967  55      0       55
  MINIMUM         29     21    1954  36     -7       27
  AVERAGE         42                 45     -3       41

PRECIPITATION (IN)
  TODAY            0.00   2.34 1951   0.27  -0.27     0.00
  MONTH TO DATE   12.10               6.00   6.10     0.49
  SINCE JUL 1     18.46              13.02   5.44     1.92
  SINCE JAN 1     35.09              36.40  -1.31     7.50

SNOWFALL (IN)
  TODAY            0.0   MM          MM     MM        0.0
  MONTH TO DATE    0.0               MM     MM        0.0
  SINCE DEC 1      0.0               MM     MM        0.0
  SINCE JUL 1      0.0               MM     MM        0.0
  SNOW DEPTH       0

...........................................................


WIND (MPH)
  HIGHEST WIND SPEED     5   HIGHEST WIND DIRECTION     W (280)
  HIGHEST GUST SPEED     6   HIGHEST GUST DIRECTION     W (280)
  AVERAGE WIND SPEED     0.0


SKY COVER
  AVERAGE SKY COVER 0.0


WEATHER CONDITIONS
 THE FOLLOWING WEATHER WAS RECORDED TODAY.
  FOG


RELATIVE HUMIDITY (PERCENT)
 HIGHEST    92
 LOWEST     46
 AVERAGE    69

..........................................................


THE UKIAH CA CLIMATE NORMALS FOR TOMORROW
                         NORMAL    RECORD    YEAR
 MAXIMUM TEMPERATURE (F)   55        73      1967
 MINIMUM TEMPERATURE (F)   36        20      1930


SUNRISE AND SUNSET
DECEMBER 27 2014......SUNRISE   731 AM PST   SUNSET   457 PM PST
DECEMBER 28 2014......SUNRISE   731 AM PST   SUNSET   458 PM PST


-  INDICATES NEGATIVE NUMBERS.
R  INDICATES RECORD WAS SET OR TIED.
MM INDICATES DATA IS MISSING.
T  INDICATES TRACE AMOUNT.




$$
