073
CDUS46 KEKA 211227
CLIUKI


CLIMATE REPORT
NATIONAL WEATHER SERVICE EUREKA CA
527 AM PDT FRI JUL 21 2017


...................................

...THE UKIAH CA CLIMATE SUMMARY FOR JULY 20 2017...

CLIMATE NORMAL PERIOD 1981 TO 2010
CLIMATE RECORD PERIOD 1903 TO 2017


WEATHER ITEM   OBSERVED TIME   RECORD YEAR NORMAL DEPARTURE LAST
                VALUE   (LST)  VALUE       VALUE  FROM      YEAR
                                                  NORMAL
..................................................................
TEMPERATURE (F)
 YESTERDAY
  MAXIMUM         92    255 PM 111    1960  93     -1       91
  MINIMUM         54    533 AM  42    1929  56     -2       48
  AVERAGE         73                        75     -2       70

PRECIPITATION (IN)
  YESTERDAY        0.00          0.00 2003   0.00   0.00     0.00
  MONTH TO DATE    0.00                      0.04  -0.04      T
  SINCE OCT 1     51.62                     36.80  14.82    36.52
  SINCE JAN 1     34.51                     23.42  11.09    24.31

SNOWFALL (IN)
  YESTERDAY        0.0          MM      MM  MM     MM        0.0
  MONTH TO DATE    0.0                      MM     MM        0.0
  SINCE JUN 1      0.0                      MM     MM        0.0
  SINCE JUL 1      0.0                      MM     MM        0.0
  SNOW DEPTH       0

DEGREE DAYS
 HEATING
  YESTERDAY        0                         0      0        0
  MONTH TO DATE    0                         0      0        0
  SINCE JUN 1     25                        32     -7       22
  SINCE JUL 1      0                         0      0        0

 COOLING
  YESTERDAY        8                        10     -2        5
  MONTH TO DATE  233                       173     60      149
  SINCE JUN 1    476                       285    191      343
  SINCE JAN 1    570                       337    233      408
..................................................................


WIND (MPH)
  HIGHEST WIND SPEED    20   HIGHEST WIND DIRECTION     N (350)
  HIGHEST GUST SPEED    26   HIGHEST GUST DIRECTION     N (360)
  AVERAGE WIND SPEED     6.5


SKY COVER
  AVERAGE SKY COVER 0.0


WEATHER CONDITIONS
 THE FOLLOWING WEATHER WAS RECORDED YESTERDAY.
  NO SIGNIFICANT WEATHER WAS OBSERVED.


RELATIVE HUMIDITY (PERCENT)
 HIGHEST    72
 LOWEST     20
 AVERAGE    46

..........................................................


THE UKIAH CA CLIMATE NORMALS FOR TODAY
                         NORMAL    RECORD    YEAR
 MAXIMUM TEMPERATURE (F)   94       111      2006
                                             1938
 MINIMUM TEMPERATURE (F)   56        43      1911


SUNRISE AND SUNSET
JULY 21 2017..........SUNRISE   604 AM PDT   SUNSET   834 PM PDT
JULY 22 2017..........SUNRISE   605 AM PDT   SUNSET   833 PM PDT


-  INDICATES NEGATIVE NUMBERS.
R  INDICATES RECORD WAS SET OR TIED.
MM INDICATES DATA IS MISSING.
T  INDICATES TRACE AMOUNT.




$$
