000
CDUS46 KEKA 251213
CLIUKI


CLIMATE REPORT
NATIONAL WEATHER SERVICE EUREKA CA
513 AM PDT MON MAY 25 2015


...................................

...THE UKIAH CA CLIMATE SUMMARY FOR MAY 24 2015...

CLIMATE NORMAL PERIOD 1981 TO 2010
CLIMATE RECORD PERIOD 1903 TO 2015


WEATHER ITEM   OBSERVED TIME   RECORD YEAR NORMAL DEPARTURE LAST
                VALUE   (LST)  VALUE       VALUE  FROM      YEAR
                                                  NORMAL
..................................................................
TEMPERATURE (F)
 YESTERDAY
  MAXIMUM         85    237 PM  99    1982  79      6       89
  MINIMUM         48    524 AM  32    1920  48      0       54
  AVERAGE         67                        63      4       72

PRECIPITATION (IN)
  YESTERDAY        0.00          1.26 1931   0.03  -0.03     0.00
  MONTH TO DATE    0.40                      1.24  -0.84      T
  SINCE OCT 1     25.84                     36.24 -10.40    17.97
  SINCE JAN 1      8.07                     22.86 -14.79    16.63

SNOWFALL (IN)
  YESTERDAY        0.0          MM      MM  MM     MM        0.0
  MONTH TO DATE    0.0                      MM     MM        0.0
  SINCE MAR 1      0.0                      MM     MM        0.0
  SINCE JUL 1      0.0                      MM     MM        0.0
  SNOW DEPTH       0

DEGREE DAYS
 HEATING
  YESTERDAY        0                         4     -4        0
  MONTH TO DATE   80                       119    -39       68
  SINCE MAR 1    483                       832   -349      536
  SINCE JUL 1   1997                      3065  -1068     2543

 COOLING
  YESTERDAY        2                         2      0        7
  MONTH TO DATE    9                        34    -25       59
  SINCE MAR 1     23                        42    -19       71
  SINCE JAN 1     23                        42    -19       71
..................................................................


WIND (MPH)
  HIGHEST WIND SPEED    15   HIGHEST WIND DIRECTION    SW (230)
  HIGHEST GUST SPEED    19   HIGHEST GUST DIRECTION     E (70)
  AVERAGE WIND SPEED     3.5


SKY COVER
  AVERAGE SKY COVER 0.0


WEATHER CONDITIONS
 THE FOLLOWING WEATHER WAS RECORDED YESTERDAY.
  NO SIGNIFICANT WEATHER WAS OBSERVED.


RELATIVE HUMIDITY (PERCENT)
 HIGHEST    86
 LOWEST     25
 AVERAGE    56

..........................................................


THE UKIAH CA CLIMATE NORMALS FOR TODAY
                         NORMAL    RECORD    YEAR
 MAXIMUM TEMPERATURE (F)   79        98      1982
 MINIMUM TEMPERATURE (F)   48        33      1920


SUNRISE AND SUNSET
MAY 25 2015...........SUNRISE   552 AM PDT   SUNSET   828 PM PDT
MAY 26 2015...........SUNRISE   552 AM PDT   SUNSET   828 PM PDT


-  INDICATES NEGATIVE NUMBERS.
R  INDICATES RECORD WAS SET OR TIED.
MM INDICATES DATA IS MISSING.
T  INDICATES TRACE AMOUNT.




$$
