000
CDUS43 KSGF 300627
CLIUNO


CLIMATE REPORT
NATIONAL WEATHER SERVICE SPRINGFIELD MO
126 AM CDT MON MAY 30 2016


...................................

...THE WEST PLAINS MO CLIMATE SUMMARY FOR MAY 29 2016...

CLIMATE NORMAL PERIOD 1981 TO 2010
CLIMATE RECORD PERIOD 1947 TO 2016


WEATHER ITEM   OBSERVED TIME   RECORD YEAR NORMAL DEPARTURE LAST
                VALUE   (LST)  VALUE       VALUE  FROM      YEAR
                                                  NORMAL
..................................................................
TEMPERATURE (F)
 YESTERDAY
  MAXIMUM         83    541 PM  93    2012  80      3       83
  MINIMUM         63   1141 PM  41    1984  58      5       64
  AVERAGE         73                        69      4       74

PRECIPITATION (IN)
  YESTERDAY        0.00          1.71 1950   0.14  -0.14     0.53
  MONTH TO DATE    6.51                      4.65   1.86     7.15
  SINCE MAR 1     11.74                     13.42  -1.68    12.51
  SINCE JAN 1     14.38                     18.98  -4.60    17.19

DEGREE DAYS
 HEATING
  YESTERDAY        0                         1     -1        0
  MONTH TO DATE  112                        79     33       71
  SINCE MAR 1    692                       877   -185      839
  SINCE JUL 1   3525                      4341   -816     4636

 COOLING
  YESTERDAY        8                         5      3        9
  MONTH TO DATE   64                        84    -20      100
  SINCE MAR 1     80                       112    -32      116
  SINCE JAN 1     80                       112    -32      116
..................................................................


WIND (MPH)
  HIGHEST WIND SPEED     9   HIGHEST WIND DIRECTION     N (340)
  HIGHEST GUST SPEED    14   HIGHEST GUST DIRECTION    NW (300)
  AVERAGE WIND SPEED     2.3


SKY COVER
  AVERAGE SKY COVER 0.1


WEATHER CONDITIONS
 THE FOLLOWING WEATHER WAS RECORDED YESTERDAY.
  FOG


RELATIVE HUMIDITY (PERCENT)
 HIGHEST    93           500 AM
 LOWEST     46           600 PM
 AVERAGE    70

..........................................................


THE WEST PLAINS MO CLIMATE NORMALS FOR TODAY
                         NORMAL    RECORD    YEAR
 MAXIMUM TEMPERATURE (F)   80        94      1977
 MINIMUM TEMPERATURE (F)   59        39      1984


SUNRISE AND SUNSET
MAY 30 2016...........SUNRISE   550 AM CDT   SUNSET   820 PM CDT
MAY 31 2016...........SUNRISE   550 AM CDT   SUNSET   821 PM CDT


-  INDICATES NEGATIVE NUMBERS.
R  INDICATES RECORD WAS SET OR TIED.
MM INDICATES DATA IS MISSING.
T  INDICATES TRACE AMOUNT.




$$
