000
CDUS43 KSGF 310647
CLIUNO


CLIMATE REPORT
NATIONAL WEATHER SERVICE SPRINGFIELD MO
146 AM CDT MON AUG 31 2015


...................................

...THE WEST PLAINS MO CLIMATE SUMMARY FOR AUGUST 30 2015...

CLIMATE NORMAL PERIOD 1981 TO 2010
CLIMATE RECORD PERIOD 1947 TO 2015


WEATHER ITEM   OBSERVED TIME   RECORD YEAR NORMAL DEPARTURE LAST
                VALUE   (LST)  VALUE       VALUE  FROM      YEAR
                                                  NORMAL
..................................................................
TEMPERATURE (F)
 YESTERDAY
  MAXIMUM         85    339 PM 105    2000  87     -2       84
  MINIMUM         66    150 AM  45    1986  63      3       71
  AVERAGE         76                        75      1       78

PRECIPITATION (IN)
  YESTERDAY        T             4.88 1967   0.10  -0.10     0.01
  MONTH TO DATE    4.52                      3.11   1.41     2.78
  SINCE JUN 1     18.10                     10.68   7.42     9.64
  SINCE JAN 1     35.71                     29.95   5.76    21.62

DEGREE DAYS
 HEATING
  YESTERDAY        0                         0      0        0
  MONTH TO DATE    0                         0      0        0
  SINCE JUN 1      5                         5      0        4
  SINCE JUL 1      0                         0      0        2

 COOLING
  YESTERDAY       11                        10      1       13
  MONTH TO DATE  263                       368   -105      392
  SINCE JUN 1   1022                      1039    -17      891
  SINCE JAN 1   1144                      1161    -17     1041
..................................................................


WIND (MPH)
  HIGHEST WIND SPEED    10   HIGHEST WIND DIRECTION    SE (150)
  HIGHEST GUST SPEED    13   HIGHEST GUST DIRECTION     S (180)
  AVERAGE WIND SPEED     2.6


SKY COVER
  AVERAGE SKY COVER 0.5


WEATHER CONDITIONS
 THE FOLLOWING WEATHER WAS RECORDED YESTERDAY.
  THUNDERSTORM
  FOG


RELATIVE HUMIDITY (PERCENT)
 HIGHEST    93           200 AM
 LOWEST     61           300 PM
 AVERAGE    77

..........................................................


THE WEST PLAINS MO CLIMATE NORMALS FOR TODAY
                         NORMAL    RECORD    YEAR
 MAXIMUM TEMPERATURE (F)   87       104      2000
 MINIMUM TEMPERATURE (F)   63        50      2009
                                             1988


SUNRISE AND SUNSET
AUGUST 31 2015........SUNRISE   638 AM CDT   SUNSET   738 PM CDT
SEPTEMBER  1 2015.....SUNRISE   638 AM CDT   SUNSET   736 PM CDT


-  INDICATES NEGATIVE NUMBERS.
R  INDICATES RECORD WAS SET OR TIED.
MM INDICATES DATA IS MISSING.
T  INDICATES TRACE AMOUNT.




$$
