000
CDUS43 KSGF 240649
CLIUNO


CLIMATE REPORT
NATIONAL WEATHER SERVICE SPRINGFIELD MO
148 AM CDT WED MAY 24 2017


...................................

...THE WEST PLAINS MO CLIMATE SUMMARY FOR MAY 23 2017...

CLIMATE NORMAL PERIOD 1981 TO 2010
CLIMATE RECORD PERIOD 1947 TO 2017


WEATHER ITEM   OBSERVED TIME   RECORD YEAR NORMAL DEPARTURE LAST
                VALUE   (LST)  VALUE       VALUE  FROM      YEAR
                                                  NORMAL
..................................................................
TEMPERATURE (F)
 YESTERDAY
  MAXIMUM         74    201 PM  95    2000  78     -4       79
  MINIMUM         53   1159 PM  36    1963  56     -3       48
  AVERAGE         64                        67     -3       64

PRECIPITATION (IN)
  YESTERDAY        T             1.49 1952   0.11  -0.11      T
  MONTH TO DATE    5.09                      3.90   1.19     3.76
  SINCE MAR 1     29.31                     12.67  16.64     8.99
  SINCE JAN 1     33.94                     18.23  15.71    11.63

DEGREE DAYS
 HEATING
  YESTERDAY        1                         2     -1        1
  MONTH TO DATE   72                        72      0      112
  SINCE MAR 1    663                       870   -207      692
  SINCE JUL 1   3312                      4334  -1022     3525

 COOLING
  YESTERDAY        0                         4     -4        0
  MONTH TO DATE   60                        57      3       23
  SINCE MAR 1     88                        85      3       39
  SINCE JAN 1     89                        85      4       39
..................................................................


WIND (MPH)
  HIGHEST WIND SPEED    22   HIGHEST WIND DIRECTION    NW (320)
  HIGHEST GUST SPEED    29   HIGHEST GUST DIRECTION    NW (320)
  AVERAGE WIND SPEED     5.5


SKY COVER
  AVERAGE SKY COVER 0.7


WEATHER CONDITIONS
 THE FOLLOWING WEATHER WAS RECORDED YESTERDAY.
  NO SIGNIFICANT WEATHER WAS OBSERVED.


RELATIVE HUMIDITY (PERCENT)
 HIGHEST    86           300 AM
 LOWEST     49           200 PM
 AVERAGE    68

..........................................................


THE WEST PLAINS MO CLIMATE NORMALS FOR TODAY
                         NORMAL    RECORD    YEAR
 MAXIMUM TEMPERATURE (F)   78        94      2000
 MINIMUM TEMPERATURE (F)   57        39      1961


SUNRISE AND SUNSET
MAY 24 2017...........SUNRISE   553 AM CDT   SUNSET   816 PM CDT
MAY 25 2017...........SUNRISE   553 AM CDT   SUNSET   817 PM CDT


-  INDICATES NEGATIVE NUMBERS.
R  INDICATES RECORD WAS SET OR TIED.
MM INDICATES DATA IS MISSING.
T  INDICATES TRACE AMOUNT.




$$
