000
CDUS43 KUNR 280831
CLIUNR


CLIMATE REPORT
NATIONAL WEATHER SERVICE RAPID CITY SD
231 AM MDT SUN AUG 28 2016


...................................

...THE EAST RAPID CITY SD CLIMATE SUMMARY FOR AUGUST 27 2016...

CLIMATE NORMAL PERIOD 1981 TO 2010
CLIMATE RECORD PERIOD 1888 TO 2016


WEATHER ITEM   OBSERVED RECORD YEAR NORMAL DEPARTURE LAST
                VALUE   VALUE       VALUE  FROM      YEAR
                                           NORMAL
...........................................................
TEMPERATURE (F)
 YESTERDAY
  MAXIMUM         84    102    1937  81      3       80
  MINIMUM         52     39    1911  58     -6       61
  AVERAGE         68                 69     -1       71

PRECIPITATION (IN)
  YESTERDAY        0.02   0.91 2006   0.05  -0.03     0.02
  MONTH TO DATE    3.32               1.77   1.55     1.87
  SINCE JUN 1      6.76               7.43  -0.67    12.36
  SINCE JAN 1     11.30              15.48  -4.18    21.72

SNOWFALL (IN)
  YESTERDAY        0.0    0.0  2002   0.0    0.0      0.0
                               2001
                               2000
  MONTH TO DATE    0.0                0.0    0.0      0.0
  SINCE JUN 1      0.0                0.0    0.0      0.0
  SINCE JUL 1      0.0                0.0    0.0      0.0
  SNOW DEPTH       0

DEGREE DAYS
 HEATING
  YESTERDAY        0                  1     -1        0
  MONTH TO DATE   24                  7     17       29
  SINCE JUN 1     30                107    -77       63
  SINCE JUL 1     25                 19      6       30

 COOLING
  YESTERDAY        3                  6     -3        6
  MONTH TO DATE  194                206    -12      194
  SINCE JUN 1    724                557    167      524
  SINCE JAN 1    730                575    155      532
...........................................................


WIND (MPH)
  HIGHEST GUST SPEED    24   HIGHEST GUST DIRECTION    SE (140)



WEATHER CONDITIONS
 THE FOLLOWING WEATHER WAS RECORDED YESTERDAY.
  LIGHT RAIN


..........................................................


THE EAST RAPID CITY SD CLIMATE NORMALS FOR TODAY
                         NORMAL    RECORD    YEAR
 MAXIMUM TEMPERATURE (F)   81        98      2012
                                             1924
 MINIMUM TEMPERATURE (F)   57        36      1911


SUNRISE AND SUNSET
AUGUST 28 2016........SUNRISE   612 AM MDT   SUNSET   735 PM MDT
AUGUST 29 2016........SUNRISE   613 AM MDT   SUNSET   733 PM MDT


-  INDICATES NEGATIVE NUMBERS.
R  INDICATES RECORD WAS SET OR TIED.
MM INDICATES DATA IS MISSING.
T  INDICATES TRACE AMOUNT.




$$
