000
CDUS43 KUNR 230831
CLIUNR


CLIMATE REPORT
NATIONAL WEATHER SERVICE RAPID CITY SD
131 AM MST THU FEB 23 2017


...................................

...THE EAST RAPID CITY SD CLIMATE SUMMARY FOR FEBRUARY 22 2017...

CLIMATE NORMAL PERIOD 1981 TO 2010
CLIMATE RECORD PERIOD 1888 TO 2017


WEATHER ITEM   OBSERVED RECORD YEAR NORMAL DEPARTURE LAST
                VALUE   VALUE       VALUE  FROM      YEAR
                                           NORMAL
...........................................................
TEMPERATURE (F)
 YESTERDAY
  MAXIMUM         53     70    1958  40     13       47
  MINIMUM         28    -17    1910  19      9       25
  AVERAGE         41                 30     11       36

PRECIPITATION (IN)
  YESTERDAY        T      0.53 1914   0.02  -0.02     0.00
  MONTH TO DATE    0.20               0.36  -0.16     0.43
  SINCE DEC 1      1.37               0.97   0.40     1.33
  SINCE JAN 1      0.55               0.65  -0.10     0.60

SNOWFALL (IN)
  YESTERDAY        0.0    5.6  1914   0.3   -0.3      0.0
  MONTH TO DATE    4.8                5.7   -0.9      3.8
  SINCE DEC 1     25.0               16.4    8.6     21.8
  SINCE JUL 1     28.7               25.0    3.7     27.8
  SNOW DEPTH       0

DEGREE DAYS
 HEATING
  YESTERDAY       24                 35    -11       29
  MONTH TO DATE  632                819   -187      596
  SINCE DEC 1   3326               3167    159     2822
  SINCE JUL 1   4357               4747   -390     4080

 COOLING
  YESTERDAY        0                  0      0        0
  MONTH TO DATE    0                  0      0        0
  SINCE DEC 1      0                  0      0        0
  SINCE JAN 1      0                  0      0        0
...........................................................


WIND (MPH)
  HIGHEST GUST SPEED    46   HIGHEST GUST DIRECTION     N (350)



WEATHER CONDITIONS
 THE FOLLOWING WEATHER WAS RECORDED YESTERDAY.
  LIGHT RAIN


..........................................................


THE EAST RAPID CITY SD CLIMATE NORMALS FOR TODAY
                         NORMAL    RECORD    YEAR
 MAXIMUM TEMPERATURE (F)   40        67      1958
 MINIMUM TEMPERATURE (F)   20       -14      1965


SUNRISE AND SUNSET
FEBRUARY 23 2017......SUNRISE   639 AM MST   SUNSET   534 PM MST
FEBRUARY 24 2017......SUNRISE   638 AM MST   SUNSET   535 PM MST


-  INDICATES NEGATIVE NUMBERS.
R  INDICATES RECORD WAS SET OR TIED.
MM INDICATES DATA IS MISSING.
T  INDICATES TRACE AMOUNT.




$$
