000
CDUS43 KUNR 090830
CLIUNR


CLIMATE REPORT
NATIONAL WEATHER SERVICE RAPID CITY SD
130 AM MST FRI DEC 9 2016


...................................

...THE EAST RAPID CITY SD CLIMATE SUMMARY FOR DECEMBER 8 2016...

CLIMATE NORMAL PERIOD 1981 TO 2010
CLIMATE RECORD PERIOD 1888 TO 2016


WEATHER ITEM   OBSERVED RECORD YEAR NORMAL DEPARTURE LAST
                VALUE   VALUE       VALUE  FROM      YEAR
                                           NORMAL
...........................................................
TEMPERATURE (F)
 YESTERDAY
  MAXIMUM         12     66    1939  37    -25       55
  MINIMUM         -3    -16    1932  19    -22       36
  AVERAGE          5                 28    -23       46

PRECIPITATION (IN)
  YESTERDAY        0.00   0.15 1967   0.01  -0.01      T
  MONTH TO DATE    T                  0.07  -0.07     0.24
  SINCE DEC 1      T                  0.07  -0.07     0.24
  SINCE JAN 1     12.95              19.54  -6.59    24.00

SNOWFALL (IN)
  YESTERDAY        0.0    3.5  2007   0.2   -0.2      0.0
  MONTH TO DATE    T                  1.4   -1.4      4.3
  SINCE DEC 1      T                  1.4   -1.4      4.3
  SINCE JUL 1      3.7               10.0   -6.3     10.3
  SNOW DEPTH       0

DEGREE DAYS
 HEATING
  YESTERDAY       60                 37     23       19
  MONTH TO DATE  337                289     48      199
  SINCE DEC 1    337                289     48      199
  SINCE JUL 1   1368               1869   -501     1457

 COOLING
  YESTERDAY        0                  0      0        0
  MONTH TO DATE    0                  0      0        0
  SINCE DEC 1      0                  0      0        0
  SINCE JAN 1    813                665    148      716
...........................................................


WIND (MPH)
  HIGHEST GUST SPEED    MM   HIGHEST GUST DIRECTION    MM



WEATHER CONDITIONS
 THE FOLLOWING WEATHER WAS RECORDED YESTERDAY.
  NO SIGNIFICANT WEATHER WAS OBSERVED.


..........................................................


THE EAST RAPID CITY SD CLIMATE NORMALS FOR TODAY
                         NORMAL    RECORD    YEAR
 MAXIMUM TEMPERATURE (F)   37        70      1939
 MINIMUM TEMPERATURE (F)   19       -23      1919


SUNRISE AND SUNSET
DECEMBER  9 2016......SUNRISE   716 AM MST   SUNSET   414 PM MST
DECEMBER 10 2016......SUNRISE   717 AM MST   SUNSET   414 PM MST


-  INDICATES NEGATIVE NUMBERS.
R  INDICATES RECORD WAS SET OR TIED.
MM INDICATES DATA IS MISSING.
T  INDICATES TRACE AMOUNT.




$$
