000
CDUS43 KUNR 020831
CLIUNR


CLIMATE REPORT
NATIONAL WEATHER SERVICE RAPID CITY SD
231 AM MDT SAT AUG 2 2014


...................................

...THE EAST RAPID CITY SD CLIMATE SUMMARY FOR AUGUST 1 2014...

CLIMATE NORMAL PERIOD 1981 TO 2010
CLIMATE RECORD PERIOD 1888 TO 2014


WEATHER ITEM   OBSERVED RECORD YEAR NORMAL DEPARTURE LAST
                VALUE   VALUE       VALUE  FROM      YEAR
                                           NORMAL
...........................................................
TEMPERATURE (F)
 YESTERDAY
  MAXIMUM         88    106    1900  86      2       79
  MINIMUM         67     48    1968  62      5       61
  AVERAGE         78                 74      4       70

PRECIPITATION (IN)
  YESTERDAY        0.08   0.95 2000   0.08   0.00     0.28
  MONTH TO DATE    0.08               0.08   0.00     0.28
  SINCE JUN 1      7.55               5.74   1.81     4.27
  SINCE JAN 1     12.73              13.79  -1.06    12.99

SNOWFALL (IN)
  YESTERDAY        0.0                0.0    0.0      0.0
  MONTH TO DATE    0.0                0.0    0.0      0.0
  SINCE JUN 1      0.0                0.0    0.0      0.0
  SINCE JUL 1      0.0                0.0    0.0      0.0
  SNOW DEPTH       0

DEGREE DAYS
 HEATING
  YESTERDAY        0                  0      0        0
  MONTH TO DATE    0                  0      0        0
  SINCE JUN 1    119                100     19       64
  SINCE JUL 1     11                 12     -1        6

 COOLING
  YESTERDAY       13                  9      4        5
  MONTH TO DATE   13                  9      4        5
  SINCE JUN 1    250                360   -110      378
  SINCE JAN 1    278                378   -100      402
...........................................................


WIND (MPH)
  HIGHEST GUST SPEED    28   HIGHEST GUST DIRECTION    SW (220)



WEATHER CONDITIONS
 THE FOLLOWING WEATHER WAS RECORDED YESTERDAY.
  THUNDERSTORM
  LIGHT RAIN


..........................................................


THE EAST RAPID CITY SD CLIMATE NORMALS FOR TODAY
                         NORMAL    RECORD    YEAR
 MAXIMUM TEMPERATURE (F)   86       102      1938
 MINIMUM TEMPERATURE (F)   62        47      1931


SUNRISE AND SUNSET
AUGUST  2 2014........SUNRISE   542 AM MDT   SUNSET   816 PM MDT
AUGUST  3 2014........SUNRISE   543 AM MDT   SUNSET   814 PM MDT


-  INDICATES NEGATIVE NUMBERS.
R  INDICATES RECORD WAS SET OR TIED.
MM INDICATES DATA IS MISSING.
T  INDICATES TRACE AMOUNT.




$$
