000
CDUS43 KUNR 230834
CLIUNR


CLIMATE REPORT
NATIONAL WEATHER SERVICE RAPID CITY SD
233 AM MDT SAT SEP 23 2017


...................................

...THE EAST RAPID CITY SD CLIMATE SUMMARY FOR SEPTEMBER 22 2017...

CLIMATE NORMAL PERIOD 1981 TO 2010
CLIMATE RECORD PERIOD 1888 TO 2017


WEATHER ITEM   OBSERVED RECORD YEAR NORMAL DEPARTURE LAST
                VALUE   VALUE       VALUE  FROM      YEAR
                                           NORMAL
...........................................................
TEMPERATURE (F)
 YESTERDAY
  MAXIMUM         58     94    1936  69    -11       58
  MINIMUM         42     30    1895  47     -5       51
  AVERAGE         50                 58     -8       55

PRECIPITATION (IN)
  YESTERDAY        0.10   0.92 2006   0.05   0.05     0.02
  MONTH TO DATE    1.26               1.15   0.11     0.50
  SINCE SEP 1      1.26               1.15   0.11     0.50
  SINCE JAN 1     11.23              16.83  -5.60    11.80

SNOWFALL (IN)
  YESTERDAY        0.0    1.6  1895   0.0    0.0      0.0
  MONTH TO DATE    0.0                0.0    0.0      0.0
  SINCE SEP 1      0.0                0.0    0.0      0.0
  SINCE JUL 1      0.0                0.0    0.0      0.0
  SNOW DEPTH       0

DEGREE DAYS
 HEATING
  YESTERDAY       15                  8      7       10
  MONTH TO DATE   92                100     -8       68
  SINCE SEP 1     92                100     -8       68
  SINCE JUL 1     97                130    -33       93

 COOLING
  YESTERDAY        0                  1     -1        0
  MONTH TO DATE  113                 61     52       47
  SINCE SEP 1    113                 61     52       47
  SINCE JAN 1    850                656    194      807
...........................................................


WIND (MPH)
  HIGHEST GUST SPEED    44   HIGHEST GUST DIRECTION     N (360)



WEATHER CONDITIONS
 THE FOLLOWING WEATHER WAS RECORDED YESTERDAY.
  THUNDERSTORM
  RAIN
  LIGHT RAIN


..........................................................


THE EAST RAPID CITY SD CLIMATE NORMALS FOR TODAY
                         NORMAL    RECORD    YEAR
 MAXIMUM TEMPERATURE (F)   69        92      1958
 MINIMUM TEMPERATURE (F)   47        28      1965


SUNRISE AND SUNSET
SEPTEMBER 23 2017.....SUNRISE   641 AM MDT   SUNSET   648 PM MDT
SEPTEMBER 24 2017.....SUNRISE   643 AM MDT   SUNSET   646 PM MDT


-  INDICATES NEGATIVE NUMBERS.
R  INDICATES RECORD WAS SET OR TIED.
MM INDICATES DATA IS MISSING.
T  INDICATES TRACE AMOUNT.




$$
