000
CDUS43 KUNR 290833
CLIUNR


CLIMATE REPORT
NATIONAL WEATHER SERVICE RAPID CITY SD
233 AM MDT FRI AUG 29 2014


...................................

...THE EAST RAPID CITY SD CLIMATE SUMMARY FOR AUGUST 28 2014...

CLIMATE NORMAL PERIOD 1981 TO 2010
CLIMATE RECORD PERIOD 1888 TO 2014


WEATHER ITEM   OBSERVED RECORD YEAR NORMAL DEPARTURE LAST
                VALUE   VALUE       VALUE  FROM      YEAR
                                           NORMAL
...........................................................
TEMPERATURE (F)
 YESTERDAY
  MAXIMUM         76     98    2012  81     -5       89
                               1924
  MINIMUM         61     36    1911  57      4       68
  AVERAGE         69                 69      0       79

PRECIPITATION (IN)
  YESTERDAY        0.00   0.78 1933   0.05  -0.05     0.00
  MONTH TO DATE    3.51               1.82   1.69     1.88
  SINCE JUN 1     10.98               7.48   3.50     5.87
  SINCE JAN 1     16.16              15.53   0.63    14.59

SNOWFALL (IN)
  YESTERDAY        0.0                0.0    0.0      0.0
  MONTH TO DATE    0.0                0.0    0.0      0.0
  SINCE JUN 1      0.0                0.0    0.0      0.0
  SINCE JUL 1      0.0                0.0    0.0      0.0
  SNOW DEPTH       0

DEGREE DAYS
 HEATING
  YESTERDAY        0                  1     -1        0
  MONTH TO DATE   10                  8      2        0
  SINCE JUN 1    129                108     21       64
  SINCE JUL 1     21                 20      1        6

 COOLING
  YESTERDAY        4                  5     -1       14
  MONTH TO DATE  163                211    -48      246
  SINCE JUN 1    400                562   -162      619
  SINCE JAN 1    428                580   -152      643
...........................................................


WIND (MPH)
  HIGHEST GUST SPEED    14   HIGHEST GUST DIRECTION     W (250)



WEATHER CONDITIONS
 THE FOLLOWING WEATHER WAS RECORDED YESTERDAY.
  NO SIGNIFICANT WEATHER WAS OBSERVED.


..........................................................


THE EAST RAPID CITY SD CLIMATE NORMALS FOR TODAY
                         NORMAL    RECORD    YEAR
 MAXIMUM TEMPERATURE (F)   81       106      2012
 MINIMUM TEMPERATURE (F)   57        43      1935


SUNRISE AND SUNSET
AUGUST 29 2014........SUNRISE   613 AM MDT   SUNSET   734 PM MDT
AUGUST 30 2014........SUNRISE   614 AM MDT   SUNSET   732 PM MDT


-  INDICATES NEGATIVE NUMBERS.
R  INDICATES RECORD WAS SET OR TIED.
MM INDICATES DATA IS MISSING.
T  INDICATES TRACE AMOUNT.




$$
