000
CDUS43 KUNR 260849
CLIUNR


CLIMATE REPORT
NATIONAL WEATHER SERVICE RAPID CITY SD
243 AM MDT THU MAY 26 2016


...................................

...THE EAST RAPID CITY SD CLIMATE SUMMARY FOR MAY 25 2016...

CLIMATE NORMAL PERIOD 1981 TO 2010
CLIMATE RECORD PERIOD 1888 TO 2016


WEATHER ITEM   OBSERVED RECORD YEAR NORMAL DEPARTURE LAST
                VALUE   VALUE       VALUE  FROM      YEAR
                                           NORMAL
...........................................................
TEMPERATURE (F)
 YESTERDAY
  MAXIMUM         67     94    1931  69     -2       59
  MINIMUM         48     33    1893  48      0       50
  AVERAGE         58                 58      0       55

PRECIPITATION (IN)
  YESTERDAY        0.18   2.65 1997   0.14   0.04     0.50
  MONTH TO DATE    1.03               3.29  -2.26     6.99
  SINCE MAR 1      3.26               6.38  -3.12     8.04
  SINCE JAN 1      4.07               7.15  -3.08     8.59

SNOWFALL (IN)
  YESTERDAY        0.0    0.0  2002   0.0    0.0      0.0
                               2001
                               2000
  MONTH TO DATE    T                  2.0   -2.0     13.6
  SINCE MAR 1     11.7               22.6  -10.9     15.0
  SINCE JUL 1     41.6               49.3   -7.7     50.7
  SNOW DEPTH       0

DEGREE DAYS
 HEATING
  YESTERDAY        7                  7      0       10
  MONTH TO DATE  237                268    -31      359
  SINCE MAR 1   1434               1780   -346     1498
  SINCE JUL 1   5683               6734  -1051     6194

 COOLING
  YESTERDAY        0                  1     -1        0
  MONTH TO DATE    4                  9     -5        2
  SINCE MAR 1      6                 10     -4        8
  SINCE JAN 1      6                 10     -4        8
...........................................................


WIND (MPH)
  HIGHEST GUST SPEED    38   HIGHEST GUST DIRECTION     N (350)



WEATHER CONDITIONS
 THE FOLLOWING WEATHER WAS RECORDED YESTERDAY.
  THUNDERSTORM
  RAIN
  LIGHT RAIN
  HAIL


..........................................................


THE EAST RAPID CITY SD CLIMATE NORMALS FOR TODAY
                         NORMAL    RECORD    YEAR
 MAXIMUM TEMPERATURE (F)   69        96      1969
 MINIMUM TEMPERATURE (F)   48        32      1893


SUNRISE AND SUNSET
MAY 26 2016...........SUNRISE   516 AM MDT   SUNSET   824 PM MDT
MAY 27 2016...........SUNRISE   515 AM MDT   SUNSET   825 PM MDT


-  INDICATES NEGATIVE NUMBERS.
R  INDICATES RECORD WAS SET OR TIED.
MM INDICATES DATA IS MISSING.
T  INDICATES TRACE AMOUNT.




$$
