000
CDUS43 KUNR 290842
CLIUNR


CLIMATE REPORT
NATIONAL WEATHER SERVICE RAPID CITY SD
238 AM MDT SUN MAR 29 2015


...................................

...THE EAST RAPID CITY SD CLIMATE SUMMARY FOR MARCH 28 2015...

CLIMATE NORMAL PERIOD 1981 TO 2010
CLIMATE RECORD PERIOD 1888 TO 2015


WEATHER ITEM   OBSERVED RECORD YEAR NORMAL DEPARTURE LAST
                VALUE   VALUE       VALUE  FROM      YEAR
                                           NORMAL
...........................................................
TEMPERATURE (F)
 YESTERDAY
  MAXIMUM         83R    79    1963  50     33       32
  MINIMUM         40      0    1931  28     12       20
  AVERAGE         62                 39     23       26

PRECIPITATION (IN)
  YESTERDAY        0.00   0.91 1998   0.05  -0.05     0.04
  MONTH TO DATE    0.10               0.86  -0.76     0.97
  SINCE MAR 1      0.10               0.86  -0.76     0.97
  SINCE JAN 1      0.65               1.63  -0.98     1.48

SNOWFALL (IN)
  YESTERDAY        0.0    6.0  1998   0.4   -0.4      0.8
  MONTH TO DATE    1.4               10.6   -9.2     12.9
  SINCE MAR 1      1.4               10.6   -9.2     12.9
  SINCE JUL 1     37.1               37.3   -0.2     63.0
  SNOW DEPTH       0

DEGREE DAYS
 HEATING
  YESTERDAY        3                 26    -23       39
  MONTH TO DATE  603                832   -229      944
  SINCE MAR 1    603                832   -229      944
  SINCE JUL 1   5299               5786   -487     6292

 COOLING
  YESTERDAY        0                  0      0        0
  MONTH TO DATE    6                  0      6        0
  SINCE MAR 1      6                  0      6        0
  SINCE JAN 1      6                  0      6        0
...........................................................


WIND (MPH)
  HIGHEST GUST SPEED    59   HIGHEST GUST DIRECTION    NW (330)



WEATHER CONDITIONS
 THE FOLLOWING WEATHER WAS RECORDED YESTERDAY.
  NO SIGNIFICANT WEATHER WAS OBSERVED.


..........................................................


THE EAST RAPID CITY SD CLIMATE NORMALS FOR TODAY
                         NORMAL    RECORD    YEAR
 MAXIMUM TEMPERATURE (F)   50        82      1943
 MINIMUM TEMPERATURE (F)   28         4      1898


SUNRISE AND SUNSET
MARCH 29 2015.........SUNRISE   640 AM MDT   SUNSET   716 PM MDT
MARCH 30 2015.........SUNRISE   638 AM MDT   SUNSET   717 PM MDT


-  INDICATES NEGATIVE NUMBERS.
R  INDICATES RECORD WAS SET OR TIED.
MM INDICATES DATA IS MISSING.
T  INDICATES TRACE AMOUNT.




$$
