000
CDUS43 KUNR 180036
CLIUNR


CLIMATE REPORT
NATIONAL WEATHER SERVICE RAPID CITY SD
536 PM MST WED JAN 17 2018


...................................

...THE EAST RAPID CITY SD CLIMATE SUMMARY FOR JANUARY 17 2018...
VALID TODAY AS OF 0500 PM LOCAL TIME.

CLIMATE NORMAL PERIOD 1981 TO 2010
CLIMATE RECORD PERIOD 1888 TO 2018


WEATHER ITEM   OBSERVED RECORD YEAR NORMAL DEPARTURE LAST
                VALUE   VALUE       VALUE  FROM      YEAR
                                           NORMAL
...........................................................
TEMPERATURE (F)
 TODAY
  MAXIMUM         47     64    1946  38      9       46
  MINIMUM         14    -33    1930  16     -2       20
  AVERAGE         31                 27      4       33

PRECIPITATION (IN)
  TODAY            0.00   0.25 1898   0.00   0.00     0.00
  MONTH TO DATE    0.21               0.14   0.07     0.12
  SINCE DEC 1      0.51               0.46   0.05     0.94
  SINCE JAN 1      0.21               0.14   0.07     0.12

SNOWFALL (IN)
  TODAY            0.0    2.6  1898   0.2   -0.2      0.0
  MONTH TO DATE    2.9                2.7    0.2      3.6
  SINCE DEC 1     10.2                7.9    2.3     15.7
  SINCE JUL 1     11.3               16.5   -5.2     19.4
  SNOW DEPTH       T

DEGREE DAYS
 HEATING
  TODAY           34                 38     -4       32
  MONTH TO DATE  739                646     93      859
  SINCE DEC 1   1930               1813    117     2252
  SINCE JUL 1   3310               3393    -83     3283

 COOLING
  TODAY            0                  0      0        0
  MONTH TO DATE    0                  0      0        0
  SINCE DEC 1      0                  0      0        0
  SINCE JAN 1      0                  0      0        0
...........................................................





WEATHER CONDITIONS
 THE FOLLOWING WEATHER WAS RECORDED TODAY.
  NO SIGNIFICANT WEATHER WAS OBSERVED.


..........................................................


THE EAST RAPID CITY SD CLIMATE NORMALS FOR TOMORROW
                         NORMAL    RECORD    YEAR
 MAXIMUM TEMPERATURE (F)   38        63      1914
 MINIMUM TEMPERATURE (F)   16       -25      1892


SUNRISE AND SUNSET
JANUARY 17 2018.......SUNRISE   723 AM MST   SUNSET   443 PM MST
JANUARY 18 2018.......SUNRISE   723 AM MST   SUNSET   444 PM MST


-  INDICATES NEGATIVE NUMBERS.
R  INDICATES RECORD WAS SET OR TIED.
MM INDICATES DATA IS MISSING.
T  INDICATES TRACE AMOUNT.




$$
