000
CDUS43 KUNR 190834
CLIUNR


CLIMATE REPORT
NATIONAL WEATHER SERVICE RAPID CITY SD
133 AM MST FRI DEC 19 2014


...................................

...THE EAST RAPID CITY SD CLIMATE SUMMARY FOR DECEMBER 18 2014...

CLIMATE NORMAL PERIOD 1981 TO 2010
CLIMATE RECORD PERIOD 1888 TO 2014


WEATHER ITEM   OBSERVED RECORD YEAR NORMAL DEPARTURE LAST
                VALUE   VALUE       VALUE  FROM      YEAR
                                           NORMAL
...........................................................
TEMPERATURE (F)
 YESTERDAY
  MAXIMUM         43     65    1958  36      7       59
  MINIMUM         17    -25    1924  17      0       27
  AVERAGE         30                 27      3       43

PRECIPITATION (IN)
  YESTERDAY        0.00   0.36 1970   0.01  -0.01     0.00
  MONTH TO DATE    0.01               0.17  -0.16     0.16
  SINCE DEC 1      0.01               0.17  -0.16     0.16
  SINCE JAN 1     23.36              19.64   3.72    22.62

SNOWFALL (IN)
  YESTERDAY        0.0    7.6  1970   0.1   -0.1      0.0
  MONTH TO DATE    0.3                3.0   -2.7      2.7
  SINCE DEC 1      0.3                3.0   -2.7      2.7
  SINCE JUL 1     15.6               11.6    4.0     32.5
  SNOW DEPTH       0

DEGREE DAYS
 HEATING
  YESTERDAY       35                 38     -3       22
  MONTH TO DATE  528                667   -139      789
  SINCE DEC 1    528                667   -139      789
  SINCE JUL 1   2142               2247   -105     2378

 COOLING
  YESTERDAY        0                  0      0        0
  MONTH TO DATE    0                  0      0        0
  SINCE DEC 1      0                  0      0        0
  SINCE JAN 1    514                665   -151      830
...........................................................


WIND (MPH)
  HIGHEST GUST SPEED    13   HIGHEST GUST DIRECTION     W (270)



WEATHER CONDITIONS
 THE FOLLOWING WEATHER WAS RECORDED YESTERDAY.
  NO SIGNIFICANT WEATHER WAS OBSERVED.


..........................................................


THE EAST RAPID CITY SD CLIMATE NORMALS FOR TODAY
                         NORMAL    RECORD    YEAR
 MAXIMUM TEMPERATURE (F)   36        64      1917
 MINIMUM TEMPERATURE (F)   17       -27      1916


SUNRISE AND SUNSET
DECEMBER 19 2014......SUNRISE   723 AM MST   SUNSET   416 PM MST
DECEMBER 20 2014......SUNRISE   724 AM MST   SUNSET   417 PM MST


-  INDICATES NEGATIVE NUMBERS.
R  INDICATES RECORD WAS SET OR TIED.
MM INDICATES DATA IS MISSING.
T  INDICATES TRACE AMOUNT.




$$
