000
CDUS44 KCRP 020818 RRA
CLIVCT

CLIMATE REPORT
NATIONAL WEATHER SERVICE CORPUS CHRISTI TX
317 AM CDT THU JUL 2 2015

...................................

...THE VICTORIA CLIMATE SUMMARY FOR JULY 1 2015...

CLIMATE NORMAL PERIOD 1981 TO 2010
CLIMATE RECORD PERIOD 1893 TO 2015


WEATHER ITEM   OBSERVED TIME   RECORD YEAR NORMAL DEPARTURE LAST
                VALUE   (LST)  VALUE       VALUE  FROM      YEAR
                                                  NORMAL
..................................................................
TEMPERATURE (F)
 YESTERDAY
  MAXIMUM         90   1131 AM 103    1937  93     -3       93
  MINIMUM         72   1159 PM  67    1985  74     -2       76
  AVERAGE         81                        83     -2       85

PRECIPITATION (IN)
  YESTERDAY        0.17          2.79 2010   0.15   0.02     0.00
  MONTH TO DATE    0.17                      0.15   0.02     0.00
  SINCE JUN 1      9.54                      4.61   4.93     4.11
  SINCE JAN 1     37.27                     19.99  17.28    15.39

SNOWFALL (IN)
  YESTERDAY        0.0
  MONTH TO DATE    0.0
  SINCE JUN 1      0.0
  SINCE JUL 1      0.0
  SNOW DEPTH       0

DEGREE DAYS
 HEATING
  YESTERDAY        0                         0      0        0
  MONTH TO DATE    0                         0      0        0
  SINCE JUN 1      0                         0      0        0
  SINCE JUL 1      0                         0      0        0

 COOLING
  YESTERDAY       16                        18     -2       20
  MONTH TO DATE   16                        18     -2       20
  SINCE JUN 1    513                       526    -13      578
  SINCE JAN 1   1213                      1185     28     1228
..................................................................


WIND (MPH)
  HIGHEST WIND SPEED    28   HIGHEST WIND DIRECTION    SW (220)
  HIGHEST GUST SPEED    37   HIGHEST GUST DIRECTION    SW (210)
  AVERAGE WIND SPEED     5.3


SKY COVER
  POSSIBLE SUNSHINE  MM
  AVERAGE SKY COVER 0.3


WEATHER CONDITIONS
 THE FOLLOWING WEATHER WAS RECORDED YESTERDAY.
  THUNDERSTORM
  HEAVY RAIN
  RAIN
  LIGHT RAIN
  FOG


RELATIVE HUMIDITY (PERCENT)
 HIGHEST   100           400 AM
 LOWEST     64          1100 AM
 AVERAGE    82

..........................................................


THE VICTORIA CLIMATE NORMALS FOR TODAY
                         NORMAL    RECORD    YEAR
 MAXIMUM TEMPERATURE (F)   93       101      2009
                                             1917
 MINIMUM TEMPERATURE (F)   74        65      1924


SUNRISE AND SUNSET
JULY  2 2015..........SUNRISE   633 AM CDT   SUNSET   830 PM CDT
JULY  3 2015..........SUNRISE   634 AM CDT   SUNSET   830 PM CDT


-  INDICATES NEGATIVE NUMBERS.
R  INDICATES RECORD WAS SET OR TIED.
MM INDICATES DATA IS MISSING.
T  INDICATES TRACE AMOUNT.

$$
