000
CDUS44 KCRP 310659
CLIVCT

CLIMATE REPORT
NATIONAL WEATHER SERVICE CORPUS CHRISTI TX
136 AM CDT FRI OCT 31 2014


...................................

...THE VICTORIA CLIMATE SUMMARY FOR OCTOBER 30 2014...

CLIMATE NORMAL PERIOD 1981 TO 2010
CLIMATE RECORD PERIOD 1893 TO 2014


WEATHER ITEM   OBSERVED TIME   RECORD YEAR NORMAL DEPARTURE LAST
                VALUE   (LST)  VALUE       VALUE  FROM      YEAR
                                                  NORMAL
..................................................................
TEMPERATURE (F)
 YESTERDAY
  MAXIMUM         87    340 PM  93    1938  80      7       87
  MINIMUM         64    459 AM  35    1993  57      7       77
  AVERAGE         76                        68      8       82

PRECIPITATION (IN)
  YESTERDAY        0.00          1.65 1979   0.13  -0.13     0.36
  MONTH TO DATE    1.84                      4.51  -2.67     3.39
  SINCE SEP 1      4.56                      8.67  -4.11     8.34
  SINCE JAN 1     23.45                     35.54 -12.09    23.26

SNOWFALL (IN)
  YESTERDAY        0.0
  MONTH TO DATE    0.0
  SINCE SEP 1      0.0
  SINCE JUL 1      0.0
  SNOW DEPTH       0

DEGREE DAYS
 HEATING
  YESTERDAY        0                         2     -2        0
  MONTH TO DATE    0                        18    -18        4
  SINCE SEP 1      0                        19    -19        4
  SINCE JUL 1      0                        19    -19        4

 COOLING
  YESTERDAY       11                         5      6       17
  MONTH TO DATE  338                       239     99      282
  SINCE SEP 1    876                       684    192      818
  SINCE JAN 1   3442                      3037    405     3312
..................................................................


WIND (MPH)
  HIGHEST WIND SPEED    10   HIGHEST WIND DIRECTION    NE (40)
  HIGHEST GUST SPEED    14   HIGHEST GUST DIRECTION     N (360)
  AVERAGE WIND SPEED     4.3


SKY COVER
  POSSIBLE SUNSHINE  MM
  AVERAGE SKY COVER 0.4


WEATHER CONDITIONS
 THE FOLLOWING WEATHER WAS RECORDED YESTERDAY.
  FOG
  HAZE


RELATIVE HUMIDITY (PERCENT)
 HIGHEST    93           100 AM
 LOWEST     48           400 PM
 AVERAGE    71

..........................................................


THE VICTORIA CLIMATE NORMALS FOR TODAY
                         NORMAL    RECORD    YEAR
 MAXIMUM TEMPERATURE (F)   80        92      1947
 MINIMUM TEMPERATURE (F)   57        31      1993


SUNRISE AND SUNSET
OCTOBER 31 2014.......SUNRISE   739 AM CDT   SUNSET   643 PM CDT
NOVEMBER  1 2014......SUNRISE   740 AM CDT   SUNSET   642 PM CDT


-  INDICATES NEGATIVE NUMBERS.
R  INDICATES RECORD WAS SET OR TIED.
MM INDICATES DATA IS MISSING.
T  INDICATES TRACE AMOUNT.




$$
