000
CDUS44 KCRP 240036 RRA
CLIVCT

CLIMATE REPORT
NATIONAL WEATHER SERVICE CORPUS CHRISTI TX
734 PM CDT FRI JUN 23 2017

...................................

...THE VICTORIA CLIMATE SUMMARY FOR JUNE 23 2017...
VALID TODAY AS OF 700 PM LOCAL TIME.

CLIMATE NORMAL PERIOD 1981 TO 2010
CLIMATE RECORD PERIOD 1893 TO 2017


WEATHER ITEM   OBSERVED TIME   RECORD YEAR NORMAL DEPARTURE LAST
                VALUE   (LST)  VALUE       VALUE  FROM      YEAR
                                                  NORMAL
..................................................................
TEMPERATURE (F)
 TODAY
  MAXIMUM         98    110 PM 101    1990  92      6       93
  MINIMUM         80    539 AM  67    2002  73      7       75
                                      1995
  AVERAGE         89                        83      6       84

PRECIPITATION (IN)
  TODAY            0.00          3.10 1968   0.15  -0.15     0.09
  MONTH TO DATE    0.33                      3.48  -3.15     2.56
  SINCE JUN 1      0.33                      3.48  -3.15     2.56
  SINCE JAN 1     19.91                     18.86   1.05    22.78

SNOWFALL (IN)
  TODAY            0.0
  MONTH TO DATE    0.0
  SINCE JUN 1      0.0
  SINCE JUL 1      0.0
  SNOW DEPTH       0

DEGREE DAYS
 HEATING
  TODAY            0                         0      0        0
  MONTH TO DATE    0                         0      0        0
  SINCE JUN 1      0                         0      0        0
  SINCE JUL 1    567                      1249   -682      913

 COOLING
  TODAY           24                        18      6       19
  MONTH TO DATE  435                       382     53      397
  SINCE JUN 1    435                       382     53      397
  SINCE JAN 1   1447                      1041    406     1110
..................................................................


WIND (MPH)
  HIGHEST WIND SPEED    23   HIGHEST WIND DIRECTION     S (160)
  HIGHEST GUST SPEED    27   HIGHEST GUST DIRECTION     S (180)


SKY COVER
  POSSIBLE SUNSHINE  MM
  AVERAGE SKY COVER 0.4


WEATHER CONDITIONS
 THE FOLLOWING WEATHER WAS RECORDED TODAY.
  HAZE


RELATIVE HUMIDITY (PERCENT)
 HIGHEST    91           200 AM
 LOWEST     46           400 PM
 AVERAGE    69

..........................................................


THE VICTORIA CLIMATE NORMALS FOR TOMORROW
                         NORMAL    RECORD    YEAR
 MAXIMUM TEMPERATURE (F)   92       102      2012
                                             2009
 MINIMUM TEMPERATURE (F)   73        68      2005


SUNRISE AND SUNSET
JUNE 23 2017..........SUNRISE   630 AM CDT   SUNSET   829 PM CDT
JUNE 24 2017..........SUNRISE   631 AM CDT   SUNSET   830 PM CDT


-  INDICATES NEGATIVE NUMBERS.
R  INDICATES RECORD WAS SET OR TIED.
MM INDICATES DATA IS MISSING.
T  INDICATES TRACE AMOUNT.




$$
