946
CDUS44 KCRP 290827 RRA
CLIVCT

CLIMATE REPORT
NATIONAL WEATHER SERVICE CORPUS CHRISTI TX
327 AM CDT FRI JUL 29 2016


...................................

...THE VICTORIA CLIMATE SUMMARY FOR JULY 28 2016...

CLIMATE NORMAL PERIOD 1981 TO 2010
CLIMATE RECORD PERIOD 1893 TO 2016


WEATHER ITEM   OBSERVED TIME   RECORD YEAR NORMAL DEPARTURE LAST
                VALUE   (LST)  VALUE       VALUE  FROM      YEAR
                                                  NORMAL
..................................................................
TEMPERATURE (F)
 YESTERDAY
  MAXIMUM         94   1024 AM 103    1912  95     -1       99
  MINIMUM         76   1126 AM  70    2008  74      2       73
                                      1994
                                      1904
  AVERAGE         85                        84      1       86

PRECIPITATION (IN)
  YESTERDAY        0.50          1.37 1988   0.12   0.38     0.00
  MONTH TO DATE    0.65                      3.86  -3.21     0.18
  SINCE JUN 1      3.83                      8.32  -4.49     9.55
  SINCE JAN 1     24.05                     23.70   0.35    37.28

SNOWFALL (IN)
  YESTERDAY        0.0
  MONTH TO DATE    0.0
  SINCE JUN 1      0.0
  SINCE JUL 1      0.0
  SNOW DEPTH       0

DEGREE DAYS
 HEATING
  YESTERDAY        0                         0      0        0
  MONTH TO DATE    0                         0      0        0
  SINCE JUN 1      0                         0      0        0
  SINCE JUL 1      0                         0      0        0

 COOLING
  YESTERDAY       20                        19      1       21
  MONTH TO DATE  592                       527     65      548
  SINCE JUN 1   1122                      1035     87     1045
  SINCE JAN 1   1835                      1694    141     1745
..................................................................


WIND (MPH)
  HIGHEST WIND SPEED    23   HIGHEST WIND DIRECTION     W (250)
  HIGHEST GUST SPEED    27   HIGHEST GUST DIRECTION     W (250)
  AVERAGE WIND SPEED     6.6


SKY COVER
  POSSIBLE SUNSHINE  MM
  AVERAGE SKY COVER 0.2


WEATHER CONDITIONS
 THE FOLLOWING WEATHER WAS RECORDED YESTERDAY.
  THUNDERSTORM
  HEAVY RAIN
  LIGHT RAIN
  FOG


RELATIVE HUMIDITY (PERCENT)
 HIGHEST    97           500 AM
 LOWEST     59          1100 AM
 AVERAGE    78

..........................................................


THE VICTORIA CLIMATE NORMALS FOR TODAY
                         NORMAL    RECORD    YEAR
 MAXIMUM TEMPERATURE (F)   95       105      1912
 MINIMUM TEMPERATURE (F)   74        67      1994


SUNRISE AND SUNSET
JULY 29 2016..........SUNRISE   647 AM CDT   SUNSET   821 PM CDT
JULY 30 2016..........SUNRISE   648 AM CDT   SUNSET   820 PM CDT


-  INDICATES NEGATIVE NUMBERS.
R  INDICATES RECORD WAS SET OR TIED.
MM INDICATES DATA IS MISSING.
T  INDICATES TRACE AMOUNT.




$$
