000
CDUS44 KCRP 220921 RRA
CLIVCT

CLIMATE REPORT
NATIONAL WEATHER SERVICE CORPUS CHRISTI TX
420 AM CDT TUE AUG 22 2017


...................................

...THE VICTORIA CLIMATE SUMMARY FOR AUGUST 21 2017...

CLIMATE NORMAL PERIOD 1981 TO 2010
CLIMATE RECORD PERIOD 1893 TO 2017


WEATHER ITEM   OBSERVED TIME   RECORD YEAR NORMAL DEPARTURE LAST
                VALUE   (LST)  VALUE       VALUE  FROM      YEAR
                                                  NORMAL
..................................................................
TEMPERATURE (F)
 YESTERDAY
  MAXIMUM         95    328 PM 104    1930  95      0       80
  MINIMUM         74    611 AM  65    1940  74      0       74
  AVERAGE         85                        84      1       77

PRECIPITATION (IN)
  YESTERDAY        0.00          1.45 1963   0.09  -0.09     0.62
  MONTH TO DATE    3.56                      1.70   1.86     3.89
  SINCE JUN 1      7.44                     10.34  -2.90     7.73
  SINCE JAN 1     27.02                     25.72   1.30    27.95

SNOWFALL (IN)
  YESTERDAY        0.0
  MONTH TO DATE    0.0
  SINCE JUN 1      0.0
  SINCE JUL 1      0.0
  SNOW DEPTH       0

DEGREE DAYS
 HEATING
  YESTERDAY        0                         0      0        0
  MONTH TO DATE    0                         0      0        0
  SINCE JUN 1      0                         0      0        0
  SINCE JUL 1      0                         0      0        0

 COOLING
  YESTERDAY       20                        19      1       12
  MONTH TO DATE  448                       417     31      418
  SINCE JUN 1   1667                      1511    156     1602
  SINCE JAN 1   2679                      2170    509     2315
..................................................................


WIND (MPH)
  HIGHEST WIND SPEED    17   HIGHEST WIND DIRECTION    SE (120)
  HIGHEST GUST SPEED    23   HIGHEST GUST DIRECTION    SE (130)
  AVERAGE WIND SPEED     8.1


SKY COVER
  POSSIBLE SUNSHINE  MM
  AVERAGE SKY COVER 0.0


WEATHER CONDITIONS
 THE FOLLOWING WEATHER WAS RECORDED YESTERDAY.
  FOG


RELATIVE HUMIDITY (PERCENT)
 HIGHEST    94           400 AM
 LOWEST     44           300 PM
 AVERAGE    69

..........................................................


THE VICTORIA CLIMATE NORMALS FOR TODAY
                         NORMAL    RECORD    YEAR
 MAXIMUM TEMPERATURE (F)   95       103      2011
                                             1930
                                             1917
 MINIMUM TEMPERATURE (F)   74        65      1940


SUNRISE AND SUNSET
AUGUST 22 2017........SUNRISE   701 AM CDT   SUNSET   800 PM CDT
AUGUST 23 2017........SUNRISE   701 AM CDT   SUNSET   759 PM CDT


-  INDICATES NEGATIVE NUMBERS.
R  INDICATES RECORD WAS SET OR TIED.
MM INDICATES DATA IS MISSING.
T  INDICATES TRACE AMOUNT.

$$

GW
