000
CDUS44 KCRP 290723
CLIVCT

CLIMATE REPORT
NATIONAL WEATHER SERVICE CORPUS CHRISTI TX
223 AM CDT FRI AUG 29 2014


...................................

...THE VICTORIA CLIMATE SUMMARY FOR AUGUST 28 2014...

CLIMATE NORMAL PERIOD 1981 TO 2010
CLIMATE RECORD PERIOD 1893 TO 2014


WEATHER ITEM   OBSERVED TIME   RECORD YEAR NORMAL DEPARTURE LAST
                VALUE   (LST)  VALUE       VALUE  FROM      YEAR
                                                  NORMAL
..................................................................
TEMPERATURE (F)
 YESTERDAY
  MAXIMUM         98   1253 PM 109    2011  94      4       94
  MINIMUM         77    644 AM  64    1906  73      4       74
  AVERAGE         88                        84      4       84

PRECIPITATION (IN)
  YESTERDAY        0.00          1.24 1974   0.12  -0.12     0.00
  MONTH TO DATE    0.40                      2.46  -2.06     1.83
  SINCE JUN 1      6.88                     11.10  -4.22     5.54
  SINCE JAN 1     18.16                     26.48  -8.32    14.92

SNOWFALL (IN)
  YESTERDAY        0.0
  MONTH TO DATE    0.0
  SINCE JUN 1      0.0
  SINCE JUL 1      0.0
  SNOW DEPTH       0

DEGREE DAYS
 HEATING
  YESTERDAY        0                         0      0        0
  MONTH TO DATE    0                         0      0        0
  SINCE JUN 1      0                         0      0        0
  SINCE JUL 1      0                         0      0        0

 COOLING
  YESTERDAY       23                        19      4       19
  MONTH TO DATE  658                       550    108      592
  SINCE JUN 1   1855                      1644    211     1795
  SINCE JAN 1   2505                      2303    202     2429
..................................................................


WIND (MPH)
  HIGHEST WIND SPEED    18   HIGHEST WIND DIRECTION    SE (120)
  HIGHEST GUST SPEED    25   HIGHEST GUST DIRECTION    SE (120)
  AVERAGE WIND SPEED     9.2


SKY COVER
  POSSIBLE SUNSHINE  MM
  AVERAGE SKY COVER 0.2


WEATHER CONDITIONS
 THE FOLLOWING WEATHER WAS RECORDED YESTERDAY.
  THUNDERSTORM


RELATIVE HUMIDITY (PERCENT)
 HIGHEST    91           200 AM
 LOWEST     45           100 PM
 AVERAGE    68

..........................................................


THE VICTORIA CLIMATE NORMALS FOR TODAY
                         NORMAL    RECORD    YEAR
 MAXIMUM TEMPERATURE (F)   94       106      2011
 MINIMUM TEMPERATURE (F)   73        62      1992


SUNRISE AND SUNSET
AUGUST 29 2014........SUNRISE   704 AM CDT   SUNSET   753 PM CDT
AUGUST 30 2014........SUNRISE   705 AM CDT   SUNSET   751 PM CDT


-  INDICATES NEGATIVE NUMBERS.
R  INDICATES RECORD WAS SET OR TIED.
MM INDICATES DATA IS MISSING.
T  INDICATES TRACE AMOUNT.




$$
