000
CDUS44 KCRP 250853
CLIVCT

CLIMATE REPORT
NATIONAL WEATHER SERVICE CORPUS CHRISTI TX
350 AM CDT SAT OCT 25 2014

...................................

...THE VICTORIA CLIMATE SUMMARY FOR OCTOBER 24 2014...

CLIMATE NORMAL PERIOD 1981 TO 2010
CLIMATE RECORD PERIOD 1893 TO 2014


WEATHER ITEM   OBSERVED TIME   RECORD YEAR NORMAL DEPARTURE LAST
                VALUE   (LST)  VALUE       VALUE  FROM      YEAR
                                                  NORMAL
..................................................................
TEMPERATURE (F)
 YESTERDAY
  MAXIMUM         89    204 PM  94    1933  82      7       84
                                      1925
  MINIMUM         56    631 AM  39    2008  59     -3       52
  AVERAGE         73                        70      3       68

PRECIPITATION (IN)
  YESTERDAY        0.00          2.17 1949   0.15  -0.15     0.00
  MONTH TO DATE    1.84                      3.70  -1.86     3.03
  SINCE SEP 1      4.56                      7.86  -3.30     7.98
  SINCE JAN 1     23.45                     34.73 -11.28    22.90

SNOWFALL (IN)
  YESTERDAY        0.0
  MONTH TO DATE    0.0
  SINCE SEP 1      0.0
  SINCE JUL 1      0.0
  SNOW DEPTH       0

DEGREE DAYS
 HEATING
  YESTERDAY        0                         1     -1        0
  MONTH TO DATE    0                         9     -9        4
  SINCE SEP 1      0                        10    -10        4
  SINCE JUL 1      0                        10    -10        4

 COOLING
  YESTERDAY        8                         6      2        3
  MONTH TO DATE  282                       205     77      215
  SINCE SEP 1    820                       650    170      751
  SINCE JAN 1   3386                      3003    383     3245
..................................................................


WIND (MPH)
  HIGHEST WIND SPEED    13   HIGHEST WIND DIRECTION    NE (30)
  HIGHEST GUST SPEED    16   HIGHEST GUST DIRECTION    NE (30)
  AVERAGE WIND SPEED     5.8


SKY COVER
  POSSIBLE SUNSHINE  MM
  AVERAGE SKY COVER 0.0


WEATHER CONDITIONS
 THE FOLLOWING WEATHER WAS RECORDED YESTERDAY.
  NO SIGNIFICANT WEATHER WAS OBSERVED.


RELATIVE HUMIDITY (PERCENT)
 HIGHEST    86           300 AM
 LOWEST     34           200 PM
 AVERAGE    60

..........................................................


THE VICTORIA CLIMATE NORMALS FOR TODAY
                         NORMAL    RECORD    YEAR
 MAXIMUM TEMPERATURE (F)   81        95      1926
 MINIMUM TEMPERATURE (F)   59        37      2005


SUNRISE AND SUNSET
OCTOBER 25 2014.......SUNRISE   735 AM CDT   SUNSET   648 PM CDT
OCTOBER 26 2014.......SUNRISE   736 AM CDT   SUNSET   647 PM CDT


-  INDICATES NEGATIVE NUMBERS.
R  INDICATES RECORD WAS SET OR TIED.
MM INDICATES DATA IS MISSING.
T  INDICATES TRACE AMOUNT.


$$

87
