000
CDUS44 KCRP 140039 RRA
CLIVCT

CLIMATE REPORT
NATIONAL WEATHER SERVICE CORPUS CHRISTI TX
638 PM CST WED DEC 13 2017


...................................

...THE VICTORIA CLIMATE SUMMARY FOR DECEMBER 13 2017...
VALID TODAY AS OF 600 PM LOCAL TIME.

CLIMATE NORMAL PERIOD 1981 TO 2010
CLIMATE RECORD PERIOD 1893 TO 2017


WEATHER ITEM   OBSERVED TIME   RECORD YEAR NORMAL DEPARTURE LAST
                VALUE   (LST)  VALUE       VALUE  FROM      YEAR
                                                  NORMAL
..................................................................
TEMPERATURE (F)
 TODAY
  MAXIMUM         64    345 PM  85    1921  66     -2       72
  MINIMUM         33    559 AM  25    1989  44    -11       57
  AVERAGE         49                        55     -6       65

PRECIPITATION (IN)
  TODAY            0.00          0.80 1963   0.07  -0.07     0.00
  MONTH TO DATE    1.65                      1.00   0.65     2.64
  SINCE DEC 1      1.65                      1.00   0.65     2.64
  SINCE JAN 1     46.23                     39.91   6.32    38.88

SNOWFALL (IN)
  TODAY            0.0
  MONTH TO DATE    2.0
  SINCE DEC 1      2.0
  SINCE JUL 1      2.0
  SNOW DEPTH       0

DEGREE DAYS
 HEATING
  TODAY           16                        11      5        0
  MONTH TO DATE  138                       123     15      116
  SINCE DEC 1    138                       123     15      116
  SINCE JUL 1    256                       286    -30      166

 COOLING
  TODAY            0                         1     -1        0
  MONTH TO DATE   14                        13      1        2
  SINCE DEC 1     14                        13      1        2
  SINCE JAN 1   3695                      3136    559     3429
..................................................................


WIND (MPH)
  HIGHEST WIND SPEED     9   HIGHEST WIND DIRECTION     S (160)
  HIGHEST GUST SPEED    13   HIGHEST GUST DIRECTION    SW (210)


SKY COVER
  POSSIBLE SUNSHINE  MM
  AVERAGE SKY COVER 0.0


WEATHER CONDITIONS
 THE FOLLOWING WEATHER WAS RECORDED TODAY.
  NO SIGNIFICANT WEATHER WAS OBSERVED.


RELATIVE HUMIDITY (PERCENT)
 HIGHEST    89           400 AM
 LOWEST     30           300 PM
 AVERAGE    60

..........................................................


THE VICTORIA CLIMATE NORMALS FOR TOMORROW
                         NORMAL    RECORD    YEAR
 MAXIMUM TEMPERATURE (F)   66        84      1921
 MINIMUM TEMPERATURE (F)   44        24      1985
                                             1919


SUNRISE AND SUNSET
DECEMBER 13 2017......SUNRISE   712 AM CST   SUNSET   532 PM CST
DECEMBER 14 2017......SUNRISE   713 AM CST   SUNSET   532 PM CST


-  INDICATES NEGATIVE NUMBERS.
R  INDICATES RECORD WAS SET OR TIED.
MM INDICATES DATA IS MISSING.
T  INDICATES TRACE AMOUNT.




$$
