000
CDUS44 KCRP 040716 RRA
CLIVCT

CLIMATE REPORT
NATIONAL WEATHER SERVICE CORPUS CHRISTI TX
214 AM CDT FRI SEP 4 2015


...................................

...THE VICTORIA CLIMATE SUMMARY FOR SEPTEMBER 3 2015...

CLIMATE NORMAL PERIOD 1981 TO 2010
CLIMATE RECORD PERIOD 1893 TO 2015


WEATHER ITEM   OBSERVED TIME   RECORD YEAR NORMAL DEPARTURE LAST
                VALUE   (LST)  VALUE       VALUE  FROM      YEAR
                                                  NORMAL
..................................................................
TEMPERATURE (F)
 YESTERDAY
  MAXIMUM         88    104 PM 105    2000  93     -5       96
  MINIMUM         72    223 AM  63    1915  72      0       77
  AVERAGE         80                        83     -3       87

PRECIPITATION (IN)
  YESTERDAY        0.09          1.28 1999   0.14  -0.05     0.00
  MONTH TO DATE    0.33                      0.43  -0.10     0.14
  SINCE SEP 1      0.33                      0.43  -0.10     0.14
  SINCE JAN 1     40.61                     27.30  13.31    19.03

SNOWFALL (IN)
  YESTERDAY        0.0
  MONTH TO DATE    0.0
  SINCE SEP 1      0.0
  SINCE JUL 1      0.0
  SNOW DEPTH       0

DEGREE DAYS
 HEATING
  YESTERDAY        0                         0      0        0
  MONTH TO DATE    0                         0      0        0
  SINCE SEP 1      0                         0      0        0
  SINCE JUL 1      0                         0      0        0

 COOLING
  YESTERDAY       15                        18     -3       22
  MONTH TO DATE   48                        54     -6       68
  SINCE SEP 1     48                        54     -6       68
  SINCE JAN 1   2470                      2407     63     2634
..................................................................


WIND (MPH)
  HIGHEST WIND SPEED    17   HIGHEST WIND DIRECTION    SE (120)
  HIGHEST GUST SPEED    22   HIGHEST GUST DIRECTION    SE (140)
  AVERAGE WIND SPEED     5.6


SKY COVER
  POSSIBLE SUNSHINE  MM
  AVERAGE SKY COVER 0.4


WEATHER CONDITIONS
 THE FOLLOWING WEATHER WAS RECORDED YESTERDAY.
  RAIN
  LIGHT RAIN
  FOG


RELATIVE HUMIDITY (PERCENT)
 HIGHEST   100          1200 AM
 LOWEST     63          1100 AM
 AVERAGE    82

..........................................................


THE VICTORIA CLIMATE NORMALS FOR TODAY
                         NORMAL    RECORD    YEAR
 MAXIMUM TEMPERATURE (F)   93       110      2000
 MINIMUM TEMPERATURE (F)   72        61      1974
                                             1934
                                             1919


SUNRISE AND SUNSET
SEPTEMBER  4 2015.....SUNRISE   707 AM CDT   SUNSET   746 PM CDT
SEPTEMBER  5 2015.....SUNRISE   707 AM CDT   SUNSET   745 PM CDT


-  INDICATES NEGATIVE NUMBERS.
R  INDICATES RECORD WAS SET OR TIED.
MM INDICATES DATA IS MISSING.
T  INDICATES TRACE AMOUNT.

$$

CB
