000
CDUS43 KSGF 220636
CLIVIH


CLIMATE REPORT
NATIONAL WEATHER SERVICE SPRINGFIELD MO
136 AM CDT FRI MAY 22 2015


...................................

...THE VICHY-ROLLA MO CLIMATE SUMMARY FOR MAY 21 2015...

CLIMATE NORMAL PERIOD 1981 TO 2010
CLIMATE RECORD PERIOD 1888 TO 2015


WEATHER ITEM   OBSERVED TIME   RECORD YEAR NORMAL DEPARTURE LAST
                VALUE   (LST)  VALUE       VALUE  FROM      YEAR
                                                  NORMAL
..................................................................
TEMPERATURE (F)
 YESTERDAY
  MAXIMUM         63    515 PM  90    1902  76    -13       83
  MINIMUM         44   1117 PM  40    2002  55    -11       65
  AVERAGE         54                        65    -11       74

PRECIPITATION (IN)
  YESTERDAY        0.00          1.92 1970   0.16  -0.16      T
  MONTH TO DATE    3.27                      3.42  -0.15     1.44
  SINCE MAR 1      8.41                     11.09  -2.68     5.80
  SINCE JAN 1     10.69                     15.19  -4.50     7.26

DEGREE DAYS
 HEATING
  YESTERDAY       11                         3      8        0
  MONTH TO DATE   70                        95    -25      124
  SINCE MAR 1    908                      1023   -115     1170
  SINCE JUL 1   5025                      4813    212     5476

 COOLING
  YESTERDAY        0                         3     -3        9
  MONTH TO DATE   57                        43     14       74
  SINCE MAR 1     70                        69      1       86
  SINCE JAN 1     70                        69      1       86
..................................................................


WIND (MPH)
  HIGHEST WIND SPEED    16   HIGHEST WIND DIRECTION     N (340)
  HIGHEST GUST SPEED    23   HIGHEST GUST DIRECTION    NW (330)
  AVERAGE WIND SPEED     7.2


SKY COVER
  AVERAGE SKY COVER 0.5


WEATHER CONDITIONS
 THE FOLLOWING WEATHER WAS RECORDED YESTERDAY.
  FOG


RELATIVE HUMIDITY (PERCENT)
 HIGHEST   100          1200 AM
 LOWEST     46           400 PM
 AVERAGE    73

..........................................................


THE VICHY-ROLLA MO CLIMATE NORMALS FOR TODAY
                         NORMAL    RECORD    YEAR
 MAXIMUM TEMPERATURE (F)   76        91      1972
 MINIMUM TEMPERATURE (F)   55        42      2012
                                             1963


SUNRISE AND SUNSET
MAY 22 2015...........SUNRISE   551 AM CDT   SUNSET   817 PM CDT
MAY 23 2015...........SUNRISE   551 AM CDT   SUNSET   817 PM CDT


-  INDICATES NEGATIVE NUMBERS.
R  INDICATES RECORD WAS SET OR TIED.
MM INDICATES DATA IS MISSING.
T  INDICATES TRACE AMOUNT.




$$
