000
CDUS43 KSGF 190625
CLIVIH


CLIMATE REPORT
NATIONAL WEATHER SERVICE SPRINGFIELD MO
125 AM CDT FRI SEP 19 2014


...................................

...THE VICHY-ROLLA MO CLIMATE SUMMARY FOR SEPTEMBER 18 2014...

CLIMATE NORMAL PERIOD 1981 TO 2010
CLIMATE RECORD PERIOD 1888 TO 2014


WEATHER ITEM   OBSERVED TIME   RECORD YEAR NORMAL DEPARTURE LAST
                VALUE   (LST)  VALUE       VALUE  FROM      YEAR
                                                  NORMAL
..................................................................
TEMPERATURE (F)
 YESTERDAY
  MAXIMUM         71    420 PM  95    1953  78     -7       82
  MINIMUM         56   1136 PM  34    1901  56      0       67
  AVERAGE         64                        67     -3       75

PRECIPITATION (IN)
  YESTERDAY        0.00          1.09 2005   0.12  -0.12     0.41
  MONTH TO DATE    1.91                      2.57  -0.66     2.16
  SINCE SEP 1      1.91                      2.57  -0.66     2.16
  SINCE JAN 1     19.21                     32.12 -12.91    35.14

DEGREE DAYS
 HEATING
  YESTERDAY        1                         2     -1        0
  MONTH TO DATE   52                        16     36        8
  SINCE SEP 1     52                        16     36        8
  SINCE JUL 1     55                        19     36       12

 COOLING
  YESTERDAY        0                         4     -4       10
  MONTH TO DATE   80                       109    -29      148
  SINCE SEP 1     80                       109    -29      148
  SINCE JAN 1   1119                      1186    -67     1047
..................................................................


WIND (MPH)
  HIGHEST WIND SPEED    14   HIGHEST WIND DIRECTION     E (90)
  HIGHEST GUST SPEED    19   HIGHEST GUST DIRECTION     E (100)
  AVERAGE WIND SPEED     6.0


SKY COVER
  AVERAGE SKY COVER 0.8


WEATHER CONDITIONS
 THE FOLLOWING WEATHER WAS RECORDED YESTERDAY.
  FOG
  FOG W/VISIBILITY <= 1/4 MILE
  HAZE


RELATIVE HUMIDITY (PERCENT)
 HIGHEST   100          1200 AM
 LOWEST     66           400 PM
 AVERAGE    83

..........................................................


THE VICHY-ROLLA MO CLIMATE NORMALS FOR TODAY
                         NORMAL    RECORD    YEAR
 MAXIMUM TEMPERATURE (F)   77       100      1954
 MINIMUM TEMPERATURE (F)   55        37      1991


SUNRISE AND SUNSET
SEPTEMBER 19 2014.....SUNRISE   652 AM CDT   SUNSET   709 PM CDT
SEPTEMBER 20 2014.....SUNRISE   653 AM CDT   SUNSET   707 PM CDT


-  INDICATES NEGATIVE NUMBERS.
R  INDICATES RECORD WAS SET OR TIED.
MM INDICATES DATA IS MISSING.
T  INDICATES TRACE AMOUNT.




$$
