000
CDUS43 KSGF 210640
CLIVIH


CLIMATE REPORT
NATIONAL WEATHER SERVICE SPRINGFIELD MO
1239 AM CST TUE FEB 21 2017


...................................

...THE VICHY-ROLLA MO CLIMATE SUMMARY FOR FEBRUARY 20 2017...

CLIMATE NORMAL PERIOD 1981 TO 2010
CLIMATE RECORD PERIOD 1888 TO 2017


WEATHER ITEM   OBSERVED TIME   RECORD YEAR NORMAL DEPARTURE LAST
                VALUE   (LST)  VALUE       VALUE  FROM      YEAR
                                                  NORMAL
..................................................................
TEMPERATURE (F)
 YESTERDAY
  MAXIMUM         76R   314 PM  75    2016  47     29       75
  MINIMUM         56   1154 PM   6    1903  27     29       44
  AVERAGE         66                        37     29       60

PRECIPITATION (IN)
  YESTERDAY        0.36          0.69 1951   0.07   0.29     0.24
  MONTH TO DATE    0.36                      1.32  -0.96     1.05
  SINCE DEC 1      2.82                      6.13  -3.31    12.11
  SINCE JAN 1      1.96                      3.49  -1.53     1.79

DEGREE DAYS
 HEATING
  YESTERDAY        0                        28    -28        5
  MONTH TO DATE  411                       610   -199      569
  SINCE DEC 1   2243                      2631   -388     2283
  SINCE JUL 1   2871                      3578   -707     3004

 COOLING
  YESTERDAY        1                         0      1        0
  MONTH TO DATE    1                         0      1        0
  SINCE DEC 1      1                         0      1        0
  SINCE JAN 1      1                         0      1        0
..................................................................


WIND (MPH)
  HIGHEST WIND SPEED    26   HIGHEST WIND DIRECTION     S (180)
  HIGHEST GUST SPEED    36   HIGHEST GUST DIRECTION     S (170)
  AVERAGE WIND SPEED    12.8


SKY COVER
  AVERAGE SKY COVER 0.2


WEATHER CONDITIONS
 THE FOLLOWING WEATHER WAS RECORDED YESTERDAY.
  HEAVY RAIN
  RAIN
  LIGHT RAIN
  FOG


RELATIVE HUMIDITY (PERCENT)
 HIGHEST   100          1000 PM
 LOWEST     53           400 PM
 AVERAGE    77

..........................................................


THE VICHY-ROLLA MO CLIMATE NORMALS FOR TODAY
                         NORMAL    RECORD    YEAR
 MAXIMUM TEMPERATURE (F)   48        70      1992
 MINIMUM TEMPERATURE (F)   27         2      1963


SUNRISE AND SUNSET
FEBRUARY 21 2017......SUNRISE   649 AM CST   SUNSET   552 PM CST
FEBRUARY 22 2017......SUNRISE   648 AM CST   SUNSET   553 PM CST


-  INDICATES NEGATIVE NUMBERS.
R  INDICATES RECORD WAS SET OR TIED.
MM INDICATES DATA IS MISSING.
T  INDICATES TRACE AMOUNT.




$$
