000
CDUS43 KSGF 160626
CLIVIH


CLIMATE REPORT
NATIONAL WEATHER SERVICE SPRINGFIELD MO
1226 AM CST SAT DEC 16 2017


...................................

...THE VICHY-ROLLA MO CLIMATE SUMMARY FOR DECEMBER 15 2017...

CLIMATE NORMAL PERIOD 1981 TO 2010
CLIMATE RECORD PERIOD 1888 TO 2017


WEATHER ITEM   OBSERVED TIME   RECORD YEAR NORMAL DEPARTURE LAST
                VALUE   (LST)  VALUE       VALUE  FROM      YEAR
                                                  NORMAL
..................................................................
TEMPERATURE (F)
 YESTERDAY
  MAXIMUM         42    253 PM  74    1948  43     -1       23
  MINIMUM         19    458 AM  -7    1901  24     -5       16
  AVERAGE         31                        33     -2       20

PRECIPITATION (IN)
  YESTERDAY        0.00          1.99 1992   0.08  -0.08     0.00
  MONTH TO DATE    0.17                      1.44  -1.27     0.25
  SINCE DEC 1      0.17                      1.44  -1.27     0.25
  SINCE JAN 1     42.12                     42.41  -0.29    40.31

DEGREE DAYS
 HEATING
  YESTERDAY       34                        32      2       45
  MONTH TO DATE  401                       441    -40      514
  SINCE DEC 1    401                       441    -40      514
  SINCE JUL 1   1153                      1388   -235     1142

 COOLING
  YESTERDAY        0                         0      0        0
  MONTH TO DATE    0                         0      0        0
  SINCE DEC 1      0                         0      0        0
  SINCE JAN 1   1247                      1246      1     1482
..................................................................


WIND (MPH)
  HIGHEST WIND SPEED    17   HIGHEST WIND DIRECTION    NW (300)
  HIGHEST GUST SPEED    25   HIGHEST GUST DIRECTION     W (250)
  AVERAGE WIND SPEED     9.1


SKY COVER
  AVERAGE SKY COVER 0.5


WEATHER CONDITIONS
 THE FOLLOWING WEATHER WAS RECORDED YESTERDAY.
  NO SIGNIFICANT WEATHER WAS OBSERVED.


RELATIVE HUMIDITY (PERCENT)
 HIGHEST    91           500 AM
 LOWEST     49           300 PM
 AVERAGE    70

..........................................................


THE VICHY-ROLLA MO CLIMATE NORMALS FOR TODAY
                         NORMAL    RECORD    YEAR
 MAXIMUM TEMPERATURE (F)   42        66      2006
 MINIMUM TEMPERATURE (F)   24       -14      1901


SUNRISE AND SUNSET
DECEMBER 16 2017......SUNRISE   717 AM CST   SUNSET   449 PM CST
DECEMBER 17 2017......SUNRISE   718 AM CST   SUNSET   449 PM CST


-  INDICATES NEGATIVE NUMBERS.
R  INDICATES RECORD WAS SET OR TIED.
MM INDICATES DATA IS MISSING.
T  INDICATES TRACE AMOUNT.




$$
