000
CDUS43 KSGF 240649
CLIVIH


CLIMATE REPORT
NATIONAL WEATHER SERVICE SPRINGFIELD MO
148 AM CDT WED MAY 24 2017


...................................

...THE VICHY-ROLLA MO CLIMATE SUMMARY FOR MAY 23 2017...

CLIMATE NORMAL PERIOD 1981 TO 2010
CLIMATE RECORD PERIOD 1888 TO 2017


WEATHER ITEM   OBSERVED TIME   RECORD YEAR NORMAL DEPARTURE LAST
                VALUE   (LST)  VALUE       VALUE  FROM      YEAR
                                                  NORMAL
..................................................................
TEMPERATURE (F)
 YESTERDAY
  MAXIMUM         66    314 PM  90    1996  76    -10       77
  MINIMUM         50   1159 PM  42    1963  55     -5       52
  AVERAGE         58                        66     -8       65

PRECIPITATION (IN)
  YESTERDAY        0.09          1.76 1971   0.16  -0.07     0.00
  MONTH TO DATE    4.93                      3.74   1.19     2.31
  SINCE MAR 1     19.16                     11.41   7.75     9.25
  SINCE JAN 1     21.22                     15.51   5.71    11.37

DEGREE DAYS
 HEATING
  YESTERDAY        7                         3      4        0
  MONTH TO DATE   99                       101     -2      161
  SINCE MAR 1    802                      1029   -227      849
  SINCE JUL 1   3788                      4819  -1031     4052

 COOLING
  YESTERDAY        0                         3     -3        0
  MONTH TO DATE   53                        49      4       14
  SINCE MAR 1     88                        75     13       28
  SINCE JAN 1     89                        75     14       28
..................................................................


WIND (MPH)
  HIGHEST WIND SPEED    20   HIGHEST WIND DIRECTION    NW (320)
  HIGHEST GUST SPEED    25   HIGHEST GUST DIRECTION     N (340)
  AVERAGE WIND SPEED     7.2


SKY COVER
  AVERAGE SKY COVER 0.7


WEATHER CONDITIONS
 THE FOLLOWING WEATHER WAS RECORDED YESTERDAY.
  RAIN
  LIGHT RAIN
  FOG


RELATIVE HUMIDITY (PERCENT)
 HIGHEST   100           700 AM
 LOWEST     72           400 PM
 AVERAGE    86

..........................................................


THE VICHY-ROLLA MO CLIMATE NORMALS FOR TODAY
                         NORMAL    RECORD    YEAR
 MAXIMUM TEMPERATURE (F)   76        93      1996
 MINIMUM TEMPERATURE (F)   56        41      2001


SUNRISE AND SUNSET
MAY 24 2017...........SUNRISE   550 AM CDT   SUNSET   819 PM CDT
MAY 25 2017...........SUNRISE   549 AM CDT   SUNSET   819 PM CDT


-  INDICATES NEGATIVE NUMBERS.
R  INDICATES RECORD WAS SET OR TIED.
MM INDICATES DATA IS MISSING.
T  INDICATES TRACE AMOUNT.




$$
