000
CDUS43 KSGF 062126
CLIVIH


CLIMATE REPORT
NATIONAL WEATHER SERVICE SPRINGFIELD MO
426 PM CDT FRI MAY 6 2016


...................................

...THE VICHY-ROLLA MO CLIMATE SUMMARY FOR MAY 6 2016...
VALID AS OF 0400 PM LOCAL TIME.

CLIMATE NORMAL PERIOD 1981 TO 2010
CLIMATE RECORD PERIOD 1888 TO 2016


WEATHER ITEM   OBSERVED TIME   RECORD YEAR NORMAL DEPARTURE LAST
                VALUE   (LST)  VALUE       VALUE  FROM      YEAR
                                                  NORMAL
..................................................................
TEMPERATURE (F)
 TODAY
  MAXIMUM         76    256 PM  88    1949  72      4       82
  MINIMUM         40    313 AM  36    1958  50    -10       61
  AVERAGE         58                        61     -3       72

PRECIPITATION (IN)
  TODAY            0.00          2.80 1975   0.17  -0.17      T
  MONTH TO DATE    T                         0.98  -0.98     0.01
  SINCE MAR 1      6.94                      8.65  -1.71     5.15
  SINCE JAN 1      9.06                     12.75  -3.69     7.43

DEGREE DAYS
 HEATING
  TODAY            7                         5      2        0
  MONTH TO DATE   57                        34     23       12
  SINCE MAR 1    745                       962   -217      850
  SINCE JUL 1   3948                      4752   -804     4967

 COOLING
  TODAY            0                         1     -1        7
  MONTH TO DATE    0                         6     -6       25
  SINCE MAR 1     14                        32    -18       38
  SINCE JAN 1     14                        32    -18       38
..................................................................


WIND (MPH)
  HIGHEST WIND SPEED    12   HIGHEST WIND DIRECTION     W (260)
  HIGHEST GUST SPEED    16   HIGHEST GUST DIRECTION     W (250)


SKY COVER
  AVERAGE SKY COVER 0.0


WEATHER CONDITIONS
 THE FOLLOWING WEATHER WAS RECORDED TODAY.
  NO SIGNIFICANT WEATHER WAS OBSERVED.


RELATIVE HUMIDITY (PERCENT)
 HIGHEST    86           100 AM
 LOWEST     33           100 PM
 AVERAGE    60

..........................................................


THE VICHY-ROLLA MO CLIMATE NORMALS FOR TOMORROW
                         NORMAL    RECORD    YEAR
 MAXIMUM TEMPERATURE (F)   72        90      1966
 MINIMUM TEMPERATURE (F)   51        35      1976


SUNRISE AND SUNSET
MAY  6 2016...........SUNRISE   605 AM CDT   SUNSET   803 PM CDT
MAY  7 2016...........SUNRISE   603 AM CDT   SUNSET   804 PM CDT


-  INDICATES NEGATIVE NUMBERS.
R  INDICATES RECORD WAS SET OR TIED.
MM INDICATES DATA IS MISSING.
T  INDICATES TRACE AMOUNT.




$$
