000
CDUS42 KTAE 010624
CLIVLD


CLIMATE REPORT
NATIONAL WEATHER SERVICE TALLAHASSEE FL
122 AM EST SUN FEB 1 2015

...................................

...THE VALDOSTA CLIMATE SUMMARY FOR JANUARY 31 2015...

CLIMATE NORMAL PERIOD 1981 TO 2010
CLIMATE RECORD PERIOD 1948 TO 2015


WEATHER ITEM   OBSERVED TIME   NORMAL DEPARTURE LAST
                VALUE   (LST)  VALUE  FROM      YEAR
                                      NORMAL
......................................................
TEMPERATURE (F)
 YESTERDAY
  MAXIMUM         63    412 PM  63      0       64
  MINIMUM         34    509 AM  39     -5       40
  AVERAGE         49            51     -2       52

PRECIPITATION (IN)
  YESTERDAY        0.00          0.13  -0.13      T
  MONTH TO DATE    4.56          4.57  -0.01     2.62
  SINCE DEC 1      8.66          7.74   0.92     7.16
  SINCE JAN 1      4.56          4.57  -0.01     2.62

DEGREE DAYS
 HEATING
  YESTERDAY       16            14      2       13
  MONTH TO DATE  400           459    -59      492
  SINCE DEC 1    672           838   -166      690
  SINCE JUL 1   1039          1069    -30      856
......................................................


WIND (MPH)
  HIGHEST WIND SPEED    10   HIGHEST WIND DIRECTION     E (70)
  HIGHEST GUST SPEED    14   HIGHEST GUST DIRECTION    SE (120)
  AVERAGE WIND SPEED     5.3




RELATIVE HUMIDITY (PERCENT)
 HIGHEST    71
 LOWEST     25
 AVERAGE    48

..........................................................



SUNRISE AND SUNSET
FEBRUARY  1 2015......SUNRISE   725 AM EST   SUNSET   609 PM EST
FEBRUARY  2 2015......SUNRISE   724 AM EST   SUNSET   610 PM EST


-  INDICATES NEGATIVE NUMBERS.
R  INDICATES RECORD WAS SET OR TIED.
MM INDICATES DATA IS MISSING.
T  INDICATES TRACE AMOUNT.

$$
