000
CDUS42 KTAE 270635
CLIVLD


CLIMATE REPORT
NATIONAL WEATHER SERVICE TALLAHASSEE FL
233 AM EDT WED AUG 27 2014


...................................

...THE VALDOSTA CLIMATE SUMMARY FOR AUGUST 26 2014...

CLIMATE NORMAL PERIOD 1981 TO 2010
CLIMATE RECORD PERIOD 1948 TO 2014


WEATHER ITEM   OBSERVED TIME   NORMAL DEPARTURE LAST
                VALUE   (LST)  VALUE  FROM      YEAR
                                      NORMAL
......................................................
TEMPERATURE (F)
 YESTERDAY
  MAXIMUM         90    159 PM  91     -1       90
  MINIMUM         70    623 AM  71     -1       70
  AVERAGE         80            81     -1       80

PRECIPITATION (IN)
  YESTERDAY        0.08          0.15  -0.07      T
  MONTH TO DATE    2.77          4.56  -1.79     5.33
  SINCE JUN 1      8.85         17.25  -8.40    18.49
  SINCE JAN 1     32.12         36.25  -4.13    33.03

DEGREE DAYS
 COOLING
  YESTERDAY       15            16     -1       15
  MONTH TO DATE  515           423     92      497
  SINCE JUN 1   1679          1363    316     1618
  SINCE JAN 1   2282          1775    507     2180
......................................................


WIND (MPH)
  HIGHEST WIND SPEED    15   HIGHEST WIND DIRECTION    NE (50)
  HIGHEST GUST SPEED    20   HIGHEST GUST DIRECTION    NE (60)
  AVERAGE WIND SPEED     6.2




RELATIVE HUMIDITY (PERCENT)
 HIGHEST    93
 LOWEST     55
 AVERAGE    74

..........................................................




SUNRISE AND SUNSET
AUGUST 27 2014........SUNRISE   707 AM EDT   SUNSET   802 PM EDT
AUGUST 28 2014........SUNRISE   707 AM EDT   SUNSET   801 PM EDT


-  INDICATES NEGATIVE NUMBERS.
R  INDICATES RECORD WAS SET OR TIED.
MM INDICATES DATA IS MISSING.
T  INDICATES TRACE AMOUNT.




$$
