000
CDUS42 KTAE 170630
CLIVLD


CLIMATE REPORT
NATIONAL WEATHER SERVICE TALLAHASSEE FL
130 AM EST SUN DEC 17 2017


...................................

...THE VALDOSTA CLIMATE SUMMARY FOR DECEMBER 16 2017...

CLIMATE NORMAL PERIOD 1981 TO 2010
CLIMATE RECORD PERIOD 1948 TO 2017


WEATHER ITEM   OBSERVED TIME   NORMAL DEPARTURE LAST
                VALUE   (LST)  VALUE  FROM      YEAR
                                      NORMAL
......................................................
TEMPERATURE (F)
 YESTERDAY
  MAXIMUM         61    356 PM  65     -4       66
  MINIMUM         38    738 AM  41     -3       37
  AVERAGE         50            53     -3       52

PRECIPITATION (IN)
  YESTERDAY        0.00          0.12  -0.12     0.00
  MONTH TO DATE    1.48          1.83  -0.35     1.50
  SINCE DEC 1      1.48          1.83  -0.35     1.50
  SINCE JAN 1     40.31         49.26  -8.95    51.90

DEGREE DAYS
 HEATING
  YESTERDAY       15            12      3       13
  MONTH TO DATE  197           177     20      143
  SINCE DEC 1    197           177     20      143
  SINCE JUL 1    430           408     22      310
......................................................


WIND (MPH)
  HIGHEST WIND SPEED    13   HIGHEST WIND DIRECTION     N (10)
  HIGHEST GUST SPEED    14   HIGHEST GUST DIRECTION     N (10)
  AVERAGE WIND SPEED     3.6




RELATIVE HUMIDITY (PERCENT)
 HIGHEST    86
 LOWEST     29
 AVERAGE    58

..........................................................




SUNRISE AND SUNSET
DECEMBER 17 2017......SUNRISE   725 AM EST   SUNSET   534 PM EST
DECEMBER 18 2017......SUNRISE   725 AM EST   SUNSET   535 PM EST


-  INDICATES NEGATIVE NUMBERS.
R  INDICATES RECORD WAS SET OR TIED.
MM INDICATES DATA IS MISSING.
T  INDICATES TRACE AMOUNT.




$$
