000
CDUS42 KTAE 280634
CLIVLD


CLIMATE REPORT
NATIONAL WEATHER SERVICE TALLAHASSEE FL
133 AM EST TUE FEB 28 2017


...................................

...THE VALDOSTA CLIMATE SUMMARY FOR FEBRUARY 27 2017...

CLIMATE NORMAL PERIOD 1981 TO 2010
CLIMATE RECORD PERIOD 1948 TO 2017


WEATHER ITEM   OBSERVED TIME   NORMAL DEPARTURE LAST
                VALUE   (LST)  VALUE  FROM      YEAR
                                      NORMAL
......................................................
TEMPERATURE (F)
 YESTERDAY
  MAXIMUM         80    204 PM  70     10       63
  MINIMUM         43    652 AM  44     -1       32
  AVERAGE         62            57      5       48

PRECIPITATION (IN)
  YESTERDAY        0.00          0.24  -0.24     0.00
  MONTH TO DATE    1.20          3.92  -2.72     4.97
  SINCE DEC 1     12.46         11.66   0.80    11.37
  SINCE JAN 1     10.31          8.49   1.82     8.86

DEGREE DAYS
 HEATING
  YESTERDAY        3             9     -6       17
  MONTH TO DATE  127           302   -175      277
  SINCE DEC 1    619          1140   -521      846
  SINCE JUL 1    786          1371   -585      922
......................................................


WIND (MPH)
  HIGHEST WIND SPEED    16   HIGHEST WIND DIRECTION    SE (140)
  HIGHEST GUST SPEED    23   HIGHEST GUST DIRECTION     S (160)
  AVERAGE WIND SPEED     4.6




RELATIVE HUMIDITY (PERCENT)
 HIGHEST    93
 LOWEST     48
 AVERAGE    71

..........................................................




SUNRISE AND SUNSET
FEBRUARY 28 2017......SUNRISE   700 AM EST   SUNSET   631 PM EST
MARCH  1 2017.........SUNRISE   659 AM EST   SUNSET   632 PM EST


-  INDICATES NEGATIVE NUMBERS.
R  INDICATES RECORD WAS SET OR TIED.
MM INDICATES DATA IS MISSING.
T  INDICATES TRACE AMOUNT.




$$
