000
CDUS42 KTAE 160635
CLIVLD


CLIMATE REPORT
NATIONAL WEATHER SERVICE TALLAHASSEE FL
132 AM EST MON JAN 16 2017

...................................

...THE VALDOSTA CLIMATE SUMMARY FOR JANUARY 15 2017...

CLIMATE NORMAL PERIOD 1981 TO 2010
CLIMATE RECORD PERIOD 1948 TO 2017


WEATHER ITEM   OBSERVED TIME   NORMAL DEPARTURE LAST
                VALUE   (LST)  VALUE  FROM      YEAR
                                      NORMAL
......................................................
TEMPERATURE (F)
 YESTERDAY
  MAXIMUM         78    249 PM  62     16       74
  MINIMUM         50    729 AM  38     12       49
  AVERAGE         64            50     14       62

PRECIPITATION (IN)
  YESTERDAY        0.00          0.09  -0.09     0.85
  MONTH TO DATE    2.73          2.54   0.19     2.00
  SINCE DEC 1      4.88          5.71  -0.83     4.51
  SINCE JAN 1      2.73          2.54   0.19     2.00

DEGREE DAYS
 HEATING
  YESTERDAY        1            15    -14        3
  MONTH TO DATE  144           225    -81      208
  SINCE DEC 1    385           607   -222      325
  SINCE JUL 1    552           838   -286      401
......................................................


WIND (MPH)
  HIGHEST WIND SPEED     9   HIGHEST WIND DIRECTION     S (160)
  HIGHEST GUST SPEED    10   HIGHEST GUST DIRECTION    SE (120)
  AVERAGE WIND SPEED     1.4




RELATIVE HUMIDITY (PERCENT)
 HIGHEST   100
 LOWEST     43
 AVERAGE    72

..........................................................



SUNRISE AND SUNSET
JANUARY 16 2017.......SUNRISE   731 AM EST   SUNSET   555 PM EST
JANUARY 17 2017.......SUNRISE   731 AM EST   SUNSET   556 PM EST


-  INDICATES NEGATIVE NUMBERS.
R  INDICATES RECORD WAS SET OR TIED.
MM INDICATES DATA IS MISSING.
T  INDICATES TRACE AMOUNT.

$$
