000
CDUS42 KTAE 080637
CLIVLD


CLIMATE REPORT
NATIONAL WEATHER SERVICE TALLAHASSEE FL
236 AM EDT WED JUL 8 2015


...................................

...THE VALDOSTA CLIMATE SUMMARY FOR JULY 7 2015...

CLIMATE NORMAL PERIOD 1981 TO 2010
CLIMATE RECORD PERIOD 1948 TO 2015


WEATHER ITEM   OBSERVED TIME   NORMAL DEPARTURE LAST
                VALUE   (LST)  VALUE  FROM      YEAR
                                      NORMAL
......................................................
TEMPERATURE (F)
 YESTERDAY
  MAXIMUM         93    431 PM  92      1       95
  MINIMUM         70    603 AM  71     -1       70
  AVERAGE         82            81      1       83

PRECIPITATION (IN)
  YESTERDAY        0.00          0.21  -0.21     0.00
  MONTH TO DATE    0.49          1.36  -0.87     1.64
  SINCE JUN 1      3.61          7.42  -3.81     3.88
  SINCE JAN 1     22.17         26.42  -4.25    27.15

DEGREE DAYS
 COOLING
  YESTERDAY       17            16      1       18
  MONTH TO DATE  113           112      1      143
  SINCE JUN 1    592           544     48      705
  SINCE JAN 1   1239           956    283     1308
......................................................


WIND (MPH)
  HIGHEST WIND SPEED    18   HIGHEST WIND DIRECTION    SE (120)
  HIGHEST GUST SPEED    26   HIGHEST GUST DIRECTION     E (110)
  AVERAGE WIND SPEED     1.7




RELATIVE HUMIDITY (PERCENT)
 HIGHEST   100
 LOWEST     44
 AVERAGE    72

..........................................................




SUNRISE AND SUNSET
JULY  8 2015..........SUNRISE   637 AM EDT   SUNSET   839 PM EDT
JULY  9 2015..........SUNRISE   637 AM EDT   SUNSET   839 PM EDT


-  INDICATES NEGATIVE NUMBERS.
R  INDICATES RECORD WAS SET OR TIED.
MM INDICATES DATA IS MISSING.
T  INDICATES TRACE AMOUNT.




$$
