000
CDUS42 KTAE 100643
CLIVLD


CLIMATE REPORT
NATIONAL WEATHER SERVICE TALLAHASSEE FL
239 AM EDT THU JUL 10 2014


...................................

...THE VALDOSTA CLIMATE SUMMARY FOR JULY 9 2014...

CLIMATE NORMAL PERIOD 1981 TO 2010
CLIMATE RECORD PERIOD 1948 TO 2014


WEATHER ITEM   OBSERVED TIME   NORMAL DEPARTURE LAST
                VALUE   (LST)  VALUE  FROM      YEAR
                                      NORMAL
......................................................
TEMPERATURE (F)
 YESTERDAY
  MAXIMUM         98    152 PM  92      6       97
  MINIMUM         73    547 AM  71      2       73
  AVERAGE         86            81      5       85

PRECIPITATION (IN)
  YESTERDAY        0.01          0.21  -0.20     0.05
  MONTH TO DATE    1.65          1.77  -0.12     3.26
  SINCE JUN 1      3.89          7.83  -3.94     7.05
  SINCE JAN 1     27.16         26.83   0.33    21.59

DEGREE DAYS
 COOLING
  YESTERDAY       21            16      5       20
  MONTH TO DATE  184           144     40      161
  SINCE JUN 1    746           576    170      714
  SINCE JAN 1   1349           988    361     1276
......................................................


WIND (MPH)
  HIGHEST WIND SPEED    14   HIGHEST WIND DIRECTION     S (160)
  HIGHEST GUST SPEED    29   HIGHEST GUST DIRECTION     W (250)
  AVERAGE WIND SPEED     2.0




RELATIVE HUMIDITY (PERCENT)
 HIGHEST    87
 LOWEST     35
 AVERAGE    61

..........................................................




SUNRISE AND SUNSET
JULY 10 2014..........SUNRISE   638 AM EDT   SUNSET   839 PM EDT
JULY 11 2014..........SUNRISE   638 AM EDT   SUNSET   839 PM EDT


-  INDICATES NEGATIVE NUMBERS.
R  INDICATES RECORD WAS SET OR TIED.
MM INDICATES DATA IS MISSING.
T  INDICATES TRACE AMOUNT.




$$
