000
CDUS42 KFFC 220918
CLIVPC


CLIMATE REPORT
NATIONAL WEATHER SERVICE PEACHTREE CITY GA
417 AM EST SAT NOV 22 2014


...................................

...THE CARTERSVILLE CLIMATE SUMMARY FOR NOVEMBER 21 2014...

CLIMATE NORMAL PERIOD 1981 TO 2010
CLIMATE RECORD PERIOD 9999 TO 9999


WEATHER ITEM   OBSERVED TIME   RECORD YEAR NORMAL DEPARTURE LAST
                VALUE   (LST)  VALUE       VALUE  FROM      YEAR
                                                  NORMAL
..................................................................
TEMPERATURE (F)
 YESTERDAY
  MAXIMUM         61    333 PM  MM      MM  62     -1       60
  MINIMUM         28    642 AM  MM      MM  37     -9       50
  AVERAGE         45                        49     -4       55

PRECIPITATION (IN)
  YESTERDAY        0.00         MM      MM   0.15  -0.15     0.00
  MONTH TO DATE    2.17                      2.62  -0.45     0.97
  SINCE SEP 1      9.32                      9.64  -0.32     5.51
  SINCE JAN 1     37.89                     44.23  -6.34    35.54

SNOWFALL (IN)
  YESTERDAY       MM            MM      MM  MM     MM       MM
  MONTH TO DATE    0.0                      MM     MM        0.0
  SINCE SEP 1      0.0                      MM     MM        0.0
  SINCE JUL 1      0.0                      MM     MM        0.0
  SNOW DEPTH      MM

DEGREE DAYS
 HEATING
  YESTERDAY       20                        16      4       10
  MONTH TO DATE  423                       262    161      292
  SINCE SEP 1    567                       454    113      433
  SINCE JUL 1    567                       454    113      433
..................................................................


WIND (MPH)
  RESULTANT WIND SPEED   1   RESULTANT WIND DIRECTION  NE (30)
  HIGHEST WIND SPEED     7   HIGHEST WIND DIRECTION     N (350)
  HIGHEST GUST SPEED    10   HIGHEST GUST DIRECTION     N (340)
  AVERAGE WIND SPEED     1.2


SKY COVER
  AVERAGE SKY COVER 0.0


WEATHER CONDITIONS
 THE FOLLOWING WEATHER WAS RECORDED YESTERDAY.
  FOG


RELATIVE HUMIDITY (PERCENT)
 HIGHEST    92           300 AM
 LOWEST     28           200 PM
 AVERAGE    60

..........................................................


THE CARTERSVILLE CLIMATE NORMALS FOR TODAY
                         NORMAL    RECORD    YEAR
 MAXIMUM TEMPERATURE (F)   61        MM        MM
 MINIMUM TEMPERATURE (F)   37        MM        MM


SUNRISE AND SUNSET
NOVEMBER 22 2014......SUNRISE   719 AM EST   SUNSET   532 PM EST
NOVEMBER 23 2014......SUNRISE   720 AM EST   SUNSET   532 PM EST


-  INDICATES NEGATIVE NUMBERS.
R  INDICATES RECORD WAS SET OR TIED.
MM INDICATES DATA IS MISSING.
T  INDICATES TRACE AMOUNT.




$$
