000
CDUS42 KFFC 300848
CLIVPC


CLIMATE REPORT
NATIONAL WEATHER SERVICE PEACHTREE CITY GA
448 AM EDT SAT MAY 30 2015


...................................

...THE CARTERSVILLE CLIMATE SUMMARY FOR MAY 29 2015...

CLIMATE NORMAL PERIOD 1981 TO 2010
CLIMATE RECORD PERIOD 9999 TO 9999


WEATHER ITEM   OBSERVED TIME   RECORD YEAR NORMAL DEPARTURE LAST
                VALUE   (LST)  VALUE       VALUE  FROM      YEAR
                                                  NORMAL
..................................................................
TEMPERATURE (F)
 YESTERDAY
  MAXIMUM         84    438 PM  MM      MM  83      1       86
  MINIMUM         63   1157 PM  MM      MM  59      4       62
  AVERAGE         74                        71      3       74

PRECIPITATION (IN)
  YESTERDAY        0.00         MM      MM   0.13  -0.13     0.00
  MONTH TO DATE    1.30                      3.77  -2.47     3.15
  SINCE MAR 1      9.51                     12.40  -2.89    14.19
  SINCE JAN 1     18.10                     21.90  -3.80    19.91

DEGREE DAYS
 COOLING
  YESTERDAY        9                         6      3        9
  MONTH TO DATE  157                       111     46      141
  SINCE MAR 1    202                       136     66      160
  SINCE JAN 1    202                       136     66      160
..................................................................


WIND (MPH)
  RESULTANT WIND SPEED   3   RESULTANT WIND DIRECTION  SE (130)
  HIGHEST WIND SPEED    12   HIGHEST WIND DIRECTION    SE (140)
  HIGHEST GUST SPEED    16   HIGHEST GUST DIRECTION    SE (150)
  AVERAGE WIND SPEED     3.7


SKY COVER
  AVERAGE SKY COVER 0.3


WEATHER CONDITIONS
 THE FOLLOWING WEATHER WAS RECORDED YESTERDAY.
  FOG


RELATIVE HUMIDITY (PERCENT)
 HIGHEST   100           600 AM
 LOWEST     51           400 PM
 AVERAGE    76

..........................................................


THE CARTERSVILLE CLIMATE NORMALS FOR TODAY
                         NORMAL    RECORD    YEAR
 MAXIMUM TEMPERATURE (F)   84        MM        MM
 MINIMUM TEMPERATURE (F)   59        MM        MM


SUNRISE AND SUNSET
MAY 30 2015...........SUNRISE   630 AM EDT   SUNSET   844 PM EDT
MAY 31 2015...........SUNRISE   629 AM EDT   SUNSET   845 PM EDT


-  INDICATES NEGATIVE NUMBERS.
R  INDICATES RECORD WAS SET OR TIED.
MM INDICATES DATA IS MISSING.
T  INDICATES TRACE AMOUNT.




$$
