000
CDUS43 KLOT 050637
CLIVPZ


CLIMATE REPORT
NATIONAL WEATHER SERVICE CHICAGO IL
134 AM CDT SUN JUL 5 2015


...................................

...THE VALPARAISO CLIMATE SUMMARY FOR JULY 4 2015...

CLIMATE NORMAL PERIOD 1981 TO 2010
CLIMATE RECORD PERIOD 1998 TO 2015


WEATHER ITEM   OBSERVED TIME   RECORD YEAR NORMAL DEPARTURE LAST
                VALUE   (LST)  VALUE       VALUE  FROM      YEAR
                                                  NORMAL
..................................................................
TEMPERATURE (F)
 YESTERDAY
  MAXIMUM         80    325 PM  98    2012  83     -3       79
  MINIMUM         55    450 AM  51    2014  62     -7       51
  AVERAGE         68                        73     -5       65

PRECIPITATION (IN)
  YESTERDAY        0.00          0.83 2002   0.11  -0.11     0.00
  MONTH TO DATE    0.00                      0.44  -0.44     0.23
  SINCE JUN 1      5.61                      4.35   1.26     8.44
  SINCE JAN 1     14.40                     17.33  -2.93    17.37

DEGREE DAYS
 HEATING
  YESTERDAY        0                         0      0        0
  MONTH TO DATE    2                         0      2        1
  SINCE JUN 1     29                        41    -12       21
  SINCE JUL 1      2                         0      2        1

 COOLING
  YESTERDAY        3                         8     -5        0
  MONTH TO DATE    5                        32    -27        9
  SINCE JUN 1    137                       196    -59      168
  SINCE JAN 1    213                       243    -30      241
..................................................................


WIND (MPH)
  RESULTANT WIND SPEED   1   RESULTANT WIND DIRECTION   S (180)
  HIGHEST WIND SPEED    10   HIGHEST WIND DIRECTION     W (270)
  HIGHEST GUST SPEED    16   HIGHEST GUST DIRECTION    SW (240)
  AVERAGE WIND SPEED     2.3



WEATHER CONDITIONS
 THE FOLLOWING WEATHER WAS RECORDED YESTERDAY.
  FOG
  HAZE


..........................................................


THE VALPARAISO CLIMATE NORMALS FOR TODAY
                         NORMAL    RECORD    YEAR
 MAXIMUM TEMPERATURE (F)   83       100      2012
 MINIMUM TEMPERATURE (F)   63        49      2001


SUNRISE AND SUNSET
JULY  5 2015..........SUNRISE   520 AM CDT   SUNSET   825 PM CDT
JULY  6 2015..........SUNRISE   521 AM CDT   SUNSET   824 PM CDT


-  INDICATES NEGATIVE NUMBERS.
R  INDICATES RECORD WAS SET OR TIED.
MM INDICATES DATA IS MISSING.
T  INDICATES TRACE AMOUNT.




$$
