378
CDUS43 KLOT 040634
CLIVPZ


CLIMATE REPORT
NATIONAL WEATHER SERVICE CHICAGO IL
132 AM CDT WED MAY 4 2016


...................................

...THE VALPARAISO CLIMATE SUMMARY FOR MAY 3 2016...

CLIMATE NORMAL PERIOD 1981 TO 2010
CLIMATE RECORD PERIOD 1998 TO 2016


WEATHER ITEM   OBSERVED TIME   RECORD YEAR NORMAL DEPARTURE LAST
                VALUE   (LST)  VALUE       VALUE  FROM      YEAR
                                                  NORMAL
..................................................................
TEMPERATURE (F)
 YESTERDAY
  MAXIMUM         66    208 PM  86    2012  66      0       81
                                      2001
  MINIMUM         42    501 AM  31    2004  44     -2       53
  AVERAGE         54                        55     -1       67

PRECIPITATION (IN)
  YESTERDAY        0.00          T    2012   0.14  -0.14      T
                                      2012
                                      2015
  MONTH TO DATE    0.08                      0.42  -0.34      T
  SINCE MAR 1      5.81                      6.43  -0.62     2.77
  SINCE JAN 1      7.14                      9.60  -2.46     4.38

DEGREE DAYS
 HEATING
  YESTERDAY       11                        10      1        0
  MONTH TO DATE   40                        31      9       15
  SINCE MAR 1   1183                      1358   -175     1425
  SINCE JUL 1   5041                      6090  -1049     6683

 COOLING
  YESTERDAY        0                         0      0        2
  MONTH TO DATE    0                         0      0        2
  SINCE MAR 1      6                         5      1        2
  SINCE JAN 1      6                         5      1        2
..................................................................


WIND (MPH)
  RESULTANT WIND SPEED   2   RESULTANT WIND DIRECTION   W (260)
  HIGHEST WIND SPEED    14   HIGHEST WIND DIRECTION    SW (230)
  HIGHEST GUST SPEED    18   HIGHEST GUST DIRECTION     N (340)
  AVERAGE WIND SPEED     6.0



WEATHER CONDITIONS
 THE FOLLOWING WEATHER WAS RECORDED YESTERDAY.
  NO SIGNIFICANT WEATHER WAS OBSERVED.


..........................................................


THE VALPARAISO CLIMATE NORMALS FOR TODAY
                         NORMAL    RECORD    YEAR
 MAXIMUM TEMPERATURE (F)   67        81      2000
 MINIMUM TEMPERATURE (F)   44        30      2005


SUNRISE AND SUNSET
MAY  4 2016...........SUNRISE   541 AM CDT   SUNSET   749 PM CDT
MAY  5 2016...........SUNRISE   539 AM CDT   SUNSET   750 PM CDT


-  INDICATES NEGATIVE NUMBERS.
R  INDICATES RECORD WAS SET OR TIED.
MM INDICATES DATA IS MISSING.
T  INDICATES TRACE AMOUNT.




$$
