104
CDUS43 KLOT 140632
CLIVPZ


CLIMATE REPORT
NATIONAL WEATHER SERVICE CHICAGO IL
1231 AM CST SUN FEB 14 2016


...................................

...THE VALPARAISO CLIMATE SUMMARY FOR FEBRUARY 13 2016...

CLIMATE NORMAL PERIOD 1981 TO 2010
CLIMATE RECORD PERIOD 1998 TO 2016


WEATHER ITEM   OBSERVED TIME   RECORD YEAR NORMAL DEPARTURE LAST
                VALUE   (LST)  VALUE       VALUE  FROM      YEAR
                                                  NORMAL
..................................................................
TEMPERATURE (F)
 YESTERDAY
  MAXIMUM         17    325 PM  47    2005  35    -18       27
  MINIMUM          4    742 AM  -3    2015  19    -15       -3
  AVERAGE         11                        27    -16       12

PRECIPITATION (IN)
  YESTERDAY        T             0.80 2005   0.05  -0.05     0.00
  MONTH TO DATE    0.69                      0.64   0.05     0.71
  SINCE DEC 1      3.28                      4.57  -1.29     2.42
  SINCE JAN 1      1.15                      2.39  -1.24     1.61

DEGREE DAYS
 HEATING
  YESTERDAY       54                        38     16       53
  MONTH TO DATE  494                       514    -20      579
  SINCE DEC 1   2399                      2941   -542     2935
  SINCE JUL 1   3375                      4199   -824     4436

 COOLING
  YESTERDAY        0                         0      0        0
  MONTH TO DATE    0                         0      0        0
  SINCE DEC 1      0                         0      0        0
  SINCE JAN 1      0                         0      0        0
..................................................................


WIND (MPH)
  RESULTANT WIND SPEED   6   RESULTANT WIND DIRECTION  NW (310)
  HIGHEST WIND SPEED    18   HIGHEST WIND DIRECTION    NW (310)
  HIGHEST GUST SPEED    29   HIGHEST GUST DIRECTION    NW (300)
  AVERAGE WIND SPEED     8.3



WEATHER CONDITIONS
 THE FOLLOWING WEATHER WAS RECORDED YESTERDAY.
  LIGHT SNOW


..........................................................


THE VALPARAISO CLIMATE NORMALS FOR TODAY
                         NORMAL    RECORD    YEAR
 MAXIMUM TEMPERATURE (F)   35        53      2006
 MINIMUM TEMPERATURE (F)   20         5      2010


SUNRISE AND SUNSET
FEBRUARY 14 2016......SUNRISE   645 AM CST   SUNSET   520 PM CST
FEBRUARY 15 2016......SUNRISE   644 AM CST   SUNSET   521 PM CST


-  INDICATES NEGATIVE NUMBERS.
R  INDICATES RECORD WAS SET OR TIED.
MM INDICATES DATA IS MISSING.
T  INDICATES TRACE AMOUNT.




$$
