000
CDUS43 KLOT 170634
CLIVPZ


CLIMATE REPORT
NATIONAL WEATHER SERVICE CHICAGO IL
133 AM CDT TUE OCT 17 2017


...................................

...THE VALPARAISO CLIMATE SUMMARY FOR OCTOBER 16 2017...

CLIMATE NORMAL PERIOD 1981 TO 2010
CLIMATE RECORD PERIOD 1998 TO 2017


WEATHER ITEM   OBSERVED TIME   RECORD YEAR NORMAL DEPARTURE LAST
                VALUE   (LST)  VALUE       VALUE  FROM      YEAR
                                                  NORMAL
..................................................................
TEMPERATURE (F)
 YESTERDAY
  MAXIMUM         64    251 PM  79    1998  63      1       68
  MINIMUM         42    431 AM  34    2012  42      0       63
  AVERAGE         53                        52      1       66

PRECIPITATION (IN)
  YESTERDAY        0.00          1.09 2001   0.12  -0.12     0.81
  MONTH TO DATE    4.38                      1.66   2.72     3.58
  SINCE SEP 1      5.78                      4.87   0.91     4.82
  SINCE JAN 1     29.83                     30.41  -0.58    27.66

DEGREE DAYS
 HEATING
  YESTERDAY       12                        13     -1        0
  MONTH TO DATE   41                       174   -133       90
  SINCE SEP 1    100                       287   -187      117
  SINCE JUL 1    106                       304   -198      125

 COOLING
  YESTERDAY        0                         0      0        1
  MONTH TO DATE   48                        11     37       10
  SINCE SEP 1    204                        77    127      151
  SINCE JAN 1    968                       713    255     1000
..................................................................


WIND (MPH)
  RESULTANT WIND SPEED   5   RESULTANT WIND DIRECTION   W (270)
  HIGHEST WIND SPEED    16   HIGHEST WIND DIRECTION     W (260)
  HIGHEST GUST SPEED    20   HIGHEST GUST DIRECTION     W (260)
  AVERAGE WIND SPEED     5.7



WEATHER CONDITIONS
 THE FOLLOWING WEATHER WAS RECORDED YESTERDAY.
  NO SIGNIFICANT WEATHER WAS OBSERVED.


..........................................................


THE VALPARAISO CLIMATE NORMALS FOR TODAY
                         NORMAL    RECORD    YEAR
 MAXIMUM TEMPERATURE (F)   62        82      2016
 MINIMUM TEMPERATURE (F)   42        30      2004


SUNRISE AND SUNSET
OCTOBER 17 2017.......SUNRISE   702 AM CDT   SUNSET   603 PM CDT
OCTOBER 18 2017.......SUNRISE   704 AM CDT   SUNSET   602 PM CDT


-  INDICATES NEGATIVE NUMBERS.
R  INDICATES RECORD WAS SET OR TIED.
MM INDICATES DATA IS MISSING.
T  INDICATES TRACE AMOUNT.




$$
