000
CDUS43 KLOT 220640
CLIVPZ


CLIMATE REPORT
NATIONAL WEATHER SERVICE CHICAGO IL
139 AM CDT TUE JUL 22 2014


...................................

...THE VALPARAISO CLIMATE SUMMARY FOR JULY 21 2014...

CLIMATE NORMAL PERIOD 1981 TO 2010
CLIMATE RECORD PERIOD 1998 TO 2014


WEATHER ITEM   OBSERVED TIME   RECORD YEAR NORMAL DEPARTURE LAST
                VALUE   (LST)  VALUE       VALUE  FROM      YEAR
                                                  NORMAL
..................................................................
TEMPERATURE (F)
 YESTERDAY
  MAXIMUM         83    335 PM 101    2011  83      0       88
  MINIMUM         57    455 AM  54    2009  62     -5       64
  AVERAGE         70                        73     -3       76

PRECIPITATION (IN)
  YESTERDAY        0.00          1.47 2003   0.13  -0.13     0.01
  MONTH TO DATE    1.43                      3.05  -1.62     0.97
  SINCE JUN 1      9.64                      6.96   2.68     7.89
  SINCE JAN 1     18.57                     19.94  -1.37    21.52

DEGREE DAYS
 HEATING
  YESTERDAY        0                         0      0        0
  MONTH TO DATE   13                         0     13        2
  SINCE JUN 1     33                        41     -8       39
  SINCE JUL 1     13                         0     13        2

 COOLING
  YESTERDAY        5                         8     -3       11
  MONTH TO DATE   78                       168    -90      184
  SINCE JUN 1    237                       332    -95      351
  SINCE JAN 1    310                       379    -69      452
..................................................................


WIND (MPH)
  RESULTANT WIND SPEED   4   RESULTANT WIND DIRECTION   S (190)
  HIGHEST WIND SPEED    13   HIGHEST WIND DIRECTION     S (190)
  HIGHEST GUST SPEED    16   HIGHEST GUST DIRECTION    NW (330)
  AVERAGE WIND SPEED     4.2



WEATHER CONDITIONS
 THE FOLLOWING WEATHER WAS RECORDED YESTERDAY.
  FOG
  FOG W/VISIBILITY <= 1/4 MILE
  HAZE


..........................................................


THE VALPARAISO CLIMATE NORMALS FOR TODAY
                         NORMAL    RECORD    YEAR
 MAXIMUM TEMPERATURE (F)   83        93      2002
 MINIMUM TEMPERATURE (F)   62        52      2007


SUNRISE AND SUNSET
JULY 22 2014..........SUNRISE   533 AM CDT   SUNSET   815 PM CDT
JULY 23 2014..........SUNRISE   534 AM CDT   SUNSET   814 PM CDT


-  INDICATES NEGATIVE NUMBERS.
R  INDICATES RECORD WAS SET OR TIED.
MM INDICATES DATA IS MISSING.
T  INDICATES TRACE AMOUNT.




$$
