000
CDUS43 KLOT 270635
CLIVPZ


CLIMATE REPORT
NATIONAL WEATHER SERVICE CHICAGO IL
134 AM CDT MON MAR 27 2017


...................................

...THE VALPARAISO CLIMATE SUMMARY FOR MARCH 26 2017...

CLIMATE NORMAL PERIOD 1981 TO 2010
CLIMATE RECORD PERIOD 1998 TO 2017


WEATHER ITEM   OBSERVED TIME   RECORD YEAR NORMAL DEPARTURE LAST
                VALUE   (LST)  VALUE       VALUE  FROM      YEAR
                                                  NORMAL
..................................................................
TEMPERATURE (F)
 YESTERDAY
  MAXIMUM         62    410 PM  75    1976  51     11       57
                                      1925
  MINIMUM         49    538 AM  10    1955  32     17       28
                                      1944
                                      1894
  AVERAGE         56                        42     14       43

PRECIPITATION (IN)
  YESTERDAY        0.77          1.85 1970   0.09   0.68     0.00
  MONTH TO DATE    1.85                      2.03  -0.18     1.76
  SINCE MAR 1      1.85                      2.03  -0.18     1.76
  SINCE JAN 1      5.29                      5.20   0.09     3.09

DEGREE DAYS
 HEATING
  YESTERDAY        9                        24    -15       22
  MONTH TO DATE  682                       733    -51      557
  SINCE MAR 1    682                       733    -51      557
  SINCE JUL 1   4396                      5465  -1069     4415

 COOLING
  YESTERDAY        0                         0      0        0
  MONTH TO DATE    0                         0      0        0
  SINCE MAR 1      0                         0      0        0
  SINCE JAN 1      0                         0      0        0
..................................................................


WIND (MPH)
  RESULTANT WIND SPEED   3   RESULTANT WIND DIRECTION   S (180)
  HIGHEST WIND SPEED    16   HIGHEST WIND DIRECTION    SW (240)
  HIGHEST GUST SPEED    22   HIGHEST GUST DIRECTION    SW (240)
  AVERAGE WIND SPEED    10.3



WEATHER CONDITIONS
 THE FOLLOWING WEATHER WAS RECORDED YESTERDAY.
  HEAVY RAIN
  RAIN
  LIGHT RAIN
  FOG


..........................................................


THE VALPARAISO CLIMATE NORMALS FOR TODAY
                         NORMAL    RECORD    YEAR
 MAXIMUM TEMPERATURE (F)   52        79      1945
 MINIMUM TEMPERATURE (F)   32         1      1965


SUNRISE AND SUNSET
MARCH 27 2017.........SUNRISE   639 AM CDT   SUNSET   708 PM CDT
MARCH 28 2017.........SUNRISE   637 AM CDT   SUNSET   709 PM CDT


-  INDICATES NEGATIVE NUMBERS.
R  INDICATES RECORD WAS SET OR TIED.
MM INDICATES DATA IS MISSING.
T  INDICATES TRACE AMOUNT.




$$
