000
CDUS43 KLOT 300649
CLIVPZ


CLIMATE REPORT
NATIONAL WEATHER SERVICE CHICAGO IL
145 AM CDT SUN APR 30 2017


...................................

...THE VALPARAISO CLIMATE SUMMARY FOR APRIL 29 2017...

CLIMATE NORMAL PERIOD 1981 TO 2010
CLIMATE RECORD PERIOD 1998 TO 2017


WEATHER ITEM   OBSERVED TIME   RECORD YEAR NORMAL DEPARTURE LAST
                VALUE   (LST)  VALUE       VALUE  FROM      YEAR
                                                  NORMAL
..................................................................
TEMPERATURE (F)
 YESTERDAY
  MAXIMUM         51    753 PM  80    2007  65    -14       50
  MINIMUM         45    245 PM  32    2008  43      2       40
  AVERAGE         48                        54     -6       45

PRECIPITATION (IN)
  YESTERDAY        0.51R         0.40 1998   0.16   0.35      T
  MONTH TO DATE    4.63                      3.35   1.28     2.10
  SINCE MAR 1      7.68                      5.83   1.85     5.15
  SINCE JAN 1     11.12                      9.00   2.12     6.48

DEGREE DAYS
 HEATING
  YESTERDAY       17                        11      6       20
  MONTH TO DATE  315                       470   -155      481
  SINCE MAR 1   1097                      1315   -218     1122
  SINCE JUL 1   4811                      6047  -1236     4980

 COOLING
  YESTERDAY        0                         0      0        0
  MONTH TO DATE   13                         0     13        6
  SINCE MAR 1     13                         0     13        6
  SINCE JAN 1     13                         0     13        6
..................................................................


WIND (MPH)
  RESULTANT WIND SPEED   9   RESULTANT WIND DIRECTION   N (10)
  HIGHEST WIND SPEED    32   HIGHEST WIND DIRECTION     E (90)
  HIGHEST GUST SPEED    40   HIGHEST GUST DIRECTION     E (90)
  AVERAGE WIND SPEED    11.8



WEATHER CONDITIONS
 THE FOLLOWING WEATHER WAS RECORDED YESTERDAY.
  THUNDERSTORM
  HEAVY RAIN
  RAIN
  LIGHT RAIN
  FOG
  HAZE


..........................................................


THE VALPARAISO CLIMATE NORMALS FOR TODAY
                         NORMAL    RECORD    YEAR
 MAXIMUM TEMPERATURE (F)   65        85      2001
 MINIMUM TEMPERATURE (F)   43        30      2008


SUNRISE AND SUNSET
APRIL 30 2017.........SUNRISE   546 AM CDT   SUNSET   745 PM CDT
MAY  1 2017...........SUNRISE   545 AM CDT   SUNSET   746 PM CDT


-  INDICATES NEGATIVE NUMBERS.
R  INDICATES RECORD WAS SET OR TIED.
MM INDICATES DATA IS MISSING.
T  INDICATES TRACE AMOUNT.




$$
