000
CDUS42 KMLB 250627
CLIVRB


CLIMATE REPORT
NATIONAL WEATHER SERVICE MELBOURNE FL
226 AM EDT THU AUG 25 2016


...................................

...THE VERO BEACH CLIMATE SUMMARY FOR AUGUST 24 2016...

CLIMATE NORMAL PERIOD 1981 TO 2010
CLIMATE RECORD PERIOD 1942 TO 2016


WEATHER ITEM   OBSERVED TIME   RECORD YEAR NORMAL DEPARTURE LAST
                VALUE   (LST)  VALUE       VALUE  FROM      YEAR
                                                  NORMAL
..................................................................
TEMPERATURE (F)
 YESTERDAY
  MAXIMUM         90   1138 AM  95    1947  90      0       94
  MINIMUM         77   1038 PM  68    1987  74      3       76
                                      1957
  AVERAGE         84                        82      2       85

PRECIPITATION (IN)
  YESTERDAY        1.14          3.09 1995   0.24   0.90     0.00
  MONTH TO DATE   10.27                      5.35   4.92     4.17
  SINCE JUN 1     15.73                     17.65  -1.92    14.98
  SINCE JAN 1     51.52                     33.02  18.50    26.70

SNOWFALL (IN)
  YESTERDAY        0.0
  MONTH TO DATE    0.0
  SINCE JUL 1      0.0

DEGREE DAYS
 HEATING
  YESTERDAY        0                         0      0        0
  MONTH TO DATE    0                         0      0        0
  SINCE JUN 1      0                         0      0        0
  SINCE JUL 1      0                         0      0        0

 COOLING
  YESTERDAY       19                        16      3       20
  MONTH TO DATE  439                       406     33      441
  SINCE JUN 1   1532                      1380    152     1521
  SINCE JAN 1   2461                      2186    275     2673
..................................................................


WIND (MPH)
  HIGHEST WIND SPEED    23   HIGHEST WIND DIRECTION    NE (30)
  HIGHEST GUST SPEED    31   HIGHEST GUST DIRECTION    NE (30)
  AVERAGE WIND SPEED     7.4


SKY COVER
  AVERAGE SKY COVER 0.3


WEATHER CONDITIONS
 THE FOLLOWING WEATHER WAS RECORDED YESTERDAY.
  THUNDERSTORM
  HEAVY RAIN
  RAIN
  LIGHT RAIN
  FOG
  HAZE


RELATIVE HUMIDITY (PERCENT)
 HIGHEST    97           900 PM
 LOWEST     72          1000 AM
 AVERAGE    85

..........................................................


THE VERO BEACH CLIMATE NORMALS FOR TODAY
                         NORMAL    RECORD    YEAR
 MAXIMUM TEMPERATURE (F)   89        95      2010
 MINIMUM TEMPERATURE (F)   74        66      1957


SUNRISE AND SUNSET
AUGUST 25 2016........SUNRISE   657 AM EDT   SUNSET   749 PM EDT
AUGUST 26 2016........SUNRISE   658 AM EDT   SUNSET   748 PM EDT


-  INDICATES NEGATIVE NUMBERS.
R  INDICATES RECORD WAS SET OR TIED.
MM INDICATES DATA IS MISSING.
T  INDICATES TRACE AMOUNT.




$$
