000
CDUS42 KMLB 290635
CLIVRB


CLIMATE REPORT
NATIONAL WEATHER SERVICE MELBOURNE FL
235 AM EDT SAT APR 29 2017


...................................

...THE VERO BEACH CLIMATE SUMMARY FOR APRIL 28 2017...

CLIMATE NORMAL PERIOD 1981 TO 2010
CLIMATE RECORD PERIOD 1942 TO 2017


WEATHER ITEM   OBSERVED TIME   RECORD YEAR NORMAL DEPARTURE LAST
                VALUE   (LST)  VALUE       VALUE  FROM      YEAR
                                                  NORMAL
..................................................................
TEMPERATURE (F)
 YESTERDAY
  MAXIMUM         88   1247 PM  91    1967  82      6       86
                                      1965
  MINIMUM         71    617 AM  48    1977  63      8       62
  AVERAGE         80                        73      7       74

PRECIPITATION (IN)
  YESTERDAY        0.00          2.34 2015   0.08  -0.08     0.00
  MONTH TO DATE    2.76                      2.56   0.20     1.60
  SINCE MAR 1      4.38                      6.68  -2.30     4.46
  SINCE JAN 1      6.34                     11.85  -5.51    17.81

SNOWFALL (IN)
  YESTERDAY        0.0
  MONTH TO DATE    0.0
  SINCE JUL 1      0.0

DEGREE DAYS
 HEATING
  YESTERDAY        0                         0      0        0
  MONTH TO DATE    3                        13    -10        5
  SINCE MAR 1     42                        68    -26       16
  SINCE JUL 1    185                       453   -268      284

 COOLING
  YESTERDAY       15                         8      7        9
  MONTH TO DATE  267                       174     93      201
  SINCE MAR 1    424                       303    121      437
  SINCE JAN 1    625                       442    183      535
..................................................................


WIND (MPH)
  HIGHEST WIND SPEED    24   HIGHEST WIND DIRECTION    SE (120)
  HIGHEST GUST SPEED    30   HIGHEST GUST DIRECTION    SE (150)
  AVERAGE WIND SPEED    12.2


SKY COVER
  AVERAGE SKY COVER 0.3


WEATHER CONDITIONS
 THE FOLLOWING WEATHER WAS RECORDED YESTERDAY.
  FOG
  FOG W/VISIBILITY <= 1/4 MILE


RELATIVE HUMIDITY (PERCENT)
 HIGHEST   100           600 AM
 LOWEST     65          1000 AM
 AVERAGE    83

..........................................................


THE VERO BEACH CLIMATE NORMALS FOR TODAY
                         NORMAL    RECORD    YEAR
 MAXIMUM TEMPERATURE (F)   82        94      1986
 MINIMUM TEMPERATURE (F)   64        50      1992
                                             1980
                                             1977


SUNRISE AND SUNSET
APRIL 29 2017.........SUNRISE   644 AM EDT   SUNSET   755 PM EDT
APRIL 30 2017.........SUNRISE   643 AM EDT   SUNSET   755 PM EDT


-  INDICATES NEGATIVE NUMBERS.
R  INDICATES RECORD WAS SET OR TIED.
MM INDICATES DATA IS MISSING.
T  INDICATES TRACE AMOUNT.




$$
