000
CDUS42 KMLB 240631
CLIVRB


CLIMATE REPORT
NATIONAL WEATHER SERVICE MELBOURNE FL
230 AM EDT SUN MAY 24 2015


...................................

...THE VERO BEACH CLIMATE SUMMARY FOR MAY 23 2015...

CLIMATE NORMAL PERIOD 1981 TO 2010
CLIMATE RECORD PERIOD 1942 TO 2015


WEATHER ITEM   OBSERVED TIME   RECORD YEAR NORMAL DEPARTURE LAST
                VALUE   (LST)  VALUE       VALUE  FROM      YEAR
                                                  NORMAL
..................................................................
TEMPERATURE (F)
 YESTERDAY
  MAXIMUM         88    217 PM  94    1961  86      2       93
  MINIMUM         71    515 AM  57    1994  69      2       66
  AVERAGE         80                        78      2       80

PRECIPITATION (IN)
  YESTERDAY        0.00          1.57 1976   0.13  -0.13     0.00
  MONTH TO DATE    0.35                      2.16  -1.81     2.56
  SINCE MAR 1      7.45                      9.00  -1.55     6.53
  SINCE JAN 1     11.08                     14.17  -3.09    13.08

SNOWFALL (IN)
  YESTERDAY        0.0
  MONTH TO DATE    0.0
  SINCE JUL 1      0.0

DEGREE DAYS
 HEATING
  YESTERDAY        0                         0      0        0
  MONTH TO DATE    0                         0      0        0
  SINCE MAR 1     12                        70    -58       33
  SINCE JUL 1    384                       455    -71      268

 COOLING
  YESTERDAY       15                        13      2       15
  MONTH TO DATE  291                       241     50      255
  SINCE MAR 1    899                       560    339      605
  SINCE JAN 1   1024                       699    325      813
..................................................................


WIND (MPH)
  HIGHEST WIND SPEED    16   HIGHEST WIND DIRECTION     E (70)
  HIGHEST GUST SPEED    21   HIGHEST GUST DIRECTION     E (70)
  AVERAGE WIND SPEED     9.3


SKY COVER
  AVERAGE SKY COVER 0.3


WEATHER CONDITIONS
 THE FOLLOWING WEATHER WAS RECORDED YESTERDAY.
  FOG


RELATIVE HUMIDITY (PERCENT)
 HIGHEST    93           500 AM
 LOWEST     57           200 PM
 AVERAGE    75

..........................................................


THE VERO BEACH CLIMATE NORMALS FOR TODAY
                         NORMAL    RECORD    YEAR
 MAXIMUM TEMPERATURE (F)   86        94      2005
                                             2000
 MINIMUM TEMPERATURE (F)   70        60      1981


SUNRISE AND SUNSET
MAY 24 2015...........SUNRISE   629 AM EDT   SUNSET   809 PM EDT
MAY 25 2015...........SUNRISE   628 AM EDT   SUNSET   809 PM EDT


-  INDICATES NEGATIVE NUMBERS.
R  INDICATES RECORD WAS SET OR TIED.
MM INDICATES DATA IS MISSING.
T  INDICATES TRACE AMOUNT.




$$
