000
CDUS42 KMLB 262018
CLIVRB


CLIMATE REPORT
NATIONAL WEATHER SERVICE MELBOURNE FL
417 PM EDT THU MAY 26 2016


...................................

...THE VERO BEACH CLIMATE SUMMARY FOR MAY 26 2016...
VALID TODAY AS OF 0400 PM LOCAL TIME.

CLIMATE NORMAL PERIOD 1981 TO 2010
CLIMATE RECORD PERIOD 1942 TO 2016


WEATHER ITEM   OBSERVED TIME   RECORD YEAR NORMAL DEPARTURE LAST
                VALUE   (LST)  VALUE       VALUE  FROM      YEAR
                                                  NORMAL
..................................................................
TEMPERATURE (F)
 TODAY
  MAXIMUM         84    259 PM  97    1975  86     -2       90
  MINIMUM         68    550 AM  55    1979  70     -2       77
  AVERAGE         76                        78     -2       84

PRECIPITATION (IN)
  TODAY            0.00          1.67 1961   0.15  -0.15     0.01
  MONTH TO DATE   16.37                      2.59  13.78     0.45
  SINCE MAR 1     20.83                      9.43  11.40     7.55
  SINCE JAN 1     34.18                     14.60  19.58    11.18

SNOWFALL (IN)
  TODAY            0.0
  MONTH TO DATE    0.0
  SINCE JUL 1      0.0

DEGREE DAYS
 HEATING
  TODAY            0                         0      0        0
  MONTH TO DATE    0                         0      0        0
  SINCE MAR 1     16                        70    -54       12
  SINCE JUL 1    284                       455   -171      384

 COOLING
  TODAY           11                        13     -2       19
  MONTH TO DATE  300                       280     20      346
  SINCE MAR 1    758                       599    159      954
  SINCE JAN 1    856                       738    118     1079
..................................................................


WIND (MPH)
  HIGHEST WIND SPEED    18   HIGHEST WIND DIRECTION    NE (60)
  HIGHEST GUST SPEED    23   HIGHEST GUST DIRECTION    NE (50)
  AVERAGE WIND SPEED     9.9


SKY COVER
  AVERAGE SKY COVER 0.3


WEATHER CONDITIONS
 THE FOLLOWING WEATHER WAS RECORDED TODAY.
  NO SIGNIFICANT WEATHER WAS OBSERVED.


RELATIVE HUMIDITY (PERCENT)
 HIGHEST    78           600 AM
 LOWEST     47          1000 AM
 AVERAGE    63

..........................................................


THE VERO BEACH CLIMATE NORMALS FOR TOMORROW
                         NORMAL    RECORD    YEAR
 MAXIMUM TEMPERATURE (F)   86        98      1953
 MINIMUM TEMPERATURE (F)   70        55      1979


SUNRISE AND SUNSET
MAY 26 2016...........SUNRISE   628 AM EDT   SUNSET   810 PM EDT
MAY 27 2016...........SUNRISE   627 AM EDT   SUNSET   811 PM EDT


-  INDICATES NEGATIVE NUMBERS.
R  INDICATES RECORD WAS SET OR TIED.
MM INDICATES DATA IS MISSING.
T  INDICATES TRACE AMOUNT.




$$
