000
CDUS42 KMLB 240635
CLIVRB


CLIMATE REPORT
NATIONAL WEATHER SERVICE MELBOURNE FL
235 AM EDT THU JUL 24 2014


...................................

...THE VERO BEACH CLIMATE SUMMARY FOR JULY 23 2014...

CLIMATE NORMAL PERIOD 1981 TO 2010
CLIMATE RECORD PERIOD 1942 TO 2014


WEATHER ITEM   OBSERVED TIME   RECORD YEAR NORMAL DEPARTURE LAST
                VALUE   (LST)  VALUE       VALUE  FROM      YEAR
                                                  NORMAL
..................................................................
TEMPERATURE (F)
 YESTERDAY
  MAXIMUM         86    502 PM  97    2005  90     -4       93
  MINIMUM         71    611 AM  67    1976  74     -3       74
                                      1974
  AVERAGE         79                        82     -3       84

PRECIPITATION (IN)
  YESTERDAY        0.01          1.64 2007   0.18  -0.17     0.00
  MONTH TO DATE    5.09                      4.21   0.88     3.47
  SINCE JUN 1     12.79                     10.88   1.91     8.96
  SINCE JAN 1     25.97                     26.25  -0.28    24.18

SNOWFALL (IN)
  YESTERDAY        0.0
  MONTH TO DATE    0.0
  SINCE JUL 1      0.0

DEGREE DAYS
 HEATING
  YESTERDAY        0                         0      0        0
  MONTH TO DATE    0                         0      0        0
  SINCE JUN 1      0                         0      0        0
  SINCE JUL 1      0                         0      0        0

 COOLING
  YESTERDAY       14                        17     -3       19
  MONTH TO DATE  348                       382    -34      352
  SINCE JUN 1    782                       838    -56      857
  SINCE JAN 1   1708                      1644     64     1764
..................................................................


WIND (MPH)
  HIGHEST WIND SPEED    15   HIGHEST WIND DIRECTION    SE (120)
  HIGHEST GUST SPEED    17   HIGHEST GUST DIRECTION    SE (120)
  AVERAGE WIND SPEED     5.1


SKY COVER
  AVERAGE SKY COVER 0.1


WEATHER CONDITIONS
 THE FOLLOWING WEATHER WAS RECORDED YESTERDAY.
  THUNDERSTORM
  FOG


RELATIVE HUMIDITY (PERCENT)
 HIGHEST   100          1200 AM
 LOWEST     75           500 PM
 AVERAGE    88

..........................................................


THE VERO BEACH CLIMATE NORMALS FOR TODAY
                         NORMAL    RECORD    YEAR
 MAXIMUM TEMPERATURE (F)   90        98      1983
 MINIMUM TEMPERATURE (F)   74        69      2003
                                             2001
                                             1986


SUNRISE AND SUNSET
JULY 24 2014..........SUNRISE   641 AM EDT   SUNSET   816 PM EDT
JULY 25 2014..........SUNRISE   641 AM EDT   SUNSET   815 PM EDT


-  INDICATES NEGATIVE NUMBERS.
R  INDICATES RECORD WAS SET OR TIED.
MM INDICATES DATA IS MISSING.
T  INDICATES TRACE AMOUNT.




$$
