000
CDUS42 KMLB 020635
CLIVRB


CLIMATE REPORT
NATIONAL WEATHER SERVICE MELBOURNE FL
135 AM EST FRI DEC 2 2016


...................................

...THE VERO BEACH CLIMATE SUMMARY FOR DECEMBER 1 2016...

CLIMATE NORMAL PERIOD 1981 TO 2010
CLIMATE RECORD PERIOD 1942 TO 2016


WEATHER ITEM   OBSERVED TIME   RECORD YEAR NORMAL DEPARTURE LAST
                VALUE   (LST)  VALUE       VALUE  FROM      YEAR
                                                  NORMAL
..................................................................
TEMPERATURE (F)
 YESTERDAY
  MAXIMUM         87R   225 PM  86    2006  76     11       82
                                      1978
                                      1942
  MINIMUM         61    616 AM  37    1957  58      3       68
  AVERAGE         74                        67      7       75

PRECIPITATION (IN)
  YESTERDAY        0.00          1.33 2013   0.08  -0.08     0.16
  MONTH TO DATE    0.00                      0.08  -0.08     0.16
  SINCE DEC 1      0.00                      0.08  -0.08     0.16
  SINCE JAN 1     63.16                     49.76  13.40    45.28

SNOWFALL (IN)
  YESTERDAY        0.0
  MONTH TO DATE    0.0
  SINCE JUL 1      0.0

DEGREE DAYS
 HEATING
  YESTERDAY        0                         2     -2        0
  MONTH TO DATE    0                         2     -2        0
  SINCE DEC 1      0                         2     -2        0
  SINCE JUL 1     19                        32    -13        1

 COOLING
  YESTERDAY        9                         4      5       10
  MONTH TO DATE    9                         4      5       10
  SINCE DEC 1      9                         4      5       10
  SINCE JAN 1   3689                      3315    374     4137
..................................................................


WIND (MPH)
  HIGHEST WIND SPEED    16   HIGHEST WIND DIRECTION     N (360)
  HIGHEST GUST SPEED    21   HIGHEST GUST DIRECTION    SW (210)
  AVERAGE WIND SPEED     5.8


SKY COVER
  AVERAGE SKY COVER 0.5


WEATHER CONDITIONS
 THE FOLLOWING WEATHER WAS RECORDED YESTERDAY.
  FOG
  FOG W/VISIBILITY <= 1/4 MILE


RELATIVE HUMIDITY (PERCENT)
 HIGHEST   100           200 AM
 LOWEST     57           200 PM
 AVERAGE    79

..........................................................


THE VERO BEACH CLIMATE NORMALS FOR TODAY
                         NORMAL    RECORD    YEAR
 MAXIMUM TEMPERATURE (F)   76        87      2009
 MINIMUM TEMPERATURE (F)   58        37      1974


SUNRISE AND SUNSET
DECEMBER  2 2016......SUNRISE   656 AM EST   SUNSET   526 PM EST
DECEMBER  3 2016......SUNRISE   657 AM EST   SUNSET   526 PM EST


-  INDICATES NEGATIVE NUMBERS.
R  INDICATES RECORD WAS SET OR TIED.
MM INDICATES DATA IS MISSING.
T  INDICATES TRACE AMOUNT.




$$
