172
CDUS42 KMLB 202118
CLIVRB


CLIMATE REPORT
NATIONAL WEATHER SERVICE MELBOURNE FL
417 PM EST FRI JAN 20 2017


...................................

...THE VERO BEACH CLIMATE SUMMARY FOR JANUARY 20 2017...
VALID TODAY AS OF 0400 PM LOCAL TIME.

CLIMATE NORMAL PERIOD 1981 TO 2010
CLIMATE RECORD PERIOD 1942 TO 2017


WEATHER ITEM   OBSERVED TIME   RECORD YEAR NORMAL DEPARTURE LAST
                VALUE   (LST)  VALUE       VALUE  FROM      YEAR
                                                  NORMAL
..................................................................
TEMPERATURE (F)
 TODAY
  MAXIMUM         82    339 PM  86    1963  72     10       67
  MINIMUM         56    715 AM  23    1977  52      4       44
  AVERAGE         69                        62      7       56

PRECIPITATION (IN)
  TODAY            0.00          0.93 1978   0.09  -0.09     0.00
  MONTH TO DATE    0.46                      1.61  -1.15     4.88
  SINCE DEC 1      2.60                      3.80  -1.20     9.45
  SINCE JAN 1      0.46                      1.61  -1.15     4.88

SNOWFALL (IN)
  TODAY            0.0
  MONTH TO DATE    0.0
  SINCE JUL 1      0.0

DEGREE DAYS
 HEATING
  TODAY            0                         5     -5        9
  MONTH TO DATE   30                       100    -70       71
  SINCE DEC 1     45                       205   -160       73
  SINCE JUL 1     64                       235   -171       74

 COOLING
  TODAY            4                         2      2        0
  MONTH TO DATE   75                        40     35       30
  SINCE DEC 1    280                       133    147      322
  SINCE JAN 1     75                        40     35       30
..................................................................


WIND (MPH)
  HIGHEST WIND SPEED    17   HIGHEST WIND DIRECTION    SW (210)
  HIGHEST GUST SPEED    20   HIGHEST GUST DIRECTION    SW (220)
  AVERAGE WIND SPEED     6.2


SKY COVER
  AVERAGE SKY COVER 0.0


WEATHER CONDITIONS
 THE FOLLOWING WEATHER WAS RECORDED TODAY.
  FOG


RELATIVE HUMIDITY (PERCENT)
 HIGHEST   100           600 AM
 LOWEST     34           300 PM
 AVERAGE    67

..........................................................


THE VERO BEACH CLIMATE NORMALS FOR TOMORROW
                         NORMAL    RECORD    YEAR
 MAXIMUM TEMPERATURE (F)   72        86      1990
 MINIMUM TEMPERATURE (F)   52        27      1985


SUNRISE AND SUNSET
JANUARY 20 2017.......SUNRISE   713 AM EST   SUNSET   553 PM EST
JANUARY 21 2017.......SUNRISE   712 AM EST   SUNSET   554 PM EST


-  INDICATES NEGATIVE NUMBERS.
R  INDICATES RECORD WAS SET OR TIED.
MM INDICATES DATA IS MISSING.
T  INDICATES TRACE AMOUNT.




$$
