000
CDUS42 KMLB 232120
CLIVRB


CLIMATE REPORT
NATIONAL WEATHER SERVICE MELBOURNE FL
420 PM EST THU NOV 23 2017


...................................

...THE VERO BEACH CLIMATE SUMMARY FOR NOVEMBER 23 2017...
VALID TODAY AS OF 0400 PM LOCAL TIME.

CLIMATE NORMAL PERIOD 1981 TO 2010
CLIMATE RECORD PERIOD 1942 TO 2017


WEATHER ITEM   OBSERVED TIME   RECORD YEAR NORMAL DEPARTURE LAST
                VALUE   (LST)  VALUE       VALUE  FROM      YEAR
                                                  NORMAL
..................................................................
TEMPERATURE (F)
 TODAY
  MAXIMUM         83    154 PM  90    1977  78      5       79
  MINIMUM         68    639 AM  39    1981  60      8       52
  AVERAGE         76                        69      7       66

PRECIPITATION (IN)
  TODAY            0.03          1.98 1992   0.10  -0.07     0.00
  MONTH TO DATE    3.70                      2.60   1.10     0.34
  SINCE SEP 1     25.74                     14.30  11.44     9.39
  SINCE JAN 1     55.16                     49.00   6.16    62.82

SNOWFALL (IN)
  TODAY            0.0
  MONTH TO DATE    0.0
  SINCE JUL 1      0.0

DEGREE DAYS
 HEATING
  TODAY            0                         1     -1        0
  MONTH TO DATE    0                        15    -15       19
  SINCE SEP 1     18                        18      0       19
  SINCE JUL 1     18                        18      0       19

 COOLING
  TODAY           11                         5      6        1
  MONTH TO DATE  193                       149     44      108
  SINCE SEP 1   1070                       979     91     1045
  SINCE JAN 1   3782                      3277    505     3635
..................................................................


WIND (MPH)
  HIGHEST WIND SPEED    17   HIGHEST WIND DIRECTION     S (200)
  HIGHEST GUST SPEED    24   HIGHEST GUST DIRECTION     S (190)
  AVERAGE WIND SPEED     8.8


SKY COVER
  AVERAGE SKY COVER 0.2


WEATHER CONDITIONS
 THE FOLLOWING WEATHER WAS RECORDED TODAY.
  LIGHT RAIN
  FOG


RELATIVE HUMIDITY (PERCENT)
 HIGHEST    97           600 AM
 LOWEST     58           100 PM
 AVERAGE    78

..........................................................


THE VERO BEACH CLIMATE NORMALS FOR TOMORROW
                         NORMAL    RECORD    YEAR
 MAXIMUM TEMPERATURE (F)   78        86      2014
 MINIMUM TEMPERATURE (F)   60        37      1970


SUNRISE AND SUNSET
NOVEMBER 23 2017......SUNRISE   649 AM EST   SUNSET   527 PM EST
NOVEMBER 24 2017......SUNRISE   650 AM EST   SUNSET   527 PM EST


-  INDICATES NEGATIVE NUMBERS.
R  INDICATES RECORD WAS SET OR TIED.
MM INDICATES DATA IS MISSING.
T  INDICATES TRACE AMOUNT.




$$
