000
CDUS42 KMLB 180635
CLIVRB


CLIMATE REPORT
NATIONAL WEATHER SERVICE MELBOURNE FL
135 AM EST THU DEC 18 2014


...................................

...THE VERO BEACH CLIMATE SUMMARY FOR DECEMBER 17 2014...

CLIMATE NORMAL PERIOD 1981 TO 2010
CLIMATE RECORD PERIOD 1942 TO 2014


WEATHER ITEM   OBSERVED TIME   RECORD YEAR NORMAL DEPARTURE LAST
                VALUE   (LST)  VALUE       VALUE  FROM      YEAR
                                                  NORMAL
..................................................................
TEMPERATURE (F)
 YESTERDAY
  MAXIMUM         76    323 PM  85    1961  74      2       75
  MINIMUM         51    707 AM  30    1968  55     -4       51
  AVERAGE         64                        64      0       63

PRECIPITATION (IN)
  YESTERDAY        0.00          2.23 1977   0.07  -0.07     0.00
  MONTH TO DATE    2.21                      1.19   1.02     2.12
  SINCE DEC 1      2.21                      1.19   1.02     2.12
  SINCE JAN 1     52.89                     50.87   2.02    44.33

SNOWFALL (IN)
  YESTERDAY        0.0
  MONTH TO DATE    0.0
  SINCE JUL 1      0.0

DEGREE DAYS
 HEATING
  YESTERDAY        1                         4     -3        2
  MONTH TO DATE   66                        45     21        8
  SINCE DEC 1     66                        45     21        8
  SINCE JUL 1    145                        75     70       19

 COOLING
  YESTERDAY        0                         3     -3        0
  MONTH TO DATE   42                        58    -16       89
  SINCE DEC 1     42                        58    -16       89
  SINCE JAN 1   3196                      3369   -173     3562
..................................................................


WIND (MPH)
  HIGHEST WIND SPEED    16   HIGHEST WIND DIRECTION     W (280)
  HIGHEST GUST SPEED    20   HIGHEST GUST DIRECTION     W (280)
  AVERAGE WIND SPEED     6.1


SKY COVER
  AVERAGE SKY COVER 0.2


WEATHER CONDITIONS
 THE FOLLOWING WEATHER WAS RECORDED YESTERDAY.
  FOG


RELATIVE HUMIDITY (PERCENT)
 HIGHEST    93           400 AM
 LOWEST     58          1200 PM
 AVERAGE    76

..........................................................


THE VERO BEACH CLIMATE NORMALS FOR TODAY
                         NORMAL    RECORD    YEAR
 MAXIMUM TEMPERATURE (F)   74        86      1961
 MINIMUM TEMPERATURE (F)   55        33      1973


SUNRISE AND SUNSET
DECEMBER 18 2014......SUNRISE   706 AM EST   SUNSET   530 PM EST
DECEMBER 19 2014......SUNRISE   707 AM EST   SUNSET   531 PM EST


-  INDICATES NEGATIVE NUMBERS.
R  INDICATES RECORD WAS SET OR TIED.
MM INDICATES DATA IS MISSING.
T  INDICATES TRACE AMOUNT.




$$
