000
CDUS42 KMLB 270634
CLIVRB


CLIMATE REPORT
NATIONAL WEATHER SERVICE MELBOURNE FL
133 AM EST FRI FEB 27 2015


...................................

...THE VERO BEACH CLIMATE SUMMARY FOR FEBRUARY 26 2015...

CLIMATE NORMAL PERIOD 1981 TO 2010
CLIMATE RECORD PERIOD 1942 TO 2015


WEATHER ITEM   OBSERVED TIME   RECORD YEAR NORMAL DEPARTURE LAST
                VALUE   (LST)  VALUE       VALUE  FROM      YEAR
                                                  NORMAL
..................................................................
TEMPERATURE (F)
 YESTERDAY
  MAXIMUM         77    923 AM  86    2013  76      1       85
                                      2008
  MINIMUM         62   1159 PM  29    1967  56      6       58
  AVERAGE         70                        66      4       72

PRECIPITATION (IN)
  YESTERDAY        0.21          1.83 1952   0.11   0.10      T
  MONTH TO DATE    2.29                      2.44  -0.15     1.92
  SINCE DEC 1      6.65                      7.13  -0.48     9.00
  SINCE JAN 1      3.44                      4.94  -1.50     6.41

SNOWFALL (IN)
  YESTERDAY        0.0
  MONTH TO DATE    0.0
  SINCE JUL 1      0.0

DEGREE DAYS
 HEATING
  YESTERDAY        0                         3     -3        0
  MONTH TO DATE  120                        92     28       34
  SINCE DEC 1    291                       349    -58      224
  SINCE JUL 1    370                       379     -9      235

 COOLING
  YESTERDAY        5                         3      2        7
  MONTH TO DATE   37                        70    -33      139
  SINCE DEC 1    241                       224     17      375
  SINCE JAN 1    120                       131    -11      207
..................................................................


WIND (MPH)
  HIGHEST WIND SPEED    23   HIGHEST WIND DIRECTION    SW (210)
  HIGHEST GUST SPEED    31   HIGHEST GUST DIRECTION    SW (210)
  AVERAGE WIND SPEED    11.4


SKY COVER
  AVERAGE SKY COVER 0.8


WEATHER CONDITIONS
 THE FOLLOWING WEATHER WAS RECORDED YESTERDAY.
  RAIN
  LIGHT RAIN
  FOG
  HAZE


RELATIVE HUMIDITY (PERCENT)
 HIGHEST    93           400 PM
 LOWEST     74           900 AM
 AVERAGE    84

..........................................................


THE VERO BEACH CLIMATE NORMALS FOR TODAY
                         NORMAL    RECORD    YEAR
 MAXIMUM TEMPERATURE (F)   76        87      2007
 MINIMUM TEMPERATURE (F)   56        33      1974


SUNRISE AND SUNSET
FEBRUARY 27 2015......SUNRISE   648 AM EST   SUNSET   621 PM EST
FEBRUARY 28 2015......SUNRISE   647 AM EST   SUNSET   621 PM EST


-  INDICATES NEGATIVE NUMBERS.
R  INDICATES RECORD WAS SET OR TIED.
MM INDICATES DATA IS MISSING.
T  INDICATES TRACE AMOUNT.




$$
