000
CDUS42 KMLB 300635
CLIVRB


CLIMATE REPORT
NATIONAL WEATHER SERVICE MELBOURNE FL
235 AM EDT SAT JUL 30 2016


...................................

...THE VERO BEACH CLIMATE SUMMARY FOR JULY 29 2016...

CLIMATE NORMAL PERIOD 1981 TO 2010
CLIMATE RECORD PERIOD 1942 TO 2016


WEATHER ITEM   OBSERVED TIME   RECORD YEAR NORMAL DEPARTURE LAST
                VALUE   (LST)  VALUE       VALUE  FROM      YEAR
                                                  NORMAL
..................................................................
TEMPERATURE (F)
 YESTERDAY
  MAXIMUM         96    126 PM  97    1999  90      6       88
                                      1950
  MINIMUM         76   1154 PM  69    1976  74      2       79
                                      1972
                                      1967
  AVERAGE         86                        82      4       84

PRECIPITATION (IN)
  YESTERDAY        0.00          1.74 2007   0.18  -0.18     0.00
  MONTH TO DATE    0.61                      5.28  -4.67     5.55
  SINCE JUN 1      5.46                     11.95  -6.49    10.46
  SINCE JAN 1     41.25                     27.32  13.93    22.18

SNOWFALL (IN)
  YESTERDAY        0.0
  MONTH TO DATE    0.0
  SINCE JUL 1      0.0

DEGREE DAYS
 HEATING
  YESTERDAY        0                         0      0        0
  MONTH TO DATE    0                         0      0        0
  SINCE JUN 1      0                         0      0        0
  SINCE JUL 1      0                         0      0        0

 COOLING
  YESTERDAY       21                        17      4       19
  MONTH TO DATE  538                       484     54      529
  SINCE JUN 1   1055                       940    115     1042
  SINCE JAN 1   1984                      1746    238     2194
..................................................................


WIND (MPH)
  HIGHEST WIND SPEED    17   HIGHEST WIND DIRECTION    SE (120)
  HIGHEST GUST SPEED    21   HIGHEST GUST DIRECTION    SE (120)
  AVERAGE WIND SPEED     5.7


SKY COVER
  AVERAGE SKY COVER 0.1


WEATHER CONDITIONS
 THE FOLLOWING WEATHER WAS RECORDED YESTERDAY.
  FOG


RELATIVE HUMIDITY (PERCENT)
 HIGHEST    91           200 AM
 LOWEST     43          1200 PM
 AVERAGE    67

..........................................................


THE VERO BEACH CLIMATE NORMALS FOR TODAY
                         NORMAL    RECORD    YEAR
 MAXIMUM TEMPERATURE (F)   90        97      2010
 MINIMUM TEMPERATURE (F)   74        69      2000
                                             1982
                                             1976


SUNRISE AND SUNSET
JULY 30 2016..........SUNRISE   644 AM EDT   SUNSET   812 PM EDT
JULY 31 2016..........SUNRISE   645 AM EDT   SUNSET   811 PM EDT


-  INDICATES NEGATIVE NUMBERS.
R  INDICATES RECORD WAS SET OR TIED.
MM INDICATES DATA IS MISSING.
T  INDICATES TRACE AMOUNT.




$$
