000
CDUS42 KMLB 300632
CLIVRB


CLIMATE REPORT
NATIONAL WEATHER SERVICE MELBOURNE FL
230 AM EDT SAT APR 30 2016


...................................

...THE VERO BEACH CLIMATE SUMMARY FOR APRIL 29 2016...

CLIMATE NORMAL PERIOD 1981 TO 2010
CLIMATE RECORD PERIOD 1942 TO 2016


WEATHER ITEM   OBSERVED TIME   RECORD YEAR NORMAL DEPARTURE LAST
                VALUE   (LST)  VALUE       VALUE  FROM      YEAR
                                                  NORMAL
..................................................................
TEMPERATURE (F)
 YESTERDAY
  MAXIMUM         87    110 PM  94    1986  82      5       89
  MINIMUM         65    359 AM  50    1992  64      1       71
                                      1980
                                      1977
  AVERAGE         76                        73      3       80

PRECIPITATION (IN)
  YESTERDAY        0.00          0.60 1989   0.08  -0.08     0.01
                                      1957
  MONTH TO DATE    1.60                      2.64  -1.04     4.72
  SINCE MAR 1      4.46                      6.76  -2.30     7.10
  SINCE JAN 1     17.81                     11.93   5.88    10.73

SNOWFALL (IN)
  YESTERDAY        0.0
  MONTH TO DATE    0.0
  SINCE JUL 1      0.0

DEGREE DAYS
 HEATING
  YESTERDAY        0                         0      0        0
  MONTH TO DATE    5                        13     -8        0
  SINCE MAR 1     16                        68    -52       12
  SINCE JUL 1    284                       453   -169      384

 COOLING
  YESTERDAY       11                         8      3       15
  MONTH TO DATE  213                       182     31      356
  SINCE MAR 1    449                       311    138      599
  SINCE JAN 1    547                       450     97      724
..................................................................


WIND (MPH)
  HIGHEST WIND SPEED    15   HIGHEST WIND DIRECTION     E (110)
  HIGHEST GUST SPEED    19   HIGHEST GUST DIRECTION     E (100)
  AVERAGE WIND SPEED     6.9


SKY COVER
  AVERAGE SKY COVER 0.1


WEATHER CONDITIONS
 THE FOLLOWING WEATHER WAS RECORDED YESTERDAY.
  NO SIGNIFICANT WEATHER WAS OBSERVED.


RELATIVE HUMIDITY (PERCENT)
 HIGHEST    93           300 AM
 LOWEST     51           300 PM
 AVERAGE    72

..........................................................


THE VERO BEACH CLIMATE NORMALS FOR TODAY
                         NORMAL    RECORD    YEAR
 MAXIMUM TEMPERATURE (F)   82        91      1975
 MINIMUM TEMPERATURE (F)   64        49      1992
                                             1967


SUNRISE AND SUNSET
APRIL 30 2016.........SUNRISE   643 AM EDT   SUNSET   755 PM EDT
MAY  1 2016...........SUNRISE   642 AM EDT   SUNSET   756 PM EDT


-  INDICATES NEGATIVE NUMBERS.
R  INDICATES RECORD WAS SET OR TIED.
MM INDICATES DATA IS MISSING.
T  INDICATES TRACE AMOUNT.




$$
