616
CDUS41 KBTV 250535
CLIVSF


CLIMATE REPORT
NATIONAL WEATHER SERVICE BURLINGTON VT
131 AM EDT SAT MAR 25 2017


...................................

...THE SPRINGFIELD VT CLIMATE SUMMARY FOR MARCH 24 2017...

CLIMATE NORMAL PERIOD 1981 TO 2010
CLIMATE RECORD PERIOD 9999 TO 9999


WEATHER ITEM   OBSERVED TIME   NORMAL DEPARTURE LAST
                VALUE   (LST)  VALUE  FROM      YEAR
                                      NORMAL
......................................................
TEMPERATURE (F)
 YESTERDAY
  MAXIMUM         33   1159 PM  45    -12       45
  MINIMUM         19   1206 AM  24     -5       30
  AVERAGE         26            34     -8       38

PRECIPITATION (IN)
  YESTERDAY        0.08          0.14  -0.06      T
  MONTH TO DATE    1.03          2.35  -1.32     1.02
  SINCE MAR 1      1.03          2.35  -1.32     1.02
  SINCE JAN 1      4.58          7.96  -3.38     6.24

DEGREE DAYS
 HEATING
  YESTERDAY       39            31      8       27
  MONTH TO DATE  914           832     82      650
  SINCE MAR 1    914           832     82      650
  SINCE JUL 1   5791          6277   -486     5306

 COOLING
  YESTERDAY        0             0      0        0
  MONTH TO DATE    0             0      0        0
  SINCE MAR 1      0             0      0        0
  SINCE JAN 1      0             0      0        0
......................................................


WIND (MPH)
  HIGHEST WIND SPEED    14   HIGHEST WIND DIRECTION     S (180)
  HIGHEST GUST SPEED    22   HIGHEST GUST DIRECTION    SW (220)
  AVERAGE WIND SPEED     1.6


SKY COVER
  AVERAGE SKY COVER 0.9


WEATHER CONDITIONS
 THE FOLLOWING WEATHER WAS RECORDED YESTERDAY.
  FREEZING RAIN
  LT FREEZING RAIN
  LIGHT SNOW
  FOG
  HAZE


RELATIVE HUMIDITY (PERCENT)
 HIGHEST    92           200 PM
 LOWEST     39          1000 AM
 AVERAGE    66

..........................................................


THE SPRINGFIELD VT CLIMATE NORMALS FOR TODAY
                         NORMAL    RECORD    YEAR
 MAXIMUM TEMPERATURE (F)   45        59      2010
 MINIMUM TEMPERATURE (F)   24         2      2014


SUNRISE AND SUNSET
MARCH 25 2017.........SUNRISE   644 AM EDT   SUNSET   709 PM EDT
MARCH 26 2017.........SUNRISE   642 AM EDT   SUNSET   710 PM EDT


-  INDICATES NEGATIVE NUMBERS.
R  INDICATES RECORD WAS SET OR TIED.
MM INDICATES DATA IS MISSING.
T  INDICATES TRACE AMOUNT.




$$
