000
CDUS41 KBTV 160631
CLIVSF


CLIMATE REPORT
NATIONAL WEATHER SERVICE BURLINGTON VT
230 AM EDT TUE SEP 16 2014


...................................

...THE SPRINGFIELD VT CLIMATE SUMMARY FOR SEPTEMBER 15 2014...

CLIMATE NORMAL PERIOD 1981 TO 2010
CLIMATE RECORD PERIOD 9999 TO 9999


WEATHER ITEM   OBSERVED TIME   NORMAL DEPARTURE LAST
                VALUE   (LST)  VALUE  FROM      YEAR
                                      NORMAL
......................................................
TEMPERATURE (F)
 YESTERDAY
  MAXIMUM         64    334 PM  71     -7       71
  MINIMUM         38   1204 AM  48    -10       40
  AVERAGE         51            60     -9       56

PRECIPITATION (IN)
  YESTERDAY        T             0.13  -0.13     0.00
  MONTH TO DATE    0.83          1.65  -0.82     2.46
  SINCE SEP 1      0.83          1.65  -0.82     2.46
  SINCE JAN 1     28.52         30.02  -1.50    29.94

DEGREE DAYS
 HEATING
  YESTERDAY       14             6      8        9
  MONTH TO DATE   78            60     18       83
  SINCE SEP 1     78            60     18       83
  SINCE JUL 1    127           115     12      128

 COOLING
  YESTERDAY        0             1     -1        0
  MONTH TO DATE   40            21     19       42
  SINCE SEP 1     40            21     19       42
  SINCE JAN 1    277           342    -65      495
......................................................


WIND (MPH)
  HIGHEST WIND SPEED    10   HIGHEST WIND DIRECTION     E (100)
  HIGHEST GUST SPEED    13   HIGHEST GUST DIRECTION     E (100)
  AVERAGE WIND SPEED     1.2


SKY COVER
  AVERAGE SKY COVER 0.4


WEATHER CONDITIONS
 THE FOLLOWING WEATHER WAS RECORDED YESTERDAY.
  LIGHT RAIN
  FOG
  FOG W/VISIBILITY <= 1/4 MILE


RELATIVE HUMIDITY (PERCENT)
 HIGHEST   100          1200 AM
 LOWEST     42          1100 AM
 AVERAGE    71

..........................................................


THE SPRINGFIELD VT CLIMATE NORMALS FOR TODAY
                         NORMAL    RECORD    YEAR
 MAXIMUM TEMPERATURE (F)   71        MM        MM
 MINIMUM TEMPERATURE (F)   48        MM        MM


SUNRISE AND SUNSET
SEPTEMBER 16 2014.....SUNRISE   631 AM EDT   SUNSET   658 PM EDT
SEPTEMBER 17 2014.....SUNRISE   632 AM EDT   SUNSET   657 PM EDT


-  INDICATES NEGATIVE NUMBERS.
R  INDICATES RECORD WAS SET OR TIED.
MM INDICATES DATA IS MISSING.
T  INDICATES TRACE AMOUNT.




$$
