000
CDUS41 KBTV 300526
CLIVSF


CLIMATE REPORT
NATIONAL WEATHER SERVICE BURLINGTON VT
125 AM EDT TUE AUG 30 2016


...................................

...THE SPRINGFIELD VT CLIMATE SUMMARY FOR AUGUST 29 2016...

CLIMATE NORMAL PERIOD 1981 TO 2010
CLIMATE RECORD PERIOD 9999 TO 9999


WEATHER ITEM   OBSERVED TIME   NORMAL DEPARTURE LAST
                VALUE   (LST)  VALUE  FROM      YEAR
                                      NORMAL
......................................................
TEMPERATURE (F)
 YESTERDAY
  MAXIMUM         81   1249 PM  77      4       79
  MINIMUM         55   1159 PM  54      1       50
  AVERAGE         68            65      3       65

PRECIPITATION (IN)
  YESTERDAY        0.00          0.11  -0.11     0.00
  MONTH TO DATE    2.60          3.58  -0.98     3.52
  SINCE JUN 1      8.46         11.90  -3.44    10.00
  SINCE JAN 1     18.88         28.17  -9.29    18.50

DEGREE DAYS
 HEATING
  YESTERDAY        0             2     -2        0
  MONTH TO DATE    8            34    -26        7
  SINCE JUN 1     94           147    -53      130
  SINCE JUL 1     22            51    -29       23

 COOLING
  YESTERDAY        3             2      1        0
  MONTH TO DATE  171           101     70      145
  SINCE JUN 1    394           304     90      330
  SINCE JAN 1    435           316    119      379
......................................................


WIND (MPH)
  HIGHEST WIND SPEED    18   HIGHEST WIND DIRECTION    NW (300)
  HIGHEST GUST SPEED    29   HIGHEST GUST DIRECTION    NW (300)
  AVERAGE WIND SPEED     5.0


SKY COVER
  AVERAGE SKY COVER 0.1


WEATHER CONDITIONS
 THE FOLLOWING WEATHER WAS RECORDED YESTERDAY.
  NO SIGNIFICANT WEATHER WAS OBSERVED.


RELATIVE HUMIDITY (PERCENT)
 HIGHEST    93           500 AM
 LOWEST     35           300 PM
 AVERAGE    64

..........................................................


THE SPRINGFIELD VT CLIMATE NORMALS FOR TODAY
                         NORMAL    RECORD    YEAR
 MAXIMUM TEMPERATURE (F)   77        90      2010
 MINIMUM TEMPERATURE (F)   53        44      2001


SUNRISE AND SUNSET
AUGUST 30 2016........SUNRISE   612 AM EDT   SUNSET   728 PM EDT
AUGUST 31 2016........SUNRISE   613 AM EDT   SUNSET   726 PM EDT


-  INDICATES NEGATIVE NUMBERS.
R  INDICATES RECORD WAS SET OR TIED.
MM INDICATES DATA IS MISSING.
T  INDICATES TRACE AMOUNT.




$$
