000
CDUS41 KBTV 261834
CLIVSF


CLIMATE REPORT
NATIONAL WEATHER SERVICE BURLINGTON VT
233 PM EDT TUE SEP 26 2017


...................................

...THE SPRINGFIELD VT CLIMATE SUMMARY FOR SEPTEMBER 25 2017...

CLIMATE NORMAL PERIOD 1981 TO 2010
CLIMATE RECORD PERIOD 9999 TO 9999


WEATHER ITEM   OBSERVED TIME   NORMAL DEPARTURE LAST
                VALUE   (LST)  VALUE  FROM      YEAR
                                      NORMAL
......................................................
TEMPERATURE (F)
 YESTERDAY
  MAXIMUM         90    139 PM  67     23       63
  MINIMUM         60    627 AM  43     17       32
  AVERAGE         75            55     20       48

PRECIPITATION (IN)
  YESTERDAY        0.00          0.16  -0.16     0.00
  MONTH TO DATE    2.23          2.96  -0.73     0.97
  SINCE SEP 1      2.23          2.96  -0.73     0.97
  SINCE JAN 1     30.52         31.33  -0.81    19.85

DEGREE DAYS
 HEATING
  YESTERDAY        0            10    -10       17
  MONTH TO DATE   83           141    -58       82
  SINCE SEP 1     83           141    -58       82
  SINCE JUL 1    148           196    -48      104

 COOLING
  YESTERDAY       10             0     10        0
  MONTH TO DATE   60            21     39       44
  SINCE SEP 1     60            21     39       44
  SINCE JAN 1    360           342     18      481
......................................................


WIND (MPH)
  HIGHEST WIND SPEED    12   HIGHEST WIND DIRECTION     S (160)
  HIGHEST GUST SPEED    16   HIGHEST GUST DIRECTION     S (160)
  AVERAGE WIND SPEED     1.0


SKY COVER
  AVERAGE SKY COVER 0.3


WEATHER CONDITIONS
 THE FOLLOWING WEATHER WAS RECORDED YESTERDAY.
  FOG
  FOG W/VISIBILITY <= 1/4 MILE


RELATIVE HUMIDITY (PERCENT)
 HIGHEST   100           500 AM
 LOWEST     43           300 PM
 AVERAGE    72

..........................................................


THE SPRINGFIELD VT CLIMATE NORMALS FOR TODAY
                         NORMAL    RECORD    YEAR
 MAXIMUM TEMPERATURE (F)   67        87      2007
 MINIMUM TEMPERATURE (F)   43        30      2016


SUNRISE AND SUNSET
SEPTEMBER 26 2017.....SUNRISE   642 AM EDT   SUNSET   640 PM EDT
SEPTEMBER 27 2017.....SUNRISE   643 AM EDT   SUNSET   638 PM EDT


-  INDICATES NEGATIVE NUMBERS.
R  INDICATES RECORD WAS SET OR TIED.
MM INDICATES DATA IS MISSING.
T  INDICATES TRACE AMOUNT.




$$
