000
CDUS41 KBTV 110539
CLIVSF


CLIMATE REPORT
NATIONAL WEATHER SERVICE BURLINGTON VT
138 AM EDT FRI JUL 11 2014


...................................

...THE SPRINGFIELD VT CLIMATE SUMMARY FOR JULY 10 2014...

CLIMATE NORMAL PERIOD 1981 TO 2010
CLIMATE RECORD PERIOD 9999 TO 9999


WEATHER ITEM   OBSERVED TIME   NORMAL DEPARTURE LAST
                VALUE   (LST)  VALUE  FROM      YEAR
                                      NORMAL
......................................................
TEMPERATURE (F)
 YESTERDAY
  MAXIMUM         78    325 PM  81     -3       83
  MINIMUM         55   1159 PM  57     -2       68
  AVERAGE         67            69     -2       76

PRECIPITATION (IN)
  YESTERDAY        0.00          0.15  -0.15     0.27
  MONTH TO DATE    1.45          1.31   0.14     2.57
  SINCE JUN 1      5.63          5.20   0.43     8.97
  SINCE JAN 1     19.16         21.47  -2.31    20.68

DEGREE DAYS
 COOLING
  YESTERDAY        2             5     -3       11
  MONTH TO DATE   56            43     13      114
  SINCE JUN 1    115           107      8      203
  SINCE JAN 1    120           119      1      227
......................................................


WIND (MPH)
  HIGHEST WIND SPEED    15   HIGHEST WIND DIRECTION     W (280)
  HIGHEST GUST SPEED    21   HIGHEST GUST DIRECTION     W (280)
  AVERAGE WIND SPEED     3.1


SKY COVER
  AVERAGE SKY COVER 0.3


WEATHER CONDITIONS
 THE FOLLOWING WEATHER WAS RECORDED YESTERDAY.
  FOG
  FOG W/VISIBILITY <= 1/4 MILE


RELATIVE HUMIDITY (PERCENT)
 HIGHEST   100          1200 AM
 LOWEST     33           200 PM
 AVERAGE    67

..........................................................


THE SPRINGFIELD VT CLIMATE NORMALS FOR TODAY
                         NORMAL    RECORD    YEAR
 MAXIMUM TEMPERATURE (F)   81        MM        MM
 MINIMUM TEMPERATURE (F)   57        MM        MM


SUNRISE AND SUNSET
JULY 11 2014..........SUNRISE   520 AM EDT   SUNSET   831 PM EDT
JULY 12 2014..........SUNRISE   521 AM EDT   SUNSET   830 PM EDT


-  INDICATES NEGATIVE NUMBERS.
R  INDICATES RECORD WAS SET OR TIED.
MM INDICATES DATA IS MISSING.
T  INDICATES TRACE AMOUNT.




$$
