000
CDUS41 KBTV 170627
CLIVSF


CLIMATE REPORT
NATIONAL WEATHER SERVICE BURLINGTON VT
126 AM EST TUE JAN 17 2017


...................................

...THE SPRINGFIELD VT CLIMATE SUMMARY FOR JANUARY 16 2017...

CLIMATE NORMAL PERIOD 1981 TO 2010
CLIMATE RECORD PERIOD 9999 TO 9999


WEATHER ITEM   OBSERVED TIME   NORMAL DEPARTURE LAST
                VALUE   (LST)  VALUE  FROM      YEAR
                                      NORMAL
......................................................
TEMPERATURE (F)
 YESTERDAY
  MAXIMUM         37    327 PM  29      8       38
  MINIMUM          5    749 AM   9     -4       29
  AVERAGE         21            19      2       34

PRECIPITATION (IN)
  YESTERDAY        0.00          0.09  -0.09     0.12
  MONTH TO DATE    0.68          1.74  -1.06     1.36
  SINCE DEC 1      3.08          5.01  -1.93     4.68
  SINCE JAN 1      0.68          1.74  -1.06     1.36

DEGREE DAYS
 HEATING
  YESTERDAY       44            46     -2       31
  MONTH TO DATE  674           725    -51      644
  SINCE DEC 1   1889          1945    -56     1514
  SINCE JUL 1   3345          3588   -243     2927

 COOLING
  YESTERDAY        0             0      0        0
  MONTH TO DATE    0             0      0        0
  SINCE DEC 1      0             0      0        0
  SINCE JAN 1      0             0      0        0
......................................................


WIND (MPH)
  HIGHEST WIND SPEED    10   HIGHEST WIND DIRECTION     S (180)
  HIGHEST GUST SPEED    17   HIGHEST GUST DIRECTION     S (180)
  AVERAGE WIND SPEED     1.6


SKY COVER
  AVERAGE SKY COVER 0.0


WEATHER CONDITIONS
 THE FOLLOWING WEATHER WAS RECORDED YESTERDAY.
  NO SIGNIFICANT WEATHER WAS OBSERVED.


RELATIVE HUMIDITY (PERCENT)
 HIGHEST    88           500 AM
 LOWEST     40           200 PM
 AVERAGE    64

..........................................................


THE SPRINGFIELD VT CLIMATE NORMALS FOR TODAY
                         NORMAL    RECORD    YEAR
 MAXIMUM TEMPERATURE (F)   29        44      1999
 MINIMUM TEMPERATURE (F)    9       -18      2009


SUNRISE AND SUNSET
JANUARY 17 2017.......SUNRISE   718 AM EST   SUNSET   443 PM EST
JANUARY 18 2017.......SUNRISE   718 AM EST   SUNSET   444 PM EST


-  INDICATES NEGATIVE NUMBERS.
R  INDICATES RECORD WAS SET OR TIED.
MM INDICATES DATA IS MISSING.
T  INDICATES TRACE AMOUNT.




$$
