307
CDUS41 KBTV 180546
CLIVSF


CLIMATE REPORT
NATIONAL WEATHER SERVICE BURLINGTON VT
1242 AM EST SAT NOV 18 2017


...................................

...THE SPRINGFIELD VT CLIMATE SUMMARY FOR NOVEMBER 17 2017...

CLIMATE NORMAL PERIOD 1981 TO 2010
CLIMATE RECORD PERIOD 9999 TO 9999


WEATHER ITEM   OBSERVED TIME   NORMAL DEPARTURE LAST
                VALUE   (LST)  VALUE  FROM      YEAR
                                      NORMAL
......................................................
TEMPERATURE (F)
 YESTERDAY
  MAXIMUM         38    248 PM  46     -8       54
  MINIMUM         25   1143 PM  28     -3       34
  AVERAGE         32            37     -5       44

PRECIPITATION (IN)
  YESTERDAY        T             0.14  -0.14     0.00
  MONTH TO DATE    1.02          2.26  -1.24     0.91
  SINCE SEP 1      8.65         10.44  -1.79     5.09
  SINCE JAN 1     36.94         38.81  -1.87    23.97

DEGREE DAYS
 HEATING
  YESTERDAY       33            28      5       21
  MONTH TO DATE  477           431     46      400
  SINCE SEP 1    917          1185   -268     1048
  SINCE JUL 1    982          1240   -258     1070

 COOLING
  YESTERDAY        0             0      0        0
  MONTH TO DATE    0             0      0        0
  SINCE SEP 1     86            24     62       44
  SINCE JAN 1    386           345     41      481
......................................................


WIND (MPH)
  HIGHEST WIND SPEED    21   HIGHEST WIND DIRECTION    NW (310)
  HIGHEST GUST SPEED    33   HIGHEST GUST DIRECTION    NW (300)
  AVERAGE WIND SPEED     9.0


SKY COVER
  AVERAGE SKY COVER 0.4


WEATHER CONDITIONS
 THE FOLLOWING WEATHER WAS RECORDED YESTERDAY.
  NO SIGNIFICANT WEATHER WAS OBSERVED.


RELATIVE HUMIDITY (PERCENT)
 HIGHEST    85          1200 AM
 LOWEST     49          1000 PM
 AVERAGE    67

..........................................................


THE SPRINGFIELD VT CLIMATE NORMALS FOR TODAY
                         NORMAL    RECORD    YEAR
 MAXIMUM TEMPERATURE (F)   45        62      2016
 MINIMUM TEMPERATURE (F)   28        16      2015
                                             1997


SUNRISE AND SUNSET
NOVEMBER 18 2017......SUNRISE   647 AM EST   SUNSET   423 PM EST
NOVEMBER 19 2017......SUNRISE   649 AM EST   SUNSET   422 PM EST


-  INDICATES NEGATIVE NUMBERS.
R  INDICATES RECORD WAS SET OR TIED.
MM INDICATES DATA IS MISSING.
T  INDICATES TRACE AMOUNT.




$$
