000
CDUS41 KBTV 030531
CLIVSF


CLIMATE REPORT
NATIONAL WEATHER SERVICE BURLINGTON VT
1228 AM EST SAT DEC 3 2016


...................................

...THE SPRINGFIELD VT CLIMATE SUMMARY FOR DECEMBER 2 2016...

CLIMATE NORMAL PERIOD 1981 TO 2010
CLIMATE RECORD PERIOD 9999 TO 9999


WEATHER ITEM   OBSERVED TIME   NORMAL DEPARTURE LAST
                VALUE   (LST)  VALUE  FROM      YEAR
                                      NORMAL
......................................................
TEMPERATURE (F)
 YESTERDAY
  MAXIMUM         47   1201 PM  39      8       38
  MINIMUM         34   1159 PM  23     11       32
  AVERAGE         41            31     10       35

PRECIPITATION (IN)
  YESTERDAY        T             0.11  -0.11     0.21
  MONTH TO DATE    0.52          0.23   0.29     0.34
  SINCE DEC 1      0.52          0.23   0.29     0.34
  SINCE JAN 1     25.48         40.81 -15.33    28.89

DEGREE DAYS
 HEATING
  YESTERDAY       24            34    -10       30
  MONTH TO DATE   45            68    -23       71
  SINCE DEC 1     45            68    -23       71
  SINCE JUL 1   1501          1711   -210     1484

 COOLING
  YESTERDAY        0             0      0        0
  MONTH TO DATE    0             0      0        0
  SINCE DEC 1      0             0      0        0
  SINCE JAN 1    481           345    136      460
......................................................


WIND (MPH)
  HIGHEST WIND SPEED    17   HIGHEST WIND DIRECTION     W (260)
  HIGHEST GUST SPEED    27   HIGHEST GUST DIRECTION     W (290)
  AVERAGE WIND SPEED     7.6


SKY COVER
  AVERAGE SKY COVER 0.8


WEATHER CONDITIONS
 THE FOLLOWING WEATHER WAS RECORDED YESTERDAY.
  LIGHT RAIN
  LIGHT SNOW


RELATIVE HUMIDITY (PERCENT)
 HIGHEST    70           600 AM
 LOWEST     53           100 PM
 AVERAGE    62

..........................................................


THE SPRINGFIELD VT CLIMATE NORMALS FOR TODAY
                         NORMAL    RECORD    YEAR
 MAXIMUM TEMPERATURE (F)   39        59      2009
 MINIMUM TEMPERATURE (F)   22         3      2003


SUNRISE AND SUNSET
DECEMBER  3 2016......SUNRISE   705 AM EST   SUNSET   415 PM EST
DECEMBER  4 2016......SUNRISE   706 AM EST   SUNSET   415 PM EST


-  INDICATES NEGATIVE NUMBERS.
R  INDICATES RECORD WAS SET OR TIED.
MM INDICATES DATA IS MISSING.
T  INDICATES TRACE AMOUNT.




$$
