000
CDUS41 KBTV 280546
CLIVSF


CLIMATE REPORT
NATIONAL WEATHER SERVICE BURLINGTON VT
144 AM EDT MON JUL 28 2014


...................................

...THE SPRINGFIELD VT CLIMATE SUMMARY FOR JULY 27 2014...

CLIMATE NORMAL PERIOD 1981 TO 2010
CLIMATE RECORD PERIOD 9999 TO 9999


WEATHER ITEM   OBSERVED TIME   NORMAL DEPARTURE LAST
                VALUE   (LST)  VALUE  FROM      YEAR
                                      NORMAL
......................................................
TEMPERATURE (F)
 YESTERDAY
  MAXIMUM         79    528 PM  81     -2       82
  MINIMUM         57    521 AM  57      0       53
  AVERAGE         68            69     -1       68

PRECIPITATION (IN)
  YESTERDAY        0.47          0.13   0.34     0.00
  MONTH TO DATE    3.30          3.86  -0.56     4.98
  SINCE JUN 1      7.48          7.75  -0.27    11.38
  SINCE JAN 1     21.01         24.02  -3.01    23.09

DEGREE DAYS
 HEATING
  YESTERDAY        0             1     -1        0
  MONTH TO DATE    1            13    -12        6
  SINCE JUN 1     59           109    -50      107
  SINCE JUL 1      1            13    -12        6

 COOLING
  YESTERDAY        3             4     -1        3
  MONTH TO DATE  110           127    -17      241
  SINCE JUN 1    169           191    -22      330
  SINCE JAN 1    174           203    -29      354
......................................................


WIND (MPH)
  HIGHEST WIND SPEED    10   HIGHEST WIND DIRECTION     S (160)
  HIGHEST GUST SPEED    17   HIGHEST GUST DIRECTION     S (170)
  AVERAGE WIND SPEED     2.9


SKY COVER
  AVERAGE SKY COVER 0.6


WEATHER CONDITIONS
 THE FOLLOWING WEATHER WAS RECORDED YESTERDAY.
  THUNDERSTORM
  HEAVY RAIN
  RAIN
  LIGHT RAIN
  FOG
  FOG W/VISIBILITY <= 1/4 MILE


RELATIVE HUMIDITY (PERCENT)
 HIGHEST   100           300 AM
 LOWEST     67           500 PM
 AVERAGE    84

..........................................................


THE SPRINGFIELD VT CLIMATE NORMALS FOR TODAY
                         NORMAL    RECORD    YEAR
 MAXIMUM TEMPERATURE (F)   81        MM        MM
 MINIMUM TEMPERATURE (F)   57        MM        MM


SUNRISE AND SUNSET
JULY 28 2014..........SUNRISE   536 AM EDT   SUNSET   817 PM EDT
JULY 29 2014..........SUNRISE   537 AM EDT   SUNSET   816 PM EDT


-  INDICATES NEGATIVE NUMBERS.
R  INDICATES RECORD WAS SET OR TIED.
MM INDICATES DATA IS MISSING.
T  INDICATES TRACE AMOUNT.




$$
