000
CDUS41 KBTV 280528
CLIVSF


CLIMATE REPORT
NATIONAL WEATHER SERVICE BURLINGTON VT
126 AM EDT SUN MAY 28 2017


...................................

...THE SPRINGFIELD VT CLIMATE SUMMARY FOR MAY 27 2017...

CLIMATE NORMAL PERIOD 1981 TO 2010
CLIMATE RECORD PERIOD 9999 TO 9999


WEATHER ITEM   OBSERVED TIME   NORMAL DEPARTURE LAST
                VALUE   (LST)  VALUE  FROM      YEAR
                                      NORMAL
......................................................
TEMPERATURE (F)
 YESTERDAY
  MAXIMUM         70    349 PM  70      0       86
  MINIMUM         50    524 AM  46      4       62
  AVERAGE         60            58      2       74

PRECIPITATION (IN)
  YESTERDAY        0.00          0.14  -0.14      T
  MONTH TO DATE    5.42          3.09   2.33     2.04
  SINCE MAR 1     12.53         10.01   2.52     5.15
  SINCE JAN 1     16.08         15.62   0.46    10.37

DEGREE DAYS
 HEATING
  YESTERDAY        5             7     -2        0
  MONTH TO DATE  309           289     20      292
  SINCE MAR 1   1922          1950    -28     1791
  SINCE JUL 1   6799          7395   -596     6447

 COOLING
  YESTERDAY        0             1     -1        9
  MONTH TO DATE   14             1     13       16
  SINCE MAR 1     14             3     11       16
  SINCE JAN 1     14             3     11       16
......................................................


WIND (MPH)
  HIGHEST WIND SPEED    12   HIGHEST WIND DIRECTION    NE (60)
  HIGHEST GUST SPEED    18   HIGHEST GUST DIRECTION    NE (50)
  AVERAGE WIND SPEED     3.2


SKY COVER
  AVERAGE SKY COVER 0.8


WEATHER CONDITIONS
 THE FOLLOWING WEATHER WAS RECORDED YESTERDAY.
  NO SIGNIFICANT WEATHER WAS OBSERVED.


RELATIVE HUMIDITY (PERCENT)
 HIGHEST    89           100 AM
 LOWEST     44           100 PM
 AVERAGE    67

..........................................................


THE SPRINGFIELD VT CLIMATE NORMALS FOR TODAY
                         NORMAL    RECORD    YEAR
 MAXIMUM TEMPERATURE (F)   71        91      2016
 MINIMUM TEMPERATURE (F)   46        32      1997


SUNRISE AND SUNSET
MAY 28 2017...........SUNRISE   515 AM EDT   SUNSET   821 PM EDT
MAY 29 2017...........SUNRISE   514 AM EDT   SUNSET   821 PM EDT


-  INDICATES NEGATIVE NUMBERS.
R  INDICATES RECORD WAS SET OR TIED.
MM INDICATES DATA IS MISSING.
T  INDICATES TRACE AMOUNT.




$$
