000
CDUS41 KBTV 280523
CLIVSF


CLIMATE REPORT
NATIONAL WEATHER SERVICE BURLINGTON VT
121 AM EDT WED SEP 28 2016


...................................

...THE SPRINGFIELD VT CLIMATE SUMMARY FOR SEPTEMBER 27 2016...

CLIMATE NORMAL PERIOD 1981 TO 2010
CLIMATE RECORD PERIOD 9999 TO 9999


WEATHER ITEM   OBSERVED TIME   NORMAL DEPARTURE LAST
                VALUE   (LST)  VALUE  FROM      YEAR
                                      NORMAL
......................................................
TEMPERATURE (F)
 YESTERDAY
  MAXIMUM         72    314 PM  66      6       69
  MINIMUM         46   1159 PM  43      3       36
  AVERAGE         59            54      5       53

PRECIPITATION (IN)
  YESTERDAY        0.09          0.16  -0.07     0.00
  MONTH TO DATE    1.06          3.28  -2.22     3.67
  SINCE SEP 1      1.06          3.28  -2.22     3.67
  SINCE JAN 1     19.94         31.65 -11.71    22.17

DEGREE DAYS
 HEATING
  YESTERDAY        6            11     -5       12
  MONTH TO DATE  105           162    -57       91
  SINCE SEP 1    105           162    -57       91
  SINCE JUL 1    127           217    -90      114

 COOLING
  YESTERDAY        0             0      0        0
  MONTH TO DATE   44            21     23       70
  SINCE SEP 1     44            21     23       70
  SINCE JAN 1    481           342    139      459
......................................................


WIND (MPH)
  HIGHEST WIND SPEED     9   HIGHEST WIND DIRECTION    NW (310)
  HIGHEST GUST SPEED    12   HIGHEST GUST DIRECTION     W (270)
  AVERAGE WIND SPEED     1.3


SKY COVER
  AVERAGE SKY COVER 0.5


WEATHER CONDITIONS
 THE FOLLOWING WEATHER WAS RECORDED YESTERDAY.
  RAIN
  LIGHT RAIN
  FOG
  FOG W/VISIBILITY <= 1/4 MILE


RELATIVE HUMIDITY (PERCENT)
 HIGHEST   100           900 AM
 LOWEST     35           300 PM
 AVERAGE    68

..........................................................


THE SPRINGFIELD VT CLIMATE NORMALS FOR TODAY
                         NORMAL    RECORD    YEAR
 MAXIMUM TEMPERATURE (F)   66        84      2014
 MINIMUM TEMPERATURE (F)   42        29      2000


SUNRISE AND SUNSET
SEPTEMBER 28 2016.....SUNRISE   645 AM EDT   SUNSET   636 PM EDT
SEPTEMBER 29 2016.....SUNRISE   646 AM EDT   SUNSET   634 PM EDT


-  INDICATES NEGATIVE NUMBERS.
R  INDICATES RECORD WAS SET OR TIED.
MM INDICATES DATA IS MISSING.
T  INDICATES TRACE AMOUNT.




$$
