000
CDUS41 KBTV 210728
CLIVSF


CLIMATE REPORT
NATIONAL WEATHER SERVICE BURLINGTON VT
326 AM EDT TUE OCT 21 2014


...................................

...THE SPRINGFIELD VT CLIMATE SUMMARY FOR OCTOBER 20 2014...

CLIMATE NORMAL PERIOD 1981 TO 2010
CLIMATE RECORD PERIOD 9999 TO 9999


WEATHER ITEM   OBSERVED TIME   NORMAL DEPARTURE LAST
                VALUE   (LST)  VALUE  FROM      YEAR
                                      NORMAL
......................................................
TEMPERATURE (F)
 YESTERDAY
  MAXIMUM         55    300 PM  57     -2       56
  MINIMUM         27    633 AM  34     -7       34
  AVERAGE         41            46     -5       45

PRECIPITATION (IN)
  YESTERDAY        T             0.15  -0.15     0.02
  MONTH TO DATE    3.24          3.07   0.17     1.68
  SINCE SEP 1      4.39          6.83  -2.44     4.66
  SINCE JAN 1     32.08         35.20  -3.12    32.14

DEGREE DAYS
 HEATING
  YESTERDAY       24            19      5       20
  MONTH TO DATE  238           325    -87      225
  SINCE SEP 1    405           522   -117      451
  SINCE JUL 1    454           577   -123      496

 COOLING
  YESTERDAY        0             0      0        0
  MONTH TO DATE    5             0      5        0
  SINCE SEP 1     45            23     22       42
  SINCE JAN 1    282           344    -62      495
......................................................


WIND (MPH)
  HIGHEST WIND SPEED    13   HIGHEST WIND DIRECTION    SW (210)
  HIGHEST GUST SPEED    16   HIGHEST GUST DIRECTION    SW (210)
  AVERAGE WIND SPEED     1.7


SKY COVER
  AVERAGE SKY COVER 0.5


WEATHER CONDITIONS
 THE FOLLOWING WEATHER WAS RECORDED YESTERDAY.
  NO SIGNIFICANT WEATHER WAS OBSERVED.


RELATIVE HUMIDITY (PERCENT)
 HIGHEST    92           500 AM
 LOWEST     41           200 PM
 AVERAGE    67

..........................................................


THE SPRINGFIELD VT CLIMATE NORMALS FOR TODAY
                         NORMAL    RECORD    YEAR
 MAXIMUM TEMPERATURE (F)   57        MM        MM
 MINIMUM TEMPERATURE (F)   34        MM        MM


SUNRISE AND SUNSET
OCTOBER 21 2014.......SUNRISE   711 AM EDT   SUNSET   557 PM EDT
OCTOBER 22 2014.......SUNRISE   712 AM EDT   SUNSET   556 PM EDT


-  INDICATES NEGATIVE NUMBERS.
R  INDICATES RECORD WAS SET OR TIED.
MM INDICATES DATA IS MISSING.
T  INDICATES TRACE AMOUNT.




$$
