000
CDUS43 KLBF 251004
CLIVTN


CLIMATE REPORT
NATIONAL WEATHER SERVICE NORTH PLATTE
403 AM CST SAT FEB 25 2017


...................................

...THE VALENTINE NE CLIMATE SUMMARY FOR FEBRUARY 24 2017...

CLIMATE NORMAL PERIOD 1981 TO 2010
CLIMATE RECORD PERIOD 1885 TO 2017


WEATHER ITEM   OBSERVED TIME   RECORD YEAR NORMAL DEPARTURE LAST
                VALUE   (LST)  VALUE       VALUE  FROM      YEAR
                                                  NORMAL
..................................................................
TEMPERATURE (F)
 YESTERDAY
  MAXIMUM         24    509 PM  74    1995  43    -19       43
  MINIMUM          0    953 PM -17    2003  17    -17       17
  AVERAGE         12                        30    -18       30

PRECIPITATION (IN)
  YESTERDAY        0.08          0.34 1934   0.03   0.05      T
  MONTH TO DATE    1.16                      0.39   0.77     0.16
  SINCE DEC 1      3.01                      1.02   1.99     1.72
  SINCE JAN 1      2.07                      0.65   1.42     0.68

SNOWFALL (IN)
  YESTERDAY        1.0           5.6  1934   0.2    0.8       T
  MONTH TO DATE   18.6                       4.7   13.9      1.0
  SINCE DEC 1     35.5                      13.6   21.9     21.1
  SINCE JUL 1     41.8                      21.2   20.6     31.2
  SNOW DEPTH      12

DEGREE DAYS
 HEATING
  YESTERDAY       53                        35     18       35
  MONTH TO DATE  757                       918   -161      730
  SINCE DEC 1   3475                      3478     -3     3267
  SINCE JUL 1   4581                      5096   -515     4560

 COOLING
  YESTERDAY        0                         0      0        0
  MONTH TO DATE    0                         0      0        0
  SINCE DEC 1      0                         0      0        0
  SINCE JAN 1      0                         0      0        0
..................................................................


WIND (MPH)
  HIGHEST WIND SPEED    25   HIGHEST WIND DIRECTION     N (350)
  HIGHEST GUST SPEED    29   HIGHEST GUST DIRECTION     N (350)
  AVERAGE WIND SPEED    12.8


SKY COVER
  POSSIBLE SUNSHINE  MM
  AVERAGE SKY COVER 0.6


WEATHER CONDITIONS
 THE FOLLOWING WEATHER WAS RECORDED YESTERDAY.
  LIGHT SNOW
  FOG
  HAZE


RELATIVE HUMIDITY (PERCENT)
 HIGHEST    88          1200 AM
 LOWEST     60           400 PM
 AVERAGE    74

..........................................................


THE VALENTINE NE CLIMATE NORMALS FOR TODAY
                         NORMAL    RECORD    YEAR
 MAXIMUM TEMPERATURE (F)   43        73      1995
 MINIMUM TEMPERATURE (F)   17       -19      1934


SUNRISE AND SUNSET
FEBRUARY 25 2017......SUNRISE   724 AM CST   SUNSET   627 PM CST
FEBRUARY 26 2017......SUNRISE   722 AM CST   SUNSET   628 PM CST


-  INDICATES NEGATIVE NUMBERS.
R  INDICATES RECORD WAS SET OR TIED.
MM INDICATES DATA IS MISSING.
T  INDICATES TRACE AMOUNT.




$$
