000
CDUS43 KLBF 170911
CLIVTN


CLIMATE REPORT
NATIONAL WEATHER SERVICE NORTH PLATTE
411 AM CDT THU AUG 17 2017


...................................

...THE VALENTINE NE CLIMATE SUMMARY FOR AUGUST 16 2017...

CLIMATE NORMAL PERIOD 1981 TO 2010
CLIMATE RECORD PERIOD 1885 TO 2017


WEATHER ITEM   OBSERVED TIME   RECORD YEAR NORMAL DEPARTURE LAST
                VALUE   (LST)  VALUE       VALUE  FROM      YEAR
                                                  NORMAL
..................................................................
TEMPERATURE (F)
 YESTERDAY
  MAXIMUM         76    521 PM 107    2002  87    -11       92
  MINIMUM         54   1159 PM  43    1897  59     -5       57
  AVERAGE         65                        73     -8       75

PRECIPITATION (IN)
  YESTERDAY        0.37          1.31 1913   0.07   0.30     0.01
  MONTH TO DATE    1.90                      1.35   0.55     0.24
  SINCE JUN 1      3.16                      8.12  -4.96     7.51
  SINCE JAN 1     12.76                     15.28  -2.52    20.83

SNOWFALL (IN)
  YESTERDAY        0.0           0.0    MM   0.0    0.0      0.0
  MONTH TO DATE    0.0                       0.0    0.0      0.0
  SINCE JUN 1      0.0                       0.0    0.0      0.0
  SINCE JUL 1      0.0                       0.0    0.0      0.0
  SNOW DEPTH       0

DEGREE DAYS
 HEATING
  YESTERDAY        0                         0      0        0
  MONTH TO DATE    7                         0      7        0
  SINCE JUN 1     23                        69    -46       16
  SINCE JUL 1      7                         8     -1        5

 COOLING
  YESTERDAY        0                         9     -9       10
  MONTH TO DATE   74                       152    -78      155
  SINCE JUN 1    782                       593    189      686
  SINCE JAN 1    805                       627    178      704
..................................................................


WIND (MPH)
  HIGHEST WIND SPEED    17   HIGHEST WIND DIRECTION     N (340)
  HIGHEST GUST SPEED    23   HIGHEST GUST DIRECTION    NW (320)
  AVERAGE WIND SPEED     9.4


SKY COVER
  POSSIBLE SUNSHINE  MM
  AVERAGE SKY COVER 0.7


WEATHER CONDITIONS
 THE FOLLOWING WEATHER WAS RECORDED YESTERDAY.
  RAIN
  LIGHT RAIN
  FOG


RELATIVE HUMIDITY (PERCENT)
 HIGHEST    90           200 AM
 LOWEST     46           600 PM
 AVERAGE    68

..........................................................


THE VALENTINE NE CLIMATE NORMALS FOR TODAY
                         NORMAL    RECORD    YEAR
 MAXIMUM TEMPERATURE (F)   87       104      1973
 MINIMUM TEMPERATURE (F)   59        41      2012


SUNRISE AND SUNSET
AUGUST 17 2017........SUNRISE   651 AM CDT   SUNSET   841 PM CDT
AUGUST 18 2017........SUNRISE   652 AM CDT   SUNSET   839 PM CDT


-  INDICATES NEGATIVE NUMBERS.
R  INDICATES RECORD WAS SET OR TIED.
MM INDICATES DATA IS MISSING.
T  INDICATES TRACE AMOUNT.




$$
