000
CDUS43 KLBF 240947 RRA
CLIVTN

CLIMATE REPORT
NATIONAL WEATHER SERVICE NORTH PLATTE
446 AM CDT WED MAY 24 2017


...................................

...THE VALENTINE NE CLIMATE SUMMARY FOR MAY 23 2017...

CLIMATE NORMAL PERIOD 1981 TO 2010
CLIMATE RECORD PERIOD 1885 TO 2017


WEATHER ITEM   OBSERVED TIME   RECORD YEAR NORMAL DEPARTURE LAST
                VALUE   (LST)  VALUE       VALUE  FROM      YEAR
                                                  NORMAL
..................................................................
TEMPERATURE (F)
 YESTERDAY
  MAXIMUM         59    325 PM  99    1989  73    -14       79
  MINIMUM         39   1137 PM  28    2002  47     -8       49
  AVERAGE         49                        60    -11       64

PRECIPITATION (IN)
  YESTERDAY        0.00          1.38 1906   0.10  -0.10      T
  MONTH TO DATE    4.98                      2.24   2.74     5.33
  SINCE MAR 1      7.10                      5.53   1.57    10.88
  SINCE JAN 1      9.17                      6.27   2.90    11.56

SNOWFALL (IN)
  YESTERDAY        0.0           0.0    MM   0.0    0.0      0.0
  MONTH TO DATE    0.0                       0.1   -0.1      0.0
  SINCE MAR 1      2.7                      11.2   -8.5      7.0
  SINCE JUL 1     44.5                      33.3   11.2     38.2
  SNOW DEPTH       0

DEGREE DAYS
 HEATING
  YESTERDAY       16                         6     10        1
  MONTH TO DATE  203                       219    -16      237
  SINCE MAR 1   1423                      1666   -243     1449
  SINCE JUL 1   6182                      6902   -720     6135

 COOLING
  YESTERDAY        0                         1     -1        0
  MONTH TO DATE   21                        20      1       11
  SINCE MAR 1     23                        24     -1       14
  SINCE JAN 1     23                        24     -1       14
..................................................................


WIND (MPH)
  HIGHEST WIND SPEED    30   HIGHEST WIND DIRECTION    NW (330)
  HIGHEST GUST SPEED    37   HIGHEST GUST DIRECTION     N (340)
  AVERAGE WIND SPEED    14.8


SKY COVER
  POSSIBLE SUNSHINE  MM
  AVERAGE SKY COVER 0.7


WEATHER CONDITIONS
 THE FOLLOWING WEATHER WAS RECORDED YESTERDAY.
  NO SIGNIFICANT WEATHER WAS OBSERVED.


RELATIVE HUMIDITY (PERCENT)
 HIGHEST    86           100 AM
 LOWEST     43           100 PM
 AVERAGE    65

..........................................................


THE VALENTINE NE CLIMATE NORMALS FOR TODAY
                         NORMAL    RECORD    YEAR
 MAXIMUM TEMPERATURE (F)   73        96      1967
                                             1926
 MINIMUM TEMPERATURE (F)   47        25      2002


SUNRISE AND SUNSET
MAY 24 2017...........SUNRISE   611 AM CDT   SUNSET   908 PM CDT
MAY 25 2017...........SUNRISE   610 AM CDT   SUNSET   909 PM CDT


-  INDICATES NEGATIVE NUMBERS.
R  INDICATES RECORD WAS SET OR TIED.
MM INDICATES DATA IS MISSING.
T  INDICATES TRACE AMOUNT.




$$
