416
CDUS43 KLBF 251041
CLIVTN


CLIMATE REPORT
NATIONAL WEATHER SERVICE NORTH PLATTE
440 AM CST SUN FEB 25 2018


...................................

...THE VALENTINE NE CLIMATE SUMMARY FOR FEBRUARY 24 2018...

CLIMATE NORMAL PERIOD 1981 TO 2010
CLIMATE RECORD PERIOD 1885 TO 2018


WEATHER ITEM   OBSERVED TIME   RECORD YEAR NORMAL DEPARTURE LAST
                VALUE   (LST)  VALUE       VALUE  FROM      YEAR
                                                  NORMAL
..................................................................
TEMPERATURE (F)
 YESTERDAY
  MAXIMUM         33    137 PM  74    1995  43    -10       24
  MINIMUM          9   1218 AM -17    2003  17     -8        0
  AVERAGE         21                        30     -9       12

PRECIPITATION (IN)
  YESTERDAY        0.10          0.88 2017   0.03   0.07     0.08
  MONTH TO DATE    0.73                      0.39   0.34     1.16
  SINCE DEC 1      1.61                      1.02   0.59     3.01
  SINCE JAN 1      1.27                      0.65   0.62     2.07

SNOWFALL (IN)
  YESTERDAY        1.0           5.6  1934   0.2    0.8      1.0
  MONTH TO DATE    8.3                       4.7    3.6     18.6
  SINCE DEC 1     18.4                      13.6    4.8     35.5
  SINCE JUL 1     19.7                      21.2   -1.5     41.8
  SNOW DEPTH       3

DEGREE DAYS
 HEATING
  YESTERDAY       44                        35      9       53
  MONTH TO DATE 1159                       918    241      757
  SINCE DEC 1   3656                      3478    178     3475
  SINCE JUL 1   4955                      5096   -141     4581

 COOLING
  YESTERDAY        0                         0      0        0
  MONTH TO DATE    0                         0      0        0
  SINCE DEC 1      0                         0      0        0
  SINCE JAN 1      0                         0      0        0
..................................................................


WIND (MPH)
  HIGHEST WIND SPEED    22   HIGHEST WIND DIRECTION     W (290)
  HIGHEST GUST SPEED    29   HIGHEST GUST DIRECTION    NW (300)
  AVERAGE WIND SPEED     7.8


SKY COVER
  POSSIBLE SUNSHINE  MM
  AVERAGE SKY COVER 0.5


WEATHER CONDITIONS
 THE FOLLOWING WEATHER WAS RECORDED YESTERDAY.
  LIGHT SNOW
  FOG
  HAZE


RELATIVE HUMIDITY (PERCENT)
 HIGHEST    88           400 AM
 LOWEST     59           700 PM
 AVERAGE    74

..........................................................


THE VALENTINE NE CLIMATE NORMALS FOR TODAY
                         NORMAL    RECORD    YEAR
 MAXIMUM TEMPERATURE (F)   43        73      1995
 MINIMUM TEMPERATURE (F)   17       -19      1934


SUNRISE AND SUNSET
FEBRUARY 25 2018......SUNRISE   724 AM CST   SUNSET   627 PM CST
FEBRUARY 26 2018......SUNRISE   723 AM CST   SUNSET   628 PM CST


-  INDICATES NEGATIVE NUMBERS.
R  INDICATES RECORD WAS SET OR TIED.
MM INDICATES DATA IS MISSING.
T  INDICATES TRACE AMOUNT.




$$
