881
CDUS43 KLBF 170937
CLIVTN


CLIMATE REPORT
NATIONAL WEATHER SERVICE NORTH PLATTE
435 AM CDT TUE OCT 17 2017


...................................

...THE VALENTINE NE CLIMATE SUMMARY FOR OCTOBER 16 2017...

CLIMATE NORMAL PERIOD 1981 TO 2010
CLIMATE RECORD PERIOD 1885 TO 2017


WEATHER ITEM   OBSERVED TIME   RECORD YEAR NORMAL DEPARTURE LAST
                VALUE   (LST)  VALUE       VALUE  FROM      YEAR
                                                  NORMAL
..................................................................
TEMPERATURE (F)
 YESTERDAY
  MAXIMUM         80    346 PM  93    1991  63     17       83
  MINIMUM         31    636 AM  14    2001  34     -3       46
  AVERAGE         56                        48      8       65

PRECIPITATION (IN)
  YESTERDAY        0.00          0.82 1915   0.04  -0.04     0.00
  MONTH TO DATE    1.25                      0.73   0.52     1.34
  SINCE SEP 1      3.87                      2.37   1.50     2.86
  SINCE JAN 1     17.05                     18.48  -1.43    24.79

SNOWFALL (IN)
  YESTERDAY        0.0           0.1  1925   0.0    0.0      0.0
  MONTH TO DATE    0.0                       0.5   -0.5      3.0
  SINCE SEP 1      0.0                       1.2   -1.2      3.0
  SINCE JUL 1      0.0                       1.2   -1.2      3.0
  SNOW DEPTH       0

DEGREE DAYS
 HEATING
  YESTERDAY        9                        17     -8        0
  MONTH TO DATE  203                       221    -18      151
  SINCE SEP 1    320                       381    -61      260
  SINCE JUL 1    327                       406    -79      288

 COOLING
  YESTERDAY        0                         0      0        0
  MONTH TO DATE    0                         1     -1       14
  SINCE SEP 1    126                        82     44       81
  SINCE JAN 1   1060                       818    242      878
..................................................................


WIND (MPH)
  HIGHEST WIND SPEED    17   HIGHEST WIND DIRECTION     W (270)
  HIGHEST GUST SPEED    23   HIGHEST GUST DIRECTION     W (280)
  AVERAGE WIND SPEED     6.4


SKY COVER
  POSSIBLE SUNSHINE  MM
  AVERAGE SKY COVER 0.0


WEATHER CONDITIONS
 THE FOLLOWING WEATHER WAS RECORDED YESTERDAY.
  NO SIGNIFICANT WEATHER WAS OBSERVED.


RELATIVE HUMIDITY (PERCENT)
 HIGHEST    82          1200 AM
 LOWEST     12           300 PM
 AVERAGE    47

..........................................................


THE VALENTINE NE CLIMATE NORMALS FOR TODAY
                         NORMAL    RECORD    YEAR
 MAXIMUM TEMPERATURE (F)   63        86      2001
 MINIMUM TEMPERATURE (F)   34        17      1999


SUNRISE AND SUNSET
OCTOBER 17 2017.......SUNRISE   758 AM CDT   SUNSET   656 PM CDT
OCTOBER 18 2017.......SUNRISE   759 AM CDT   SUNSET   654 PM CDT


-  INDICATES NEGATIVE NUMBERS.
R  INDICATES RECORD WAS SET OR TIED.
MM INDICATES DATA IS MISSING.
T  INDICATES TRACE AMOUNT.




$$
