000
CDUS43 KLBF 280937 RRA
CLIVTN

CLIMATE REPORT
NATIONAL WEATHER SERVICE NORTH PLATTE
436 AM CDT WED JUN 28 2017


...................................

...THE VALENTINE NE CLIMATE SUMMARY FOR JUNE 27 2017...

CLIMATE NORMAL PERIOD 1981 TO 2010
CLIMATE RECORD PERIOD 1885 TO 2017


WEATHER ITEM   OBSERVED TIME   RECORD YEAR NORMAL DEPARTURE LAST
                VALUE   (LST)  VALUE       VALUE  FROM      YEAR
                                                  NORMAL
..................................................................
TEMPERATURE (F)
 YESTERDAY
  MAXIMUM         92    246 PM 104    1990  86      6       84
                                      1931
  MINIMUM         58    542 AM  39    1985  57      1       59
  AVERAGE         75                        71      4       72

PRECIPITATION (IN)
  YESTERDAY        T             1.59 2014   0.12  -0.12     0.02
  MONTH TO DATE    0.25                      3.24  -2.99     3.59
  SINCE JUN 1      0.25                      3.24  -2.99     3.59
  SINCE JAN 1      9.85                     10.40  -0.55    16.91

SNOWFALL (IN)
  YESTERDAY        0.0           0.0    MM   0.0    0.0      0.0
  MONTH TO DATE    0.0                       0.0    0.0      0.0
  SINCE JUN 1      0.0                       0.0    0.0      0.0
  SINCE JUL 1     44.5                      33.3   11.2     38.2
  SNOW DEPTH       0

DEGREE DAYS
 HEATING
  YESTERDAY        0                         1     -1        0
  MONTH TO DATE   16                        58    -42       11
  SINCE JUN 1     16                        58    -42       11
  SINCE JUL 1   6250                      7000   -750     6161

 COOLING
  YESTERDAY       10                         7      3        7
  MONTH TO DATE  181                       113     68      218
  SINCE JUN 1    181                       113     68      218
  SINCE JAN 1    204                       147     57      236
..................................................................


WIND (MPH)
  HIGHEST WIND SPEED    35   HIGHEST WIND DIRECTION     S (170)
  HIGHEST GUST SPEED    42   HIGHEST GUST DIRECTION     S (170)
  AVERAGE WIND SPEED    17.8


SKY COVER
  POSSIBLE SUNSHINE  MM
  AVERAGE SKY COVER 0.1


WEATHER CONDITIONS
 THE FOLLOWING WEATHER WAS RECORDED YESTERDAY.
  LIGHT RAIN


RELATIVE HUMIDITY (PERCENT)
 HIGHEST    75           500 AM
 LOWEST     32           400 PM
 AVERAGE    54

..........................................................


THE VALENTINE NE CLIMATE NORMALS FOR TODAY
                         NORMAL    RECORD    YEAR
 MAXIMUM TEMPERATURE (F)   86       106      1970
 MINIMUM TEMPERATURE (F)   58        39      2004


SUNRISE AND SUNSET
JUNE 28 2017..........SUNRISE   606 AM CDT   SUNSET   925 PM CDT
JUNE 29 2017..........SUNRISE   607 AM CDT   SUNSET   925 PM CDT


-  INDICATES NEGATIVE NUMBERS.
R  INDICATES RECORD WAS SET OR TIED.
MM INDICATES DATA IS MISSING.
T  INDICATES TRACE AMOUNT.




$$
