000
CDUS43 KLBF 030944
CLIVTN


CLIMATE REPORT
NATIONAL WEATHER SERVICE NORTH PLATTE
442 AM CDT TUE MAY 3 2016


...................................

...THE VALENTINE NE CLIMATE SUMMARY FOR MAY 2 2016...

CLIMATE NORMAL PERIOD 1981 TO 2010
CLIMATE RECORD PERIOD 1885 TO 2016


WEATHER ITEM   OBSERVED TIME   RECORD YEAR NORMAL DEPARTURE LAST
                VALUE   (LST)  VALUE       VALUE  FROM      YEAR
                                                  NORMAL
..................................................................
TEMPERATURE (F)
 YESTERDAY
  MAXIMUM         64    142 PM  90    1981  67     -3       85
  MINIMUM         27    503 AM  21    1967  39    -12       47
                                      1911
  AVERAGE         46                        53     -7       66

PRECIPITATION (IN)
  YESTERDAY        0.17          1.35 1988   0.09   0.08     0.00
  MONTH TO DATE    0.21                      0.18   0.03     0.08
  SINCE MAR 1      5.76                      3.47   2.29     1.73
  SINCE JAN 1      6.44                      4.21   2.23     2.35

SNOWFALL (IN)
  YESTERDAY        0.0           2.9  1917   0.0    0.0      0.0
  MONTH TO DATE    0.0                       0.0    0.0      0.0
  SINCE MAR 1      7.0                      11.1   -4.1      0.8
  SINCE JUL 1     38.2                      33.2    5.0     22.5
  SNOW DEPTH       0

DEGREE DAYS
 HEATING
  YESTERDAY       19                        13      6        0
  MONTH TO DATE   39                        26     13        5
  SINCE MAR 1   1251                      1473   -222     1140
  SINCE JUL 1   5937                      6709   -772     6266

 COOLING
  YESTERDAY        0                         0      0        1
  MONTH TO DATE    0                         0      0        1
  SINCE MAR 1      3                         4     -1        3
  SINCE JAN 1      3                         4     -1        3
..................................................................


WIND (MPH)
  HIGHEST WIND SPEED    16   HIGHEST WIND DIRECTION    NE (40)
  HIGHEST GUST SPEED    20   HIGHEST GUST DIRECTION     N (20)
  AVERAGE WIND SPEED     6.8


SKY COVER
  POSSIBLE SUNSHINE  MM
  AVERAGE SKY COVER 0.4


WEATHER CONDITIONS
 THE FOLLOWING WEATHER WAS RECORDED YESTERDAY.
  LIGHT RAIN
  FOG


RELATIVE HUMIDITY (PERCENT)
 HIGHEST    92           200 AM
 LOWEST     27           200 PM
 AVERAGE    60

..........................................................


THE VALENTINE NE CLIMATE NORMALS FOR TODAY
                         NORMAL    RECORD    YEAR
 MAXIMUM TEMPERATURE (F)   67        89      1982
 MINIMUM TEMPERATURE (F)   40        18      2005


SUNRISE AND SUNSET
MAY  3 2016...........SUNRISE   633 AM CDT   SUNSET   846 PM CDT
MAY  4 2016...........SUNRISE   632 AM CDT   SUNSET   847 PM CDT


-  INDICATES NEGATIVE NUMBERS.
R  INDICATES RECORD WAS SET OR TIED.
MM INDICATES DATA IS MISSING.
T  INDICATES TRACE AMOUNT.




$$
