000
CDUS46 KPQR 291141
CLIVUO


CLIMATE REPORT
NATIONAL WEATHER SERVICE PORTLAND OREGON
440 AM PDT MON MAY 29 2017


...................................

...THE VANCOUVER WA CLIMATE SUMMARY FOR MAY 28 2017...

CLIMATE NORMAL PERIOD 1981 TO 2010
CLIMATE RECORD PERIOD 1891 TO 2017


WEATHER ITEM   OBSERVED TIME   RECORD YEAR NORMAL DEPARTURE LAST
                VALUE   (LST)  VALUE       VALUE  FROM      YEAR
                                                  NORMAL
..................................................................
TEMPERATURE (F)
 YESTERDAY
  MAXIMUM         85    451 PM  99    1983  70     15       71
  MINIMUM         56    530 AM  33    1976  51      5       45
  AVERAGE         71                        61     10       58

PRECIPITATION (IN)
  YESTERDAY        0.00                      0.07  -0.07     0.00
  MONTH TO DATE    1.78                      2.29  -0.51     1.63
  SINCE OCT 1     47.63                     34.15  13.48    43.35
  SINCE JAN 1     27.77                     18.40   9.37    19.50

DEGREE DAYS
 HEATING
  YESTERDAY        0                                         7
  MONTH TO DATE  188                                       139
  SINCE JUL 1   4420                                      3730

 COOLING
  YESTERDAY        6                                         0
  MONTH TO DATE   40                                        15
  SINCE JAN 1     40                                        21
..................................................................


WIND (MPH)
  HIGHEST WIND SPEED    10   HIGHEST WIND DIRECTION    NW (300)
  HIGHEST GUST SPEED    14   HIGHEST GUST DIRECTION    NW (310)
  AVERAGE WIND SPEED     3.5


SKY COVER
  POSSIBLE SUNSHINE  MM
  AVERAGE SKY COVER 0.0


WEATHER CONDITIONS
 THE FOLLOWING WEATHER WAS RECORDED YESTERDAY.
  NO SIGNIFICANT WEATHER WAS OBSERVED.


RELATIVE HUMIDITY (PERCENT)
 HIGHEST    93           200 AM
 LOWEST     40           400 PM
 AVERAGE    67

..........................................................




SUNRISE AND SUNSET
MAY 29 2017...........SUNRISE   526 AM PDT   SUNSET   850 PM PDT
MAY 30 2017...........SUNRISE   526 AM PDT   SUNSET   851 PM PDT


-  INDICATES NEGATIVE NUMBERS.
R  INDICATES RECORD WAS SET OR TIED.
MM INDICATES DATA IS MISSING.
T  INDICATES TRACE AMOUNT.




$$
