000
CDUS46 KPQR 241143
CLIVUO


CLIMATE REPORT
NATIONAL WEATHER SERVICE PORTLAND OREGON
343 AM PST FRI NOV 24 2017


...................................

...THE VANCOUVER WA CLIMATE SUMMARY FOR NOVEMBER 23 2017...

CLIMATE NORMAL PERIOD 1981 TO 2010
CLIMATE RECORD PERIOD 1891 TO 2017


WEATHER ITEM   OBSERVED TIME   RECORD YEAR NORMAL DEPARTURE LAST
                VALUE   (LST)  VALUE       VALUE  FROM      YEAR
                                                  NORMAL
..................................................................
TEMPERATURE (F)
 YESTERDAY
  MAXIMUM         63   1150 AM  64    1939  51     12       51
  MINIMUM         45    737 PM  11    1985  39      6       45
  AVERAGE         54                        45      9       48

PRECIPITATION (IN)
  YESTERDAY        0.20                      0.21  -0.01     0.17
  MONTH TO DATE    5.30                      4.35   0.95     3.46
  SINCE OCT 1      9.85                      7.42   2.43    11.68
  SINCE JAN 1     41.53                     30.81  10.72    34.41

DEGREE DAYS
 HEATING
  YESTERDAY       11                                        17
  MONTH TO DATE  392                                       272
  SINCE JUL 1    827                                       669

 COOLING
  YESTERDAY        0                                         0
  MONTH TO DATE    0                                         0
  SINCE JAN 1    639                                       407
..................................................................


WIND (MPH)
  HIGHEST WIND SPEED    16   HIGHEST WIND DIRECTION     W (270)
  HIGHEST GUST SPEED    21   HIGHEST GUST DIRECTION     W (260)
  AVERAGE WIND SPEED     6.1


SKY COVER
  POSSIBLE SUNSHINE  MM
  AVERAGE SKY COVER 0.8


WEATHER CONDITIONS
 THE FOLLOWING WEATHER WAS RECORDED YESTERDAY.
  LIGHT RAIN
  FOG


RELATIVE HUMIDITY (PERCENT)
 HIGHEST   100           300 AM
 LOWEST     67           300 PM
 AVERAGE    84

..........................................................




SUNRISE AND SUNSET
NOVEMBER 24 2017......SUNRISE   723 AM PST   SUNSET   432 PM PST
NOVEMBER 25 2017......SUNRISE   724 AM PST   SUNSET   431 PM PST


-  INDICATES NEGATIVE NUMBERS.
R  INDICATES RECORD WAS SET OR TIED.
MM INDICATES DATA IS MISSING.
T  INDICATES TRACE AMOUNT.




$$
