000
CDUS46 KPQR 171141
CLIVUO


CLIMATE REPORT
NATIONAL WEATHER SERVICE PORTLAND OREGON
440 AM PDT THU APR 17 2014


...................................

...THE VANCOUVER WA CLIMATE SUMMARY FOR APRIL 16 2014...

CLIMATE NORMAL PERIOD 1981 TO 2010
CLIMATE RECORD PERIOD 1891 TO 2014


WEATHER ITEM   OBSERVED TIME   RECORD YEAR NORMAL DEPARTURE LAST
                VALUE   (LST)  VALUE       VALUE  FROM      YEAR
                                                  NORMAL
..................................................................
TEMPERATURE (F)
 YESTERDAY
  MAXIMUM         58    148 PM  84    1897  61     -3       61
  MINIMUM         48    407 AM  30    1901  42      6       35
  AVERAGE         53                        52      1       48

PRECIPITATION (IN)
  YESTERDAY        0.14                      0.11   0.03     0.01
  MONTH TO DATE    0.93                      1.64  -0.71     1.61
  SINCE OCT 1     19.81                     30.49 -10.68    27.01
  SINCE JAN 1     14.34                     14.74  -0.40     7.75

DEGREE DAYS
 HEATING
  YESTERDAY       12                                        17
  MONTH TO DATE  184                                       233
  SINCE JUL 1   4166                                      3796

 COOLING
  YESTERDAY        0                                         0
  MONTH TO DATE    0                                         0
  SINCE JAN 1      0                                         0
..................................................................


WIND (MPH)
  HIGHEST WIND SPEED     8   HIGHEST WIND DIRECTION    SW (240)
  HIGHEST GUST SPEED    13   HIGHEST GUST DIRECTION     W (260)
  AVERAGE WIND SPEED     3.5


SKY COVER
  POSSIBLE SUNSHINE  MM
  AVERAGE SKY COVER 1.0


WEATHER CONDITIONS
 THE FOLLOWING WEATHER WAS RECORDED YESTERDAY.
  LIGHT RAIN
  FOG


RELATIVE HUMIDITY (PERCENT)
 HIGHEST    96           900 PM
 LOWEST     57           300 PM
 AVERAGE    77

..........................................................




SUNRISE AND SUNSET
APRIL 17 2014.........SUNRISE   621 AM PDT   SUNSET   800 PM PDT
APRIL 18 2014.........SUNRISE   620 AM PDT   SUNSET   801 PM PDT


-  INDICATES NEGATIVE NUMBERS.
R  INDICATES RECORD WAS SET OR TIED.
MM INDICATES DATA IS MISSING.
T  INDICATES TRACE AMOUNT.




$$
