000
CDUS46 KPQR 230223
CLIVUO


CLIMATE REPORT
NATIONAL WEATHER SERVICE PORTLAND OREGON
723 PM PDT FRI SEP 22 2017


...................................

...THE VANCOUVER WA CLIMATE SUMMARY FOR SEPTEMBER 22 2017...
VALID TODAY AS OF 0700 PM LOCAL TIME.

CLIMATE NORMAL PERIOD 1981 TO 2010
CLIMATE RECORD PERIOD 1891 TO 2017


WEATHER ITEM   OBSERVED TIME   RECORD YEAR NORMAL DEPARTURE LAST
                VALUE   (LST)  VALUE       VALUE  FROM      YEAR
                                                  NORMAL
..................................................................
TEMPERATURE (F)
 TODAY
  MAXIMUM         69    402 PM  94    1952  74     -5       67
  MINIMUM         47    307 AM  35    1971  50     -3       46
  AVERAGE         58                        62     -4       57

PRECIPITATION (IN)
  TODAY            0.00                      0.07  -0.07     0.00
  MONTH TO DATE    2.34                      0.91   1.43     1.11
  SINCE OCT 1     51.32                     38.49  12.83    46.54
  SINCE JAN 1     31.46                     22.74   8.72    22.69

DEGREE DAYS
 HEATING
  TODAY            7                                         8
  MONTH TO DATE   48                                        71
  SINCE SEP 1     48                                        71
  SINCE JUL 1     51                                        93

 COOLING
  TODAY            0                                         0
  MONTH TO DATE  110                                         9
  SINCE SEP 1    110                                         9
  SINCE JAN 1    629                                       398
..................................................................


WIND (MPH)
  HIGHEST WIND SPEED     9   HIGHEST WIND DIRECTION     E (110)
  HIGHEST GUST SPEED    12   HIGHEST GUST DIRECTION     E (110)
  AVERAGE WIND SPEED     3.0


SKY COVER
  POSSIBLE SUNSHINE  MM
  AVERAGE SKY COVER 0.6


WEATHER CONDITIONS
 THE FOLLOWING WEATHER WAS RECORDED TODAY.
  NO SIGNIFICANT WEATHER WAS OBSERVED.


RELATIVE HUMIDITY (PERCENT)
 HIGHEST   100          1200 AM
 LOWEST     45           400 PM
 AVERAGE    73

..........................................................


THE VANCOUVER WA CLIMATE NORMALS FOR TOMORROW
                         NORMAL    RECORD    YEAR
 MAXIMUM TEMPERATURE (F)   73        94      1943
 MINIMUM TEMPERATURE (F)   50        33      1908


SUNRISE AND SUNSET
SEPTEMBER 22 2017.....SUNRISE   658 AM PDT   SUNSET   707 PM PDT
SEPTEMBER 23 2017.....SUNRISE   659 AM PDT   SUNSET   705 PM PDT


-  INDICATES NEGATIVE NUMBERS.
R  INDICATES RECORD WAS SET OR TIED.
MM INDICATES DATA IS MISSING.
T  INDICATES TRACE AMOUNT.




$$
