000
CDUS46 KPQR 231142
CLIVUO


CLIMATE REPORT
NATIONAL WEATHER SERVICE PORTLAND OREGON
441 AM PDT SAT AUG 23 2014


...................................

...THE VANCOUVER WA CLIMATE SUMMARY FOR AUGUST 22 2014...

CLIMATE NORMAL PERIOD 1981 TO 2010
CLIMATE RECORD PERIOD 1891 TO 2014


WEATHER ITEM   OBSERVED TIME   RECORD YEAR NORMAL DEPARTURE LAST
                VALUE   (LST)  VALUE       VALUE  FROM      YEAR
                                                  NORMAL
..................................................................
TEMPERATURE (F)
 YESTERDAY
  MAXIMUM         80    437 PM 100    1891  81     -1       83
  MINIMUM         59    453 AM  44    1938  56      3       57
  AVERAGE         70                        69      1       70

PRECIPITATION (IN)
  YESTERDAY        0.00                      0.03  -0.03      T
  MONTH TO DATE    0.02                      0.45  -0.43     0.04
  SINCE OCT 1     27.74                     37.26  -9.52    34.28
  SINCE JAN 1     22.27                     21.51   0.76    15.02

DEGREE DAYS
 HEATING
  YESTERDAY        0                                         0
  MONTH TO DATE    0                                         3
  SINCE JUL 1      3                                        12

 COOLING
  YESTERDAY        5                                         5
  MONTH TO DATE  169                                       122
  SINCE JAN 1    401                                       326
..................................................................


WIND (MPH)
  HIGHEST WIND SPEED    15   HIGHEST WIND DIRECTION    NW (310)
  HIGHEST GUST SPEED    21   HIGHEST GUST DIRECTION     W (290)
  AVERAGE WIND SPEED     5.1


SKY COVER
  POSSIBLE SUNSHINE  MM
  AVERAGE SKY COVER 0.3


WEATHER CONDITIONS
 THE FOLLOWING WEATHER WAS RECORDED YESTERDAY.
  NO SIGNIFICANT WEATHER WAS OBSERVED.


RELATIVE HUMIDITY (PERCENT)
 HIGHEST    80           500 AM
 LOWEST     35           200 PM
 AVERAGE    58

..........................................................




SUNRISE AND SUNSET
AUGUST 23 2014........SUNRISE   621 AM PDT   SUNSET   805 PM PDT
AUGUST 24 2014........SUNRISE   622 AM PDT   SUNSET   803 PM PDT


-  INDICATES NEGATIVE NUMBERS.
R  INDICATES RECORD WAS SET OR TIED.
MM INDICATES DATA IS MISSING.
T  INDICATES TRACE AMOUNT.




$$
