000
CDUS46 KPQR 181143
CLIVUO


CLIMATE REPORT
NATIONAL WEATHER SERVICE PORTLAND OREGON
342 AM PST SUN FEB 18 2018


...................................

...THE VANCOUVER WA CLIMATE SUMMARY FOR FEBRUARY 17 2018...

CLIMATE NORMAL PERIOD 1981 TO 2010
CLIMATE RECORD PERIOD 1891 TO 2018


WEATHER ITEM   OBSERVED TIME   RECORD YEAR NORMAL DEPARTURE LAST
                VALUE   (LST)  VALUE       VALUE  FROM      YEAR
                                                  NORMAL
..................................................................
TEMPERATURE (F)
 YESTERDAY
  MAXIMUM         56    132 PM  66    1948  52      4       58
  MINIMUM         42   1159 PM  17    1936  35      7       41
  AVERAGE         49                        44      5       50

PRECIPITATION (IN)
  YESTERDAY        0.07                      0.10  -0.03     0.01
  MONTH TO DATE    0.67                      2.61  -1.94     8.13
  SINCE OCT 1     20.45                     23.86  -3.41    32.30
  SINCE JAN 1      6.26                      8.11  -1.85    12.44

DEGREE DAYS
 HEATING
  YESTERDAY       16                                        15
  MONTH TO DATE  335                                       410
  SINCE JUL 1   2722                                      3043

 COOLING
  YESTERDAY        0                                         0
  MONTH TO DATE    0                                         0
  SINCE JAN 1      0                                         0
..................................................................


WIND (MPH)
  HIGHEST WIND SPEED    24   HIGHEST WIND DIRECTION     W (260)
  HIGHEST GUST SPEED    34   HIGHEST GUST DIRECTION    SW (240)
  AVERAGE WIND SPEED     8.6


SKY COVER
  POSSIBLE SUNSHINE  MM
  AVERAGE SKY COVER 1.0


WEATHER CONDITIONS
 THE FOLLOWING WEATHER WAS RECORDED YESTERDAY.
  LIGHT RAIN
  FOG


RELATIVE HUMIDITY (PERCENT)
 HIGHEST   100           600 AM
 LOWEST     66           200 PM
 AVERAGE    83

..........................................................




SUNRISE AND SUNSET
FEBRUARY 18 2018......SUNRISE   708 AM PST   SUNSET   542 PM PST
FEBRUARY 19 2018......SUNRISE   706 AM PST   SUNSET   544 PM PST


-  INDICATES NEGATIVE NUMBERS.
R  INDICATES RECORD WAS SET OR TIED.
MM INDICATES DATA IS MISSING.
T  INDICATES TRACE AMOUNT.




$$
