000
CDUS46 KPQR 281142
CLIVUO


CLIMATE REPORT
NATIONAL WEATHER SERVICE PORTLAND OREGON
441 AM PDT FRI JUL 28 2017


...................................

...THE VANCOUVER WA CLIMATE SUMMARY FOR JULY 27 2017...

CLIMATE NORMAL PERIOD 1981 TO 2010
CLIMATE RECORD PERIOD 1891 TO 2017


WEATHER ITEM   OBSERVED TIME   RECORD YEAR NORMAL DEPARTURE LAST
                VALUE   (LST)  VALUE       VALUE  FROM      YEAR
                                                  NORMAL
..................................................................
TEMPERATURE (F)
 YESTERDAY
  MAXIMUM         79    417 PM 103    2009  82     -3       88
  MINIMUM         60    707 AM  44    1916  58      2       59
  AVERAGE         70                        70      0       74

PRECIPITATION (IN)
  YESTERDAY        0.00                      0.01  -0.01     0.00
  MONTH TO DATE    T                         0.64  -0.64     0.43
  SINCE OCT 1     48.88                     36.76  12.12    45.23
  SINCE JAN 1     29.02                     21.01   8.01    21.38

DEGREE DAYS
 HEATING
  YESTERDAY        0                                         0
  MONTH TO DATE    1                                        11
  SINCE JUL 1      1                                        11

 COOLING
  YESTERDAY        5                                         9
  MONTH TO DATE  121                                        76
  SINCE JAN 1    239                                       181
..................................................................


WIND (MPH)
  HIGHEST WIND SPEED    13   HIGHEST WIND DIRECTION    NW (320)
  HIGHEST GUST SPEED    20   HIGHEST GUST DIRECTION     N (340)
  AVERAGE WIND SPEED     6.4


SKY COVER
  POSSIBLE SUNSHINE  MM
  AVERAGE SKY COVER 0.4


WEATHER CONDITIONS
 THE FOLLOWING WEATHER WAS RECORDED YESTERDAY.
  NO SIGNIFICANT WEATHER WAS OBSERVED.


RELATIVE HUMIDITY (PERCENT)
 HIGHEST    90           100 AM
 LOWEST     43           500 PM
 AVERAGE    67

..........................................................




SUNRISE AND SUNSET
JULY 28 2017..........SUNRISE   550 AM PDT   SUNSET   843 PM PDT
JULY 29 2017..........SUNRISE   551 AM PDT   SUNSET   842 PM PDT


-  INDICATES NEGATIVE NUMBERS.
R  INDICATES RECORD WAS SET OR TIED.
MM INDICATES DATA IS MISSING.
T  INDICATES TRACE AMOUNT.




$$
