000
CDUS46 KPQR 070228
CLIVUO


CLIMATE REPORT
NATIONAL WEATHER SERVICE PORTLAND OREGON
628 PM PST FRI MAR 6 2015


...................................

...THE VANCOUVER WA CLIMATE SUMMARY FOR MARCH 6 2015...
VALID TODAY AS OF 0600 PM LOCAL TIME.

CLIMATE NORMAL PERIOD 1981 TO 2010
CLIMATE RECORD PERIOD 1891 TO 2015


WEATHER ITEM   OBSERVED TIME   RECORD YEAR NORMAL DEPARTURE LAST
                VALUE   (LST)  VALUE       VALUE  FROM      YEAR
                                                  NORMAL
..................................................................
TEMPERATURE (F)
 TODAY
  MAXIMUM         63    504 PM  69    2001  55      8       56
  MINIMUM         31    712 AM  23    1976  37     -6       45
  AVERAGE         47                        46      1       51

PRECIPITATION (IN)
  TODAY            0.00                      0.11  -0.11     0.18
  MONTH TO DATE    0.01                      0.68  -0.67     2.08
  SINCE OCT 1     22.32                     25.96  -3.64    14.44
  SINCE JAN 1      7.43                     10.21  -2.78     8.97

DEGREE DAYS
 HEATING
  TODAY           18                                        14
  MONTH TO DATE  124                                       100
  SINCE MAR 1    124                                       100
  SINCE JUL 1   2776                                      3563

 COOLING
  TODAY            0                                         0
  MONTH TO DATE    0                                         0
  SINCE MAR 1      0                                         0
  SINCE JAN 1      0                                         0
..................................................................


WIND (MPH)
  HIGHEST WIND SPEED     7   HIGHEST WIND DIRECTION     W (270)
  HIGHEST GUST SPEED     9   HIGHEST GUST DIRECTION     W (260)
  AVERAGE WIND SPEED     2.1


SKY COVER
  POSSIBLE SUNSHINE  MM
  AVERAGE SKY COVER 0.0


WEATHER CONDITIONS
 THE FOLLOWING WEATHER WAS RECORDED TODAY.
  NO SIGNIFICANT WEATHER WAS OBSERVED.


RELATIVE HUMIDITY (PERCENT)
 HIGHEST    89           200 AM
 LOWEST     39           300 PM
 AVERAGE    64

..........................................................


THE VANCOUVER WA CLIMATE NORMALS FOR TOMORROW
                         NORMAL    RECORD    YEAR
 MAXIMUM TEMPERATURE (F)   56        74      1905
 MINIMUM TEMPERATURE (F)   37        24      1985
                                             2002


SUNRISE AND SUNSET
MARCH  6 2015.........SUNRISE   640 AM PST   SUNSET   604 PM PST
MARCH  7 2015.........SUNRISE   638 AM PST   SUNSET   606 PM PST


-  INDICATES NEGATIVE NUMBERS.
R  INDICATES RECORD WAS SET OR TIED.
MM INDICATES DATA IS MISSING.
T  INDICATES TRACE AMOUNT.




$$
