000
CDUS41 KAKQ 200832
CLIWAL


CLIMATE REPORT
NATIONAL WEATHER SERVICE WAKEFIELD, VA
432 AM EDT MON OCT 20 2014


...................................

...THE WALLOPS ISLAND VA CLIMATE SUMMARY FOR OCTOBER 19 2014...

CLIMATE NORMAL PERIOD 1981 TO 2010
CLIMATE RECORD PERIOD 1963 TO 2014


WEATHER ITEM   OBSERVED TIME   RECORD YEAR NORMAL DEPARTURE
                VALUE   (LST)  VALUE       VALUE  FROM
                                                  NORMAL
...............................................................
TEMPERATURE (F)
 YESTERDAY
  MAXIMUM         59    244 PM  78    1979  67     -8
  MINIMUM         41    834 PM  35    2001  49     -8
  AVERAGE         50                        58     -8

PRECIPITATION (IN)
  YESTERDAY        0.00          2.27        0.10  -0.10
  MONTH TO DATE    0.82                      1.93  -1.11
  SINCE SEP 1      5.55                      5.91  -0.36
  SINCE JAN 1     31.14                     33.30  -2.16

SNOWFALL (IN)
  YESTERDAY        0.0           0.0    MM   0.0    0.0
  MONTH TO DATE    0.0                       0.0    0.0
  SINCE NOV 1     13.1                       7.9    5.2
  SINCE JUL 1      0.0                       0.0    0.0

DEGREE DAYS
 HEATING
  YESTERDAY       15                                7
  MONTH TO DATE   41                              -60
  SINCE SEP 1     46                              -85
  SINCE JUL 1     46                              -86

 COOLING
  YESTERDAY        0                               -1
  MONTH TO DATE   35                                8
  SINCE SEP 1    250                               59
  SINCE JAN 1   1347                              156
...............................................................


WIND (MPH)
  HIGHEST WIND SPEED    22   HIGHEST WIND DIRECTION    NW (330)
  HIGHEST GUST SPEED    32   HIGHEST GUST DIRECTION    NW (330)
  AVERAGE WIND SPEED    10.2




RELATIVE HUMIDITY (PERCENT)
 HIGHEST    83
 LOWEST     40
 AVERAGE    62

..........................................................


THE WALLOPS ISLAND VA CLIMATE NORMALS FOR TODAY
                         NORMAL    RECORD    YEAR
 MAXIMUM TEMPERATURE (F)   67        80      1984
 MINIMUM TEMPERATURE (F)   49        29      1974


SUNRISE AND SUNSET
OCTOBER 20 2014.......SUNRISE   715 AM EDT   SUNSET   618 PM EDT
OCTOBER 21 2014.......SUNRISE   716 AM EDT   SUNSET   616 PM EDT


-  INDICATES NEGATIVE NUMBERS.
R  INDICATES RECORD WAS SET OR TIED.
MM INDICATES DATA IS MISSING.
T  INDICATES TRACE AMOUNT.




$$
