301
CDUS41 KAKQ 250634
CLIWAL


CLIMATE REPORT
NATIONAL WEATHER SERVICE WAKEFIELD, VA
133 AM EST SAT FEB 25 2017


...................................

...THE WALLOPS ISLAND VA CLIMATE SUMMARY FOR FEBRUARY 24 2017...

CLIMATE NORMAL PERIOD 1981 TO 2010
CLIMATE RECORD PERIOD 1963 TO 2017


WEATHER ITEM   OBSERVED TIME   RECORD YEAR NORMAL DEPARTURE
                VALUE   (LST)  VALUE       VALUE  FROM
                                                  NORMAL
...............................................................
TEMPERATURE (F)
 YESTERDAY
  MAXIMUM         70    141 PM  75    1985  49     21
  MINIMUM         47    659 AM  13    2015  32     15
  AVERAGE         59                        40     19

PRECIPITATION (IN)
  YESTERDAY        0.00          2.08        0.11  -0.11
  MONTH TO DATE    1.21                      2.34  -1.13
  SINCE DEC 1      9.97                      8.81   1.16
  SINCE JAN 1      6.00                      5.38   0.62

SNOWFALL (IN)
  YESTERDAY        0.0           7.5  1989   0.1   -0.1
  MONTH TO DATE    T                         3.0   -3.0
  SINCE NOV 1     10.1                       7.0    3.1
  SINCE JUL 1     10.1                       7.0    3.1

DEGREE DAYS
 HEATING
  YESTERDAY        6                              -19
  MONTH TO DATE  484                             -156
  SINCE DEC 1   1927                             -353
  SINCE JUL 1   2513                             -471

 COOLING
  YESTERDAY        0                                0
  MONTH TO DATE    0                                0
  SINCE DEC 1      0                                0
  SINCE JAN 1      0                                0
...............................................................


WIND (MPH)
  HIGHEST WIND SPEED    14   HIGHEST WIND DIRECTION     S (180)
  HIGHEST GUST SPEED    18   HIGHEST GUST DIRECTION     S (180)
  AVERAGE WIND SPEED     8.1




RELATIVE HUMIDITY (PERCENT)
 HIGHEST   100
 LOWEST     73
 AVERAGE    87

..........................................................


THE WALLOPS ISLAND VA CLIMATE NORMALS FOR TODAY
                         NORMAL    RECORD    YEAR
 MAXIMUM TEMPERATURE (F)   49        73      2000
 MINIMUM TEMPERATURE (F)   32        16      1989
                                             1967


SUNRISE AND SUNSET
FEBRUARY 25 2017......SUNRISE   639 AM EST   SUNSET   552 PM EST
FEBRUARY 26 2017......SUNRISE   637 AM EST   SUNSET   553 PM EST


-  INDICATES NEGATIVE NUMBERS.
R  INDICATES RECORD WAS SET OR TIED.
MM INDICATES DATA IS MISSING.
T  INDICATES TRACE AMOUNT.




$$
