000
CDUS41 KAKQ 240545
CLIWAL


CLIMATE REPORT
NATIONAL WEATHER SERVICE WAKEFIELD, VA
145 AM EDT FRI MAR 24 2017


...................................

...THE WALLOPS ISLAND VA CLIMATE SUMMARY FOR MARCH 23 2017...

CLIMATE NORMAL PERIOD 1981 TO 2010
CLIMATE RECORD PERIOD 1963 TO 2017


WEATHER ITEM   OBSERVED TIME   RECORD YEAR NORMAL DEPARTURE
                VALUE   (LST)  VALUE       VALUE  FROM
                                                  NORMAL
...............................................................
TEMPERATURE (F)
 YESTERDAY
  MAXIMUM         41    418 PM  78    2012  56    -15
                                      1994
  MINIMUM         25    620 AM  20    2002  38    -13
                                      1986
  AVERAGE         33                        47    -14

PRECIPITATION (IN)
  YESTERDAY        0.00          1.08        0.12  -0.12
  MONTH TO DATE    1.79                      2.94  -1.15
  SINCE MAR 1      1.79                      2.94  -1.15
  SINCE JAN 1      7.99                      8.74  -0.75

SNOWFALL (IN)
  YESTERDAY        0.0           0.0    MM   0.0    0.0
  MONTH TO DATE    T                         0.4   -0.4
  SINCE NOV 1     10.1                       7.8    2.3
  SINCE JUL 1     10.1                       7.8    2.3

DEGREE DAYS
 HEATING
  YESTERDAY       32                               14
  MONTH TO DATE  524                               39
  SINCE MAR 1    524                               39
  SINCE JUL 1   3100                             -465

 COOLING
  YESTERDAY        0                                0
  MONTH TO DATE    2                                2
  SINCE MAR 1      2                                2
  SINCE JAN 1      2                                2
...............................................................


WIND (MPH)
  HIGHEST WIND SPEED    14   HIGHEST WIND DIRECTION    SE (150)
  HIGHEST GUST SPEED    19   HIGHEST GUST DIRECTION    SE (140)
  AVERAGE WIND SPEED     6.3




RELATIVE HUMIDITY (PERCENT)
 HIGHEST    85
 LOWEST     37
 AVERAGE    61

..........................................................


THE WALLOPS ISLAND VA CLIMATE NORMALS FOR TODAY
                         NORMAL    RECORD    YEAR
 MAXIMUM TEMPERATURE (F)   56        73      1991
 MINIMUM TEMPERATURE (F)   38        26      1992


SUNRISE AND SUNSET
MARCH 24 2017.........SUNRISE   659 AM EDT   SUNSET   718 PM EDT
MARCH 25 2017.........SUNRISE   657 AM EDT   SUNSET   719 PM EDT


-  INDICATES NEGATIVE NUMBERS.
R  INDICATES RECORD WAS SET OR TIED.
MM INDICATES DATA IS MISSING.
T  INDICATES TRACE AMOUNT.




$$
