000
CDUS46 KLOX 280130
CLIWJF


CLIMATE REPORT
NATIONAL WEATHER SERVICE LOS ANGELES/OXNARD CA
630 PM PDT FRI MAY 27 2016


...................................

...THE LANCASTER CLIMATE SUMMARY FOR MAY 27 2016...
VALID TODAY AS OF 0600 PM LOCAL TIME.

CLIMATE NORMAL PERIOD 1981 TO 2010
CLIMATE RECORD PERIOD 1948 TO 2016


WEATHER ITEM   OBSERVED TIME   RECORD YEAR NORMAL DEPARTURE LAST
                VALUE   (LST)  VALUE       VALUE  FROM      YEAR
                                                  NORMAL
..................................................................
TEMPERATURE (F)
 TODAY
  MAXIMUM         87    224 PM 101    1984  86      1       88
  MINIMUM         58    538 AM  43    1998  57      1       57
  AVERAGE         73                        71      2       73

PRECIPITATION (IN)
  TODAY            0.00          0.03 1981   0.00   0.00     0.00
  MONTH TO DATE    0.00                      0.08  -0.08     0.28
  SINCE OCT 1      3.82                      6.98  -3.16     4.61
  SINCE JAN 1      2.53                      4.85  -2.32     1.69

SNOWFALL (IN)
  TODAY            0.0           0.0    MM   0.0             0.0
  MONTH TO DATE    0.0                       0.0             0.0
  SINCE MAR 1      0.0                       0.0             0.0
  SINCE JUL 1      0.0                       2.3             0.0
  SNOW DEPTH       0

DEGREE DAYS
 HEATING
  TODAY            0                         1     -1        0
  MONTH TO DATE   51                        56     -5      105
  SINCE MAR 1    421                       631   -210      507
  SINCE JUL 1   2672                      2924   -252     2376

 COOLING
  TODAY            8                         7      1        8
  MONTH TO DATE   86                       128    -42       30
  SINCE MAR 1    107                       158    -51       58
  SINCE JAN 1    110                       158    -48       58
..................................................................


WIND (MPH)
  HIGHEST WIND SPEED    23   HIGHEST WIND DIRECTION    SW (230)
  HIGHEST GUST SPEED    29   HIGHEST GUST DIRECTION    SW (240)
  AVERAGE WIND SPEED     7.5


SKY COVER
  POSSIBLE SUNSHINE  MM
  AVERAGE SKY COVER 0.0


WEATHER CONDITIONS
 THE FOLLOWING WEATHER WAS RECORDED TODAY.
  NO SIGNIFICANT WEATHER WAS OBSERVED.


RELATIVE HUMIDITY (PERCENT)
 HIGHEST    57           500 AM
 LOWEST     14          1200 PM
 AVERAGE    36

..........................................................


THE LANCASTER CLIMATE NORMALS FOR TOMORROW
                         NORMAL    RECORD    YEAR
 MAXIMUM TEMPERATURE (F)   86       106      2003
 MINIMUM TEMPERATURE (F)   57        42      1953


SUNRISE AND SUNSET
MAY 27 2016...........SUNRISE   542 AM PDT   SUNSET   758 PM PDT
MAY 28 2016...........SUNRISE   542 AM PDT   SUNSET   759 PM PDT


-  INDICATES NEGATIVE NUMBERS.
R  INDICATES RECORD WAS SET OR TIED.
MM INDICATES DATA IS MISSING.
T  INDICATES TRACE AMOUNT.




$$
