000
CDUS46 KLOX 270111
CLIWJF


CLIMATE REPORT
NATIONAL WEATHER SERVICE LOS ANGELES/OXNARD CA
611 PM PDT TUE MAY 26 2015


...................................

...THE LANCASTER CLIMATE SUMMARY FOR MAY 26 2015...
VALID TODAY AS OF 0600 PM LOCAL TIME.

CLIMATE NORMAL PERIOD 1981 TO 2010
CLIMATE RECORD PERIOD 1948 TO 2015


WEATHER ITEM   OBSERVED TIME   RECORD YEAR NORMAL DEPARTURE LAST
                VALUE   (LST)  VALUE       VALUE  FROM      YEAR
                                                  NORMAL
..................................................................
TEMPERATURE (F)
 TODAY
  MAXIMUM         83    142 PM 104    1974  85     -2       97
  MINIMUM         53    508 AM  37    1953  57     -4       72
  AVERAGE         68                        71     -3       85

PRECIPITATION (IN)
  TODAY            0.00          0.28 1950   0.00   0.00     0.00
  MONTH TO DATE    0.28                      0.08   0.20      T
  SINCE OCT 1      4.61                      6.98  -2.37     3.91
  SINCE JAN 1      1.69                      4.85  -3.16     2.32

SNOWFALL (IN)
  TODAY            0.0           0.0    MM   0.0             0.0
  MONTH TO DATE    0.0                       0.0             0.0
  SINCE MAR 1      0.0                       0.0             0.0
  SINCE JUL 1      0.0                       2.3             0.0
  SNOW DEPTH       0

DEGREE DAYS
 HEATING
  TODAY            0                         1     -1        0
  MONTH TO DATE  105                        55     50       48
  SINCE MAR 1    507                       630   -123      496
  SINCE JUL 1   2376                      2923   -547     2733

 COOLING
  TODAY            3                         7     -4       20
  MONTH TO DATE   22                       121    -99      124
  SINCE MAR 1     50                       151   -101      146
  SINCE JAN 1     50                       151   -101      152
..................................................................


WIND (MPH)
  HIGHEST WIND SPEED    28   HIGHEST WIND DIRECTION    SW (220)
  HIGHEST GUST SPEED    32   HIGHEST GUST DIRECTION    SW (210)
  AVERAGE WIND SPEED    13.0


SKY COVER
  POSSIBLE SUNSHINE  MM
  AVERAGE SKY COVER 0.0


WEATHER CONDITIONS
 THE FOLLOWING WEATHER WAS RECORDED TODAY.
  NO SIGNIFICANT WEATHER WAS OBSERVED.


RELATIVE HUMIDITY (PERCENT)
 HIGHEST    72           500 AM
 LOWEST     23           300 PM
 AVERAGE    48

..........................................................


THE LANCASTER CLIMATE NORMALS FOR TOMORROW
                         NORMAL    RECORD    YEAR
 MAXIMUM TEMPERATURE (F)   86       101      1984
 MINIMUM TEMPERATURE (F)   57        43      1998


SUNRISE AND SUNSET
MAY 26 2015...........SUNRISE   543 AM PDT   SUNSET   757 PM PDT
MAY 27 2015...........SUNRISE   543 AM PDT   SUNSET   758 PM PDT


-  INDICATES NEGATIVE NUMBERS.
R  INDICATES RECORD WAS SET OR TIED.
MM INDICATES DATA IS MISSING.
T  INDICATES TRACE AMOUNT.




$$
