000
CDUS46 KLOX 010111
CLIWJF


CLIMATE REPORT
NATIONAL WEATHER SERVICE LOS ANGELES/OXNARD CA
611 PM PDT MON AUG 31 2015


...................................

...THE LANCASTER CLIMATE SUMMARY FOR AUGUST 31 2015...
VALID TODAY AS OF 0600 PM LOCAL TIME.

CLIMATE NORMAL PERIOD 1981 TO 2010
CLIMATE RECORD PERIOD 1948 TO 2015


WEATHER ITEM   OBSERVED TIME   RECORD YEAR NORMAL DEPARTURE LAST
                VALUE   (LST)  VALUE       VALUE  FROM      YEAR
                                                  NORMAL
..................................................................
TEMPERATURE (F)
 TODAY
  MAXIMUM         95    153 PM 109    1948  95      0       97
  MINIMUM         62    506 AM  48    1974  61      1       74
  AVERAGE         79                        78      1       86

PRECIPITATION (IN)
  TODAY            0.00          0.14 1998   0.00   0.00     0.00
  MONTH TO DATE    0.00                      0.10  -0.10     0.03
  SINCE OCT 1      6.99                      7.23  -0.24     3.94
  SINCE JAN 1      4.07                      5.10  -1.03     2.35

SNOWFALL (IN)
  TODAY            0.0           0.0    MM   0.0             0.0
  MONTH TO DATE    0.0                       0.0             0.0
  SINCE JUN 1      0.0                       0.0             0.0
  SINCE JUL 1      0.0                       0.0             0.0
  SNOW DEPTH       0

DEGREE DAYS
 HEATING
  TODAY            0                         0      0        0
  MONTH TO DATE    0                         0      0        0
  SINCE JUN 1      2                         8     -6        0
  SINCE JUL 1      0                         0      0        0

 COOLING
  TODAY           14                        13      1       21
  MONTH TO DATE  569                       493     76      464
  SINCE JUN 1   1495                      1370    125     1451
  SINCE JAN 1   1593                      1559     34     1651
..................................................................


WIND (MPH)
  HIGHEST WIND SPEED    24   HIGHEST WIND DIRECTION    SW (220)
  HIGHEST GUST SPEED    29   HIGHEST GUST DIRECTION    SW (210)
  AVERAGE WIND SPEED    11.8


SKY COVER
  POSSIBLE SUNSHINE  MM
  AVERAGE SKY COVER 0.0


WEATHER CONDITIONS
 THE FOLLOWING WEATHER WAS RECORDED TODAY.
  NO SIGNIFICANT WEATHER WAS OBSERVED.


RELATIVE HUMIDITY (PERCENT)
 HIGHEST    51           200 AM
 LOWEST     13           100 PM
 AVERAGE    32

..........................................................


THE LANCASTER CLIMATE NORMALS FOR TOMORROW
                         NORMAL    RECORD    YEAR
 MAXIMUM TEMPERATURE (F)   95       110      1950
 MINIMUM TEMPERATURE (F)   61        46      1957


SUNRISE AND SUNSET
AUGUST 31 2015........SUNRISE   625 AM PDT   SUNSET   721 PM PDT
SEPTEMBER  1 2015.....SUNRISE   626 AM PDT   SUNSET   719 PM PDT


-  INDICATES NEGATIVE NUMBERS.
R  INDICATES RECORD WAS SET OR TIED.
MM INDICATES DATA IS MISSING.
T  INDICATES TRACE AMOUNT.




$$
