000
CDUS46 KLOX 230902
CLIWJF


CLIMATE REPORT
NATIONAL WEATHER SERVICE LOS ANGELES/OXNARD CA
202 AM PDT WED JUL 23 2014


...................................

...THE LANCASTER FOX FIELD CA CLIMATE SUMMARY FOR JULY 22 2014...

CLIMATE NORMAL PERIOD 1981 TO 2010
CLIMATE RECORD PERIOD 1948 TO 2014


WEATHER ITEM   OBSERVED TIME   RECORD YEAR NORMAL DEPARTURE
                VALUE   (LST)  VALUE       VALUE  FROM
                                                  NORMAL
...............................................................
TEMPERATURE (F)
 YESTERDAY
  MAXIMUM         96    241 PM 108    2006  99     -3
  MINIMUM         66    519 AM  51    1999  67     -1
                                      1972
  AVERAGE         81                        83     -2

PRECIPITATION (IN)
  YESTERDAY        0.00          0.10 1974   0.01  -0.01
  MONTH TO DATE    T                         0.07  -0.07
  SINCE JUL 1      T                         0.07  -0.07
  SINCE JAN 1      2.32                      4.98  -2.66

SNOWFALL (IN)
  YESTERDAY        0.0           0.0    MM
  MONTH TO DATE    0.0
  SINCE JUN 1      0.0
  SINCE JUL 1      0.0
  SNOW DEPTH       0

DEGREE DAYS
 HEATING
  YESTERDAY        0                                0
  MONTH TO DATE    0                                0
  SINCE JUN 1      0                               -8
  SINCE JUL 1      0                                0

 COOLING
  YESTERDAY       16                               -2
  MONTH TO DATE  392                               16
  SINCE JUN 1    792                               75
  SINCE JAN 1    992                               86
...............................................................


WIND (MPH)
  HIGHEST WIND SPEED    24   HIGHEST WIND DIRECTION    SW (230)
  HIGHEST GUST SPEED    29   HIGHEST GUST DIRECTION    SW (210)
  AVERAGE WIND SPEED    11.4




RELATIVE HUMIDITY (PERCENT)
 HIGHEST    58
 LOWEST     12
 AVERAGE    35

..........................................................


THE LANCASTER FOX FIELD CA CLIMATE NORMALS FOR TODAY
                         NORMAL    RECORD    YEAR
 MAXIMUM TEMPERATURE (F)   99       111      2006
 MINIMUM TEMPERATURE (F)   67        52      1972


SUNRISE AND SUNSET
JULY 23 2014..........SUNRISE   556 AM PDT   SUNSET   802 PM PDT
JULY 24 2014..........SUNRISE   557 AM PDT   SUNSET   801 PM PDT


-  INDICATES NEGATIVE NUMBERS.
R  INDICATES RECORD WAS SET OR TIED.
MM INDICATES DATA IS MISSING.
T  INDICATES TRACE AMOUNT.




$$
