118
CDUS46 KLOX 190915
CLIWJF


CLIMATE REPORT
NATIONAL WEATHER SERVICE LOS ANGELES/OXNARD CA
115 AM PST THU JAN 19 2017


...................................

...THE LANCASTER FOX FIELD CA CLIMATE SUMMARY FOR JANUARY 18 2017...

CLIMATE NORMAL PERIOD 1981 TO 2010
CLIMATE RECORD PERIOD 1948 TO 2017


WEATHER ITEM   OBSERVED TIME   RECORD YEAR NORMAL DEPARTURE
                VALUE   (LST)  VALUE       VALUE  FROM
                                                  NORMAL
...............................................................
TEMPERATURE (F)
 YESTERDAY
  MAXIMUM         58   1226 PM  75    1959  59     -1
  MINIMUM         28    707 AM  13    2007  31     -3
  AVERAGE         43                        45     -2

PRECIPITATION (IN)
  YESTERDAY        0.03          1.60 1952   0.05  -0.02
  MONTH TO DATE    0.97                      0.88   0.09
  SINCE OCT 1      2.96                      3.01  -0.05
  SINCE JAN 1      0.97                      0.88   0.09

SNOWFALL (IN)
  YESTERDAY       MM             T    1990
  MONTH TO DATE    0.0
  SINCE DEC 1      0.0
  SINCE JUL 1      0.0
  SNOW DEPTH       0

DEGREE DAYS
 HEATING
  YESTERDAY       22                                2
  MONTH TO DATE  338                              -33
  SINCE DEC 1    916                             -112
  SINCE JUL 1   1342                             -231

 COOLING
  YESTERDAY        0                                0
  MONTH TO DATE    0                                0
  SINCE DEC 1      0                                0
  SINCE JAN 1      0                                0
...............................................................


WIND (MPH)
  HIGHEST WIND SPEED    29   HIGHEST WIND DIRECTION     W (250)
  HIGHEST GUST SPEED    36   HIGHEST GUST DIRECTION    SW (240)
  AVERAGE WIND SPEED    10.8




RELATIVE HUMIDITY (PERCENT)
 HIGHEST    92
 LOWEST     30
 AVERAGE    61

..........................................................


THE LANCASTER FOX FIELD CA CLIMATE NORMALS FOR TODAY
                         NORMAL    RECORD    YEAR
 MAXIMUM TEMPERATURE (F)   59        73      2012
                                             1986
 MINIMUM TEMPERATURE (F)   31        13      2007


SUNRISE AND SUNSET
JANUARY 19 2017.......SUNRISE   658 AM PST   SUNSET   509 PM PST
JANUARY 20 2017.......SUNRISE   658 AM PST   SUNSET   510 PM PST


-  INDICATES NEGATIVE NUMBERS.
R  INDICATES RECORD WAS SET OR TIED.
MM INDICATES DATA IS MISSING.
T  INDICATES TRACE AMOUNT.




$$
