000
CDUS46 KLOX 020900
CLIWJF


CLIMATE REPORT
NATIONAL WEATHER SERVICE LOS ANGELES/OXNARD CA
200 AM PDT THU JUL 2 2015


...................................

...THE LANCASTER FOX FIELD CA CLIMATE SUMMARY FOR JULY 1 2015...

CLIMATE NORMAL PERIOD 1981 TO 2010
CLIMATE RECORD PERIOD 1948 TO 2015


WEATHER ITEM   OBSERVED TIME   RECORD YEAR NORMAL DEPARTURE
                VALUE   (LST)  VALUE       VALUE  FROM
                                                  NORMAL
...............................................................
TEMPERATURE (F)
 YESTERDAY
  MAXIMUM         90    604 PM 109    1950  95     -5
  MINIMUM         69    550 AM  51    1969  65      4
  AVERAGE         80                        80      0

PRECIPITATION (IN)
  YESTERDAY        0.03R         T    1980   0.00   0.03
  MONTH TO DATE    0.03                      0.00   0.03
  SINCE OCT 1      4.68                      7.04  -2.36
  SINCE JAN 1      1.76                      4.91  -3.15

SNOWFALL (IN)
  YESTERDAY        0.0           0.0    MM
  MONTH TO DATE    0.0
  SINCE JUN 1      0.0
  SINCE JUL 1      0.0
  SNOW DEPTH       0

DEGREE DAYS
 HEATING
  YESTERDAY        0                                0
  MONTH TO DATE    0                                0
  SINCE JUN 1      2                               -6
  SINCE JUL 1      0                                0

 COOLING
  YESTERDAY       15                                0
  MONTH TO DATE   15                                0
  SINCE JUN 1    490                              134
  SINCE JAN 1    588                               43
...............................................................


WIND (MPH)
  HIGHEST WIND SPEED    21   HIGHEST WIND DIRECTION    SW (240)
  HIGHEST GUST SPEED    24   HIGHEST GUST DIRECTION    SW (230)
  AVERAGE WIND SPEED     9.8




RELATIVE HUMIDITY (PERCENT)
 HIGHEST    84
 LOWEST     24
 AVERAGE    54

..........................................................


THE LANCASTER FOX FIELD CA CLIMATE NORMALS FOR TODAY
                         NORMAL    RECORD    YEAR
 MAXIMUM TEMPERATURE (F)   96       110      2001
 MINIMUM TEMPERATURE (F)   65        50      1965


SUNRISE AND SUNSET
JULY  2 2015..........SUNRISE   544 AM PDT   SUNSET   810 PM PDT
JULY  3 2015..........SUNRISE   544 AM PDT   SUNSET   810 PM PDT


-  INDICATES NEGATIVE NUMBERS.
R  INDICATES RECORD WAS SET OR TIED.
MM INDICATES DATA IS MISSING.
T  INDICATES TRACE AMOUNT.




$$
