000
CDUS46 KLOX 170913
CLIWJF


CLIMATE REPORT
NATIONAL WEATHER SERVICE LOS ANGELES/OXNARD CA
213 AM PDT THU APR 17 2014


...................................

...THE LANCASTER FOX FIELD CA CLIMATE SUMMARY FOR APRIL 16 2014...

CLIMATE NORMAL PERIOD 1981 TO 2010
CLIMATE RECORD PERIOD 1948 TO 2014


WEATHER ITEM   OBSERVED TIME   RECORD YEAR NORMAL DEPARTURE
                VALUE   (LST)  VALUE       VALUE  FROM
                                                  NORMAL
...............................................................
TEMPERATURE (F)
 YESTERDAY
  MAXIMUM         87    137 PM  94    1954  73     14
  MINIMUM         60    550 AM  32    1983  45     15
  AVERAGE         74                        59     15

PRECIPITATION (IN)
  YESTERDAY        0.00          0.15 1995   0.01  -0.01
  MONTH TO DATE    0.09                      0.23  -0.14
  SINCE JUL 1      3.79                      7.12  -3.33
  SINCE JAN 1      2.18                      4.65  -2.47

SNOWFALL (IN)
  YESTERDAY        0.0           0.0    MM
  MONTH TO DATE    0.0
  SINCE MAR 1      0.0
  SINCE JUL 1      0.0
  SNOW DEPTH       0

DEGREE DAYS
 HEATING
  YESTERDAY        0                               -7
  MONTH TO DATE   99                              -36
  SINCE MAR 1    386                             -117
  SINCE JUL 1   2623                             -173

 COOLING
  YESTERDAY        9                                8
  MONTH TO DATE   15                                8
  SINCE MAR 1     15                                6
  SINCE JAN 1     21                               12
...............................................................


WIND (MPH)
  HIGHEST WIND SPEED    30   HIGHEST WIND DIRECTION     W (280)
  HIGHEST GUST SPEED    37   HIGHEST GUST DIRECTION     W (280)
  AVERAGE WIND SPEED    15.6




RELATIVE HUMIDITY (PERCENT)
 HIGHEST    36
 LOWEST      8
 AVERAGE    22

..........................................................


THE LANCASTER FOX FIELD CA CLIMATE NORMALS FOR TODAY
                         NORMAL    RECORD    YEAR
 MAXIMUM TEMPERATURE (F)   73        96      1954
 MINIMUM TEMPERATURE (F)   45        32      2009
                                             1998


SUNRISE AND SUNSET
APRIL 17 2014.........SUNRISE   619 AM PDT   SUNSET   727 PM PDT
APRIL 18 2014.........SUNRISE   617 AM PDT   SUNSET   728 PM PDT


-  INDICATES NEGATIVE NUMBERS.
R  INDICATES RECORD WAS SET OR TIED.
MM INDICATES DATA IS MISSING.
T  INDICATES TRACE AMOUNT.




$$
