000
CDUS46 KLOX 280912
CLIWJF


CLIMATE REPORT
NATIONAL WEATHER SERVICE LOS ANGELES/OXNARD CA
112 AM PST SUN DEC 28 2014


...................................

...THE LANCASTER FOX FIELD CA CLIMATE SUMMARY FOR DECEMBER 27 2014...

CLIMATE NORMAL PERIOD 1981 TO 2010
CLIMATE RECORD PERIOD 1948 TO 2014


WEATHER ITEM   OBSERVED TIME   RECORD YEAR NORMAL DEPARTURE
                VALUE   (LST)  VALUE       VALUE  FROM
                                                  NORMAL
...............................................................
TEMPERATURE (F)
 YESTERDAY
  MAXIMUM         47    326 PM  70    2005  57    -10
                                      1950
  MINIMUM         22    728 AM  13    1990  29     -7
                                      1962
  AVERAGE         35                        43     -8

PRECIPITATION (IN)
  YESTERDAY        0.00          1.41 1977   0.05  -0.05
  MONTH TO DATE    2.62                      0.95   1.67
  SINCE JUL 1      2.95                      2.27   0.68
  SINCE JAN 1      5.27                      7.18  -1.91

SNOWFALL (IN)
  YESTERDAY        0.0           5.3  1971
  MONTH TO DATE    0.0
  SINCE DEC 1      0.0
  SINCE JUL 1      0.0
  SNOW DEPTH       0

DEGREE DAYS
 HEATING
  YESTERDAY       30                                8
  MONTH TO DATE  470                             -103
  SINCE DEC 1    470                             -103
  SINCE JUL 1    867                             -251

 COOLING
  YESTERDAY        0                                0
  MONTH TO DATE    0                                0
  SINCE DEC 1      0                                0
  SINCE JAN 1   2055                              173
...............................................................


WIND (MPH)
  HIGHEST WIND SPEED    14   HIGHEST WIND DIRECTION     E (80)
  HIGHEST GUST SPEED    19   HIGHEST GUST DIRECTION    SE (120)
  AVERAGE WIND SPEED     4.9




RELATIVE HUMIDITY (PERCENT)
 HIGHEST    84
 LOWEST     25
 AVERAGE    55

..........................................................


THE LANCASTER FOX FIELD CA CLIMATE NORMALS FOR TODAY
                         NORMAL    RECORD    YEAR
 MAXIMUM TEMPERATURE (F)   57        74      2013
 MINIMUM TEMPERATURE (F)   30        12      1954


SUNRISE AND SUNSET
DECEMBER 28 2014......SUNRISE   659 AM PST   SUNSET   450 PM PST
DECEMBER 29 2014......SUNRISE   659 AM PST   SUNSET   451 PM PST


-  INDICATES NEGATIVE NUMBERS.
R  INDICATES RECORD WAS SET OR TIED.
MM INDICATES DATA IS MISSING.
T  INDICATES TRACE AMOUNT.




$$
