000
CDUS46 KLOX 300118
CLIWJF


CLIMATE REPORT
NATIONAL WEATHER SERVICE LOS ANGELES/OXNARD CA
618 PM PDT SAT APR 29 2017


...................................

...THE LANCASTER CLIMATE SUMMARY FOR APRIL 29 2017...
VALID TODAY AS OF 0600 PM LOCAL TIME.

CLIMATE NORMAL PERIOD 1981 TO 2010
CLIMATE RECORD PERIOD 1948 TO 2017


WEATHER ITEM   OBSERVED TIME   RECORD YEAR NORMAL DEPARTURE LAST
                VALUE   (LST)  VALUE       VALUE  FROM      YEAR
                                                  NORMAL
..................................................................
TEMPERATURE (F)
 TODAY
  MAXIMUM         77    413 PM  94    2013  77      0       76
                                      1959
  MINIMUM         42    453 AM  34    1967  49     -7       52
  AVERAGE         60                        63     -3       64

PRECIPITATION (IN)
  TODAY            0.00          0.17 1983   0.00   0.00     0.00
  MONTH TO DATE    T                         0.34  -0.34     0.15
  SINCE OCT 1      6.51                      6.89  -0.38     3.82
  SINCE JAN 1      4.52                      4.76  -0.24     2.53

SNOWFALL (IN)
  TODAY            0.0           0.0    MM   0.0             0.0
  MONTH TO DATE    0.0                       0.0             0.0
  SINCE MAR 1      0.0                       0.0             0.0
  SINCE JUL 1      0.0                       2.3             0.0
  SNOW DEPTH       0

DEGREE DAYS
 HEATING
  TODAY            5                         4      1        1
  MONTH TO DATE  128                       203    -75      110
  SINCE MAR 1    409                       571   -162      367
  SINCE JUL 1   2408                      2864   -456     2618

 COOLING
  TODAY            0                         2     -2        0
  MONTH TO DATE    6                        25    -19       18
  SINCE MAR 1     10                        27    -17       21
  SINCE JAN 1     10                        27    -17       24
..................................................................


WIND (MPH)
  HIGHEST WIND SPEED    28   HIGHEST WIND DIRECTION    NE (60)
  HIGHEST GUST SPEED    33   HIGHEST GUST DIRECTION    NE (60)
  AVERAGE WIND SPEED    11.7


SKY COVER
  POSSIBLE SUNSHINE  MM
  AVERAGE SKY COVER 0.0


WEATHER CONDITIONS
 THE FOLLOWING WEATHER WAS RECORDED TODAY.
  NO SIGNIFICANT WEATHER WAS OBSERVED.


RELATIVE HUMIDITY (PERCENT)
 HIGHEST    33           200 AM
 LOWEST      6           300 PM
 AVERAGE    20

..........................................................


THE LANCASTER CLIMATE NORMALS FOR TOMORROW
                         NORMAL    RECORD    YEAR
 MAXIMUM TEMPERATURE (F)   77        92      2006
                                             1996
 MINIMUM TEMPERATURE (F)   49        32      2011


SUNRISE AND SUNSET
APRIL 29 2017.........SUNRISE   604 AM PDT   SUNSET   737 PM PDT
APRIL 30 2017.........SUNRISE   603 AM PDT   SUNSET   737 PM PDT


-  INDICATES NEGATIVE NUMBERS.
R  INDICATES RECORD WAS SET OR TIED.
MM INDICATES DATA IS MISSING.
T  INDICATES TRACE AMOUNT.




$$
