000
CDUS46 KLOX 211106
CLIWJF


CLIMATE REPORT
NATIONAL WEATHER SERVICE LOS ANGELES/OXNARD CA
406 AM PDT TUE OCT 21 2014


...................................

...THE LANCASTER FOX FIELD CA CLIMATE SUMMARY FOR OCTOBER 20 2014...

CLIMATE NORMAL PERIOD 1981 TO 2010
CLIMATE RECORD PERIOD 1948 TO 2014


WEATHER ITEM   OBSERVED TIME   RECORD YEAR NORMAL DEPARTURE
                VALUE   (LST)  VALUE       VALUE  FROM
                                                  NORMAL
...............................................................
TEMPERATURE (F)
 YESTERDAY
  MAXIMUM         83    158 PM  95    2003  78      5
  MINIMUM         47    556 AM  31    1949  45      2
  AVERAGE         65                        61      4

PRECIPITATION (IN)
  YESTERDAY        0.00          0.23 2004   0.02  -0.02
  MONTH TO DATE    0.00                      0.23  -0.23
  SINCE JUL 1      0.03                      0.57  -0.54
  SINCE JAN 1      2.35                      5.48  -3.13

SNOWFALL (IN)
  YESTERDAY        0.0           0.0    MM
  MONTH TO DATE    0.0
  SINCE SEP 1      0.0
  SINCE JUL 1      0.0
  SNOW DEPTH       0

DEGREE DAYS
 HEATING
  YESTERDAY        0                               -5
  MONTH TO DATE    9                              -46
  SINCE SEP 1     11                              -56
  SINCE JUL 1     11                              -56

 COOLING
  YESTERDAY        0                               -1
  MONTH TO DATE   71                               25
  SINCE SEP 1    401                               84
  SINCE JAN 1   2052                              176
...............................................................


WIND (MPH)
  HIGHEST WIND SPEED    30   HIGHEST WIND DIRECTION     W (280)
  HIGHEST GUST SPEED    36   HIGHEST GUST DIRECTION     W (280)
  AVERAGE WIND SPEED     9.9




RELATIVE HUMIDITY (PERCENT)
 HIGHEST    60
 LOWEST     20
 AVERAGE    40

..........................................................


THE LANCASTER FOX FIELD CA CLIMATE NORMALS FOR TODAY
                         NORMAL    RECORD    YEAR
 MAXIMUM TEMPERATURE (F)   78        93      2003
 MINIMUM TEMPERATURE (F)   44        24      1949


SUNRISE AND SUNSET
OCTOBER 21 2014.......SUNRISE   704 AM PDT   SUNSET   611 PM PDT
OCTOBER 22 2014.......SUNRISE   705 AM PDT   SUNSET   610 PM PDT


-  INDICATES NEGATIVE NUMBERS.
R  INDICATES RECORD WAS SET OR TIED.
MM INDICATES DATA IS MISSING.
T  INDICATES TRACE AMOUNT.




$$
