000
CDUS45 KLKN 260931
CLIWMC


CLIMATE REPORT
NATIONAL WEATHER SERVICE ELKO NV
230 AM PDT FRI MAY 26 2017


...................................

...THE WINNEMUCCA AIRPORT NV CLIMATE SUMMARY FOR MAY 25 2017...

CLIMATE NORMAL PERIOD 1981 TO 2010
CLIMATE RECORD PERIOD 1877 TO 2017


WEATHER ITEM   OBSERVED TIME   RECORD YEAR NORMAL DEPARTURE LAST
                VALUE   (LST)  VALUE       VALUE  FROM      YEAR
                                                  NORMAL
..................................................................
TEMPERATURE (F)
 YESTERDAY
  MAXIMUM         76    543 PM  94    2001  75      1       67
                                      1992
  MINIMUM         41    508 AM  26    2010  40      1       36
  AVERAGE         59                        58      1       52

PRECIPITATION (IN)
  YESTERDAY        0.01          0.76 1987   0.04  -0.03     0.11
  MONTH TO DATE    0.44                      0.93  -0.49     0.65
  SINCE OCT 1      9.78                      6.66   3.12     8.85
  SINCE JAN 1      5.24                      4.18   1.06     4.57

SNOWFALL (IN)
  YESTERDAY        0.0           1.5  1953   0.0    0.0      0.0
  MONTH TO DATE    0.2                       0.1    0.1      0.0
  SINCE MAR 1      2.4                       4.9   -2.5      1.7
  SINCE JUL 1     18.5                      20.9   -2.4     21.1
  SNOW DEPTH       0

DEGREE DAYS
 HEATING
  YESTERDAY        6                         8     -2       13
  MONTH TO DATE  275                       276     -1      284
  SINCE MAR 1   1466                      1567   -101     1406
  SINCE JUL 1   5905                      6156   -251     5583

 COOLING
  YESTERDAY        0                         1     -1        0
  MONTH TO DATE    2                         3     -1        0
  SINCE MAR 1      2                         3     -1        0
  SINCE JAN 1      2                         3     -1        0
..................................................................


WIND (MPH)
  HIGHEST WIND SPEED    29   HIGHEST WIND DIRECTION     N (340)
  HIGHEST GUST SPEED    37   HIGHEST GUST DIRECTION     N (340)
  AVERAGE WIND SPEED    11.0



WEATHER CONDITIONS
 THE FOLLOWING WEATHER WAS RECORDED YESTERDAY.
  HAZE


RELATIVE HUMIDITY (PERCENT)
 HIGHEST    86           300 AM
 LOWEST     11           400 PM
 AVERAGE    49

..........................................................


THE WINNEMUCCA AIRPORT NV CLIMATE NORMALS FOR TODAY
                         NORMAL    RECORD    YEAR
 MAXIMUM TEMPERATURE (F)   75        96      1974
 MINIMUM TEMPERATURE (F)   40        28      1997


SUNRISE AND SUNSET
MAY 26 2017...........SUNRISE   525 AM PDT   SUNSET   812 PM PDT
MAY 27 2017...........SUNRISE   524 AM PDT   SUNSET   813 PM PDT


-  INDICATES NEGATIVE NUMBERS.
R  INDICATES RECORD WAS SET OR TIED.
MM INDICATES DATA IS MISSING.
T  INDICATES TRACE AMOUNT.




$$
