000
CDUS45 KLKN 010931
CLIWMC


CLIMATE REPORT
NATIONAL WEATHER SERVICE ELKO NV
230 AM PDT MON SEP 1 2014


...................................

...THE WINNEMUCCA AIRPORT NV CLIMATE SUMMARY FOR AUGUST 31 2014...

CLIMATE NORMAL PERIOD 1981 TO 2010
CLIMATE RECORD PERIOD 1877 TO 2014


WEATHER ITEM   OBSERVED TIME   RECORD YEAR NORMAL DEPARTURE LAST
                VALUE   (LST)  VALUE       VALUE  FROM      YEAR
                                                  NORMAL
..................................................................
TEMPERATURE (F)
 YESTERDAY
  MAXIMUM         81    427 PM  98    1987  87     -6       95
                                      1950
  MINIMUM         42    536 AM  26    1887  45     -3       43
  AVERAGE         62                        66     -4       69

PRECIPITATION (IN)
  YESTERDAY        0.00          0.48 1896   0.01  -0.01     0.00
  MONTH TO DATE    0.49                      0.18   0.31     0.15
  SINCE OCT 1      7.24                      7.84  -0.60     4.82
  SINCE JAN 1      4.58                      5.36  -0.78     2.41

SNOWFALL (IN)
  YESTERDAY        0.0           0.0  1877   0.0    0.0      0.0
  MONTH TO DATE    0.0                       0.0    0.0      0.0
  SINCE JUN 1      0.0                       T      0.0       T
  SINCE JUL 1      0.0                       0.0    0.0       T
  SNOW DEPTH       0

DEGREE DAYS
 HEATING
  YESTERDAY        3                         2      1        0
  MONTH TO DATE   19                        18      1        0
  SINCE JUN 1     93                       135    -42       70
  SINCE JUL 1     19                        30    -11        0

 COOLING
  YESTERDAY        0                         3     -3        4
  MONTH TO DATE  148                       177    -29      179
  SINCE JUN 1    616                       499    117      680
  SINCE JAN 1    625                       510    115      681
..................................................................


WIND (MPH)
  HIGHEST WIND SPEED    17   HIGHEST WIND DIRECTION     W (270)
  HIGHEST GUST SPEED    23   HIGHEST GUST DIRECTION     W (280)
  AVERAGE WIND SPEED     5.8



WEATHER CONDITIONS
 THE FOLLOWING WEATHER WAS RECORDED YESTERDAY.
  HAZE


RELATIVE HUMIDITY (PERCENT)
 HIGHEST    82           500 AM
 LOWEST     17           300 PM
 AVERAGE    50

..........................................................


THE WINNEMUCCA AIRPORT NV CLIMATE NORMALS FOR TODAY
                         NORMAL    RECORD    YEAR
 MAXIMUM TEMPERATURE (F)   87       101      1950
 MINIMUM TEMPERATURE (F)   45        28      1887


SUNRISE AND SUNSET
SEPTEMBER  1 2014.....SUNRISE   618 AM PDT   SUNSET   723 PM PDT
SEPTEMBER  2 2014.....SUNRISE   619 AM PDT   SUNSET   722 PM PDT


-  INDICATES NEGATIVE NUMBERS.
R  INDICATES RECORD WAS SET OR TIED.
MM INDICATES DATA IS MISSING.
T  INDICATES TRACE AMOUNT.




$$
