000
CDUS45 KLKN 210945
CLIWMC


CLIMATE REPORT
NATIONAL WEATHER SERVICE ELKO NV
145 AM PST SUN DEC 21 2014


...................................

...THE WINNEMUCCA AIRPORT NV CLIMATE SUMMARY FOR DECEMBER 20 2014...

CLIMATE NORMAL PERIOD 1981 TO 2010
CLIMATE RECORD PERIOD 1877 TO 2014


WEATHER ITEM   OBSERVED TIME   RECORD YEAR NORMAL DEPARTURE LAST
                VALUE   (LST)  VALUE       VALUE  FROM      YEAR
                                                  NORMAL
..................................................................
TEMPERATURE (F)
 YESTERDAY
  MAXIMUM         44   1134 PM  58    1933  40      4       30
  MINIMUM         36    412 PM -19    1990  17     19      -11
  AVERAGE         40                        29     11       10

PRECIPITATION (IN)
  YESTERDAY        0.66R         0.66 2014   0.03   0.63      T
  MONTH TO DATE    1.00                      0.58   0.42     0.61
  SINCE OCT 1      2.41                      2.13   0.28     2.66
  SINCE JAN 1      8.39                      7.93   0.46     5.72

SNOWFALL (IN)
  YESTERDAY       MM             4.0  1921   0.2   MM         T
  MONTH TO DATE    T                         3.3   -3.3      9.9
  SINCE DEC 1      T                         3.3   -3.3      9.9
  SINCE JUL 1      2.3                       6.8   -4.5     16.5
  SNOW DEPTH       0

DEGREE DAYS
 HEATING
  YESTERDAY       25                        36    -11       55
  MONTH TO DATE  520                       703   -183     1031
  SINCE DEC 1    520                       703   -183     1031
  SINCE JUL 1   1814                      2271   -457     2576

 COOLING
  YESTERDAY        0                         0      0        0
  MONTH TO DATE    0                         0      0        0
  SINCE DEC 1      0                         0      0        0
  SINCE JAN 1    674                       541    133      762
..................................................................


WIND (MPH)
  HIGHEST WIND SPEED    21   HIGHEST WIND DIRECTION     S (170)
  HIGHEST GUST SPEED    26   HIGHEST GUST DIRECTION     S (170)
  AVERAGE WIND SPEED    11.5



WEATHER CONDITIONS
 THE FOLLOWING WEATHER WAS RECORDED YESTERDAY.
  RAIN
  LIGHT RAIN
  FOG


RELATIVE HUMIDITY (PERCENT)
 HIGHEST    92           500 AM
 LOWEST     82          1100 PM
 AVERAGE    87

..........................................................


THE WINNEMUCCA AIRPORT NV CLIMATE NORMALS FOR TODAY
                         NORMAL    RECORD    YEAR
 MAXIMUM TEMPERATURE (F)   40        63      1969
 MINIMUM TEMPERATURE (F)   17       -31      1990


SUNRISE AND SUNSET
DECEMBER 21 2014......SUNRISE   712 AM PST   SUNSET   426 PM PST
DECEMBER 22 2014......SUNRISE   713 AM PST   SUNSET   427 PM PST


-  INDICATES NEGATIVE NUMBERS.
R  INDICATES RECORD WAS SET OR TIED.
MM INDICATES DATA IS MISSING.
T  INDICATES TRACE AMOUNT.




$$
