000
CDUS45 KLKN 280934
CLIWMC


CLIMATE REPORT
NATIONAL WEATHER SERVICE ELKO NV
234 AM PDT THU JUL 28 2016


...................................

...THE WINNEMUCCA AIRPORT NV CLIMATE SUMMARY FOR JULY 27 2016...

CLIMATE NORMAL PERIOD 1981 TO 2010
CLIMATE RECORD PERIOD 1877 TO 2016


WEATHER ITEM   OBSERVED TIME   RECORD YEAR NORMAL DEPARTURE LAST
                VALUE   (LST)  VALUE       VALUE  FROM      YEAR
                                                  NORMAL
..................................................................
TEMPERATURE (F)
 YESTERDAY
  MAXIMUM        103    340 PM 106    1975  95      8       78
  MINIMUM         50    251 AM  38    1909  52     -2       46
  AVERAGE         77                        74      3       62

PRECIPITATION (IN)
  YESTERDAY        0.00          0.16 1941   0.01  -0.01     0.00
  MONTH TO DATE    T                         0.21  -0.21     0.66
  SINCE OCT 1      8.86                      7.62   1.24     8.90
  SINCE JAN 1      4.58                      5.14  -0.56     6.33

SNOWFALL (IN)
  YESTERDAY        0.0           0.0  1877   0.0    0.0      0.0
  MONTH TO DATE    0.0                       0.0    0.0      0.0
  SINCE JUN 1      0.0                       T      0.0      0.0
  SINCE JUL 1      0.0                       0.0    0.0      0.0
  SNOW DEPTH       0

DEGREE DAYS
 HEATING
  YESTERDAY        0                         0      0        3
  MONTH TO DATE   17                         6     11        5
  SINCE JUN 1     71                       111    -40       27
  SINCE JUL 1     17                         6     11        5

 COOLING
  YESTERDAY       12                         9      3        0
  MONTH TO DATE  165                       211    -46      178
  SINCE JUN 1    298                       290      8      383
  SINCE JAN 1    298                       301     -3      387
..................................................................


WIND (MPH)
  HIGHEST WIND SPEED    22   HIGHEST WIND DIRECTION     W (270)
  HIGHEST GUST SPEED    30   HIGHEST GUST DIRECTION    SW (230)
  AVERAGE WIND SPEED     7.2



WEATHER CONDITIONS
 THE FOLLOWING WEATHER WAS RECORDED YESTERDAY.
  NO SIGNIFICANT WEATHER WAS OBSERVED.


RELATIVE HUMIDITY (PERCENT)
 HIGHEST    35           300 AM
 LOWEST      4          1200 PM
 AVERAGE    20

..........................................................


THE WINNEMUCCA AIRPORT NV CLIMATE NORMALS FOR TODAY
                         NORMAL    RECORD    YEAR
 MAXIMUM TEMPERATURE (F)   95       106      1971
                                             1934
 MINIMUM TEMPERATURE (F)   52        37      1916
                                             1909


SUNRISE AND SUNSET
JULY 28 2016..........SUNRISE   544 AM PDT   SUNSET   811 PM PDT
JULY 29 2016..........SUNRISE   545 AM PDT   SUNSET   810 PM PDT


-  INDICATES NEGATIVE NUMBERS.
R  INDICATES RECORD WAS SET OR TIED.
MM INDICATES DATA IS MISSING.
T  INDICATES TRACE AMOUNT.




$$
