000
CDUS45 KLKN 290026
CLIWMC


CLIMATE REPORT
NATIONAL WEATHER SERVICE ELKO NV
526 PM PDT SUN AUG 28 2016


...................................

...THE WINNEMUCCA AIRPORT NV CLIMATE SUMMARY FOR AUGUST 28 2016...
VALID TODAY AS OF 0500 PM LOCAL TIME.

CLIMATE NORMAL PERIOD 1981 TO 2010
CLIMATE RECORD PERIOD 1877 TO 2016


WEATHER ITEM   OBSERVED TIME   RECORD YEAR NORMAL DEPARTURE LAST
                VALUE   (LST)  VALUE       VALUE  FROM      YEAR
                                                  NORMAL
..................................................................
TEMPERATURE (F)
 TODAY
  MAXIMUM         92    353 PM 100    1915  88      4       93
  MINIMUM         46    314 AM  34    1962  46      0       53
                                      1881
  AVERAGE         69                        67      2       73

PRECIPITATION (IN)
  TODAY            0.00          0.32 1922   0.01  -0.01     0.00
  MONTH TO DATE    T                         0.16  -0.16     0.23
  SINCE OCT 1      8.86                      7.82   1.04     9.13
  SINCE JAN 1      4.58                      5.34  -0.76     6.56

SNOWFALL (IN)
  TODAY            0.0           0.0  1877   0.0    0.0      0.0
  MONTH TO DATE    0.0                       0.0    0.0      0.0
  SINCE JUN 1      0.0                       T      0.0      0.0
  SINCE JUL 1      0.0                       0.0    0.0      0.0
  SNOW DEPTH       0

DEGREE DAYS
 HEATING
  TODAY            0                         1     -1        0
  MONTH TO DATE    3                        12     -9        1
  SINCE JUN 1     74                       127    -53       28
  SINCE JUL 1     20                        22     -2        6

 COOLING
  TODAY            4                         3      1        8
  MONTH TO DATE  182                       167     15      170
  SINCE JUN 1    546                       489     57      575
  SINCE JAN 1    546                       500     46      579
..................................................................


WIND (MPH)
  HIGHEST WIND SPEED    17   HIGHEST WIND DIRECTION     W (250)
  HIGHEST GUST SPEED    24   HIGHEST GUST DIRECTION     W (250)



WEATHER CONDITIONS
 THE FOLLOWING WEATHER WAS RECORDED TODAY.
  NO SIGNIFICANT WEATHER WAS OBSERVED.


RELATIVE HUMIDITY (PERCENT)
 HIGHEST    42           400 AM
 LOWEST      8           400 PM
 AVERAGE    25

..........................................................


THE WINNEMUCCA AIRPORT NV CLIMATE NORMALS FOR TOMORROW
                         NORMAL    RECORD    YEAR
 MAXIMUM TEMPERATURE (F)   88       101      1998
                                             1915
 MINIMUM TEMPERATURE (F)   46        33      1964
                                             1879


SUNRISE AND SUNSET
AUGUST 28 2016........SUNRISE   615 AM PDT   SUNSET   729 PM PDT
AUGUST 29 2016........SUNRISE   616 AM PDT   SUNSET   727 PM PDT


-  INDICATES NEGATIVE NUMBERS.
R  INDICATES RECORD WAS SET OR TIED.
MM INDICATES DATA IS MISSING.
T  INDICATES TRACE AMOUNT.




$$
