000
CDUS45 KLKN 310934
CLIWMC


CLIMATE REPORT
NATIONAL WEATHER SERVICE ELKO NV
134 AM PST SAT JAN 31 2015


...................................

...THE WINNEMUCCA AIRPORT NV CLIMATE SUMMARY FOR JANUARY 30 2015...

CLIMATE NORMAL PERIOD 1981 TO 2010
CLIMATE RECORD PERIOD 1877 TO 2015


WEATHER ITEM   OBSERVED TIME   RECORD YEAR NORMAL DEPARTURE LAST
                VALUE   (LST)  VALUE       VALUE  FROM      YEAR
                                                  NORMAL
..................................................................
TEMPERATURE (F)
 YESTERDAY
  MAXIMUM         41    426 PM  62    1971  43     -2       42
  MINIMUM         27    559 AM -19    1957  21      6       31
  AVERAGE         34                        32      2       37

PRECIPITATION (IN)
  YESTERDAY        0.00          1.10 1881   0.03  -0.03     0.09
  MONTH TO DATE    0.40                      0.85  -0.45     0.29
  SINCE OCT 1      2.97                      3.33  -0.36     2.95
  SINCE JAN 1      0.40                      0.85  -0.45     0.29

SNOWFALL (IN)
  YESTERDAY        0.0          10.0  1893   0.2   -0.2      0.8
  MONTH TO DATE    T                         3.7   -3.7      0.8
  SINCE DEC 1      T                         9.0   -9.0     10.7
  SINCE JUL 1      2.3                      12.5  -10.2     17.3
  SNOW DEPTH       0

DEGREE DAYS
 HEATING
  YESTERDAY       31                        33     -2       28
  MONTH TO DATE  895                      1048   -153      914
  SINCE DEC 1   1780                      2153   -373     2357
  SINCE JUL 1   3074                      3721   -647     3902

 COOLING
  YESTERDAY        0                         0      0        0
  MONTH TO DATE    0                         0      0        0
  SINCE DEC 1      0                         0      0        0
  SINCE JAN 1      0                         0      0        0
..................................................................


WIND (MPH)
  HIGHEST WIND SPEED    21   HIGHEST WIND DIRECTION     N (20)
  HIGHEST GUST SPEED    30   HIGHEST GUST DIRECTION     N (360)
  AVERAGE WIND SPEED     9.6



WEATHER CONDITIONS
 THE FOLLOWING WEATHER WAS RECORDED YESTERDAY.
  NO SIGNIFICANT WEATHER WAS OBSERVED.


RELATIVE HUMIDITY (PERCENT)
 HIGHEST   100           700 AM
 LOWEST     70           300 PM
 AVERAGE    85

..........................................................


THE WINNEMUCCA AIRPORT NV CLIMATE NORMALS FOR TODAY
                         NORMAL    RECORD    YEAR
 MAXIMUM TEMPERATURE (F)   44        67      2003
 MINIMUM TEMPERATURE (F)   21       -13      1917


SUNRISE AND SUNSET
JANUARY 31 2015.......SUNRISE   703 AM PST   SUNSET   507 PM PST
FEBRUARY  1 2015......SUNRISE   702 AM PST   SUNSET   508 PM PST


-  INDICATES NEGATIVE NUMBERS.
R  INDICATES RECORD WAS SET OR TIED.
MM INDICATES DATA IS MISSING.
T  INDICATES TRACE AMOUNT.




$$
