000
CDUS45 KLKN 230945
CLIWMC


CLIMATE REPORT
NATIONAL WEATHER SERVICE ELKO NV
245 AM PDT SAT SEP 3  2017


...................................

...THE WINNEMUCCA AIRPORT NV CLIMATE SUMMARY FOR SEPTEMBER 22 2017...

CLIMATE NORMAL PERIOD 1981 TO 2010
CLIMATE RECORD PERIOD 1877 TO 2017


WEATHER ITEM   OBSERVED TIME   RECORD YEAR NORMAL DEPARTURE LAST
                VALUE   (LST)  VALUE       VALUE  FROM      YEAR
                                                  NORMAL
..................................................................
TEMPERATURE (F)
 YESTERDAY
  MAXIMUM         59        MM  94    1966  78    -19       60
  MINIMUM         27        MM  16    1895  37    -10       34
  AVERAGE         43                        58    -15       47

PRECIPITATION (IN)
  YESTERDAY        0.00          0.49 1930   0.01  -0.01      T
  MONTH TO DATE    0.16                      0.29  -0.13     0.24
  SINCE OCT 1     11.62                      8.13   3.49     9.10
  SINCE JAN 1      7.08                      5.65   1.43     4.82

SNOWFALL (IN)
  YESTERDAY        0.0           0.0  1877   0.0    0.0      0.0
  MONTH TO DATE    0.0                       0.0    0.0      0.0
  SINCE SEP 1      0.0                       0.0    0.0      0.0
  SINCE JUL 1      0.0                       0.0    0.0      0.0
  SNOW DEPTH       0

DEGREE DAYS
 HEATING
  YESTERDAY       22                         8     14       18
  MONTH TO DATE  112                       100     12      128
  SINCE SEP 1    112                       100     12      128
  SINCE JUL 1    112                       130    -18      148

 COOLING
  YESTERDAY        0                         0      0        0
  MONTH TO DATE  120                        29     91        7
  SINCE SEP 1    120                        29     91        7
  SINCE JAN 1    927                       539    388      572
..................................................................


WIND (MPH)
  HIGHEST WIND SPEED    15   HIGHEST WIND DIRECTION     N (350)
  HIGHEST GUST SPEED    MM   HIGHEST GUST DIRECTION    MM
  AVERAGE WIND SPEED     5.7



WEATHER CONDITIONS
 THE FOLLOWING WEATHER WAS RECORDED YESTERDAY.
  NO SIGNIFICANT WEATHER WAS OBSERVED.


RELATIVE HUMIDITY (PERCENT)
 HIGHEST   100           400 AM
 LOWEST     22           200 PM
 AVERAGE    61

..........................................................


THE WINNEMUCCA AIRPORT NV CLIMATE NORMALS FOR TODAY
                         NORMAL    RECORD    YEAR
 MAXIMUM TEMPERATURE (F)   78        93      2011
                                             1987
 MINIMUM TEMPERATURE (F)   37        21      1977


SUNRISE AND SUNSET
SEPTEMBER 23 2017.....SUNRISE   640 AM PDT   SUNSET   646 PM PDT
SEPTEMBER 24 2017.....SUNRISE   641 AM PDT   SUNSET   644 PM PDT


-  INDICATES NEGATIVE NUMBERS.
R  INDICATES RECORD WAS SET OR TIED.
MM INDICATES DATA IS MISSING.
T  INDICATES TRACE AMOUNT.




$$
