000
CDUS45 KLKN 020929
CLIWMC


CLIMATE REPORT
NATIONAL WEATHER SERVICE ELKO NV
229 AM PDT SAT AUG 2 2014


...................................

...THE WINNEMUCCA AIRPORT NV CLIMATE SUMMARY FOR AUGUST 1 2014...

CLIMATE NORMAL PERIOD 1981 TO 2010
CLIMATE RECORD PERIOD 1877 TO 2014


WEATHER ITEM   OBSERVED TIME   RECORD YEAR NORMAL DEPARTURE LAST
                VALUE   (LST)  VALUE       VALUE  FROM      YEAR
                                                  NORMAL
..................................................................
TEMPERATURE (F)
 YESTERDAY
  MAXIMUM         96    256 PM 104    1977  94      2       86
  MINIMUM         55    431 AM  37    1985  52      3       51
  AVERAGE         76                        73      3       69

PRECIPITATION (IN)
  YESTERDAY        0.09          0.54 1976   0.01   0.08     0.00
  MONTH TO DATE    0.09                      0.01   0.08     0.00
  SINCE OCT 1      6.84                      7.67  -0.83     4.67
  SINCE JAN 1      4.18                      5.19  -1.01     2.26

SNOWFALL (IN)
  YESTERDAY        0.0           0.0  1877   0.0    0.0      0.0
  MONTH TO DATE    0.0                       0.0    0.0      0.0
  SINCE JUN 1      0.0                       T      0.0       T
  SINCE JUL 1      0.0                       0.0    0.0       T
  SNOW DEPTH       0

DEGREE DAYS
 HEATING
  YESTERDAY        0                         0      0        0
  MONTH TO DATE    0                         0      0        0
  SINCE JUN 1     74                       115    -41       70
  SINCE JUL 1      0                        10    -10        0

 COOLING
  YESTERDAY       11                         8      3        4
  MONTH TO DATE   11                         8      3        4
  SINCE JUN 1    479                       330    149      505
  SINCE JAN 1    488                       341    147      506
..................................................................


WIND (MPH)
  HIGHEST WIND SPEED    21   HIGHEST WIND DIRECTION     S (190)
  HIGHEST GUST SPEED    26   HIGHEST GUST DIRECTION     S (190)
  AVERAGE WIND SPEED     6.4



WEATHER CONDITIONS
 THE FOLLOWING WEATHER WAS RECORDED YESTERDAY.
  THUNDERSTORM
  LIGHT RAIN


RELATIVE HUMIDITY (PERCENT)
 HIGHEST    67           500 AM
 LOWEST     13           300 PM
 AVERAGE    40

..........................................................


THE WINNEMUCCA AIRPORT NV CLIMATE NORMALS FOR TODAY
                         NORMAL    RECORD    YEAR
 MAXIMUM TEMPERATURE (F)   94       104      1977
 MINIMUM TEMPERATURE (F)   52        39      1985
                                             1975
                                             1964


SUNRISE AND SUNSET
AUGUST  2 2014........SUNRISE   548 AM PDT   SUNSET   806 PM PDT
AUGUST  3 2014........SUNRISE   549 AM PDT   SUNSET   805 PM PDT


-  INDICATES NEGATIVE NUMBERS.
R  INDICATES RECORD WAS SET OR TIED.
MM INDICATES DATA IS MISSING.
T  INDICATES TRACE AMOUNT.




$$
