000
CDUS45 KLKN 080942
CLIWMC


CLIMATE REPORT
NATIONAL WEATHER SERVICE ELKO NV
138 AM PST THU DEC 8 2016


...................................

...THE WINNEMUCCA AIRPORT NV CLIMATE SUMMARY FOR DECEMBER 7 2016...

CLIMATE NORMAL PERIOD 1981 TO 2010
CLIMATE RECORD PERIOD 1877 TO 2016


WEATHER ITEM   OBSERVED TIME   RECORD YEAR NORMAL DEPARTURE LAST
                VALUE   (LST)  VALUE       VALUE  FROM      YEAR
                                                  NORMAL
..................................................................
TEMPERATURE (F)
 YESTERDAY
  MAXIMUM         29    306 PM  63    1973  42    -13       57
  MINIMUM          0    718 AM  -6    1956  18    -18       38
  AVERAGE         15                        30    -15       48

PRECIPITATION (IN)
  YESTERDAY        0.01          0.58 1907   0.03  -0.02      T
  MONTH TO DATE    0.07                      0.21  -0.14      T
  SINCE OCT 1      2.41                      1.76   0.65     2.51
  SINCE JAN 1      7.23                      7.56  -0.33     9.13

SNOWFALL (IN)
  YESTERDAY        T             6.6  2013   0.2   -0.2      0.0
  MONTH TO DATE    0.6                       1.1   -0.5      0.0
  SINCE DEC 1      0.6                       1.1   -0.5      0.0
  SINCE JUL 1      1.2                       4.6   -3.4      0.3
  SNOW DEPTH       T

DEGREE DAYS
 HEATING
  YESTERDAY       50                        35     15       17
  MONTH TO DATE  277                       239     38      203
  SINCE DEC 1    277                       239     38      203
  SINCE JUL 1   1612                      1807   -195     1552

 COOLING
  YESTERDAY        0                         0      0        0
  MONTH TO DATE    0                         0      0        0
  SINCE DEC 1      0                         0      0        0
  SINCE JAN 1    577                       541     36      617
..................................................................


WIND (MPH)
  HIGHEST WIND SPEED    17   HIGHEST WIND DIRECTION    NE (50)
  HIGHEST GUST SPEED    21   HIGHEST GUST DIRECTION    NE (50)
  AVERAGE WIND SPEED     7.6



WEATHER CONDITIONS
 THE FOLLOWING WEATHER WAS RECORDED YESTERDAY.
  LIGHT SNOW
  FOG


RELATIVE HUMIDITY (PERCENT)
 HIGHEST   100           200 AM
 LOWEST     58           200 PM
 AVERAGE    79

..........................................................


THE WINNEMUCCA AIRPORT NV CLIMATE NORMALS FOR TODAY
                         NORMAL    RECORD    YEAR
 MAXIMUM TEMPERATURE (F)   42        66      1976
 MINIMUM TEMPERATURE (F)   18       -25      1972


SUNRISE AND SUNSET
DECEMBER  8 2016......SUNRISE   704 AM PST   SUNSET   423 PM PST
DECEMBER  9 2016......SUNRISE   704 AM PST   SUNSET   423 PM PST


-  INDICATES NEGATIVE NUMBERS.
R  INDICATES RECORD WAS SET OR TIED.
MM INDICATES DATA IS MISSING.
T  INDICATES TRACE AMOUNT.




$$
