000
CDUS45 KLKN 300031
CLIWMC


CLIMATE REPORT
NATIONAL WEATHER SERVICE ELKO NV
526 PM PDT SUN MAR 29 2015


...................................

...THE WINNEMUCCA AIRPORT NV CLIMATE SUMMARY FOR MARCH 29 2015...
VALID TODAY AS OF 0500 PM LOCAL TIME.

CLIMATE NORMAL PERIOD 1981 TO 2010
CLIMATE RECORD PERIOD 1877 TO 2015


WEATHER ITEM   OBSERVED TIME   RECORD YEAR NORMAL DEPARTURE LAST
                VALUE   (LST)  VALUE       VALUE  FROM      YEAR
                                                  NORMAL
..................................................................
TEMPERATURE (F)
 TODAY
  MAXIMUM         72    336 PM  82    1879  58     14       56
  MINIMUM         23    602 AM  11    1996  28     -5       32
  AVERAGE         48                        43      5       44

PRECIPITATION (IN)
  TODAY            0.00          0.49 1905   0.02  -0.02     0.30
  MONTH TO DATE    0.17                      0.77  -0.60     0.82
  SINCE OCT 1      3.91                      4.78  -0.87     5.09
  SINCE JAN 1      1.34                      2.30  -0.96     2.43

SNOWFALL (IN)
  TODAY            0.0           0.9  1984   0.1   -0.1       T
  MONTH TO DATE    T                         3.0   -3.0       T
  SINCE MAR 1      T                         3.0   -3.0       T
  SINCE JUL 1      2.9                      19.0  -16.1     21.5
  SNOW DEPTH       0

DEGREE DAYS
 HEATING
  TODAY           17                        22     -5       21
  MONTH TO DATE  568                       696   -128      653
  SINCE MAR 1    568                       696   -128      653
  SINCE JUL 1   4350                      5285   -935     5312

 COOLING
  TODAY            0                         0      0        0
  MONTH TO DATE    0                         0      0        0
  SINCE MAR 1      0                         0      0        0
  SINCE JAN 1      0                         0      0        0
..................................................................


WIND (MPH)
  HIGHEST WIND SPEED    13   HIGHEST WIND DIRECTION     E (70)
  HIGHEST GUST SPEED    17   HIGHEST GUST DIRECTION    NE (50)



WEATHER CONDITIONS
 THE FOLLOWING WEATHER WAS RECORDED TODAY.
  NO SIGNIFICANT WEATHER WAS OBSERVED.


RELATIVE HUMIDITY (PERCENT)
 HIGHEST    54           600 AM
 LOWEST      7           200 PM
 AVERAGE    31

..........................................................


THE WINNEMUCCA AIRPORT NV CLIMATE NORMALS FOR TOMORROW
                         NORMAL    RECORD    YEAR
 MAXIMUM TEMPERATURE (F)   59        79      1966
 MINIMUM TEMPERATURE (F)   28         3      1905


SUNRISE AND SUNSET
MARCH 29 2015.........SUNRISE   640 AM PDT   SUNSET   713 PM PDT
MARCH 30 2015.........SUNRISE   638 AM PDT   SUNSET   714 PM PDT


-  INDICATES NEGATIVE NUMBERS.
R  INDICATES RECORD WAS SET OR TIED.
MM INDICATES DATA IS MISSING.
T  INDICATES TRACE AMOUNT.




$$
