000
CDUS45 KLKN 190055
CLIWMC


CLIMATE REPORT
NATIONAL WEATHER SERVICE ELKO NV
453 PM PST SUN FEB 18 2018


...................................

...THE WINNEMUCCA AIRPORT NV CLIMATE SUMMARY FOR FEBRUARY 18 2018...
VALID TODAY AS OF 0400 PM LOCAL TIME.

CLIMATE NORMAL PERIOD 1981 TO 2010
CLIMATE RECORD PERIOD 1877 TO 2018


WEATHER ITEM   OBSERVED TIME   RECORD YEAR NORMAL DEPARTURE LAST
                VALUE   (LST)  VALUE       VALUE  FROM      YEAR
                                                  NORMAL
..................................................................
TEMPERATURE (F)
 TODAY
  MAXIMUM         52   1207 AM  69    1981  49      3       51
                                      1977
  MINIMUM         34    359 PM -17    1882  23     11       35
  AVERAGE         43                        36      7       43

PRECIPITATION (IN)
  TODAY            T             0.35 1927   0.02  -0.02     0.07
  MONTH TO DATE    0.19                      0.41  -0.22     0.40
  SINCE OCT 1      2.06                      3.76  -1.70     6.75
  SINCE JAN 1      0.72                      1.28  -0.56     2.21

SNOWFALL (IN)
  TODAY            T             2.2  2011   0.2   -0.2       T
  MONTH TO DATE    2.7                       2.4    0.3       T
  SINCE DEC 1      6.2                      11.5   -5.3     14.5
  SINCE JUL 1      6.2                      15.0   -8.8     15.1
  SNOW DEPTH       0

DEGREE DAYS
 HEATING
  TODAY           22                        29     -7       22
  MONTH TO DATE  509                       558    -49      415
  SINCE DEC 1   2395                      2743   -348     2790
  SINCE JUL 1   3831                      4311   -480     4125

 COOLING
  TODAY            0                         0      0        0
  MONTH TO DATE    0                         0      0        0
  SINCE DEC 1      0                         0      0        0
  SINCE JAN 1      0                         0      0        0
..................................................................


WIND (MPH)
  HIGHEST WIND SPEED    30   HIGHEST WIND DIRECTION    NW (300)
  HIGHEST GUST SPEED    45   HIGHEST GUST DIRECTION     W (290)



WEATHER CONDITIONS
 THE FOLLOWING WEATHER WAS RECORDED TODAY.
  LIGHT RAIN
  HAZE


RELATIVE HUMIDITY (PERCENT)
 HIGHEST    48           200 PM
 LOWEST     21          1200 PM
 AVERAGE    35

..........................................................


THE WINNEMUCCA AIRPORT NV CLIMATE NORMALS FOR TOMORROW
                         NORMAL    RECORD    YEAR
 MAXIMUM TEMPERATURE (F)   49        74      1981
 MINIMUM TEMPERATURE (F)   24       -15      1882


SUNRISE AND SUNSET
FEBRUARY 18 2018......SUNRISE   641 AM PST   SUNSET   530 PM PST
FEBRUARY 19 2018......SUNRISE   640 AM PST   SUNSET   531 PM PST


-  INDICATES NEGATIVE NUMBERS.
R  INDICATES RECORD WAS SET OR TIED.
MM INDICATES DATA IS MISSING.
T  INDICATES TRACE AMOUNT.




$$
